-- Table structure for table `orders`
CREATE TABLE `orders` (
  `id` bigint(20) unsigned NOT NULL AUTO_INCREMENT,
  `uuid` char(36) DEFAULT NULL,
  `branch_id` bigint(20) unsigned DEFAULT NULL,
  `pos_machine_id` bigint(20) unsigned DEFAULT NULL,
  `order_number` varchar(191) DEFAULT NULL,
  `formatted_order_number` varchar(191) DEFAULT NULL,
  `date_time` datetime NOT NULL,
  `table_id` bigint(20) unsigned DEFAULT NULL,
  `customer_id` bigint(20) unsigned DEFAULT NULL,
  `number_of_pax` int(11) DEFAULT NULL,
  `waiter_id` bigint(20) unsigned DEFAULT NULL,
  `added_by` bigint(20) unsigned DEFAULT NULL,
  `cancelled_by` bigint(20) unsigned DEFAULT NULL,
  `status` enum('draft','kot','billed','paid','canceled','payment_due','ready','out_for_delivery','delivered','pending_verification') NOT NULL DEFAULT 'kot',
  `placed_via` enum('pos','shop','kiosk') DEFAULT NULL,
  `sub_total` decimal(16,2) NOT NULL,
  `tip_amount` decimal(16,2) DEFAULT 0.00,
  `total_tax_amount` decimal(16,2) DEFAULT 0.00,
  `tax_mode` varchar(191) DEFAULT NULL,
  `tip_note` text DEFAULT NULL,
  `total` decimal(16,2) NOT NULL,
  `amount_paid` decimal(16,2) NOT NULL DEFAULT 0.00,
  `created_at` timestamp NULL DEFAULT NULL,
  `updated_at` timestamp NULL DEFAULT NULL,
  `order_type_id` bigint(20) unsigned DEFAULT NULL,
  `delivery_app_id` bigint(20) unsigned DEFAULT NULL,
  `custom_order_type_name` varchar(191) DEFAULT NULL,
  `order_type` varchar(191) DEFAULT NULL,
  `pickup_date` datetime DEFAULT NULL,
  `delivery_executive_id` bigint(20) unsigned DEFAULT NULL,
  `delivery_address` text DEFAULT NULL,
  `delivery_time` datetime DEFAULT NULL,
  `estimated_delivery_time` datetime DEFAULT NULL,
  `split_type` enum('even','custom','items') DEFAULT NULL,
  `discount_type` varchar(191) DEFAULT NULL,
  `discount_value` decimal(16,2) DEFAULT NULL,
  `discount_amount` decimal(16,2) DEFAULT NULL,
  `order_status` varchar(191) NOT NULL DEFAULT 'placed',
  `delivery_fee` decimal(8,2) NOT NULL DEFAULT 0.00,
  `customer_lat` decimal(10,7) DEFAULT NULL,
  `customer_lng` decimal(10,7) DEFAULT NULL,
  `is_within_radius` tinyint(1) NOT NULL DEFAULT 0,
  `delivery_started_at` timestamp NULL DEFAULT NULL,
  `delivered_at` timestamp NULL DEFAULT NULL,
  `estimated_eta_min` int(11) DEFAULT NULL,
  `estimated_eta_max` int(11) DEFAULT NULL,
  `cancel_reason_id` bigint(20) unsigned DEFAULT NULL,
  `cancel_reason_text` varchar(191) DEFAULT NULL,
  `reservation_id` bigint(20) unsigned DEFAULT NULL,
  `kiosk_id` bigint(20) unsigned DEFAULT NULL,
  PRIMARY KEY (`id`),
  UNIQUE KEY `orders_uuid_unique` (`uuid`),
  KEY `orders_table_id_foreign` (`table_id`),
  KEY `orders_customer_id_foreign` (`customer_id`),
  KEY `orders_delivery_executive_id_foreign` (`delivery_executive_id`),
  KEY `orders_waiter_id_foreign` (`waiter_id`),
  KEY `orders_cancel_reason_id_foreign` (`cancel_reason_id`),
  KEY `idx_branch_date` (`branch_id`,`date_time`),
  KEY `orders_order_type_id_foreign` (`order_type_id`),
  KEY `orders_reservation_id_foreign` (`reservation_id`),
  KEY `orders_kiosk_id_foreign` (`kiosk_id`),
  KEY `orders_delivery_app_id_foreign` (`delivery_app_id`),
  KEY `orders_added_by_foreign` (`added_by`),
  KEY `orders_cancelled_by_foreign` (`cancelled_by`),
  KEY `orders_pos_machine_id_index` (`pos_machine_id`),
  CONSTRAINT `orders_added_by_foreign` FOREIGN KEY (`added_by`) REFERENCES `users` (`id`) ON DELETE SET NULL ON UPDATE CASCADE,
  CONSTRAINT `orders_branch_id_foreign` FOREIGN KEY (`branch_id`) REFERENCES `branches` (`id`) ON DELETE CASCADE ON UPDATE CASCADE,
  CONSTRAINT `orders_cancel_reason_id_foreign` FOREIGN KEY (`cancel_reason_id`) REFERENCES `kot_cancel_reasons` (`id`) ON DELETE CASCADE ON UPDATE CASCADE,
  CONSTRAINT `orders_cancelled_by_foreign` FOREIGN KEY (`cancelled_by`) REFERENCES `users` (`id`) ON DELETE SET NULL ON UPDATE CASCADE,
  CONSTRAINT `orders_customer_id_foreign` FOREIGN KEY (`customer_id`) REFERENCES `customers` (`id`) ON DELETE SET NULL ON UPDATE CASCADE,
  CONSTRAINT `orders_delivery_app_id_foreign` FOREIGN KEY (`delivery_app_id`) REFERENCES `delivery_platforms` (`id`) ON DELETE SET NULL,
  CONSTRAINT `orders_delivery_executive_id_foreign` FOREIGN KEY (`delivery_executive_id`) REFERENCES `delivery_executives` (`id`) ON DELETE SET NULL,
  CONSTRAINT `orders_kiosk_id_foreign` FOREIGN KEY (`kiosk_id`) REFERENCES `kiosks` (`id`) ON DELETE SET NULL,
  CONSTRAINT `orders_order_type_id_foreign` FOREIGN KEY (`order_type_id`) REFERENCES `order_types` (`id`) ON DELETE SET NULL,
  CONSTRAINT `orders_pos_machine_id_foreign` FOREIGN KEY (`pos_machine_id`) REFERENCES `pos_machines` (`id`) ON DELETE SET NULL,
  CONSTRAINT `orders_reservation_id_foreign` FOREIGN KEY (`reservation_id`) REFERENCES `reservations` (`id`) ON DELETE SET NULL,
  CONSTRAINT `orders_table_id_foreign` FOREIGN KEY (`table_id`) REFERENCES `tables` (`id`) ON DELETE CASCADE ON UPDATE CASCADE,
  CONSTRAINT `orders_waiter_id_foreign` FOREIGN KEY (`waiter_id`) REFERENCES `users` (`id`) ON DELETE SET NULL
) ENGINE=InnoDB AUTO_INCREMENT=123 DEFAULT CHARSET=utf8mb4 COLLATE=utf8mb4_unicode_ci;

-- Dumping data for table `orders`
INSERT INTO `orders` VALUES
('1', '762ceab8-435f-4269-9e6e-c2b6120e1320', '3', NULL, '1', NULL, '2025-09-20 12:27:12', '1', NULL, '4', NULL, NULL, NULL, 'paid', 'shop', '453.02', '0.00', '0.00', 'order', NULL, '453.02', '906.04', '2025-09-20 17:55:05', '2025-09-20 17:57:46', '1', NULL, 'dine_in', 'dine_in', NULL, NULL, NULL, NULL, NULL, NULL, NULL, NULL, NULL, 'served', '0.00', NULL, NULL, '1', NULL, NULL, NULL, NULL, NULL, NULL, NULL, NULL),
('2', 'fd9ca8d7-145d-4c7c-b94d-cecc98000c40', '4', NULL, '1', NULL, '2025-09-20 13:00:18', NULL, '1', '1', '6', NULL, NULL, 'paid', 'pos', '100.00', '0.00', '0.00', 'order', NULL, '100.00', '100.00', '2025-09-20 18:30:18', '2025-09-20 18:30:43', '10', NULL, 'Dine In', 'dine_in', NULL, NULL, NULL, NULL, NULL, NULL, NULL, NULL, NULL, 'preparing', '0.00', NULL, NULL, '0', NULL, NULL, NULL, NULL, NULL, NULL, NULL, NULL),
('3', '3f6e0bb4-e221-4bd6-b2e1-cb8d03ae49a1', '5', NULL, '1', NULL, '2025-10-07 15:13:31', '5', NULL, NULL, NULL, NULL, NULL, 'paid', 'shop', '4.00', '0.00', '0.00', 'order', NULL, '4.20', '4.20', '2025-10-07 20:43:31', '2025-10-07 21:11:42', '1', NULL, 'Dine In', 'dine_in', NULL, NULL, NULL, NULL, NULL, NULL, NULL, NULL, NULL, 'served', '0.00', NULL, NULL, '1', NULL, NULL, NULL, NULL, NULL, NULL, NULL, NULL),
('4', '7ef53383-e964-451d-93e7-dc1a1a0d4e63', '5', NULL, '2', NULL, '2025-10-08 09:01:21', '5', NULL, NULL, NULL, NULL, NULL, 'paid', 'shop', '1150.00', '0.00', '0.00', 'order', NULL, '1207.50', '1207.50', '2025-10-08 14:31:21', '2025-10-08 14:32:13', '1', NULL, 'Dine In', 'dine_in', NULL, NULL, NULL, NULL, NULL, NULL, NULL, NULL, NULL, 'served', '0.00', NULL, NULL, '1', NULL, NULL, NULL, NULL, NULL, NULL, NULL, NULL),
('5', '61f919bc-be4d-42c6-979f-e5f21a4386bb', '5', NULL, '3', NULL, '2025-10-08 10:34:38', '5', '2', NULL, NULL, NULL, NULL, 'paid', 'shop', '120.00', '0.00', '0.00', 'order', NULL, '126.00', '126.00', '2025-10-08 16:04:38', '2025-10-15 18:04:44', '1', NULL, 'Dine In', 'dine_in', NULL, NULL, NULL, NULL, NULL, NULL, NULL, NULL, NULL, 'served', '0.00', NULL, NULL, '1', NULL, NULL, NULL, NULL, NULL, NULL, NULL, NULL),
('6', '6afee693-7983-4062-8925-16c8fa7345f7', '5', NULL, '4', NULL, '2025-10-15 12:32:50', NULL, '2', '1', '7', NULL, NULL, 'paid', 'pos', '250.00', '0.00', '12.50', 'order', NULL, '262.50', '262.50', '2025-10-15 18:02:50', '2025-10-15 18:03:11', '13', NULL, 'Dine In', 'dine_in', NULL, NULL, NULL, NULL, NULL, NULL, NULL, NULL, NULL, 'served', '0.00', NULL, NULL, '0', NULL, NULL, NULL, NULL, NULL, NULL, NULL, NULL),
('7', '7732a0d7-ec82-42da-b462-64715964a20f', '5', NULL, '5', NULL, '2025-10-15 12:34:09', '6', '2', NULL, '7', NULL, NULL, 'billed', 'pos', '60.00', '0.00', '3.00', 'order', NULL, '63.00', '0.00', '2025-10-15 18:03:28', '2025-10-15 18:04:54', '13', NULL, 'Dine In', 'dine_in', NULL, NULL, NULL, NULL, NULL, NULL, NULL, NULL, NULL, 'served', '0.00', NULL, NULL, '0', NULL, NULL, NULL, NULL, NULL, NULL, NULL, NULL),
('8', '41483780-3735-49c1-9627-4788069a5f1e', '5', NULL, '6', NULL, '2025-10-15 12:35:45', NULL, '3', NULL, NULL, NULL, NULL, 'paid', 'kiosk', '0.00', '0.00', '0.00', 'order', NULL, '0.00', '0.00', '2025-10-15 18:05:45', '2025-10-15 18:06:40', '13', NULL, 'Dine In', 'dine_in', NULL, NULL, NULL, NULL, NULL, NULL, NULL, NULL, NULL, 'served', '0.00', NULL, NULL, '0', NULL, NULL, NULL, NULL, NULL, NULL, NULL, '5'),
('9', '7857a0d0-73f8-450d-9467-267ea3d54dfc', '5', NULL, '7', NULL, '2025-10-15 12:38:16', NULL, '3', NULL, NULL, NULL, NULL, 'paid', 'kiosk', '1300.00', '0.00', '65.00', 'order', NULL, '1365.00', '1365.00', '2025-10-15 18:08:16', '2025-10-15 18:09:27', '15', NULL, 'Pickup', 'pickup', '2025-10-15 12:38:16', NULL, NULL, NULL, NULL, NULL, NULL, NULL, NULL, 'delivered', '0.00', NULL, NULL, '0', NULL, NULL, NULL, NULL, NULL, NULL, NULL, '5'),
('10', 'b79da98c-3df3-4ae5-8cc5-e4515ccb80a3', '5', NULL, '8', NULL, '2025-10-15 12:40:33', NULL, NULL, '1', '7', NULL, NULL, 'paid', 'pos', '120.00', '0.00', '0.00', 'order', NULL, '126.00', '126.00', '2025-10-15 18:10:33', '2025-10-15 18:10:41', '13', NULL, 'Dine In', 'dine_in', NULL, NULL, NULL, NULL, NULL, NULL, NULL, NULL, NULL, 'preparing', '0.00', NULL, NULL, '0', NULL, NULL, NULL, NULL, NULL, NULL, NULL, NULL),
('11', 'c80069d5-545e-47ba-933a-6e314a69ee85', '5', NULL, '9', NULL, '2025-10-16 12:02:13', '5', '1', NULL, NULL, NULL, NULL, 'paid', 'shop', '250.00', '0.00', '0.00', 'order', NULL, '262.50', '262.50', '2025-10-16 17:32:13', '2025-10-16 17:32:53', '1', NULL, 'Dine In', 'dine_in', NULL, NULL, NULL, NULL, NULL, NULL, NULL, NULL, NULL, 'confirmed', '0.00', NULL, NULL, '1', NULL, NULL, NULL, NULL, NULL, NULL, NULL, NULL),
('12', '0ff12223-648d-4064-ac56-0aba8d7ed0e9', '5', NULL, '10', NULL, '2025-10-16 12:32:40', '5', '2', NULL, NULL, NULL, NULL, 'paid', 'shop', '120.00', '0.00', '0.00', 'order', NULL, '126.00', '126.00', '2025-10-16 18:02:40', '2025-10-16 18:03:24', '1', NULL, 'Dine In', 'dine_in', NULL, NULL, NULL, NULL, NULL, NULL, NULL, NULL, NULL, 'confirmed', '0.00', NULL, NULL, '1', NULL, NULL, NULL, NULL, NULL, NULL, NULL, NULL),
('13', '0303dac8-6851-4308-ad5d-916d35bce5be', '5', NULL, '11', NULL, '2025-10-16 12:41:17', '6', '2', NULL, NULL, NULL, NULL, 'paid', 'shop', '120.00', '0.00', '0.00', 'order', NULL, '126.00', '126.00', '2025-10-16 18:11:17', '2025-10-16 18:11:48', '1', NULL, 'Dine In', 'dine_in', NULL, NULL, NULL, NULL, NULL, NULL, NULL, NULL, NULL, 'confirmed', '0.00', NULL, NULL, '1', NULL, NULL, NULL, NULL, NULL, NULL, NULL, NULL),
('14', 'fb076413-f4ce-404e-a591-20b6d732db11', '5', NULL, '12', NULL, '2025-10-16 12:48:15', '6', '2', NULL, NULL, NULL, NULL, 'paid', 'shop', '250.00', '0.00', '0.00', 'order', NULL, '262.50', '262.50', '2025-10-16 18:18:15', '2025-10-16 18:18:50', '1', NULL, 'Dine In', 'dine_in', NULL, NULL, NULL, NULL, NULL, NULL, NULL, NULL, NULL, 'confirmed', '0.00', NULL, NULL, '1', NULL, NULL, NULL, NULL, NULL, NULL, NULL, NULL),
('16', '9aa123e3-16b7-4efc-a5eb-c247c3c18c2d', '5', NULL, '13', NULL, '2025-10-16 13:20:37', '6', '2', NULL, NULL, NULL, NULL, 'paid', 'shop', '130.00', '0.00', '0.00', 'order', NULL, '136.50', '136.50', '2025-10-16 18:50:37', '2025-10-16 18:51:02', '2', NULL, 'Delivery', 'delivery', NULL, NULL, 'wdqwdqw', NULL, NULL, NULL, NULL, NULL, NULL, 'confirmed', '0.00', NULL, NULL, '1', NULL, NULL, NULL, NULL, NULL, NULL, NULL, NULL),
('17', 'd314afc3-5533-434b-a8f9-f9412c576c14', '5', NULL, '14', NULL, '2025-10-16 13:29:38', '6', '2', NULL, NULL, NULL, NULL, 'paid', 'shop', '130.00', '0.00', '0.00', 'order', NULL, '136.50', '136.50', '2025-10-16 18:59:38', '2025-10-16 19:00:10', '1', NULL, 'Dine In', 'dine_in', NULL, NULL, NULL, NULL, NULL, NULL, NULL, NULL, NULL, 'confirmed', '0.00', NULL, NULL, '1', NULL, NULL, NULL, NULL, NULL, NULL, NULL, NULL),
('18', '98fbfe63-0951-4430-9c0e-6364970d2cf0', '5', NULL, '15', NULL, '2025-10-16 13:54:53', '6', '2', NULL, NULL, NULL, NULL, 'paid', 'shop', '120.00', '0.00', '0.00', 'order', NULL, '126.00', '126.00', '2025-10-16 19:24:53', '2025-10-16 19:25:16', '1', NULL, 'Dine In', 'dine_in', NULL, NULL, NULL, NULL, NULL, NULL, NULL, NULL, NULL, 'confirmed', '0.00', NULL, NULL, '1', NULL, NULL, NULL, NULL, NULL, NULL, NULL, NULL),
('19', '69e3a24d-d936-4b62-8f74-485ffa9836fd', '5', NULL, '16', NULL, '2025-10-16 13:56:55', '6', '2', NULL, NULL, NULL, NULL, 'paid', 'shop', '130.00', '0.00', '0.00', 'order', NULL, '136.50', '136.50', '2025-10-16 19:26:55', '2025-10-16 19:27:19', '1', NULL, 'Dine In', 'dine_in', NULL, NULL, NULL, NULL, NULL, NULL, NULL, NULL, NULL, 'confirmed', '0.00', NULL, NULL, '1', NULL, NULL, NULL, NULL, NULL, NULL, NULL, NULL),
('20', '40611183-a127-47e6-8e08-5b8328ad2414', '5', NULL, '17', NULL, '2025-10-16 14:00:43', '6', '2', NULL, NULL, NULL, NULL, 'paid', 'shop', '130.00', '0.00', '0.00', 'order', NULL, '136.50', '136.50', '2025-10-16 19:30:43', '2025-10-16 19:31:17', '1', NULL, 'Dine In', 'dine_in', NULL, NULL, NULL, NULL, NULL, NULL, NULL, NULL, NULL, 'confirmed', '0.00', NULL, NULL, '1', NULL, NULL, NULL, NULL, NULL, NULL, NULL, NULL),
('21', 'dbbbfb94-daa1-4214-9a70-7dc487b88045', '5', NULL, '18', NULL, '2025-10-16 14:20:51', '6', '2', NULL, NULL, NULL, NULL, 'paid', 'shop', '130.00', '0.00', '0.00', 'order', NULL, '136.50', '136.50', '2025-10-16 19:50:51', '2025-10-16 19:51:16', '1', NULL, 'Dine In', 'dine_in', NULL, NULL, NULL, NULL, NULL, NULL, NULL, NULL, NULL, 'confirmed', '0.00', NULL, NULL, '1', NULL, NULL, NULL, NULL, NULL, NULL, NULL, NULL),
('22', 'c29ff8ef-6cf1-42ef-9911-fe6cd63d49fc', '5', NULL, '19', NULL, '2025-10-16 15:38:46', '6', '2', NULL, NULL, NULL, NULL, 'paid', 'shop', '250.00', '0.00', '0.00', 'order', NULL, '262.50', '262.50', '2025-10-16 21:08:46', '2025-10-16 21:10:44', '1', NULL, 'Dine In', 'dine_in', NULL, NULL, NULL, NULL, NULL, NULL, NULL, NULL, NULL, 'confirmed', '0.00', NULL, NULL, '1', NULL, NULL, NULL, NULL, NULL, NULL, NULL, NULL),
('23', '7b29bacd-154b-453d-8853-82b7cc9523e2', '5', NULL, '20', NULL, '2025-10-16 15:51:47', '6', '2', NULL, NULL, NULL, NULL, 'paid', 'shop', '120.00', '0.00', '0.00', 'order', NULL, '126.00', '126.00', '2025-10-16 21:21:47', '2025-10-16 21:22:12', '1', NULL, 'Dine In', 'dine_in', NULL, NULL, NULL, NULL, NULL, NULL, NULL, NULL, NULL, 'confirmed', '0.00', NULL, NULL, '1', NULL, NULL, NULL, NULL, NULL, NULL, NULL, NULL),
('24', '6b6cba77-c145-4dbf-bbae-6f7a14029aba', '5', NULL, '21', NULL, '2025-10-16 16:31:50', '6', '2', NULL, NULL, NULL, NULL, 'paid', 'shop', '130.00', '0.00', '0.00', 'order', NULL, '136.50', '136.50', '2025-10-16 22:01:50', '2025-10-16 22:02:18', '1', NULL, 'Dine In', 'dine_in', NULL, NULL, NULL, NULL, NULL, NULL, NULL, NULL, NULL, 'confirmed', '0.00', NULL, NULL, '1', NULL, NULL, NULL, NULL, NULL, NULL, NULL, NULL),
('25', 'f9e38759-bf59-404e-bf3d-a40bac6e190e', '5', NULL, '22', NULL, '2025-10-16 16:37:48', '6', '2', NULL, NULL, NULL, NULL, 'paid', 'shop', '130.00', '0.00', '0.00', 'order', NULL, '136.50', '136.50', '2025-10-16 22:07:48', '2025-10-16 22:08:15', '1', NULL, 'Dine In', 'dine_in', NULL, NULL, NULL, NULL, NULL, NULL, NULL, NULL, NULL, 'confirmed', '0.00', NULL, NULL, '1', NULL, NULL, NULL, NULL, NULL, NULL, NULL, NULL),
('26', '010b9d43-fb18-4555-8fda-8bf8a08c34ba', '5', NULL, '23', NULL, '2025-10-16 17:02:44', '6', '2', NULL, NULL, NULL, NULL, 'paid', 'shop', '130.00', '0.00', '0.00', 'order', NULL, '136.50', '136.50', '2025-10-16 22:32:44', '2025-10-18 05:14:13', '1', NULL, 'Dine In', 'dine_in', NULL, NULL, NULL, NULL, NULL, NULL, NULL, NULL, NULL, 'preparing', '0.00', NULL, NULL, '1', NULL, NULL, NULL, NULL, NULL, NULL, NULL, NULL),
('27', 'b414f8cd-0c26-44d7-ad3b-6c94f2d075af', '3', NULL, '2', NULL, '2025-10-16 17:38:38', NULL, NULL, NULL, NULL, NULL, NULL, 'kot', 'shop', '539.04', '0.00', '0.00', 'order', NULL, '539.04', '0.00', '2025-10-16 23:08:38', '2025-10-16 23:08:38', '1', NULL, 'Dine In', 'dine_in', NULL, NULL, NULL, NULL, NULL, NULL, NULL, NULL, NULL, 'placed', '0.00', NULL, NULL, '1', NULL, NULL, NULL, NULL, NULL, NULL, NULL, NULL),
('28', '5721e123-d5f3-4171-ab0e-1ad400080e3b', '5', NULL, '24', NULL, '2025-10-16 17:41:09', '5', '1', NULL, NULL, NULL, NULL, 'paid', 'shop', '450.00', '0.00', '0.00', 'order', NULL, '472.50', '472.50', '2025-10-16 23:11:09', '2025-10-18 05:12:21', '1', NULL, 'Dine In', 'dine_in', NULL, NULL, NULL, NULL, NULL, NULL, NULL, NULL, NULL, 'served', '0.00', NULL, NULL, '1', NULL, NULL, NULL, NULL, NULL, NULL, NULL, NULL),
('29', 'ea8434e2-3a97-4f6a-aa8a-d2505a1f4cc7', '5', NULL, '25', NULL, '2025-10-17 23:31:12', '5', '1', NULL, NULL, NULL, NULL, 'paid', 'shop', '650.00', '0.00', '0.00', 'order', NULL, '682.50', '682.50', '2025-10-18 05:01:12', '2025-10-18 05:03:43', '1', NULL, 'Dine In', 'dine_in', NULL, NULL, NULL, NULL, NULL, NULL, NULL, NULL, NULL, 'served', '0.00', NULL, NULL, '1', NULL, NULL, NULL, NULL, NULL, NULL, NULL, NULL),
('30', '01674eb7-f492-405b-981b-6d62d66a0831', '5', NULL, '26', NULL, '2025-10-17 23:40:44', NULL, NULL, '1', '7', NULL, NULL, 'paid', 'pos', '260.00', '0.00', '0.00', 'order', NULL, '220.50', '220.50', '2025-10-18 05:10:44', '2025-10-18 22:57:04', '13', NULL, 'Dine In', 'dine_in', NULL, NULL, NULL, NULL, NULL, NULL, 'fixed', '50.00', '50.00', 'served', '0.00', NULL, NULL, '0', NULL, NULL, NULL, NULL, NULL, NULL, NULL, NULL),
('31', '7c810f93-6a9d-466b-846f-4d9b1445f99d', '5', NULL, '27', NULL, '2025-10-17 23:42:52', NULL, NULL, '1', '7', NULL, NULL, 'paid', 'pos', '200.00', '0.00', '0.00', 'order', NULL, '210.00', '210.00', '2025-10-18 05:12:52', '2025-10-18 22:57:15', '13', NULL, 'Dine In', 'dine_in', NULL, NULL, NULL, NULL, NULL, NULL, NULL, NULL, NULL, 'served', '0.00', NULL, NULL, '0', NULL, NULL, NULL, NULL, NULL, NULL, NULL, NULL),
('32', 'de02c43c-fdb2-42d5-87be-0ed3074b01b7', '5', NULL, '28', NULL, '2025-10-17 23:43:33', NULL, NULL, NULL, '7', NULL, NULL, 'paid', 'pos', '120.00', '0.00', '6.00', 'order', NULL, '126.00', '126.00', '2025-10-18 05:13:33', '2025-10-18 05:13:54', '13', NULL, 'Dine In', 'dine_in', NULL, NULL, NULL, NULL, NULL, NULL, NULL, NULL, NULL, 'served', '0.00', NULL, NULL, '0', NULL, NULL, NULL, NULL, NULL, NULL, NULL, NULL),
('33', '7008fc76-aa76-464b-91c5-ac1dd47db954', '5', NULL, '29', NULL, '2025-10-17 23:44:56', '5', '1', NULL, NULL, NULL, NULL, 'paid', 'shop', '210.00', '0.00', '0.00', 'order', NULL, '220.50', '220.50', '2025-10-18 05:14:56', '2025-10-18 22:57:51', '1', NULL, 'Dine In', 'dine_in', NULL, NULL, NULL, NULL, NULL, NULL, NULL, NULL, NULL, 'served', '0.00', NULL, NULL, '1', NULL, NULL, NULL, NULL, NULL, NULL, NULL, NULL),
('34', 'f4d33358-1dfc-493b-8d3c-94f1f6df24c5', '5', NULL, '30', NULL, '2025-10-17 23:47:25', NULL, NULL, '1', '7', NULL, NULL, 'kot', 'pos', '500.00', '0.00', '0.00', 'order', NULL, '525.00', '0.00', '2025-10-18 05:17:25', '2025-10-18 22:57:37', '13', NULL, 'Dine In', 'dine_in', NULL, NULL, NULL, NULL, NULL, NULL, NULL, NULL, NULL, 'served', '0.00', NULL, NULL, '0', NULL, NULL, NULL, NULL, NULL, NULL, NULL, NULL),
('35', '9628cf55-045e-4f81-86bf-d6ccf39a6a13', '5', NULL, '31', NULL, '2025-10-17 23:48:25', NULL, NULL, '5', '7', NULL, NULL, 'paid', 'pos', '60.00', '0.00', '3.00', 'order', NULL, '63.00', '63.00', '2025-10-18 05:18:25', '2025-10-18 22:57:24', '13', NULL, 'Dine In', 'dine_in', NULL, NULL, NULL, NULL, NULL, NULL, NULL, NULL, NULL, 'served', '0.00', NULL, NULL, '0', NULL, NULL, NULL, NULL, NULL, NULL, NULL, NULL),
('36', '96f35b0e-4034-48a0-9a8f-53e2e2f44d96', '5', NULL, '32', NULL, '2025-10-17 23:49:05', '5', NULL, NULL, '7', NULL, NULL, 'paid', 'pos', '390.00', '0.00', '0.00', 'order', NULL, '409.50', '409.50', '2025-10-18 05:19:05', '2025-10-18 05:20:31', '13', NULL, 'Dine In', 'dine_in', NULL, NULL, NULL, NULL, NULL, NULL, NULL, NULL, NULL, 'served', '0.00', NULL, NULL, '0', NULL, NULL, NULL, NULL, NULL, NULL, NULL, NULL),
('37', 'd977165d-cdb0-46a2-b0f7-28700d22200f', '5', NULL, '33', NULL, '2025-10-17 23:51:30', NULL, NULL, '1', '7', NULL, NULL, 'paid', 'pos', '260.00', '0.00', '0.00', 'order', NULL, '273.00', '273.00', '2025-10-18 05:21:30', '2025-10-18 05:22:10', '15', NULL, 'Pickup', 'pickup', '2025-10-18 05:22:00', NULL, NULL, NULL, NULL, NULL, NULL, NULL, NULL, 'delivered', '0.00', NULL, NULL, '0', NULL, NULL, NULL, NULL, NULL, NULL, NULL, NULL),
('38', '8ac5f8d4-8676-4794-8d22-a62dab9ea688', '5', NULL, '34', NULL, '2025-10-17 23:54:27', NULL, '1', NULL, NULL, NULL, NULL, 'paid', 'kiosk', '650.00', '0.00', '32.50', 'order', NULL, '682.50', '682.50', '2025-10-18 05:24:27', '2025-10-18 05:25:21', '15', NULL, 'Pickup', 'pickup', '2025-10-17 23:54:27', NULL, NULL, NULL, NULL, NULL, NULL, NULL, NULL, 'delivered', '0.00', NULL, NULL, '0', NULL, NULL, NULL, NULL, NULL, NULL, NULL, '5'),
('39', '0a6646cd-6b26-429e-9190-d44c2a753044', '5', NULL, '35', NULL, '2025-10-18 00:05:52', NULL, NULL, '1', '7', NULL, NULL, 'paid', 'pos', '390.00', '0.00', '0.00', 'order', NULL, '409.50', '409.50', '2025-10-18 05:35:52', '2025-10-18 05:36:04', '13', NULL, 'Dine In', 'dine_in', NULL, NULL, NULL, NULL, NULL, NULL, NULL, NULL, NULL, 'served', '0.00', NULL, NULL, '0', NULL, NULL, NULL, NULL, NULL, NULL, NULL, NULL),
('40', '1b9b1a64-e1ee-45ce-8a0e-29c68fa6454b', '5', NULL, '36', NULL, '2025-10-18 00:07:59', NULL, NULL, '1', '7', NULL, NULL, 'paid', 'pos', '60.00', '0.00', '0.00', 'order', NULL, '63.00', '63.00', '2025-10-18 05:37:59', '2025-10-18 05:38:11', '13', NULL, 'Dine In', 'dine_in', NULL, NULL, NULL, NULL, NULL, NULL, NULL, NULL, NULL, 'served', '0.00', NULL, NULL, '0', NULL, NULL, NULL, NULL, NULL, NULL, NULL, NULL),
('41', 'dd821c0d-08ce-444b-89c9-ee6354ff36de', '5', NULL, '37', NULL, '2025-10-18 00:09:19', NULL, NULL, '1', '7', NULL, NULL, 'billed', 'pos', '130.00', '0.00', '0.00', 'order', NULL, '136.50', '0.00', '2025-10-18 05:39:19', '2025-10-18 05:39:41', '13', NULL, 'Dine In', 'dine_in', NULL, NULL, NULL, NULL, NULL, NULL, NULL, NULL, NULL, 'served', '0.00', NULL, NULL, '0', NULL, NULL, NULL, NULL, NULL, NULL, NULL, NULL),
('42', 'ebe39f55-e675-4571-872e-7734db1e6c84', '5', NULL, '38', NULL, '2025-10-18 17:25:40', NULL, NULL, '1', '7', NULL, NULL, 'paid', 'pos', '210.00', '0.00', '0.00', 'order', NULL, '220.50', '220.50', '2025-10-18 22:55:40', '2025-10-18 22:56:21', '13', NULL, 'Dine In', 'pickup', NULL, NULL, NULL, NULL, NULL, NULL, NULL, NULL, NULL, 'delivered', '0.00', NULL, NULL, '0', NULL, NULL, NULL, NULL, NULL, NULL, NULL, NULL),
('43', 'e612968e-1f9d-4c68-8926-f4f905ea8059', '5', NULL, '39', NULL, '2025-10-18 17:29:24', NULL, '1', NULL, NULL, NULL, NULL, 'paid', 'kiosk', '60.00', '0.00', '3.00', 'order', NULL, '63.00', '63.00', '2025-10-18 22:59:24', '2025-10-18 23:00:16', '15', NULL, 'Pickup', 'pickup', '2025-10-18 17:29:24', NULL, NULL, NULL, NULL, NULL, NULL, NULL, NULL, 'delivered', '0.00', NULL, NULL, '0', NULL, NULL, NULL, NULL, NULL, NULL, NULL, '5'),
('44', 'fc1cf0d8-3ca0-4170-8184-369140f646dd', '5', NULL, '40', NULL, '2025-10-18 17:45:49', NULL, '1', '1', '9', NULL, NULL, 'paid', 'pos', '400.00', '0.00', '0.00', 'order', NULL, '420.00', '420.00', '2025-10-18 23:15:49', '2025-10-18 23:30:04', '13', NULL, 'Dine In', 'dine_in', NULL, NULL, NULL, NULL, NULL, NULL, NULL, NULL, NULL, 'served', '0.00', NULL, NULL, '0', NULL, NULL, NULL, NULL, NULL, NULL, NULL, NULL),
('45', '42380913-f0af-43ae-94c6-f9560094a2ce', '5', NULL, '41', NULL, '2025-10-18 18:28:23', '5', '1', NULL, NULL, NULL, NULL, 'paid', 'shop', '130.00', '0.00', '0.00', 'order', NULL, '136.50', '136.50', '2025-10-18 23:58:23', '2025-10-18 23:58:48', '13', NULL, 'Dine In', 'dine_in', NULL, NULL, NULL, NULL, NULL, NULL, NULL, NULL, NULL, 'confirmed', '0.00', NULL, NULL, '1', NULL, NULL, NULL, NULL, NULL, NULL, NULL, NULL),
('46', 'f6feda77-15ee-4e5f-8455-fe2819b46d5c', '5', NULL, '42', NULL, '2025-10-24 02:24:55', '5', '1', NULL, NULL, NULL, NULL, 'paid', 'shop', '400.00', '0.00', '0.00', 'order', NULL, '420.00', '420.00', '2025-10-24 07:54:55', '2025-10-24 07:55:51', '13', NULL, 'Dine In', 'dine_in', NULL, NULL, NULL, NULL, NULL, NULL, NULL, NULL, NULL, 'served', '0.00', NULL, NULL, '1', NULL, NULL, NULL, NULL, NULL, NULL, NULL, NULL),
('47', '119605d1-3fc4-4794-a05b-0a1c7af52058', '5', NULL, '43', NULL, '2025-10-24 02:28:19', '5', '1', NULL, NULL, NULL, NULL, 'paid', 'shop', '400.00', '0.00', '0.00', 'order', NULL, '420.00', '420.00', '2025-10-24 07:58:19', '2025-10-24 08:03:37', '14', NULL, 'Delivery', 'delivery', NULL, NULL, NULL, NULL, NULL, NULL, NULL, NULL, NULL, 'delivered', '0.00', NULL, NULL, '1', NULL, NULL, NULL, NULL, NULL, NULL, NULL, NULL),
('48', '7c79327a-4e99-4cc5-89f6-e0226ef69025', '5', NULL, '44', NULL, '2025-10-24 02:30:46', '5', '1', NULL, NULL, NULL, NULL, 'paid', 'shop', '400.00', '0.00', '0.00', 'order', NULL, '420.00', '420.00', '2025-10-24 08:00:46', '2025-10-24 08:02:41', '14', NULL, 'Delivery', 'delivery', NULL, NULL, NULL, NULL, NULL, NULL, NULL, NULL, NULL, 'delivered', '0.00', NULL, NULL, '1', NULL, NULL, NULL, NULL, NULL, NULL, NULL, NULL),
('49', '980ded67-2307-4bdf-9786-038ee6fc8c0f', '5', NULL, '45', NULL, '2025-10-24 02:34:12', '5', '1', NULL, NULL, NULL, NULL, 'draft', 'shop', '400.00', '0.00', '0.00', 'order', NULL, '420.00', '0.00', '2025-10-24 08:04:12', '2025-10-24 08:04:12', '15', NULL, 'Pickup', 'pickup', NULL, NULL, NULL, NULL, NULL, NULL, NULL, NULL, NULL, 'confirmed', '0.00', NULL, NULL, '1', NULL, NULL, NULL, NULL, NULL, NULL, NULL, NULL),
('50', '26d8dd01-8977-4baf-bc6c-e33890fad0b2', '5', NULL, '46', NULL, '2025-10-24 02:39:47', NULL, '1', NULL, '9', NULL, NULL, 'paid', 'kiosk', '400.00', '0.00', '20.00', 'order', NULL, '420.00', '420.00', '2025-10-24 08:09:47', '2025-10-24 08:10:25', '13', NULL, 'Dine In', 'dine_in', NULL, NULL, NULL, NULL, NULL, NULL, NULL, NULL, NULL, 'served', '0.00', NULL, NULL, '0', NULL, NULL, NULL, NULL, NULL, NULL, NULL, '5'),
('51', '49cde4cd-35fe-41c1-b4d3-b3f98d1507cd', '5', NULL, '47', NULL, '2025-10-24 08:04:54', '5', '1', NULL, '9', NULL, NULL, 'paid', 'shop', '400.00', '0.00', '0.00', 'order', NULL, '420.00', '420.00', '2025-10-24 13:34:54', '2025-10-24 13:36:12', '13', NULL, 'Dine In', 'dine_in', NULL, NULL, NULL, NULL, NULL, NULL, NULL, NULL, NULL, 'served', '0.00', NULL, NULL, '1', NULL, NULL, NULL, NULL, NULL, NULL, NULL, NULL),
('52', '58ada686-4a35-4354-8209-e9e1404fedab', '5', NULL, '48', NULL, '2025-10-24 14:55:29', '7', '1', NULL, '9', NULL, NULL, 'paid', 'shop', '30.00', '0.00', '0.00', 'order', NULL, '31.50', '31.50', '2025-10-24 20:25:29', '2025-10-24 20:28:49', '13', NULL, 'Dine In', 'dine_in', NULL, NULL, NULL, NULL, NULL, NULL, NULL, NULL, NULL, 'served', '0.00', NULL, NULL, '1', NULL, NULL, NULL, NULL, NULL, NULL, NULL, NULL),
('53', '39d65ee4-80e6-45ed-88e9-29cf4e499506', '5', NULL, '49', NULL, '2025-10-24 15:03:18', '8', '1', '4', '9', NULL, NULL, 'kot', 'pos', '445.00', '0.00', '0.00', 'order', NULL, '420.53', '0.00', '2025-10-24 20:33:18', '2025-10-24 20:33:46', '13', NULL, 'Dine In', 'dine_in', NULL, NULL, NULL, NULL, NULL, NULL, 'percent', '10.00', '44.50', 'served', '0.00', NULL, NULL, '0', NULL, NULL, NULL, NULL, NULL, NULL, '3', NULL),
('54', '39b93d3a-1368-42bb-93ca-73d4becb94f0', '5', NULL, '50', NULL, '2025-10-24 15:12:01', '7', NULL, '1', '7', NULL, NULL, 'paid', 'pos', '400.00', '0.00', '0.00', 'order', NULL, '420.00', '420.00', '2025-10-24 20:42:01', '2025-10-24 20:42:18', '13', NULL, 'Dine In', 'dine_in', NULL, NULL, NULL, NULL, NULL, NULL, NULL, NULL, NULL, 'served', '0.00', NULL, NULL, '0', NULL, NULL, NULL, NULL, NULL, NULL, NULL, NULL),
('55', '09fe13b3-b96b-4d3a-8d29-ec8fc8be5ba1', '5', NULL, '51', NULL, '2025-10-24 15:17:55', NULL, '1', '1', '7', NULL, NULL, 'paid', 'pos', '1080.00', '0.00', '0.00', 'order', NULL, '1134.00', '1134.00', '2025-10-24 20:47:55', '2025-10-24 20:48:12', '13', NULL, 'Dine In', 'dine_in', NULL, NULL, NULL, NULL, NULL, NULL, NULL, NULL, NULL, 'preparing', '0.00', NULL, NULL, '0', NULL, NULL, NULL, NULL, NULL, NULL, NULL, NULL),
('56', 'a718ec8f-6a90-4f72-9b9b-aa13d5cd237a', '5', NULL, '52', NULL, '2025-10-24 15:19:39', NULL, '1', NULL, NULL, NULL, NULL, 'paid', 'kiosk', '610.00', '0.00', '30.50', 'order', NULL, '640.50', '640.00', '2025-10-24 20:49:40', '2025-10-24 20:50:36', '13', NULL, 'Dine In', 'dine_in', NULL, NULL, NULL, NULL, NULL, NULL, NULL, NULL, NULL, 'preparing', '0.00', NULL, NULL, '0', NULL, NULL, NULL, NULL, NULL, NULL, NULL, '5'),
('57', '78b323df-1217-432a-9807-20f959738394', '3', NULL, '3', NULL, '2025-10-25 04:54:08', NULL, NULL, NULL, NULL, NULL, NULL, 'kot', 'shop', '367.00', '0.00', '0.00', 'order', NULL, '367.00', '0.00', '2025-10-25 10:24:08', '2025-10-25 10:24:08', '8', NULL, 'Delivery', 'delivery', NULL, NULL, NULL, NULL, NULL, NULL, NULL, NULL, NULL, 'placed', '0.00', NULL, NULL, '1', NULL, NULL, NULL, NULL, NULL, NULL, NULL, NULL),
('58', 'd7966150-e5ed-482c-9e6f-2269f7d9aa7c', '5', NULL, '53', NULL, '2025-10-25 06:25:58', '6', '2', NULL, NULL, NULL, NULL, 'paid', 'shop', '130.00', '0.00', '0.00', 'order', NULL, '136.50', '136.50', '2025-10-25 11:55:58', '2025-10-25 11:56:39', '14', NULL, 'Delivery', 'delivery', NULL, NULL, NULL, NULL, NULL, NULL, NULL, NULL, NULL, 'confirmed', '0.00', NULL, NULL, '1', NULL, NULL, NULL, NULL, NULL, NULL, NULL, NULL),
('59', '2ef9c4ed-09fa-4a1e-81fd-238dfd41b562', '5', NULL, '54', NULL, '2025-10-25 06:29:46', '6', '2', NULL, NULL, NULL, NULL, 'paid', 'shop', '120.00', '0.00', '0.00', 'order', NULL, '126.00', '126.00', '2025-10-25 11:59:46', '2025-10-25 12:00:15', '13', NULL, 'Dine In', 'dine_in', NULL, NULL, NULL, NULL, NULL, NULL, NULL, NULL, NULL, 'confirmed', '0.00', NULL, NULL, '1', NULL, NULL, NULL, NULL, NULL, NULL, NULL, NULL),
('60', 'e2d051ef-9506-4229-ba84-5f18cf526270', '5', NULL, '55', NULL, '2025-10-25 07:08:50', '7', '1', NULL, '9', NULL, NULL, 'paid', 'shop', '430.00', '0.00', '0.00', 'order', NULL, '451.50', '451.50', '2025-10-25 12:38:50', '2025-10-25 12:41:14', '14', NULL, 'Delivery', 'delivery', NULL, '1', NULL, NULL, NULL, NULL, NULL, NULL, NULL, 'delivered', '0.00', NULL, NULL, '1', NULL, NULL, NULL, NULL, NULL, NULL, NULL, NULL),
('61', 'd1e8b2eb-5111-4fda-b097-d832cd37e46b', '5', NULL, '56', NULL, '2025-10-25 13:05:10', '9', '1', NULL, NULL, NULL, NULL, 'paid', 'shop', '205.00', '0.00', '0.00', 'order', NULL, '215.25', '215.25', '2025-10-25 18:35:10', '2025-10-25 18:53:49', '13', NULL, 'Dine In', 'dine_in', NULL, NULL, NULL, NULL, NULL, NULL, NULL, NULL, NULL, 'served', '0.00', NULL, NULL, '1', NULL, NULL, NULL, NULL, NULL, NULL, NULL, NULL),
('62', 'e7c787e7-58f0-4e30-9eb3-4db1953d3831', '5', NULL, '57', NULL, '2025-10-25 13:06:40', '9', '1', NULL, NULL, NULL, NULL, 'draft', 'shop', '400.00', '0.00', '0.00', 'order', NULL, '420.00', '0.00', '2025-10-25 18:36:40', '2025-10-25 18:36:41', '13', NULL, 'Dine In', 'dine_in', NULL, NULL, NULL, NULL, NULL, NULL, NULL, NULL, NULL, 'confirmed', '0.00', NULL, NULL, '1', NULL, NULL, NULL, NULL, NULL, NULL, NULL, NULL),
('63', '254a2157-dfb7-41f0-8ac2-f802887dcc89', '5', NULL, '58', NULL, '2025-10-25 13:22:55', NULL, '1', '1', '7', NULL, NULL, 'paid', 'pos', '180.00', '0.00', '0.00', 'order', NULL, '189.00', '189.00', '2025-10-25 18:52:55', '2025-10-25 18:54:44', '13', NULL, 'Dine In', 'dine_in', NULL, NULL, 'Bambagher, Ramnagar-244715, Uttarkhand', NULL, NULL, NULL, NULL, NULL, NULL, 'served', '0.00', NULL, NULL, '0', NULL, NULL, NULL, NULL, NULL, NULL, NULL, NULL),
('64', '59394330-19f6-4582-87bb-1c6b4216d0c7', '5', NULL, '59', NULL, '2025-10-25 13:31:04', '9', '1', NULL, NULL, NULL, NULL, 'paid', 'shop', '400.00', '0.00', '20.00', 'order', NULL, '420.00', '420.00', '2025-10-25 19:00:33', '2025-10-25 19:01:24', '13', NULL, 'Dine In', 'dine_in', NULL, NULL, NULL, NULL, NULL, NULL, NULL, NULL, NULL, 'preparing', '0.00', NULL, NULL, '1', NULL, NULL, NULL, NULL, NULL, NULL, NULL, NULL),
('65', 'a2fa2789-645a-4866-a77e-ae1d8a1c125b', '5', NULL, '60', NULL, '2025-10-27 08:33:42', '7', '1', NULL, NULL, NULL, NULL, 'paid', 'shop', '400.00', '0.00', '0.00', 'order', NULL, '420.00', '420.00', '2025-10-27 14:03:42', '2025-10-27 14:04:14', '13', NULL, 'Dine In', 'dine_in', NULL, NULL, NULL, NULL, NULL, NULL, NULL, NULL, NULL, 'confirmed', '0.00', NULL, NULL, '1', NULL, NULL, NULL, NULL, NULL, NULL, NULL, NULL),
('66', '001231db-778a-4520-a5fa-8f0de81e5d73', '5', NULL, '61', NULL, '2025-10-27 09:44:07', '6', '2', NULL, NULL, NULL, NULL, 'paid', 'shop', '130.00', '0.00', '0.00', 'order', NULL, '136.50', '136.50', '2025-10-27 15:14:07', '2025-10-27 15:14:37', '14', NULL, 'Delivery', 'delivery', NULL, NULL, NULL, NULL, NULL, NULL, NULL, NULL, NULL, 'confirmed', '0.00', NULL, NULL, '1', NULL, NULL, NULL, NULL, NULL, NULL, NULL, NULL),
('67', '1e709f54-2e9d-4a90-8a29-560c0248fe9e', '5', NULL, '62', NULL, '2025-10-31 14:52:11', '5', '1', NULL, NULL, NULL, NULL, 'paid', 'shop', '250.00', '0.00', '0.00', 'order', NULL, '262.50', '262.50', '2025-10-31 20:22:11', '2025-10-31 20:23:05', '13', NULL, 'Dine In', 'dine_in', NULL, NULL, NULL, NULL, NULL, NULL, NULL, NULL, NULL, 'preparing', '0.00', NULL, NULL, '1', NULL, NULL, NULL, NULL, NULL, NULL, NULL, NULL),
('68', '010b0d5b-1e58-45c4-89f2-4e0f041ab194', '5', NULL, '63', NULL, '2025-11-06 14:26:18', NULL, '2', NULL, NULL, NULL, NULL, 'paid', 'shop', '130.00', '0.00', '0.00', 'order', NULL, '136.50', '136.50', '2025-11-06 19:56:18', '2025-11-06 19:56:59', '14', NULL, 'Delivery', 'delivery', NULL, NULL, 'wdqwdqw', NULL, NULL, NULL, NULL, NULL, NULL, 'confirmed', '0.00', '26.9403884', '80.8963691', '1', NULL, NULL, '1', '2', NULL, NULL, NULL, NULL),
('69', '4c9d8d6d-5c72-4de3-a244-38b8c96e07cb', '5', NULL, '64', NULL, '2025-11-08 08:14:52', NULL, '2', NULL, NULL, NULL, NULL, 'paid', 'shop', '120.00', '0.00', '0.00', 'order', NULL, '126.00', '126.00', '2025-11-08 13:44:52', '2025-11-08 13:45:20', '14', NULL, 'Delivery', 'delivery', NULL, NULL, 'WVRW+36, Sadabahar Colony, Mubarakpur, Lucknow, Uttar Pradesh 226013, India', NULL, NULL, NULL, NULL, NULL, NULL, 'confirmed', '0.00', '26.9407327', '80.8958455', '1', NULL, NULL, '1', '2', NULL, NULL, NULL, NULL),
('70', '5a927adf-33b7-40f0-8b28-34232bea0132', '5', NULL, '65', NULL, '2025-11-25 09:27:27', NULL, '2', NULL, NULL, NULL, NULL, 'paid', 'shop', '120.00', '0.00', '0.00', 'order', NULL, '126.00', '126.00', '2025-11-25 14:57:27', '2025-11-25 15:04:50', '14', NULL, 'Delivery', 'delivery', NULL, NULL, 'WVRW+36, Sadabahar Colony, Mubarakpur, Lucknow, Uttar Pradesh 226013, India', NULL, NULL, NULL, NULL, NULL, NULL, 'food_ready', '0.00', '26.9401214', '80.8947850', '1', NULL, NULL, '2', '3', NULL, NULL, NULL, NULL),
('71', 'cc9e4b28-737d-423e-a33a-613cc78a9d55', '3', NULL, '4', NULL, '2025-11-25 10:36:24', NULL, '1', NULL, NULL, NULL, NULL, 'kot', 'shop', '183.50', '0.00', '0.00', 'order', NULL, '183.50', '0.00', '2025-11-25 16:06:24', '2025-11-25 16:06:25', '8', NULL, 'Delivery', 'delivery', NULL, NULL, 'Bambagher, Ramnagar-244715, Uttarkhand', NULL, NULL, NULL, NULL, NULL, NULL, 'placed', '0.00', NULL, NULL, '1', NULL, NULL, NULL, NULL, NULL, NULL, NULL, NULL),
('72', '30671b29-9a07-4707-a875-d102cf8b75e4', '5', '2', '66', NULL, '2025-11-25 12:10:42', NULL, NULL, '1', '7', '7', NULL, 'paid', 'pos', '300.00', '0.00', '15.00', 'order', NULL, '315.00', '315.00', '2025-11-25 17:40:42', '2025-11-25 17:41:15', '13', NULL, 'Dine In', 'dine_in', NULL, NULL, NULL, NULL, NULL, NULL, NULL, NULL, NULL, 'served', '0.00', NULL, NULL, '0', NULL, NULL, NULL, NULL, NULL, NULL, NULL, NULL),
('73', '9c56e51a-720f-445f-ae0b-132c8b49f17f', '5', NULL, '67', NULL, '2025-12-05 08:56:32', '6', '2', NULL, NULL, NULL, NULL, 'kot', 'shop', '120.00', '0.00', '0.00', 'order', NULL, '126.00', '0.00', '2025-12-05 14:26:32', '2025-12-05 14:26:32', '13', NULL, 'Dine In', 'dine_in', NULL, NULL, NULL, NULL, NULL, NULL, NULL, NULL, NULL, 'confirmed', '0.00', NULL, NULL, '1', NULL, NULL, NULL, NULL, NULL, NULL, NULL, NULL),
('74', '2347cdc5-dc3a-476a-8cda-3f19fee82b2d', '5', NULL, '68', NULL, '2025-12-05 12:43:42', '35', '2', NULL, NULL, NULL, NULL, 'kot', 'shop', '90.00', '0.00', '0.00', 'order', NULL, '94.50', '0.00', '2025-12-05 18:13:42', '2025-12-05 18:13:42', '13', NULL, 'Dine In', 'dine_in', NULL, NULL, NULL, NULL, NULL, NULL, NULL, NULL, NULL, 'confirmed', '0.00', NULL, NULL, '1', NULL, NULL, NULL, NULL, NULL, NULL, NULL, NULL),
('75', 'd9b367a2-217a-4831-b515-b02a996a341b', '5', NULL, '69', NULL, '2025-12-05 13:03:11', NULL, '2', NULL, NULL, NULL, NULL, 'kot', 'shop', '300.00', '0.00', '0.00', 'order', NULL, '315.00', '0.00', '2025-12-05 18:33:11', '2025-12-05 18:33:11', '14', NULL, 'Delivery', 'delivery', NULL, NULL, 'WVRW+243 Umang Front Lawn, Sadabahar Colony, Mubarakpur, Lucknow, Uttar Pradesh 226013, India', NULL, NULL, NULL, NULL, NULL, NULL, 'confirmed', '0.00', '26.9345051', '80.9015179', '1', NULL, NULL, '8', '11', NULL, NULL, NULL, NULL),
('76', '047c9c45-60a0-4f13-87c8-594c25d7a623', '5', NULL, '70', NULL, '2025-12-05 13:28:15', NULL, '2', NULL, NULL, NULL, NULL, 'kot', 'shop', '300.00', '0.00', '0.00', 'order', NULL, '315.00', '0.00', '2025-12-05 18:58:15', '2025-12-05 18:58:15', '14', NULL, 'Delivery', 'delivery', NULL, NULL, 'WVRW+243 Umang Front Lawn, Sadabahar Colony, Mubarakpur, Lucknow, Uttar Pradesh 226013, India', NULL, NULL, NULL, NULL, NULL, NULL, 'confirmed', '0.00', '26.9345051', '80.9015179', '1', NULL, NULL, '8', '11', NULL, NULL, NULL, NULL),
('77', '95179755-0c21-487d-b894-c2040692de51', '5', NULL, '71', NULL, '2025-12-05 13:32:22', NULL, '2', NULL, NULL, NULL, NULL, 'kot', 'shop', '300.00', '0.00', '0.00', 'order', NULL, '315.00', '0.00', '2025-12-05 19:02:22', '2025-12-05 19:02:22', '14', NULL, 'Delivery', 'delivery', NULL, NULL, 'WVRW+243 Umang Front Lawn, Sadabahar Colony, Mubarakpur, Lucknow, Uttar Pradesh 226013, India', NULL, NULL, NULL, NULL, NULL, NULL, 'confirmed', '0.00', '26.9345051', '80.9015179', '1', NULL, NULL, '8', '11', NULL, NULL, NULL, NULL),
('78', 'fb9dda7a-ae30-4515-a3e2-1c53853595e5', '5', NULL, '72', NULL, '2025-12-05 13:44:28', NULL, '2', NULL, NULL, NULL, NULL, 'kot', 'shop', '300.00', '0.00', '0.00', 'order', NULL, '315.00', '0.00', '2025-12-05 19:14:28', '2025-12-05 19:14:28', '14', NULL, 'Delivery', 'delivery', NULL, NULL, 'WVRW+243 Umang Front Lawn, Sadabahar Colony, Mubarakpur, Lucknow, Uttar Pradesh 226013, India', NULL, NULL, NULL, NULL, NULL, NULL, 'confirmed', '0.00', '26.9345051', '80.9015179', '1', NULL, NULL, '8', '11', NULL, NULL, NULL, NULL),
('79', '4d10a251-ff7c-43cb-bd7c-8db306791b01', '5', NULL, '73', NULL, '2025-12-05 13:44:28', NULL, '2', NULL, NULL, NULL, NULL, 'kot', 'shop', '300.00', '0.00', '0.00', 'order', NULL, '315.00', '0.00', '2025-12-05 19:14:28', '2025-12-05 19:14:28', '14', NULL, 'Delivery', 'delivery', NULL, NULL, 'WVRW+243 Umang Front Lawn, Sadabahar Colony, Mubarakpur, Lucknow, Uttar Pradesh 226013, India', NULL, NULL, NULL, NULL, NULL, NULL, 'confirmed', '0.00', '26.9345051', '80.9015179', '1', NULL, NULL, '8', '11', NULL, NULL, NULL, NULL),
('80', '66c92fce-6165-40d5-9f8b-1a3b2349f369', '5', NULL, '73', NULL, '2025-12-05 13:44:59', NULL, '2', NULL, NULL, NULL, NULL, 'kot', 'shop', '120.00', '0.00', '0.00', 'order', NULL, '126.00', '0.00', '2025-12-05 19:14:59', '2025-12-05 19:14:59', '14', NULL, 'Delivery', 'delivery', NULL, NULL, 'WWM2+HHW, Prabandh Nagar, Mubarakpur, Lucknow, Allu Nagar Diguria, Uttar Pradesh 226013, India', NULL, NULL, NULL, NULL, NULL, NULL, 'confirmed', '0.00', '26.9367625', '80.9045219', '1', NULL, NULL, '6', '8', NULL, NULL, NULL, NULL),
('81', 'eaf946e7-776c-421d-a5f5-06b9ae5215eb', '5', NULL, '74', NULL, '2025-12-05 13:45:14', NULL, '2', NULL, NULL, NULL, NULL, 'kot', 'shop', '120.00', '0.00', '0.00', 'order', NULL, '126.00', '0.00', '2025-12-05 19:15:14', '2025-12-05 19:15:14', '14', NULL, 'Delivery', 'delivery', NULL, NULL, 'WWM2+HHW, Prabandh Nagar, Mubarakpur, Lucknow, Allu Nagar Diguria, Uttar Pradesh 226013, India', NULL, NULL, NULL, NULL, NULL, NULL, 'confirmed', '0.00', '26.9367625', '80.9045219', '1', NULL, NULL, '6', '8', NULL, NULL, NULL, NULL),
('82', '7162cdc3-da10-4ae7-80e5-350eb274d30d', '5', NULL, '75', NULL, '2025-12-05 13:53:11', NULL, '2', NULL, NULL, NULL, NULL, 'kot', 'shop', '120.00', '0.00', '0.00', 'order', NULL, '126.00', '0.00', '2025-12-05 19:23:11', '2025-12-05 19:23:11', '14', NULL, 'Delivery', 'delivery', NULL, NULL, 'WWM2+HHW, Prabandh Nagar, Mubarakpur, Lucknow, Allu Nagar Diguria, Uttar Pradesh 226013, India', NULL, NULL, NULL, NULL, NULL, NULL, 'confirmed', '0.00', '26.9367625', '80.9045219', '1', NULL, NULL, '6', '8', NULL, NULL, NULL, NULL),
('83', '7411b631-5cc0-421d-a126-739fc5776cac', '5', NULL, '76', NULL, '2025-12-05 13:53:11', NULL, '2', NULL, NULL, NULL, NULL, 'kot', 'shop', '120.00', '0.00', '0.00', 'order', NULL, '126.00', '0.00', '2025-12-05 19:23:11', '2025-12-05 19:23:12', '14', NULL, 'Delivery', 'delivery', NULL, NULL, 'WWM2+HHW, Prabandh Nagar, Mubarakpur, Lucknow, Allu Nagar Diguria, Uttar Pradesh 226013, India', NULL, NULL, NULL, NULL, NULL, NULL, 'confirmed', '0.00', '26.9367625', '80.9045219', '1', NULL, NULL, '6', '8', NULL, NULL, NULL, NULL),
('84', '516b8c25-d934-4450-9a4c-6029636192aa', '5', NULL, '76', NULL, '2025-12-05 13:53:54', NULL, '2', NULL, NULL, NULL, NULL, 'kot', 'shop', '120.00', '0.00', '0.00', 'order', NULL, '126.00', '0.00', '2025-12-05 19:23:54', '2025-12-05 19:23:54', '14', NULL, 'Delivery', 'delivery', NULL, NULL, 'SIDBI Centre, Indian Institute Of Management–Lucknow (IIM–Lucknow), Prabandh Nagar, Mubarakpur, Lucknow, Mubarakpur, Uttar Pradesh 226013, India', NULL, NULL, NULL, NULL, NULL, NULL, 'confirmed', '0.00', '26.9400145', '80.8952951', '1', NULL, NULL, '1', '2', NULL, NULL, NULL, NULL),
('85', 'e6adddf5-4549-4c12-a89e-64710aee99bd', '5', NULL, '77', NULL, '2025-12-05 13:55:06', NULL, '2', NULL, NULL, NULL, NULL, 'kot', 'shop', '120.00', '0.00', '0.00', 'order', NULL, '126.00', '0.00', '2025-12-05 19:25:06', '2025-12-05 19:25:06', '14', NULL, 'Delivery', 'delivery', NULL, NULL, 'SIDBI Centre, Indian Institute Of Management–Lucknow (IIM–Lucknow), Prabandh Nagar, Mubarakpur, Lucknow, Mubarakpur, Uttar Pradesh 226013, India', NULL, NULL, NULL, NULL, NULL, NULL, 'confirmed', '0.00', '26.9400145', '80.8952951', '1', NULL, NULL, '1', '2', NULL, NULL, NULL, NULL),
('86', '3a5f3016-4558-4559-a378-9228273331f6', '5', NULL, '78', NULL, '2025-12-05 13:59:41', NULL, '2', NULL, NULL, NULL, NULL, 'kot', 'shop', '120.00', '0.00', '0.00', 'order', NULL, '126.00', '0.00', '2025-12-05 19:29:41', '2025-12-05 19:29:42', '14', NULL, 'Delivery', 'delivery', NULL, NULL, 'SIDBI Centre, Indian Institute Of Management–Lucknow (IIM–Lucknow), Prabandh Nagar, Mubarakpur, Lucknow, Mubarakpur, Uttar Pradesh 226013, India', NULL, NULL, NULL, NULL, NULL, NULL, 'confirmed', '0.00', '26.9400145', '80.8952951', '1', NULL, NULL, '1', '2', NULL, NULL, NULL, NULL),
('87', 'f934b24a-f3b6-49f8-a234-1d4854191ed5', '5', NULL, '79', NULL, '2025-12-05 14:08:24', NULL, '2', NULL, NULL, NULL, NULL, 'kot', 'shop', '120.00', '0.00', '0.00', 'order', NULL, '126.00', '0.00', '2025-12-05 19:38:24', '2025-12-05 19:38:25', '14', NULL, 'Delivery', 'delivery', NULL, NULL, 'SIDBI Centre, Indian Institute Of Management–Lucknow (IIM–Lucknow), Prabandh Nagar, Mubarakpur, Lucknow, Mubarakpur, Uttar Pradesh 226013, India', NULL, NULL, NULL, NULL, NULL, NULL, 'confirmed', '0.00', '26.9400145', '80.8952951', '1', NULL, NULL, '1', '2', NULL, NULL, NULL, NULL),
('88', '58001d68-deec-49a7-afbe-4583d7d58d51', '5', NULL, '80', NULL, '2025-12-05 14:08:25', NULL, '2', NULL, NULL, NULL, NULL, 'kot', 'shop', '120.00', '0.00', '0.00', 'order', NULL, '126.00', '0.00', '2025-12-05 19:38:25', '2025-12-05 19:38:25', '14', NULL, 'Delivery', 'delivery', NULL, NULL, 'SIDBI Centre, Indian Institute Of Management–Lucknow (IIM–Lucknow), Prabandh Nagar, Mubarakpur, Lucknow, Mubarakpur, Uttar Pradesh 226013, India', NULL, NULL, NULL, NULL, NULL, NULL, 'confirmed', '0.00', '26.9400145', '80.8952951', '1', NULL, NULL, '1', '2', NULL, NULL, NULL, NULL),
('89', 'd809aa4a-e143-4799-b1c9-b268132dfd72', '5', NULL, '81', NULL, '2025-12-05 14:12:08', NULL, '2', NULL, NULL, NULL, NULL, 'kot', 'shop', '120.00', '0.00', '0.00', 'order', NULL, '126.00', '0.00', '2025-12-05 19:42:08', '2025-12-05 19:42:09', '14', NULL, 'Delivery', 'delivery', NULL, NULL, 'WVRW+243 Umang Front Lawn, Sadabahar Colony, Mubarakpur, Lucknow, Uttar Pradesh 226013, India', NULL, NULL, NULL, NULL, NULL, NULL, 'confirmed', '0.00', '26.9367625', '80.9045219', '1', NULL, NULL, '6', '8', NULL, NULL, NULL, NULL),
('90', '50369043-41cc-4dbb-ba26-c6a72ce4d709', '5', NULL, '82', NULL, '2025-12-05 14:15:45', NULL, '2', NULL, NULL, NULL, NULL, 'kot', 'shop', '120.00', '0.00', '0.00', 'order', NULL, '126.00', '0.00', '2025-12-05 19:45:45', '2025-12-05 19:45:46', '14', NULL, 'Delivery', 'delivery', NULL, NULL, 'WVRW+243 Umang Front Lawn, Sadabahar Colony, Mubarakpur, Lucknow, Uttar Pradesh 226013, India', NULL, NULL, NULL, NULL, NULL, NULL, 'confirmed', '0.00', '26.9367625', '80.9045219', '1', NULL, NULL, '6', '8', NULL, NULL, NULL, NULL),
('91', '566c7102-c5a6-4d6f-8a3d-6bbefa2eb11b', '5', NULL, '83', NULL, '2025-12-05 14:16:16', NULL, '2', NULL, NULL, NULL, NULL, 'kot', 'shop', '250.00', '0.00', '0.00', 'order', NULL, '262.50', '0.00', '2025-12-05 19:46:16', '2025-12-05 19:46:16', '14', NULL, 'Delivery', 'delivery', NULL, NULL, 'SIDBI Centre, Indian Institute Of Management–Lucknow (IIM–Lucknow), Prabandh Nagar, Mubarakpur, Lucknow, Mubarakpur, Uttar Pradesh 226013, India', NULL, NULL, NULL, NULL, NULL, NULL, 'confirmed', '0.00', '26.9408093', '80.8961030', '1', NULL, NULL, '4', '6', NULL, NULL, NULL, NULL),
('92', 'e621dca2-0685-488e-952d-8dd8b67423b4', '5', NULL, '84', NULL, '2025-12-05 14:26:55', NULL, '2', NULL, NULL, NULL, NULL, 'kot', 'shop', '250.00', '0.00', '0.00', 'order', NULL, '262.50', '0.00', '2025-12-05 19:56:55', '2025-12-05 19:56:55', '14', NULL, 'Delivery', 'delivery', NULL, NULL, 'SIDBI Centre, Indian Institute Of Management–Lucknow (IIM–Lucknow), Prabandh Nagar, Mubarakpur, Lucknow, Mubarakpur, Uttar Pradesh 226013, India', NULL, NULL, NULL, NULL, NULL, NULL, 'confirmed', '0.00', '26.9408093', '80.8961030', '1', NULL, NULL, '4', '6', NULL, NULL, NULL, NULL),
('93', 'f3a2eb0d-9622-4179-85b0-3aba72454bb6', '5', NULL, '85', NULL, '2025-12-05 14:28:15', NULL, '2', NULL, NULL, NULL, NULL, 'kot', 'shop', '750.00', '0.00', '0.00', 'order', NULL, '787.50', '0.00', '2025-12-05 19:58:15', '2025-12-05 19:58:15', '14', NULL, 'Delivery', 'delivery', NULL, NULL, 'WVRW+36, Sadabahar Colony, Mubarakpur, Lucknow, Uttar Pradesh 226013, India', NULL, NULL, NULL, NULL, NULL, NULL, 'confirmed', '0.00', '26.9400441', '80.8967897', '1', NULL, NULL, '1', '2', NULL, NULL, NULL, NULL),
('94', '89ee38e4-2ac8-4bd4-a205-1a70468df2c8', '5', NULL, '86', NULL, '2025-12-05 14:33:24', NULL, '2', NULL, NULL, NULL, NULL, 'kot', 'shop', '210.00', '0.00', '0.00', 'order', NULL, '220.50', '0.00', '2025-12-05 20:03:24', '2025-12-05 20:03:24', '14', NULL, 'Delivery', 'delivery', NULL, NULL, 'WVQW+RQC, IIM Rd, Sadabahar Colony, Prabandh Nagar, Madiyanva, Lucknow, Mubarakpur, Uttar Pradesh 226013, India', NULL, NULL, NULL, NULL, NULL, NULL, 'confirmed', '0.00', '26.9367625', '80.9046507', '1', NULL, NULL, '5', '7', NULL, NULL, NULL, NULL),
('95', 'c386b795-ea95-40a4-a28b-c0d918d7eeee', '5', NULL, '87', NULL, '2025-12-05 14:34:58', NULL, '2', NULL, NULL, NULL, NULL, 'kot', 'shop', '400.00', '0.00', '0.00', 'order', NULL, '420.00', '0.00', '2025-12-05 20:04:58', '2025-12-05 20:04:59', '14', NULL, 'Delivery', 'delivery', NULL, NULL, 'WWP3+PV3, IIM Rd, Prabandh Nagar, Mubarakpur, Lucknow, Mubarakpur, Uttar Pradesh 226013, India', NULL, NULL, NULL, NULL, NULL, NULL, 'confirmed', '0.00', '26.9367625', '80.9045219', '1', NULL, NULL, '6', '8', NULL, NULL, NULL, NULL),
('96', '0babed71-24ac-4604-a4f8-30771183de22', '5', NULL, '88', NULL, '2025-12-05 15:13:18', NULL, '2', NULL, NULL, NULL, NULL, 'kot', 'shop', '375.00', '0.00', '0.00', 'order', NULL, '393.75', '0.00', '2025-12-05 20:43:18', '2025-12-05 20:43:18', '14', NULL, 'Delivery', 'delivery', NULL, NULL, 'SIDBI Centre, Indian Institute Of Management–Lucknow (IIM–Lucknow), Prabandh Nagar, Mubarakpur, Lucknow, Mubarakpur, Uttar Pradesh 226013, India', NULL, NULL, NULL, NULL, NULL, NULL, 'confirmed', '0.00', '26.9444831', '80.8939833', '1', NULL, NULL, '5', '7', NULL, NULL, NULL, NULL),
('97', 'd6a69635-0a6c-40ed-9bbf-8deb51a219c1', '5', NULL, '89', NULL, '2025-12-05 15:20:54', NULL, '2', NULL, NULL, NULL, NULL, 'kot', 'shop', '375.00', '0.00', '0.00', 'order', NULL, '393.75', '0.00', '2025-12-05 20:50:54', '2025-12-05 20:50:54', '14', NULL, 'Delivery', 'delivery', NULL, NULL, 'SIDBI Centre, Indian Institute Of Management–Lucknow (IIM–Lucknow), Prabandh Nagar, Mubarakpur, Lucknow, Mubarakpur, Uttar Pradesh 226013, India', NULL, NULL, NULL, NULL, NULL, NULL, 'confirmed', '0.00', '26.9444831', '80.8939833', '1', NULL, NULL, '5', '7', NULL, NULL, NULL, NULL),
('98', 'ad053cad-1048-4c67-a4e0-c65f536d6d24', '5', NULL, '90', NULL, '2025-12-05 15:20:54', NULL, '2', NULL, NULL, NULL, NULL, 'kot', 'shop', '375.00', '0.00', '0.00', 'order', NULL, '393.75', '0.00', '2025-12-05 20:50:54', '2025-12-05 20:50:55', '14', NULL, 'Delivery', 'delivery', NULL, NULL, 'SIDBI Centre, Indian Institute Of Management–Lucknow (IIM–Lucknow), Prabandh Nagar, Mubarakpur, Lucknow, Mubarakpur, Uttar Pradesh 226013, India', NULL, NULL, NULL, NULL, NULL, NULL, 'confirmed', '0.00', '26.9444831', '80.8939833', '1', NULL, NULL, '5', '7', NULL, NULL, NULL, NULL),
('99', '71294ec8-8e4b-4a28-92a7-53d9ece9a32d', '5', NULL, '90', NULL, '2025-12-05 15:21:27', NULL, '2', NULL, NULL, NULL, NULL, 'kot', 'shop', '120.00', '0.00', '0.00', 'order', NULL, '126.00', '0.00', '2025-12-05 20:51:27', '2025-12-05 20:51:27', '14', NULL, 'Delivery', 'delivery', NULL, NULL, 'WVWV+277, Mubarakpur, Palhri, Lucknow, Uttar Pradesh 226201, India', NULL, NULL, NULL, NULL, NULL, NULL, 'confirmed', '0.00', '26.9407634', '80.8949100', '1', NULL, NULL, '3', '4', NULL, NULL, NULL, NULL),
('100', 'bd73bd99-f6d9-4e7f-abee-4dce9f928e74', '5', NULL, '91', NULL, '2025-12-05 15:30:36', NULL, '2', NULL, NULL, NULL, NULL, 'kot', 'shop', '120.00', '0.00', '0.00', 'order', NULL, '126.00', '0.00', '2025-12-05 21:00:36', '2025-12-05 21:00:36', '14', NULL, 'Delivery', 'delivery', NULL, NULL, 'WVWV+277, Mubarakpur, Palhri, Lucknow, Uttar Pradesh 226201, India', NULL, NULL, NULL, NULL, NULL, NULL, 'confirmed', '0.00', '26.9407634', '80.8949100', '1', NULL, NULL, '3', '4', NULL, NULL, NULL, NULL),
('101', '1ae32ff3-f7b0-450d-84be-17b1bf85103e', '5', NULL, '92', NULL, '2025-12-05 15:33:21', NULL, '2', NULL, NULL, NULL, NULL, 'kot', 'shop', '120.00', '0.00', '0.00', 'order', NULL, '126.00', '0.00', '2025-12-05 21:03:21', '2025-12-05 21:03:22', '14', NULL, 'Delivery', 'delivery', NULL, NULL, 'WVWV+277, Mubarakpur, Palhri, Lucknow, Uttar Pradesh 226201, India', NULL, NULL, NULL, NULL, NULL, NULL, 'confirmed', '0.00', '26.9407634', '80.8949100', '1', NULL, NULL, '3', '4', NULL, NULL, NULL, NULL),
('102', '7697e69c-0105-468a-b3d8-222705998868', '5', NULL, '93', NULL, '2025-12-05 15:46:41', NULL, '2', NULL, NULL, NULL, NULL, 'kot', 'shop', '130.00', '0.00', '0.00', 'order', NULL, '136.50', '0.00', '2025-12-05 21:16:41', '2025-12-05 21:16:42', '14', NULL, 'Delivery', 'delivery', NULL, NULL, 'WVRV+893, Mubarakpur, Lucknow, Narharpur, Uttar Pradesh 226013, India', NULL, NULL, NULL, NULL, NULL, NULL, 'confirmed', '0.00', '26.9405032', '80.8948585', '1', NULL, NULL, '1', '2', NULL, NULL, NULL, NULL),
('103', 'dda478af-caf1-41cc-979f-26d8abe190c0', '31', NULL, '1', NULL, '2025-12-05 20:17:37', '144', NULL, NULL, NULL, '16', NULL, 'paid', 'shop', '24.47', '0.00', '0.00', 'order', NULL, '24.47', '24.47', '2025-12-06 01:46:30', '2025-12-06 01:48:28', '91', NULL, 'Dine In', 'dine_in', NULL, NULL, NULL, NULL, NULL, NULL, NULL, NULL, NULL, 'served', '0.00', '29.3919838', '79.1290029', '1', NULL, NULL, NULL, NULL, NULL, NULL, NULL, NULL),
('104', 'a1cfbcb2-62fb-4731-b0b5-ab97c28d0e04', '5', NULL, '94', NULL, '2025-12-06 06:53:12', NULL, '2', NULL, NULL, NULL, NULL, 'kot', 'shop', '90.00', '0.00', '0.00', 'order', NULL, '94.50', '0.00', '2025-12-06 12:23:12', '2025-12-06 12:23:12', '14', NULL, 'Delivery', 'delivery', NULL, NULL, 'WVRW+243 Umang Front Lawn, Sadabahar Colony, Mubarakpur, Lucknow, Uttar Pradesh 226013, India', NULL, NULL, NULL, NULL, NULL, NULL, 'confirmed', '0.00', '26.9405415', '80.8958455', '1', NULL, NULL, '0', '0', NULL, NULL, NULL, NULL),
('105', '7a1130dc-0d47-4f35-b74e-932198930642', '5', NULL, '95', NULL, '2025-12-06 06:57:04', NULL, '2', NULL, NULL, NULL, NULL, 'kot', 'shop', '90.00', '0.00', '0.00', 'order', NULL, '94.50', '0.00', '2025-12-06 12:27:04', '2025-12-06 12:27:04', '14', NULL, 'Delivery', 'delivery', NULL, NULL, 'WVRW+36, Sadabahar Colony, Mubarakpur, Lucknow, Uttar Pradesh 226013, India', NULL, NULL, NULL, NULL, NULL, NULL, 'confirmed', '0.00', '26.9398528', '80.8974334', '1', NULL, NULL, '3', '4', NULL, NULL, NULL, NULL),
('106', 'aea7dc61-cd8a-4f9a-9633-63b54199c10d', '5', NULL, '96', NULL, '2025-12-07 12:10:38', '35', '2', NULL, NULL, NULL, NULL, 'kot', 'shop', '340.00', '0.00', '0.00', 'order', NULL, '357.00', '0.00', '2025-12-07 17:40:38', '2025-12-07 17:40:39', '13', NULL, 'Dine In', 'dine_in', NULL, NULL, NULL, NULL, NULL, NULL, NULL, NULL, NULL, 'confirmed', '0.00', NULL, NULL, '1', NULL, NULL, NULL, NULL, NULL, NULL, NULL, NULL),
('107', 'ff21f3d7-c30c-44d2-8361-31c84a6a8967', '5', NULL, '97', NULL, '2025-12-07 12:20:24', '11', '2', NULL, NULL, NULL, NULL, 'kot', 'shop', '120.00', '0.00', '0.00', 'order', NULL, '126.00', '0.00', '2025-12-07 17:50:24', '2025-12-07 17:50:24', '13', NULL, 'Dine In', 'dine_in', NULL, NULL, NULL, NULL, NULL, NULL, NULL, NULL, NULL, 'confirmed', '0.00', NULL, NULL, '1', NULL, NULL, NULL, NULL, NULL, NULL, NULL, NULL),
('108', '6761fe91-fc7a-4f7a-979f-8b330c37dd56', '5', NULL, '98', NULL, '2025-12-07 12:23:42', '39', '2', NULL, NULL, NULL, NULL, 'kot', 'shop', '120.00', '0.00', '0.00', 'order', NULL, '126.00', '0.00', '2025-12-07 17:53:42', '2025-12-07 17:53:42', '13', NULL, 'Dine In', 'dine_in', NULL, NULL, NULL, NULL, NULL, NULL, NULL, NULL, NULL, 'confirmed', '0.00', NULL, NULL, '1', NULL, NULL, NULL, NULL, NULL, NULL, NULL, NULL),
('109', '5de1d06c-8f76-49a5-a472-0f13b55be156', '5', NULL, '99', NULL, '2025-12-07 12:26:59', '6', '2', NULL, NULL, NULL, NULL, 'kot', 'shop', '210.00', '0.00', '0.00', 'order', NULL, '220.50', '0.00', '2025-12-07 17:56:59', '2025-12-07 17:57:00', '13', NULL, 'Dine In', 'dine_in', NULL, NULL, NULL, NULL, NULL, NULL, NULL, NULL, NULL, 'confirmed', '0.00', NULL, NULL, '1', NULL, NULL, NULL, NULL, NULL, NULL, NULL, NULL),
('110', '44dde44c-272d-4fac-84cb-2a2afd7e7d8a', '5', NULL, '100', NULL, '2025-12-07 12:48:26', NULL, '2', NULL, NULL, NULL, NULL, 'kot', 'shop', '210.00', '0.00', '0.00', 'order', NULL, '220.50', '0.00', '2025-12-07 18:18:26', '2025-12-07 18:18:26', '14', NULL, 'Delivery', 'delivery', NULL, NULL, 'WVQW+RQC, IIM Rd, Sadabahar Colony, Prabandh Nagar, Madiyanva, Lucknow, Mubarakpur, Uttar Pradesh 226013, India', NULL, NULL, NULL, NULL, NULL, NULL, 'confirmed', '0.00', '26.9367625', '80.9045219', '1', NULL, NULL, '6', '8', NULL, NULL, NULL, NULL),
('111', '7750ae19-c9fe-4ed8-a86a-604963f8b692', '5', NULL, '101', NULL, '2025-12-07 12:59:03', NULL, '2', NULL, NULL, NULL, NULL, 'kot', 'shop', '210.00', '0.00', '0.00', 'order', NULL, '220.50', '0.00', '2025-12-07 18:29:03', '2025-12-07 18:29:04', '14', NULL, 'Delivery', 'delivery', NULL, NULL, 'SIDBI Centre, Indian Institute Of Management–Lucknow (IIM–Lucknow), Prabandh Nagar, Mubarakpur, Lucknow, Mubarakpur, Uttar Pradesh 226013, India', NULL, NULL, NULL, NULL, NULL, NULL, 'confirmed', '0.00', '26.9413066', '80.8952447', '1', NULL, NULL, '3', '4', NULL, NULL, NULL, NULL),
('112', '291fed9b-c7e5-40e3-b100-9301857d5706', '5', NULL, '102', NULL, '2025-12-10 10:07:57', NULL, '5', NULL, NULL, NULL, NULL, 'pending_verification', 'kiosk', '60.00', '0.00', '3.00', 'order', NULL, '63.00', '0.00', '2025-12-10 15:37:57', '2025-12-10 15:37:57', '13', NULL, 'Dine In', 'dine_in', NULL, NULL, NULL, NULL, NULL, NULL, NULL, NULL, NULL, 'confirmed', '0.00', NULL, NULL, '0', NULL, NULL, NULL, NULL, NULL, NULL, NULL, '5'),
('113', '3bb322cd-5b4e-4c53-9bc1-cdc7836ccd1b', '31', NULL, '2', NULL, '2025-12-28 04:47:58', NULL, NULL, NULL, NULL, NULL, NULL, 'kot', 'shop', '15.99', '0.00', '0.00', 'order', NULL, '15.99', '0.00', '2025-12-28 10:17:58', '2025-12-28 10:17:58', '91', NULL, 'Dine In', 'dine_in', NULL, NULL, NULL, NULL, NULL, NULL, NULL, NULL, NULL, 'placed', '0.00', NULL, NULL, '1', NULL, NULL, NULL, NULL, NULL, NULL, NULL, NULL),
('114', 'f056717f-16e8-4dcf-abc0-2d64f3a47437', '5', '13', NULL, NULL, '2025-12-28 10:04:27', NULL, NULL, '1', '7', NULL, NULL, 'draft', 'pos', '255.00', '0.00', '0.00', 'order', NULL, '267.75', '0.00', '2025-12-28 15:34:27', '2025-12-28 15:34:27', '13', NULL, 'Dine In', 'dine_in', NULL, NULL, NULL, NULL, NULL, NULL, NULL, NULL, NULL, 'confirmed', '0.00', NULL, NULL, '0', NULL, NULL, NULL, NULL, NULL, NULL, NULL, NULL),
('115', '3d559bf5-a4d9-4a81-b086-415b760cd1c1', '32', NULL, '1', NULL, '2025-12-30 21:44:52', '225', NULL, NULL, NULL, '22', NULL, 'paid', 'shop', '28.00', '4.20', '0.00', 'order', '', '32.20', '32.20', '2025-12-30 21:35:23', '2025-12-30 21:46:28', '94', NULL, 'Dine In', 'dine_in', NULL, NULL, NULL, NULL, NULL, NULL, NULL, NULL, NULL, 'served', '0.00', NULL, NULL, '1', NULL, NULL, NULL, NULL, NULL, NULL, NULL, NULL),
('116', 'a3930dff-e526-4c2a-aa4c-c386ff723bb4', '32', NULL, '2', NULL, '2025-12-30 22:02:17', '225', NULL, NULL, NULL, '22', NULL, 'billed', 'shop', '107.00', '21.40', '0.00', 'order', '', '139.08', '0.00', '2025-12-30 21:59:24', '2025-12-30 22:02:17', '94', NULL, 'Dine In', 'dine_in', NULL, NULL, NULL, NULL, NULL, NULL, NULL, NULL, NULL, 'served', '0.00', NULL, NULL, '1', NULL, NULL, NULL, NULL, NULL, NULL, NULL, NULL),
('117', 'd3877c4d-693e-4551-9f36-352b58b09e48', '32', NULL, '3', NULL, '2025-12-30 22:12:07', NULL, NULL, NULL, NULL, '22', NULL, 'paid', 'shop', '57.00', '0.00', '0.00', 'order', NULL, '57.00', '57.00', '2025-12-30 22:11:07', '2025-12-30 22:16:17', '94', NULL, 'Dine In', 'dine_in', NULL, NULL, NULL, NULL, NULL, 'custom', NULL, NULL, NULL, 'served', '0.00', NULL, NULL, '1', NULL, NULL, NULL, NULL, NULL, NULL, NULL, NULL),
('118', '38f9b2f8-8c89-426b-9c1e-8a3b451b9ec5', '5', NULL, '103', NULL, '2026-01-02 08:38:32', NULL, '2', NULL, NULL, NULL, NULL, 'paid', 'shop', '750.00', '0.00', '0.00', 'order', NULL, '787.50', '787.50', '2026-01-02 08:38:32', '2026-01-02 08:39:19', '14', NULL, 'Delivery', 'delivery', NULL, NULL, 'WVRW+36, Sadabahar Colony, Mubarakpur, Lucknow, Uttar Pradesh 226013, India', NULL, NULL, NULL, NULL, NULL, NULL, 'confirmed', '0.00', '26.9288001', '80.8995559', '1', NULL, NULL, '12', '16', NULL, NULL, NULL, NULL),
('119', '20cbb85b-372c-46dd-8940-ac07067388f8', '5', NULL, '104', NULL, '2026-01-02 09:12:15', NULL, '2', NULL, NULL, NULL, NULL, 'paid', 'shop', '375.00', '0.00', '0.00', 'order', NULL, '393.75', '393.75', '2026-01-02 09:12:15', '2026-01-02 09:12:50', '14', NULL, 'Delivery', 'delivery', NULL, NULL, '144/1a, IIM Rd, Prabandh Nagar, Mubarakpur, Lucknow, Uttar Pradesh 226013, India', NULL, NULL, NULL, NULL, NULL, NULL, 'confirmed', '0.00', '26.9384363', '80.8923769', '1', NULL, NULL, '3', '4', NULL, NULL, NULL, NULL),
('120', '7b227646-adeb-4cb9-9bc7-b0118004af74', '5', NULL, '105', NULL, '2026-01-02 09:14:14', NULL, '2', NULL, NULL, NULL, NULL, 'paid', 'shop', '375.00', '0.00', '0.00', 'order', NULL, '393.75', '393.75', '2026-01-02 09:14:14', '2026-01-02 09:14:54', '14', NULL, 'Delivery', 'delivery', NULL, NULL, 'Sai Bihaar Colony g.s/96/plot.s/26/B Mubarakpur, Narharpur, Uttar 226201Pradesh, Mubarakpur, Narharpur, Lucknow, Uttar Pradesh 226013, India', NULL, NULL, NULL, NULL, NULL, NULL, 'confirmed', '0.00', '26.9465478', '80.9058448', '1', NULL, NULL, '9', '12', NULL, NULL, NULL, NULL),
('121', 'cd14a686-89ba-4591-991b-88eca5fcb0db', '32', NULL, '4', NULL, '2026-01-03 12:46:47', '225', NULL, NULL, NULL, NULL, NULL, 'kot', 'shop', '40.00', '0.00', '0.00', 'order', NULL, '45.99', '0.00', '2026-01-03 12:46:47', '2026-01-03 12:53:46', '94', NULL, 'Dine In', 'dine_in', NULL, NULL, NULL, NULL, NULL, NULL, NULL, NULL, NULL, 'served', '0.00', '29.3918741', '79.1289570', '1', NULL, NULL, NULL, NULL, NULL, NULL, NULL, NULL),
('122', '89ec0633-2205-4219-83e7-4aaaa9c9868f', '32', NULL, '5', NULL, '2026-01-03 12:55:16', NULL, '6', NULL, NULL, NULL, NULL, 'pending_verification', 'kiosk', '13.00', '0.00', '1.95', 'order', NULL, '14.95', '0.00', '2026-01-03 12:55:16', '2026-01-03 12:55:16', '94', NULL, 'Dine In', 'dine_in', NULL, NULL, NULL, NULL, NULL, NULL, NULL, NULL, NULL, 'placed', '0.00', NULL, NULL, '0', NULL, NULL, NULL, NULL, NULL, NULL, NULL, '6');


-- Table structure for table `otps`
CREATE TABLE `otps` (
  `id` bigint(20) unsigned NOT NULL AUTO_INCREMENT,
  `identifier` varchar(191) NOT NULL,
  `token` varchar(191) NOT NULL,
  `type` varchar(191) NOT NULL DEFAULT 'login',
  `expires_at` timestamp NOT NULL,
  `used` tinyint(1) NOT NULL DEFAULT 0,
  `created_at` timestamp NULL DEFAULT NULL,
  `updated_at` timestamp NULL DEFAULT NULL,
  PRIMARY KEY (`id`),
  KEY `otps_identifier_type_index` (`identifier`,`type`),
  KEY `otps_token_index` (`token`)
) ENGINE=InnoDB DEFAULT CHARSET=utf8mb4 COLLATE=utf8mb4_unicode_ci;


-- Table structure for table `package_modules`
CREATE TABLE `package_modules` (
  `id` bigint(20) unsigned NOT NULL AUTO_INCREMENT,
  `package_id` bigint(20) unsigned DEFAULT NULL,
  `module_id` bigint(20) unsigned DEFAULT NULL,
  `created_at` timestamp NULL DEFAULT NULL,
  `updated_at` timestamp NULL DEFAULT NULL,
  PRIMARY KEY (`id`),
  KEY `package_modules_package_id_foreign` (`package_id`),
  KEY `package_modules_module_id_foreign` (`module_id`),
  CONSTRAINT `package_modules_module_id_foreign` FOREIGN KEY (`module_id`) REFERENCES `modules` (`id`) ON DELETE CASCADE ON UPDATE CASCADE,
  CONSTRAINT `package_modules_package_id_foreign` FOREIGN KEY (`package_id`) REFERENCES `packages` (`id`) ON DELETE CASCADE ON UPDATE CASCADE
) ENGINE=InnoDB AUTO_INCREMENT=197 DEFAULT CHARSET=utf8mb4 COLLATE=utf8mb4_unicode_ci;

-- Dumping data for table `package_modules`
INSERT INTO `package_modules` VALUES
('1', '1', '1', NULL, NULL),
('2', '1', '2', NULL, NULL),
('3', '1', '3', NULL, NULL),
('4', '1', '4', NULL, NULL),
('5', '1', '5', NULL, NULL),
('6', '1', '6', NULL, NULL),
('7', '1', '7', NULL, NULL),
('8', '1', '8', NULL, NULL),
('9', '1', '9', NULL, NULL),
('10', '1', '10', NULL, NULL),
('11', '1', '11', NULL, NULL),
('12', '1', '12', NULL, NULL),
('13', '1', '13', NULL, NULL),
('14', '1', '14', NULL, NULL),
('15', '1', '15', NULL, NULL),
('16', '1', '16', NULL, NULL),
('65', '2', '1', NULL, NULL),
('66', '2', '2', NULL, NULL),
('67', '2', '3', NULL, NULL),
('68', '2', '4', NULL, NULL),
('69', '2', '5', NULL, NULL),
('70', '2', '6', NULL, NULL),
('71', '2', '7', NULL, NULL),
('72', '2', '8', NULL, NULL),
('73', '2', '9', NULL, NULL),
('74', '2', '10', NULL, NULL),
('75', '2', '11', NULL, NULL),
('76', '2', '12', NULL, NULL),
('77', '2', '13', NULL, NULL),
('78', '2', '14', NULL, NULL),
('79', '2', '15', NULL, NULL),
('80', '2', '16', NULL, NULL),
('86', '6', '1', NULL, NULL),
('87', '6', '2', NULL, NULL),
('88', '6', '3', NULL, NULL),
('89', '6', '4', NULL, NULL),
('90', '6', '5', NULL, NULL),
('91', '6', '6', NULL, NULL),
('92', '6', '7', NULL, NULL),
('93', '6', '8', NULL, NULL),
('94', '6', '9', NULL, NULL),
('95', '6', '10', NULL, NULL),
('96', '6', '11', NULL, NULL),
('97', '6', '12', NULL, NULL),
('98', '6', '13', NULL, NULL),
('99', '6', '14', NULL, NULL),
('100', '6', '15', NULL, NULL),
('101', '6', '16', NULL, NULL),
('102', '6', '17', NULL, NULL),
('103', '6', '18', NULL, NULL),
('104', '6', '19', NULL, NULL),
('105', '6', '20', NULL, NULL),
('106', '6', '21', NULL, NULL),
('112', '1', '22', NULL, NULL),
('116', '2', '22', NULL, NULL),
('117', '6', '22', NULL, NULL),
('119', '8', '1', NULL, NULL),
('120', '8', '2', NULL, NULL),
('121', '8', '3', NULL, NULL),
('122', '8', '4', NULL, NULL),
('123', '8', '5', NULL, NULL),
('124', '8', '6', NULL, NULL),
('125', '8', '7', NULL, NULL),
('126', '8', '8', NULL, NULL),
('127', '8', '9', NULL, NULL),
('128', '8', '10', NULL, NULL),
('129', '8', '11', NULL, NULL),
('130', '8', '12', NULL, NULL),
('131', '8', '13', NULL, NULL),
('132', '8', '14', NULL, NULL),
('133', '8', '15', NULL, NULL),
('134', '8', '16', NULL, NULL),
('135', '8', '17', NULL, NULL),
('136', '8', '18', NULL, NULL),
('137', '8', '19', NULL, NULL),
('138', '8', '20', NULL, NULL),
('139', '8', '21', NULL, NULL),
('140', '8', '22', NULL, NULL),
('141', '9', '1', NULL, NULL),
('142', '9', '2', NULL, NULL),
('143', '9', '3', NULL, NULL),
('144', '9', '4', NULL, NULL),
('145', '9', '5', NULL, NULL),
('146', '9', '6', NULL, NULL),
('147', '9', '7', NULL, NULL),
('148', '9', '8', NULL, NULL),
('149', '9', '9', NULL, NULL),
('150', '9', '10', NULL, NULL),
('151', '9', '11', NULL, NULL),
('152', '9', '12', NULL, NULL),
('153', '9', '13', NULL, NULL),
('154', '9', '14', NULL, NULL),
('155', '9', '15', NULL, NULL),
('156', '9', '16', NULL, NULL),
('157', '9', '17', NULL, NULL),
('158', '9', '18', NULL, NULL),
('159', '9', '19', NULL, NULL),
('160', '9', '20', NULL, NULL),
('161', '9', '21', NULL, NULL),
('162', '9', '22', NULL, NULL),
('163', '10', '1', NULL, NULL),
('164', '10', '2', NULL, NULL),
('165', '10', '3', NULL, NULL),
('166', '10', '4', NULL, NULL),
('167', '10', '5', NULL, NULL),
('168', '10', '6', NULL, NULL),
('169', '10', '7', NULL, NULL),
('170', '10', '8', NULL, NULL),
('171', '10', '9', NULL, NULL),
('172', '10', '10', NULL, NULL),
('173', '10', '11', NULL, NULL),
('174', '10', '12', NULL, NULL),
('175', '10', '13', NULL, NULL),
('176', '10', '14', NULL, NULL),
('177', '10', '15', NULL, NULL),
('178', '10', '16', NULL, NULL),
('179', '10', '17', NULL, NULL),
('180', '10', '18', NULL, NULL),
('181', '10', '19', NULL, NULL),
('182', '10', '20', NULL, NULL),
('183', '10', '21', NULL, NULL),
('184', '10', '22', NULL, NULL),
('185', '1', '23', NULL, NULL),
('186', '2', '23', NULL, NULL),
('187', '6', '23', NULL, NULL),
('188', '8', '23', NULL, NULL),
('189', '9', '23', NULL, NULL),
('190', '10', '23', NULL, NULL),
('191', '1', '24', NULL, NULL),
('192', '2', '24', NULL, NULL),
('193', '6', '24', NULL, NULL),
('194', '8', '24', NULL, NULL),
('195', '9', '24', NULL, NULL),
('196', '10', '24', NULL, NULL);


-- Table structure for table `packages`
CREATE TABLE `packages` (
  `id` bigint(20) unsigned NOT NULL AUTO_INCREMENT,
  `package_name` varchar(191) NOT NULL,
  `price` decimal(16,2) NOT NULL,
  `created_at` timestamp NULL DEFAULT NULL,
  `updated_at` timestamp NULL DEFAULT NULL,
  `currency_id` bigint(20) unsigned DEFAULT NULL,
  `description` text NOT NULL,
  `annual_price` decimal(16,2) DEFAULT NULL,
  `monthly_price` decimal(16,2) DEFAULT NULL,
  `monthly_status` varchar(191) DEFAULT '1',
  `annual_status` varchar(191) DEFAULT '1',
  `stripe_annual_plan_id` varchar(191) DEFAULT NULL,
  `stripe_monthly_plan_id` varchar(191) DEFAULT NULL,
  `razorpay_annual_plan_id` varchar(191) DEFAULT NULL,
  `razorpay_monthly_plan_id` varchar(191) DEFAULT NULL,
  `flutterwave_annual_plan_id` varchar(191) DEFAULT NULL,
  `flutterwave_monthly_plan_id` varchar(191) DEFAULT NULL,
  `paystack_annual_plan_id` varchar(191) DEFAULT NULL,
  `paystack_monthly_plan_id` varchar(191) DEFAULT NULL,
  `xendit_annual_plan_id` varchar(191) DEFAULT NULL,
  `xendit_monthly_plan_id` varchar(191) DEFAULT NULL,
  `paddle_annual_price_id` varchar(191) DEFAULT NULL,
  `paddle_monthly_price_id` varchar(191) DEFAULT NULL,
  `paddle_lifetime_price_id` varchar(191) DEFAULT NULL,
  `stripe_lifetime_plan_id` varchar(191) DEFAULT NULL,
  `razorpay_lifetime_plan_id` varchar(191) DEFAULT NULL,
  `billing_cycle` tinyint(3) unsigned DEFAULT NULL,
  `sort_order` int(10) unsigned DEFAULT NULL,
  `is_private` tinyint(1) NOT NULL DEFAULT 0,
  `is_free` tinyint(1) NOT NULL DEFAULT 0,
  `is_recommended` tinyint(1) NOT NULL DEFAULT 0,
  `package_type` varchar(191) NOT NULL DEFAULT 'standard',
  `trial_status` tinyint(1) DEFAULT NULL,
  `trial_days` int(11) DEFAULT NULL,
  `trial_notification_before_days` int(11) DEFAULT NULL,
  `trial_message` varchar(191) DEFAULT NULL,
  `additional_features` longtext DEFAULT NULL,
  `branch_limit` int(11) DEFAULT -1,
  `multipos_limit` int(11) DEFAULT -1,
  `menu_items_limit` int(11) NOT NULL DEFAULT -1,
  `order_limit` int(11) NOT NULL DEFAULT -1,
  `staff_limit` int(11) NOT NULL DEFAULT -1,
  `ai_monthly_token_limit` int(11) NOT NULL DEFAULT -1,
  `sms_count` int(11) NOT NULL DEFAULT 0,
  `carry_forward_sms` tinyint(1) NOT NULL DEFAULT 0,
  `countryID` int(11) NOT NULL DEFAULT 1000,
  PRIMARY KEY (`id`),
  KEY `packages_currency_id_foreign` (`currency_id`),
  CONSTRAINT `packages_currency_id_foreign` FOREIGN KEY (`currency_id`) REFERENCES `global_currencies` (`id`) ON DELETE CASCADE
) ENGINE=InnoDB AUTO_INCREMENT=11 DEFAULT CHARSET=utf8mb4 COLLATE=utf8mb4_unicode_ci;

-- Dumping data for table `packages`
INSERT INTO `packages` VALUES
('1', 'Default', '0.00', '2025-09-17 11:06:43', '2025-11-25 14:10:03', '1', 'Its a default package and cannot be deleted', NULL, NULL, '0', '0', NULL, NULL, NULL, NULL, NULL, NULL, NULL, NULL, NULL, NULL, NULL, NULL, NULL, NULL, NULL, '12', '1', '0', '1', '0', 'default', NULL, NULL, NULL, NULL, '[]', '-1', '-1', '-1', '-1', '-1', '-1', '0', '0', '103'),
('2', 'Trial Package', '0.00', '2025-09-17 11:06:43', '2025-09-17 11:06:43', '1', 'This is a trial package', NULL, NULL, '0', '0', NULL, NULL, NULL, NULL, NULL, NULL, NULL, NULL, NULL, NULL, NULL, NULL, NULL, NULL, NULL, '0', NULL, '0', '1', '0', 'trial', '1', '30', '5', '30 Days Free Trial', '[\"Change Branch\",\"Export Report\",\"Table Reservation\",\"Payment Gateway Integration\",\"Theme Setting\",\"Customer Display\"]', '-1', '-1', '-1', '-1', '-1', '-1', '0', '0', '1000'),
('6', 'Starter Package', '0.00', '2025-11-07 23:00:21', '2025-12-02 17:17:54', '5', 'Best for small cafés / restaurants starting out\n', '490.00', '49.00', '1', '1', 'price_1SZs3XILSMCMpdPIIgIR91MN', 'price_1SZrAiILSMCMpdPIhx62Cl0N', 'prod_TWv3gtnakQ5r3J', 'prod_TWv3gtnakQ5r3J', NULL, NULL, NULL, NULL, NULL, NULL, NULL, NULL, NULL, NULL, NULL, NULL, '8', '0', '0', '0', 'standard', NULL, NULL, NULL, NULL, '[\"Change Branch\",\"Theme Setting\",\"Export Report\",\"Customer Display\",\"Table Reservation\",\"Payment Gateway Integration\"]', '-1', '-1', '-1', '-1', '-1', '-1', '-1', '0', '40'),
('8', 'Growth Package', '0.00', '2025-12-02 16:22:26', '2025-12-02 17:16:50', '5', 'For medium restaurants with dine-in + delivery needs\n', '990.00', '99.00', '1', '1', 'price_1SZs2VILSMCMpdPILojbSzs2', 'price_1SZrFvILSMCMpdPIuzwMdwAh', 'prod_TWv8mph5uea1iv', 'prod_TWv6ibxhRoE8ku', NULL, NULL, NULL, NULL, NULL, NULL, NULL, NULL, NULL, NULL, NULL, NULL, '10', '0', '0', '0', 'standard', NULL, NULL, NULL, NULL, '[\"Change Branch\",\"Theme Setting\",\"Export Report\",\"Customer Display\",\"Table Reservation\",\"Payment Gateway Integration\"]', '0', '-1', '-1', '-1', '-1', '-1', '-1', '0', '40'),
('9', 'Premium Package', '0.00', '2025-12-02 16:33:59', '2025-12-02 17:16:02', '5', 'For multi-cuisine restaurants & bars\n', '1490.00', '149.00', '1', '1', 'price_1SZs1PILSMCMpdPIMDg9NjzB', 'price_1SZrMNILSMCMpdPIhIXtg2Uh', 'prod_TWvDJP95hq80lo', 'prod_TWvCJm82TJRFcY', NULL, NULL, NULL, NULL, NULL, NULL, NULL, NULL, NULL, NULL, NULL, NULL, '5', '0', '0', '1', 'standard', NULL, NULL, NULL, NULL, '[\"Payment Gateway Integration\",\"Table Reservation\",\"Export Report\",\"Customer Display\",\"Theme Setting\",\"Change Branch\"]', '-1', '-1', '-1', '-1', '-1', '-1', '-1', '0', '40'),
('10', 'Enterprise Package', '0.00', '2025-12-02 16:39:02', '2025-12-02 17:15:08', '5', 'For chains, franchises, and high-volume operations\n', '1990.00', '199.00', '1', '1', 'price_1SZrPhILSMCMpdPITyzBtaE2', 'price_1SZs0PILSMCMpdPIuFCfGgQ7', 'prod_TWvGoVHhHttOZ7', 'prod_TWvF8uBKVDqfhm', NULL, NULL, NULL, NULL, NULL, NULL, NULL, NULL, NULL, NULL, NULL, NULL, '6', '0', '0', '0', 'standard', NULL, NULL, NULL, NULL, '[\"Table Reservation\",\"Customer Display\",\"Export Report\",\"Change Branch\",\"Theme Setting\",\"Payment Gateway Integration\"]', '-1', '-1', '-1', '-1', '-1', '-1', '-1', '0', '40');


-- Table structure for table `password_reset_tokens`
CREATE TABLE `password_reset_tokens` (
  `email` varchar(191) NOT NULL,
  `token` varchar(191) NOT NULL,
  `created_at` timestamp NULL DEFAULT NULL,
  PRIMARY KEY (`email`)
) ENGINE=InnoDB DEFAULT CHARSET=utf8mb4 COLLATE=utf8mb4_unicode_ci;


-- Table structure for table `payfast_payments`
CREATE TABLE `payfast_payments` (
  `id` bigint(20) unsigned NOT NULL AUTO_INCREMENT,
  `payfast_payment_id` varchar(191) DEFAULT NULL,
  `order_id` bigint(20) unsigned NOT NULL,
  `amount` decimal(10,2) NOT NULL,
  `payment_status` enum('pending','completed','failed') NOT NULL DEFAULT 'pending',
  `payment_date` timestamp NULL DEFAULT NULL,
  `payment_error_response` longtext CHARACTER SET utf8mb4 COLLATE utf8mb4_bin DEFAULT NULL CHECK (json_valid(`payment_error_response`)),
  `created_at` timestamp NULL DEFAULT NULL,
  `updated_at` timestamp NULL DEFAULT NULL,
  PRIMARY KEY (`id`),
  KEY `payfast_payments_order_id_foreign` (`order_id`),
  CONSTRAINT `payfast_payments_order_id_foreign` FOREIGN KEY (`order_id`) REFERENCES `orders` (`id`) ON DELETE CASCADE
) ENGINE=InnoDB DEFAULT CHARSET=utf8mb4 COLLATE=utf8mb4_unicode_ci;


-- Table structure for table `payment_gateway_credentials`
CREATE TABLE `payment_gateway_credentials` (
  `id` bigint(20) unsigned NOT NULL AUTO_INCREMENT,
  `restaurant_id` bigint(20) unsigned DEFAULT NULL,
  `razorpay_key` text DEFAULT NULL,
  `razorpay_secret` text DEFAULT NULL,
  `razorpay_status` tinyint(1) NOT NULL DEFAULT 0,
  `stripe_key` text DEFAULT NULL,
  `stripe_secret` text DEFAULT NULL,
  `stripe_status` tinyint(1) NOT NULL DEFAULT 0,
  `created_at` timestamp NULL DEFAULT NULL,
  `updated_at` timestamp NULL DEFAULT NULL,
  `is_dine_in_payment_enabled` tinyint(1) NOT NULL DEFAULT 0,
  `is_delivery_payment_enabled` tinyint(1) NOT NULL DEFAULT 0,
  `is_pickup_payment_enabled` tinyint(1) NOT NULL DEFAULT 0,
  `is_cash_payment_enabled` tinyint(1) NOT NULL DEFAULT 0,
  `is_qr_payment_enabled` tinyint(1) NOT NULL DEFAULT 0,
  `is_offline_payment_enabled` tinyint(1) NOT NULL DEFAULT 0,
  `offline_payment_detail` varchar(191) DEFAULT NULL,
  `qr_code_image` varchar(191) DEFAULT NULL,
  `flutterwave_status` tinyint(1) NOT NULL DEFAULT 0,
  `flutterwave_mode` enum('test','live') NOT NULL DEFAULT 'test',
  `test_flutterwave_key` varchar(191) DEFAULT NULL,
  `test_flutterwave_secret` varchar(191) DEFAULT NULL,
  `test_flutterwave_hash` varchar(191) DEFAULT NULL,
  `live_flutterwave_key` varchar(191) DEFAULT NULL,
  `live_flutterwave_secret` varchar(191) DEFAULT NULL,
  `live_flutterwave_hash` varchar(191) DEFAULT NULL,
  `flutterwave_webhook_secret_hash` varchar(191) DEFAULT NULL,
  `paypal_client_id` varchar(191) DEFAULT NULL,
  `paypal_secret` varchar(191) DEFAULT NULL,
  `paypal_status` tinyint(1) NOT NULL DEFAULT 0,
  `paypal_mode` enum('sandbox','live') NOT NULL DEFAULT 'sandbox',
  `sandbox_paypal_client_id` varchar(191) DEFAULT NULL,
  `sandbox_paypal_secret` varchar(191) DEFAULT NULL,
  `payfast_merchant_id` varchar(191) DEFAULT NULL,
  `payfast_merchant_key` varchar(191) DEFAULT NULL,
  `payfast_passphrase` varchar(191) DEFAULT NULL,
  `payfast_mode` enum('sandbox','live') NOT NULL DEFAULT 'sandbox',
  `payfast_status` tinyint(1) NOT NULL DEFAULT 0,
  `test_payfast_merchant_id` varchar(191) DEFAULT NULL,
  `test_payfast_merchant_key` varchar(191) DEFAULT NULL,
  `test_payfast_passphrase` varchar(191) DEFAULT NULL,
  `paystack_key` varchar(191) DEFAULT NULL,
  `paystack_secret` varchar(191) DEFAULT NULL,
  `paystack_merchant_email` varchar(191) DEFAULT NULL,
  `paystack_status` tinyint(1) NOT NULL DEFAULT 0,
  `paystack_mode` enum('sandbox','live') NOT NULL DEFAULT 'sandbox',
  `test_paystack_key` varchar(191) DEFAULT NULL,
  `test_paystack_secret` varchar(191) DEFAULT NULL,
  `test_paystack_merchant_email` varchar(191) DEFAULT NULL,
  `paystack_payment_url` varchar(191) DEFAULT 'https://api.paystack.co',
  `xendit_status` tinyint(1) NOT NULL DEFAULT 0,
  `moneris_status` tinyint(1) DEFAULT 0,
  `moneris_store_id` varchar(255) DEFAULT NULL,
  `moneris_api_token` varchar(255) DEFAULT NULL,
  `moneris_environment` varchar(255) DEFAULT 'test' COMMENT 'test or prod',
  `xendit_mode` enum('sandbox','live') NOT NULL DEFAULT 'sandbox',
  `test_xendit_public_key` varchar(191) DEFAULT NULL,
  `test_xendit_secret_key` varchar(191) DEFAULT NULL,
  `live_xendit_public_key` varchar(191) DEFAULT NULL,
  `live_xendit_secret_key` varchar(191) DEFAULT NULL,
  `test_xendit_webhook_token` varchar(191) DEFAULT NULL,
  `live_xendit_webhook_token` varchar(191) DEFAULT NULL,
  `epay_status` tinyint(1) NOT NULL DEFAULT 0,
  `epay_mode` enum('sandbox','live') NOT NULL DEFAULT 'sandbox',
  `epay_client_id` varchar(191) DEFAULT NULL,
  `epay_client_secret` varchar(191) DEFAULT NULL,
  `epay_terminal_id` varchar(191) DEFAULT NULL,
  `test_epay_client_id` varchar(191) DEFAULT NULL,
  `test_epay_client_secret` varchar(191) DEFAULT NULL,
  `test_epay_terminal_id` varchar(191) DEFAULT NULL,
  PRIMARY KEY (`id`),
  KEY `payment_gateway_credentials_restaurant_id_foreign` (`restaurant_id`),
  CONSTRAINT `payment_gateway_credentials_restaurant_id_foreign` FOREIGN KEY (`restaurant_id`) REFERENCES `restaurants` (`id`) ON DELETE CASCADE ON UPDATE CASCADE
) ENGINE=InnoDB AUTO_INCREMENT=35 DEFAULT CHARSET=utf8mb4 COLLATE=utf8mb4_unicode_ci;

-- Dumping data for table `payment_gateway_credentials`
INSERT INTO `payment_gateway_credentials` VALUES
('1', '1', NULL, NULL, '0', NULL, NULL, '0', '2025-09-17 11:06:43', '2025-09-17 11:06:43', '0', '0', '0', '0', '0', '0', NULL, NULL, '0', 'test', NULL, NULL, NULL, NULL, NULL, NULL, NULL, NULL, NULL, '0', 'sandbox', NULL, NULL, NULL, NULL, NULL, 'sandbox', '0', NULL, NULL, NULL, NULL, NULL, NULL, '0', 'sandbox', NULL, NULL, NULL, 'https://api.paystack.co', '0', '0', NULL, NULL, 'test', 'sandbox', NULL, NULL, NULL, NULL, NULL, NULL, '0', 'sandbox', NULL, NULL, NULL, NULL, NULL, NULL),
('2', '1', NULL, NULL, '0', NULL, NULL, '0', '2025-09-17 11:06:44', '2025-09-17 11:06:44', '0', '0', '0', '0', '0', '0', NULL, NULL, '0', 'test', NULL, NULL, NULL, NULL, NULL, NULL, NULL, NULL, NULL, '0', 'sandbox', NULL, NULL, NULL, NULL, NULL, 'sandbox', '0', NULL, NULL, NULL, NULL, NULL, NULL, '0', 'sandbox', NULL, NULL, NULL, 'https://api.paystack.co', '0', '0', NULL, NULL, 'test', 'sandbox', NULL, NULL, NULL, NULL, NULL, NULL, '0', 'sandbox', NULL, NULL, NULL, NULL, NULL, NULL),
('3', '2', NULL, NULL, '0', NULL, NULL, '0', '2025-09-17 15:32:45', '2025-09-20 17:58:22', '0', '0', '0', '1', '0', '0', NULL, NULL, '0', 'test', NULL, NULL, NULL, NULL, NULL, NULL, NULL, NULL, NULL, '0', 'sandbox', NULL, NULL, NULL, NULL, NULL, 'sandbox', '0', NULL, NULL, NULL, NULL, NULL, NULL, '0', 'sandbox', NULL, NULL, NULL, 'https://api.paystack.co', '0', '0', NULL, NULL, 'test', 'sandbox', NULL, NULL, NULL, NULL, NULL, NULL, '0', 'sandbox', NULL, NULL, NULL, NULL, NULL, NULL),
('4', '3', NULL, NULL, '0', NULL, NULL, '0', '2025-09-20 18:26:44', '2025-09-20 18:26:44', '0', '0', '0', '0', '0', '0', NULL, NULL, '0', 'test', NULL, NULL, NULL, NULL, NULL, NULL, NULL, NULL, NULL, '0', 'sandbox', NULL, NULL, NULL, NULL, NULL, 'sandbox', '0', NULL, NULL, NULL, NULL, NULL, NULL, '0', 'sandbox', NULL, NULL, NULL, 'https://api.paystack.co', '0', '0', NULL, NULL, 'test', 'sandbox', NULL, NULL, NULL, NULL, NULL, NULL, '0', 'sandbox', NULL, NULL, NULL, NULL, NULL, NULL),
('5', '4', 'eyJpdiI6Im9JQzA0dHRQSlFaamJLR01Wb212dUE9PSIsInZhbHVlIjoiSUZqSS8vcDFwRjA2NlZNRHM0UHNqWE9aUEhQV3F4WkZZbTJ1N0Eyek5yYz0iLCJtYWMiOiI5ZjJlOWRjYzhiOTYzZGU3OGQ3ODVlNWVmOTBiMjBiYjk0MzA1YmJiNTUwZmM4ZDE4MjM3NzBhNGNjNGI3NDU5IiwidGFnIjoiIn0=', 'eyJpdiI6ImpPalpWeVZCL1hYUC84QTF5aCtzeUE9PSIsInZhbHVlIjoiRE93eWFoQ2NVNExlMjk3SFBGVVJjOFZadDRXMlRqUVFjTWhEUndhTVNOYz0iLCJtYWMiOiIzMTU1ZDQ1Y2JhNTI1N2QzMmVkZTk0ZDgxZGMxYTYzYmFkNDdiOTliN2Q1MGI2NzBiNzRjMmUzMGY4YjIxYjVmIiwidGFnIjoiIn0=', '1', NULL, NULL, '0', '2025-10-07 20:30:09', '2025-12-06 12:21:34', '1', '1', '1', '0', '0', '0', NULL, NULL, '0', 'test', NULL, NULL, NULL, NULL, NULL, NULL, NULL, NULL, NULL, '0', 'sandbox', NULL, NULL, NULL, NULL, NULL, 'sandbox', '0', NULL, NULL, NULL, NULL, NULL, NULL, '0', 'sandbox', NULL, NULL, NULL, 'https://api.paystack.co', '0', '1', 'monca12919', 'eyJpdiI6IlAxc3dpTUhxRldlcWJVODVpcldmamc9PSIsInZhbHVlIjoiYmF4Z3MxWk13OGtISlliS2taNlZBb2VsUm1UczI4TGNCaHFZU2lNajBlYz0iLCJtYWMiOiJlM2RlYjM0Njc1OTIwZTYzNGM2YzQxNTg4MzRhYzQyOTQ2OGZjMDgxMjNjOTM3ZmY1ODVlOWRkNjVjNTAzMmIwIiwidGFnIjoiIn0=', 'test', 'sandbox', NULL, NULL, NULL, NULL, NULL, NULL, '0', 'sandbox', NULL, NULL, NULL, NULL, NULL, NULL),
('27', '26', NULL, NULL, '0', NULL, NULL, '0', '2025-11-07 22:53:03', '2025-11-07 22:53:03', '0', '0', '0', '0', '0', '0', NULL, NULL, '0', 'test', NULL, NULL, NULL, NULL, NULL, NULL, NULL, NULL, NULL, '0', 'sandbox', NULL, NULL, NULL, NULL, NULL, 'sandbox', '0', NULL, NULL, NULL, NULL, NULL, NULL, '0', 'sandbox', NULL, NULL, NULL, 'https://api.paystack.co', '0', '0', NULL, NULL, 'test', 'sandbox', NULL, NULL, NULL, NULL, NULL, NULL, '0', 'sandbox', NULL, NULL, NULL, NULL, NULL, NULL),
('28', '27', NULL, NULL, '0', NULL, NULL, '0', '2025-11-08 16:02:26', '2025-11-08 16:02:26', '0', '0', '0', '0', '0', '0', NULL, NULL, '0', 'test', NULL, NULL, NULL, NULL, NULL, NULL, NULL, NULL, NULL, '0', 'sandbox', NULL, NULL, NULL, NULL, NULL, 'sandbox', '0', NULL, NULL, NULL, NULL, NULL, NULL, '0', 'sandbox', NULL, NULL, NULL, 'https://api.paystack.co', '0', '0', NULL, NULL, 'test', 'sandbox', NULL, NULL, NULL, NULL, NULL, NULL, '0', 'sandbox', NULL, NULL, NULL, NULL, NULL, NULL),
('29', '28', NULL, NULL, '0', NULL, NULL, '0', '2025-11-12 19:45:50', '2025-11-12 19:45:50', '0', '0', '0', '0', '0', '0', NULL, NULL, '0', 'test', NULL, NULL, NULL, NULL, NULL, NULL, NULL, NULL, NULL, '0', 'sandbox', NULL, NULL, NULL, NULL, NULL, 'sandbox', '0', NULL, NULL, NULL, NULL, NULL, NULL, '0', 'sandbox', NULL, NULL, NULL, 'https://api.paystack.co', '0', '0', NULL, NULL, 'test', 'sandbox', NULL, NULL, NULL, NULL, NULL, NULL, '0', 'sandbox', NULL, NULL, NULL, NULL, NULL, NULL),
('30', '29', NULL, NULL, '0', NULL, NULL, '0', '2025-11-13 21:11:43', '2025-11-13 21:11:43', '0', '0', '0', '0', '0', '0', NULL, NULL, '0', 'test', NULL, NULL, NULL, NULL, NULL, NULL, NULL, NULL, NULL, '0', 'sandbox', NULL, NULL, NULL, NULL, NULL, 'sandbox', '0', NULL, NULL, NULL, NULL, NULL, NULL, '0', 'sandbox', NULL, NULL, NULL, 'https://api.paystack.co', '0', '0', NULL, NULL, 'test', 'sandbox', NULL, NULL, NULL, NULL, NULL, NULL, '0', 'sandbox', NULL, NULL, NULL, NULL, NULL, NULL),
('31', '30', NULL, NULL, '0', NULL, NULL, '0', '2025-11-15 13:16:25', '2025-11-15 13:16:25', '0', '0', '0', '0', '0', '0', NULL, NULL, '0', 'test', NULL, NULL, NULL, NULL, NULL, NULL, NULL, NULL, NULL, '0', 'sandbox', NULL, NULL, NULL, NULL, NULL, 'sandbox', '0', NULL, NULL, NULL, NULL, NULL, NULL, '0', 'sandbox', NULL, NULL, NULL, 'https://api.paystack.co', '0', '0', NULL, NULL, 'test', 'sandbox', NULL, NULL, NULL, NULL, NULL, NULL, '0', 'sandbox', NULL, NULL, NULL, NULL, NULL, NULL),
('32', '31', NULL, NULL, '0', NULL, NULL, '0', '2025-12-29 00:56:09', '2026-01-03 13:06:55', '0', '0', '0', '0', '0', '0', NULL, 'd1c690c558c68586d04c6a52225e466b.png', '0', 'test', NULL, NULL, NULL, NULL, NULL, NULL, NULL, NULL, NULL, '0', 'sandbox', NULL, NULL, NULL, NULL, NULL, 'sandbox', '0', NULL, NULL, NULL, NULL, NULL, NULL, '0', 'sandbox', NULL, NULL, NULL, 'https://api.paystack.co', '0', '0', NULL, NULL, 'test', 'sandbox', NULL, NULL, NULL, NULL, NULL, NULL, '0', 'sandbox', NULL, NULL, NULL, NULL, NULL, NULL),
('33', '32', NULL, NULL, '0', NULL, NULL, '0', '2025-12-31 00:13:23', '2025-12-31 00:13:23', '0', '0', '0', '0', '0', '0', NULL, NULL, '0', 'test', NULL, NULL, NULL, NULL, NULL, NULL, NULL, NULL, NULL, '0', 'sandbox', NULL, NULL, NULL, NULL, NULL, 'sandbox', '0', NULL, NULL, NULL, NULL, NULL, NULL, '0', 'sandbox', NULL, NULL, NULL, 'https://api.paystack.co', '0', '0', NULL, NULL, 'test', 'sandbox', NULL, NULL, NULL, NULL, NULL, NULL, '0', 'sandbox', NULL, NULL, NULL, NULL, NULL, NULL),
('34', '33', NULL, NULL, '0', NULL, NULL, '0', '2026-01-22 10:24:08', '2026-01-22 10:24:08', '0', '0', '0', '0', '0', '0', NULL, NULL, '0', 'test', NULL, NULL, NULL, NULL, NULL, NULL, NULL, NULL, NULL, '0', 'sandbox', NULL, NULL, NULL, NULL, NULL, 'sandbox', '0', NULL, NULL, NULL, NULL, NULL, NULL, '0', 'sandbox', NULL, NULL, NULL, 'https://api.paystack.co', '0', '0', NULL, NULL, 'test', 'sandbox', NULL, NULL, NULL, NULL, NULL, NULL, '0', 'sandbox', NULL, NULL, NULL, NULL, NULL, NULL);


-- Table structure for table `payments`
CREATE TABLE `payments` (
  `id` bigint(20) unsigned NOT NULL AUTO_INCREMENT,
  `branch_id` bigint(20) unsigned DEFAULT NULL,
  `order_id` bigint(20) unsigned NOT NULL,
  `payment_method` varchar(191) NOT NULL DEFAULT 'cash',
  `amount` decimal(16,2) NOT NULL,
  `balance` decimal(16,2) DEFAULT 0.00,
  `transaction_id` varchar(191) DEFAULT NULL,
  `created_at` timestamp NULL DEFAULT NULL,
  `updated_at` timestamp NULL DEFAULT NULL,
  PRIMARY KEY (`id`),
  KEY `payments_order_id_foreign` (`order_id`),
  KEY `payments_branch_id_foreign` (`branch_id`),
  CONSTRAINT `payments_branch_id_foreign` FOREIGN KEY (`branch_id`) REFERENCES `branches` (`id`) ON DELETE CASCADE ON UPDATE CASCADE,
  CONSTRAINT `payments_order_id_foreign` FOREIGN KEY (`order_id`) REFERENCES `orders` (`id`) ON DELETE CASCADE
) ENGINE=InnoDB AUTO_INCREMENT=81 DEFAULT CHARSET=utf8mb4 COLLATE=utf8mb4_unicode_ci;

-- Dumping data for table `payments`
INSERT INTO `payments` VALUES
('1', '3', '1', 'cash', '453.02', '0.00', NULL, '2025-09-20 17:57:27', '2025-09-20 17:57:27'),
('2', '3', '1', 'card', '453.02', '0.00', NULL, '2025-09-20 17:57:46', '2025-09-20 17:57:46'),
('3', '4', '2', 'cash', '100.00', '0.00', NULL, '2025-09-20 18:30:23', '2025-09-20 18:30:23'),
('4', '5', '3', 'razorpay', '4.20', '0.00', 'pay_RQdFvyYfrbz90B', '2025-10-07 20:57:22', '2025-10-07 20:57:22'),
('5', '5', '4', 'razorpay', '1207.50', '0.00', 'pay_RQvDmpMUMiPPoz', '2025-10-08 14:31:47', '2025-10-08 14:31:47'),
('6', '5', '5', 'razorpay', '126.00', '0.00', 'pay_RQwocGZ0pLkBZU', '2025-10-08 16:05:27', '2025-10-08 16:05:27'),
('7', '5', '6', 'upi', '262.50', '0.00', NULL, '2025-10-15 18:03:02', '2025-10-15 18:03:02'),
('9', '5', '8', 'upi', '0.00', '0.00', NULL, '2025-10-15 18:06:19', '2025-10-15 18:06:19'),
('11', '5', '9', 'cash', '1365.00', '0.00', NULL, '2025-10-15 18:09:12', '2025-10-15 18:09:12'),
('12', '5', '10', 'cash', '126.00', '0.00', NULL, '2025-10-15 18:10:41', '2025-10-15 18:10:41'),
('13', '5', '11', 'razorpay', '262.50', '0.00', 'pay_RU8a2YLhBIHi68', '2025-10-16 17:32:53', '2025-10-16 17:32:53'),
('14', '5', '12', 'razorpay', '126.00', '0.00', 'pay_RU96EhIkc3IVzX', '2025-10-16 18:03:24', '2025-10-16 18:03:24'),
('15', '5', '13', 'razorpay', '126.00', '0.00', 'pay_RU9F8RuNHirFo6', '2025-10-16 18:11:49', '2025-10-16 18:11:49'),
('16', '5', '14', 'razorpay', '262.50', '0.00', 'pay_RU9MU5ib1JkTnn', '2025-10-16 18:18:50', '2025-10-16 18:18:50'),
('17', '5', '16', 'razorpay', '136.50', '0.00', 'pay_RU9ub1bUSMzfs0', '2025-10-16 18:51:02', '2025-10-16 18:51:02'),
('18', '5', '17', 'razorpay', '136.50', '0.00', 'pay_RUA4EIVkrFaSbP', '2025-10-16 19:00:10', '2025-10-16 19:00:10'),
('19', '5', '18', 'razorpay', '126.00', '0.00', 'pay_RUAUlBSDMxqJTC', '2025-10-16 19:25:16', '2025-10-16 19:25:16'),
('20', '5', '19', 'razorpay', '136.50', '0.00', 'pay_RUAWulQPNCTG7i', '2025-10-16 19:27:19', '2025-10-16 19:27:19'),
('21', '5', '20', 'razorpay', '136.50', '0.00', 'pay_RUAb7Ybhnyp6VA', '2025-10-16 19:31:18', '2025-10-16 19:31:18'),
('22', '5', '21', 'razorpay', '136.50', '0.00', 'pay_RUAwENCbQlEREv', '2025-10-16 19:51:17', '2025-10-16 19:51:17'),
('23', '5', '22', 'razorpay', '262.50', '0.00', 'pay_RUCI08zHu05Cru', '2025-10-16 21:10:44', '2025-10-16 21:10:44'),
('24', '5', '23', 'razorpay', '126.00', '0.00', 'pay_RUCUH901mTpl0v', '2025-10-16 21:22:12', '2025-10-16 21:22:12'),
('25', '5', '24', 'razorpay', '136.50', '0.00', 'pay_RUDAdHGRhRPEMR', '2025-10-16 22:02:18', '2025-10-16 22:02:18'),
('26', '5', '25', 'razorpay', '136.50', '0.00', 'pay_RUDGrlYPDDK0Fy', '2025-10-16 22:08:15', '2025-10-16 22:08:15'),
('27', '5', '26', 'razorpay', '136.50', '0.00', 'pay_RUDhEd02oZPOQz', '2025-10-16 22:33:10', '2025-10-16 22:33:10'),
('28', '5', '28', 'razorpay', '472.50', '0.00', 'pay_RUELrldqCYy71f', '2025-10-16 23:11:37', '2025-10-16 23:11:37'),
('29', '5', '29', 'upi', '682.50', '0.00', 'pay_RUiqllBt3UkVp2', '2025-10-18 05:01:40', '2025-10-18 05:04:02'),
('30', '5', '30', 'cash', '220.50', '0.00', NULL, '2025-10-18 05:11:41', '2025-10-18 05:11:41'),
('31', '5', '31', 'cash', '210.00', '0.00', NULL, '2025-10-18 05:13:03', '2025-10-18 05:13:03'),
('32', '5', '32', 'card', '126.00', '0.00', NULL, '2025-10-18 05:13:40', '2025-10-18 05:13:40'),
('33', '5', '33', 'razorpay', '220.50', '0.00', 'pay_RUj5ABMuzDkVft', '2025-10-18 05:15:18', '2025-10-18 05:15:18'),
('34', '5', '35', 'bank_transfer', '63.00', '0.00', NULL, '2025-10-18 05:18:31', '2025-10-18 05:18:31'),
('35', '5', '36', 'cash', '409.50', '0.00', NULL, '2025-10-18 05:19:24', '2025-10-18 05:19:24'),
('36', '5', '37', 'cash', '273.00', '0.00', NULL, '2025-10-18 05:21:44', '2025-10-18 05:21:44'),
('38', '5', '38', 'upi', '682.50', '0.00', NULL, '2025-10-18 05:25:07', '2025-10-18 05:25:07'),
('39', '5', '39', 'cash', '409.50', '0.00', NULL, '2025-10-18 05:36:01', '2025-10-18 05:36:01'),
('40', '5', '40', 'cash', '63.00', '0.00', NULL, '2025-10-18 05:38:07', '2025-10-18 05:38:07'),
('41', '5', '42', 'cash', '220.50', '0.00', NULL, '2025-10-18 22:55:48', '2025-10-18 22:55:48'),
('43', '5', '43', 'cash', '63.00', '0.00', NULL, '2025-10-18 23:00:08', '2025-10-18 23:00:08'),
('44', '5', '44', 'upi', '420.00', '0.00', NULL, '2025-10-18 23:15:59', '2025-10-18 23:25:28'),
('45', '5', '45', 'razorpay', '136.50', '0.00', 'pay_RV2DxCEAXulsv5', '2025-10-18 23:58:48', '2025-10-18 23:58:48'),
('46', '5', '46', 'razorpay', '420.00', '0.00', 'pay_RX913zygg3h1tF', '2025-10-24 07:55:28', '2025-10-24 07:55:28'),
('47', '5', '48', 'razorpay', '420.00', '0.00', 'pay_RX97xYO5XaJJUZ', '2025-10-24 08:02:05', '2025-10-24 08:02:05'),
('48', '5', '47', 'razorpay', '420.00', '0.00', 'pay_RX94TbbHbMhN5f', '2025-10-24 08:03:07', '2025-10-24 08:03:07'),
('50', '5', '50', 'upi', '420.00', '0.00', NULL, '2025-10-24 08:10:08', '2025-10-24 08:10:08'),
('51', '5', '51', 'razorpay', '420.00', '0.00', 'pay_RXEo8vcj53JFek', '2025-10-24 13:35:24', '2025-10-24 13:35:24'),
('52', '5', '52', 'razorpay', '31.50', '0.00', 'pay_RXLnlRuXkRmfab', '2025-10-24 20:25:53', '2025-10-24 20:25:53'),
('53', '5', '54', 'upi', '420.00', '0.00', NULL, '2025-10-24 20:42:10', '2025-10-24 20:42:10'),
('54', '5', '55', 'upi', '1134.00', '0.00', NULL, '2025-10-24 20:48:12', '2025-10-24 20:48:12'),
('56', '5', '56', 'card', '640.00', '0.00', NULL, '2025-10-24 20:50:25', '2025-10-24 20:50:25'),
('57', '5', '56', 'cash', '0.50', '0.00', NULL, '2025-10-24 20:50:25', '2025-10-24 20:50:32'),
('58', '5', '58', 'razorpay', '136.50', '0.00', 'pay_RXbevsxRjFumh3', '2025-10-25 11:56:39', '2025-10-25 11:56:39'),
('59', '5', '59', 'razorpay', '126.00', '0.00', 'pay_RXbihPYglMshJc', '2025-10-25 12:00:15', '2025-10-25 12:00:15'),
('60', '5', '60', 'razorpay', '451.50', '0.00', 'pay_RXcO2QUK3Vaicu', '2025-10-25 12:39:25', '2025-10-25 12:39:25'),
('61', '5', '61', 'razorpay', '215.25', '0.00', 'pay_RXiSNL3KI554tj', '2025-10-25 18:35:35', '2025-10-25 18:35:35'),
('62', '5', '63', 'card', '189.00', '0.00', NULL, '2025-10-25 18:53:04', '2025-10-25 18:53:04'),
('63', '5', '64', 'cash', '420.00', '0.00', NULL, '2025-10-25 19:01:10', '2025-10-25 19:01:10'),
('64', '5', '65', 'razorpay', '420.00', '0.00', 'pay_RYQtycnNPA3QC8', '2025-10-27 14:04:14', '2025-10-27 14:04:14'),
('65', '5', '66', 'razorpay', '136.50', '0.00', 'pay_RYS6Im4PwH5Ms3', '2025-10-27 15:14:37', '2025-10-27 15:14:37'),
('66', '5', '67', 'razorpay', '262.50', '0.00', 'pay_Ra7UGYjSkQuBI1', '2025-10-31 20:22:44', '2025-10-31 20:22:44'),
('67', '5', '68', 'razorpay', '136.50', '0.00', 'pay_RcUFltzY11hRkG', '2025-11-06 19:56:59', '2025-11-06 19:56:59'),
('68', '5', '69', 'razorpay', '126.00', '0.00', 'pay_RdAzRsFf5QdQv9', '2025-11-08 13:45:20', '2025-11-08 13:45:20'),
('69', '5', '70', 'razorpay', '126.00', '0.00', 'pay_RjvJLBitbRBmUL', '2025-11-25 14:58:04', '2025-11-25 14:58:04'),
('70', '5', '72', 'cash', '315.00', '0.00', NULL, '2025-11-25 17:40:49', '2025-11-25 17:40:49'),
('71', '31', '103', 'cash', '24.47', '0.00', NULL, '2025-12-06 01:47:43', '2025-12-06 01:47:43'),
('72', '5', '112', 'due', '63.00', '0.00', NULL, '2025-12-10 15:37:57', '2025-12-10 15:37:57'),
('73', '32', '115', 'card', '32.20', '0.00', NULL, '2025-12-30 21:46:28', '2025-12-30 21:46:28'),
('74', '32', '117', 'cash', '28.50', '0.00', NULL, '2025-12-30 22:16:17', '2025-12-30 22:16:17'),
('75', '32', '117', 'cash', '18.50', '0.00', NULL, '2025-12-30 22:16:17', '2025-12-30 22:16:17'),
('76', '32', '117', 'card', '10.00', '0.00', NULL, '2025-12-30 22:16:17', '2025-12-30 22:16:17'),
('77', '5', '118', 'razorpay', '787.50', '0.00', 'pay_RywmKzQlDjA6L7', '2026-01-02 08:39:19', '2026-01-02 08:39:19'),
('78', '5', '119', 'razorpay', '393.75', '0.00', 'pay_RyxLhmdHROgIig', '2026-01-02 09:12:50', '2026-01-02 09:12:50'),
('79', '5', '120', 'razorpay', '393.75', '0.00', 'pay_RyxNlQS5Nf28wu', '2026-01-02 09:14:54', '2026-01-02 09:14:54'),
('80', '32', '122', 'due', '14.95', '0.00', NULL, '2026-01-03 12:55:16', '2026-01-03 12:55:16');


-- Table structure for table `paypal_payments`
CREATE TABLE `paypal_payments` (
  `id` bigint(20) unsigned NOT NULL AUTO_INCREMENT,
  `paypal_payment_id` varchar(191) DEFAULT NULL,
  `order_id` bigint(20) unsigned NOT NULL,
  `amount` decimal(10,2) NOT NULL,
  `payment_status` enum('pending','completed','failed') NOT NULL DEFAULT 'pending',
  `payment_date` timestamp NULL DEFAULT NULL,
  `payment_error_response` longtext CHARACTER SET utf8mb4 COLLATE utf8mb4_bin DEFAULT NULL CHECK (json_valid(`payment_error_response`)),
  `created_at` timestamp NULL DEFAULT NULL,
  `updated_at` timestamp NULL DEFAULT NULL,
  PRIMARY KEY (`id`),
  KEY `paypal_payments_order_id_foreign` (`order_id`),
  CONSTRAINT `paypal_payments_order_id_foreign` FOREIGN KEY (`order_id`) REFERENCES `orders` (`id`) ON DELETE CASCADE
) ENGINE=InnoDB DEFAULT CHARSET=utf8mb4 COLLATE=utf8mb4_unicode_ci;


-- Table structure for table `paystack_payments`
CREATE TABLE `paystack_payments` (
  `id` bigint(20) unsigned NOT NULL AUTO_INCREMENT,
  `paystack_payment_id` varchar(191) DEFAULT NULL,
  `order_id` bigint(20) unsigned NOT NULL,
  `amount` decimal(10,2) NOT NULL,
  `payment_status` enum('pending','completed','failed') NOT NULL DEFAULT 'pending',
  `payment_date` timestamp NULL DEFAULT NULL,
  `payment_error_response` longtext CHARACTER SET utf8mb4 COLLATE utf8mb4_bin DEFAULT NULL CHECK (json_valid(`payment_error_response`)),
  `created_at` timestamp NULL DEFAULT NULL,
  `updated_at` timestamp NULL DEFAULT NULL,
  PRIMARY KEY (`id`),
  KEY `paystack_payments_order_id_foreign` (`order_id`),
  CONSTRAINT `paystack_payments_order_id_foreign` FOREIGN KEY (`order_id`) REFERENCES `orders` (`id`) ON DELETE CASCADE
) ENGINE=InnoDB DEFAULT CHARSET=utf8mb4 COLLATE=utf8mb4_unicode_ci;


-- Table structure for table `permissions`
CREATE TABLE `permissions` (
  `id` bigint(20) unsigned NOT NULL AUTO_INCREMENT,
  `name` varchar(191) NOT NULL,
  `guard_name` varchar(191) NOT NULL,
  `module_id` bigint(20) unsigned NOT NULL,
  `created_at` timestamp NULL DEFAULT NULL,
  `updated_at` timestamp NULL DEFAULT NULL,
  PRIMARY KEY (`id`),
  UNIQUE KEY `permissions_name_guard_name_unique` (`name`,`guard_name`),
  KEY `permissions_module_id_foreign` (`module_id`),
  CONSTRAINT `permissions_module_id_foreign` FOREIGN KEY (`module_id`) REFERENCES `modules` (`id`) ON DELETE CASCADE
) ENGINE=InnoDB AUTO_INCREMENT=98 DEFAULT CHARSET=utf8mb4 COLLATE=utf8mb4_unicode_ci;

-- Dumping data for table `permissions`
INSERT INTO `permissions` VALUES
('1', 'Create Menu', 'web', '1', NULL, NULL),
('2', 'Show Menu', 'web', '1', NULL, NULL),
('3', 'Update Menu', 'web', '1', NULL, NULL),
('4', 'Delete Menu', 'web', '1', NULL, NULL),
('5', 'Create Menu Item', 'web', '2', NULL, NULL),
('6', 'Show Menu Item', 'web', '2', NULL, NULL),
('7', 'Update Menu Item', 'web', '2', NULL, NULL),
('8', 'Delete Menu Item', 'web', '2', NULL, NULL),
('9', 'Create Item Category', 'web', '3', NULL, NULL),
('10', 'Show Item Category', 'web', '3', NULL, NULL),
('11', 'Update Item Category', 'web', '3', NULL, NULL),
('12', 'Delete Item Category', 'web', '3', NULL, NULL),
('13', 'Create Area', 'web', '4', NULL, NULL),
('14', 'Show Area', 'web', '4', NULL, NULL),
('15', 'Update Area', 'web', '4', NULL, NULL),
('16', 'Delete Area', 'web', '4', NULL, NULL),
('17', 'Create Table', 'web', '5', NULL, NULL),
('18', 'Show Table', 'web', '5', NULL, NULL),
('19', 'Update Table', 'web', '5', NULL, NULL),
('20', 'Delete Table', 'web', '5', NULL, NULL),
('21', 'Create Reservation', 'web', '6', NULL, NULL),
('22', 'Show Reservation', 'web', '6', NULL, NULL),
('23', 'Update Reservation', 'web', '6', NULL, NULL),
('24', 'Delete Reservation', 'web', '6', NULL, NULL),
('25', 'Manage KOT', 'web', '7', NULL, NULL),
('26', 'Create Order', 'web', '8', NULL, NULL),
('27', 'Show Order', 'web', '8', NULL, NULL),
('28', 'Update Order', 'web', '8', NULL, NULL),
('29', 'Delete Order', 'web', '8', NULL, NULL),
('30', 'Create Customer', 'web', '9', NULL, NULL),
('31', 'Show Customer', 'web', '9', NULL, NULL),
('32', 'Update Customer', 'web', '9', NULL, NULL),
('33', 'Delete Customer', 'web', '9', NULL, NULL),
('34', 'Create Staff Member', 'web', '10', NULL, NULL),
('35', 'Show Staff Member', 'web', '10', NULL, NULL),
('36', 'Update Staff Member', 'web', '10', NULL, NULL),
('37', 'Delete Staff Member', 'web', '10', NULL, NULL),
('38', 'Create Delivery Executive', 'web', '14', NULL, NULL),
('39', 'Show Delivery Executive', 'web', '14', NULL, NULL),
('40', 'Update Delivery Executive', 'web', '14', NULL, NULL),
('41', 'Delete Delivery Executive', 'web', '14', NULL, NULL),
('42', 'Show Payments', 'web', '11', NULL, NULL),
('43', 'Show Reports', 'web', '12', NULL, NULL),
('44', 'Manage Settings', 'web', '13', NULL, NULL),
('45', 'Manage Waiter Request', 'web', '15', NULL, NULL),
('46', 'Create Expense', 'web', '16', NULL, NULL),
('47', 'Show Expense', 'web', '16', NULL, NULL),
('48', 'Update Expense', 'web', '16', NULL, NULL),
('49', 'Delete Expense', 'web', '16', NULL, NULL),
('50', 'Create Expense Category', 'web', '16', NULL, NULL),
('51', 'Show Expense Category', 'web', '16', NULL, NULL),
('52', 'Update Expense Category', 'web', '16', NULL, NULL),
('53', 'Delete Expense Category', 'web', '16', NULL, NULL),
('54', 'Create Inventory Item', 'web', '17', NULL, NULL),
('55', 'Show Inventory Item', 'web', '17', NULL, NULL),
('56', 'Update Inventory Item', 'web', '17', NULL, NULL),
('57', 'Delete Inventory Item', 'web', '17', NULL, NULL),
('58', 'Create Inventory Movement', 'web', '17', NULL, NULL),
('59', 'Show Inventory Movement', 'web', '17', NULL, NULL),
('60', 'Update Inventory Movement', 'web', '17', NULL, NULL),
('61', 'Delete Inventory Movement', 'web', '17', NULL, NULL),
('62', 'Show Inventory Stock', 'web', '17', NULL, NULL),
('63', 'Create Unit', 'web', '17', NULL, NULL),
('64', 'Show Unit', 'web', '17', NULL, NULL),
('65', 'Update Unit', 'web', '17', NULL, NULL),
('66', 'Delete Unit', 'web', '17', NULL, NULL),
('67', 'Create Recipe', 'web', '17', NULL, NULL),
('68', 'Show Recipe', 'web', '17', NULL, NULL),
('69', 'Update Recipe', 'web', '17', NULL, NULL),
('70', 'Delete Recipe', 'web', '17', NULL, NULL),
('71', 'Create Purchase Order', 'web', '17', NULL, NULL),
('72', 'Show Purchase Order', 'web', '17', NULL, NULL),
('73', 'Update Purchase Order', 'web', '17', NULL, NULL),
('74', 'Delete Purchase Order', 'web', '17', NULL, NULL),
('75', 'Show Inventory Report', 'web', '17', NULL, NULL),
('76', 'Update Inventory Settings', 'web', '17', NULL, NULL),
('77', 'Show Supplier', 'web', '17', NULL, NULL),
('78', 'Create Supplier', 'web', '17', NULL, NULL),
('79', 'Update Supplier', 'web', '17', NULL, NULL),
('80', 'Delete Supplier', 'web', '17', NULL, NULL),
('81', 'Show Kitchen Place', 'web', '18', '2025-09-17 11:18:21', '2025-09-17 11:18:21'),
('82', 'Create Kitchen Place', 'web', '18', '2025-09-17 11:18:21', '2025-09-17 11:18:21'),
('83', 'Update Kitchen Place', 'web', '18', '2025-09-17 11:18:21', '2025-09-17 11:18:21'),
('84', 'Delete Kitchen Place', 'web', '18', '2025-09-17 11:18:21', '2025-09-17 11:18:21'),
('85', 'Manage Cash Register Settings', 'web', '20', '2025-10-15 17:46:30', '2025-10-15 17:46:30'),
('86', 'View Cash Register Reports', 'web', '20', '2025-10-15 17:46:30', '2025-10-15 17:46:30'),
('87', 'Manage Cash Denominations', 'web', '20', '2025-10-15 17:46:30', '2025-10-15 17:46:30'),
('88', 'Approve Cash Register', 'web', '20', '2025-10-15 17:46:30', '2025-10-15 17:46:30'),
('89', 'Open Cash Register', 'web', '20', '2025-10-15 17:46:30', '2025-10-15 17:46:30'),
('90', 'Update Sms Settings', 'web', '21', NULL, NULL),
('91', 'Add Discount on POS', 'web', '8', '2025-11-06 19:38:51', '2025-11-06 19:38:51'),
('92', 'Manage MultiPOS Machines', 'web', '22', '2025-11-25 16:21:07', '2025-11-25 16:21:07'),
('93', 'Manage AI Settings', 'web', '23', '2026-01-22 06:53:57', '2026-01-22 06:53:57'),
('94', 'Access AI Assistant', 'web', '23', '2026-01-22 06:53:57', '2026-01-22 06:53:57'),
('95', 'Manage Webhooks', 'web', '24', '2026-01-22 07:00:49', '2026-01-22 07:00:49'),
('96', 'View Webhook Logs', 'web', '24', '2026-01-22 07:00:49', '2026-01-22 07:00:49'),
('97', 'Send Webhook Test', 'web', '24', '2026-01-22 07:00:49', '2026-01-22 07:00:49');


-- Table structure for table `personal_access_tokens`
CREATE TABLE `personal_access_tokens` (
  `id` bigint(20) unsigned NOT NULL AUTO_INCREMENT,
  `tokenable_type` varchar(191) NOT NULL,
  `tokenable_id` bigint(20) unsigned NOT NULL,
  `name` varchar(191) NOT NULL,
  `token` varchar(64) NOT NULL,
  `abilities` text DEFAULT NULL,
  `last_used_at` timestamp NULL DEFAULT NULL,
  `expires_at` timestamp NULL DEFAULT NULL,
  `created_at` timestamp NULL DEFAULT NULL,
  `updated_at` timestamp NULL DEFAULT NULL,
  PRIMARY KEY (`id`),
  UNIQUE KEY `personal_access_tokens_token_unique` (`token`),
  KEY `personal_access_tokens_tokenable_type_tokenable_id_index` (`tokenable_type`,`tokenable_id`)
) ENGINE=InnoDB DEFAULT CHARSET=utf8mb4 COLLATE=utf8mb4_unicode_ci;


-- Table structure for table `pos_machines`
CREATE TABLE `pos_machines` (
  `id` bigint(20) unsigned NOT NULL AUTO_INCREMENT,
  `branch_id` bigint(20) unsigned NOT NULL,
  `alias` varchar(191) DEFAULT NULL,
  `public_id` varchar(191) NOT NULL,
  `token` varchar(191) NOT NULL,
  `device_id` varchar(191) DEFAULT NULL,
  `status` enum('pending','active','declined') NOT NULL DEFAULT 'pending',
  `last_seen_at` timestamp NULL DEFAULT NULL,
  `created_by` bigint(20) unsigned DEFAULT NULL,
  `approved_by` bigint(20) unsigned DEFAULT NULL,
  `approved_at` timestamp NULL DEFAULT NULL,
  `notes` text DEFAULT NULL,
  `created_at` timestamp NULL DEFAULT NULL,
  `updated_at` timestamp NULL DEFAULT NULL,
  PRIMARY KEY (`id`),
  UNIQUE KEY `pos_machines_public_id_unique` (`public_id`),
  UNIQUE KEY `pos_machines_token_unique` (`token`),
  KEY `pos_machines_created_by_foreign` (`created_by`),
  KEY `pos_machines_approved_by_foreign` (`approved_by`),
  KEY `pos_machines_branch_id_status_index` (`branch_id`,`status`),
  KEY `pos_machines_status_index` (`status`),
  KEY `pos_machines_device_id_branch_id_index` (`device_id`,`branch_id`),
  CONSTRAINT `pos_machines_approved_by_foreign` FOREIGN KEY (`approved_by`) REFERENCES `users` (`id`) ON DELETE SET NULL,
  CONSTRAINT `pos_machines_branch_id_foreign` FOREIGN KEY (`branch_id`) REFERENCES `branches` (`id`) ON DELETE CASCADE,
  CONSTRAINT `pos_machines_created_by_foreign` FOREIGN KEY (`created_by`) REFERENCES `users` (`id`) ON DELETE SET NULL
) ENGINE=InnoDB AUTO_INCREMENT=16 DEFAULT CHARSET=utf8mb4 COLLATE=utf8mb4_unicode_ci;

-- Dumping data for table `pos_machines`
INSERT INTO `pos_machines` VALUES
('1', '5', 'Bar', '01KAXARK3TCYFMN15AQZNGBPBK', 'R1L1DVLCpgWcJc7aRRttlDDHME7kE9aNElkrO9kSryJfzsJ5t6T1rJdWvfWcX62A', 'BQv8kkHmNMs1F6m57uSm6zvLzohZaonOpff0G8wzhPPRmuAyyOSRxkWHoy6EiUVf', 'active', NULL, '7', '7', '2025-11-25 16:30:59', NULL, '2025-11-25 16:30:45', '2025-11-25 16:30:59'),
('2', '5', 'MESS ONE POS 1764069012', '01KAXB9WH98HYADWSH4QMEA9D0', 'r4ca0K7fP0xMq9CmI6eucmNS77M0MKXv1em7ei154dLnZAbwJF2QAHpIsweFDdth', 'EWEiBobeQaNxgndp7YdT7jGOqelad03SuRx4E3PnpSrLGPULHilUHR8hbjbyzb4G', 'active', NULL, '7', '7', '2025-11-25 17:39:12', NULL, '2025-11-25 16:40:12', '2025-11-25 17:39:12'),
('3', '31', 'q', '01KBFHXSP7CRV8QKWSRSS96D4T', 'fiI5GRkScxHGqQERFSYP4INuhBUDvYrVcUvF4JobpFHat3FrjSbyAXmYFApciksr', 'BQv8kkHmNMs1F6m57uSm6zvLzohZaonOpff0G8wzhPPRmuAyyOSRxkWHoy6EiUVf', 'active', NULL, '16', '16', '2025-12-02 18:22:20', NULL, '2025-12-02 18:22:15', '2025-12-02 18:22:20'),
('4', '5', 'MESS ONE POS 1765004552', '01KBS7GAGHZVGM97ER6XYNVJB9', 'B8pJA6OFvRLM3wqOgMCaiFSv4Q7EOaFKX7U84Im2p8VjKFR4gRQUBEK9H30cAmg6', 'qzND2YcWtqe6etNk34927IvZyYa2DCsBWU6DWdGGF4PlYHMtEJIrvL0YXZTPQXTg', 'active', NULL, '7', '7', '2025-12-06 12:32:39', NULL, '2025-12-06 12:32:32', '2025-12-06 12:32:39'),
('5', '5', 'MESS ONE POS 1765361607', '01KC3W0RWM3SAVQ2YV4P6N6C6K', 'CG1OqgKMGJVWZYGZSD91iNdV8NpY6Edz5221F4T8iEaDCKBH93lDv0Ph82Ld8163', 'L7G9Jtaed7t5smYtekVRPKP7mKIgBlUmebTbyp6JMJXcd5QMGoD6lDCviPo42AHc', 'active', NULL, '7', '7', '2025-12-10 15:43:37', NULL, '2025-12-10 15:43:27', '2025-12-10 15:43:37'),
('6', '31', 'Testing POS 1766818708', '01KDF9KYZZR3KYVTBN52ETTNZR', 'tyYcSWxvSyIKPe9YmsUavm2S6YATAMGL9122HYKYqfIqNX66HNkFprkeNFhCYsZi', 'DHTvYrFeQf4UbYvUcLagElpSmJIL5z4NorweKQet1p65XNA2PcJtpRqIInh5uxfL', 'active', NULL, '16', '16', '2025-12-27 12:29:01', NULL, '2025-12-27 12:28:28', '2025-12-27 12:29:01'),
('7', '28', 'Dhaba POS 1766846514', '01KDG44HHV5DJ50XF839J5EB0E', '3FzjGHMWYEXTWUYTQjmOozseg8olP6Gx5XNYVqfLBk0GuIEKgxpZaXiPsKC5LBFy', 'oLaRU8I5F0h2OPvcV4vGMfXIAVVQNpCa8VRWogQuryT2MJvSi2UII1pGpIyREcvR', 'active', NULL, '13', '13', '2025-12-27 20:12:00', NULL, '2025-12-27 20:11:54', '2025-12-27 20:12:00'),
('8', '5', 'MESS ONE POS 1766846621', '01KDG47SB373BXHYNJS5A77VYQ', '8fubhWnrMXfU8NLqpR1SRj18nSPsguE1pMRJziAJsAinOA67fR676lboLXKFyiTN', 'oLaRU8I5F0h2OPvcV4vGMfXIAVVQNpCa8VRWogQuryT2MJvSi2UII1pGpIyREcvR', 'active', NULL, '7', '7', '2025-12-27 20:13:45', NULL, '2025-12-27 20:13:41', '2025-12-27 20:13:45'),
('9', '31', 'Testing POS 1766848134', '01KDG5NZ3DFC9GGTZ4CQDDKJ84', 'CIxOgEY3m68jWf2H1RAplu0lLWDsig9UqncUMXSY9ZxtBqHi4rWIWqj5S64N1Hro', 'oLaRU8I5F0h2OPvcV4vGMfXIAVVQNpCa8VRWogQuryT2MJvSi2UII1pGpIyREcvR', 'active', NULL, '16', '16', '2025-12-27 20:38:58', NULL, '2025-12-27 20:38:54', '2025-12-27 20:38:58'),
('10', '5', 'MESS ONE POS 1766906090', '01KDHWYMNQ14EHHRGK049A054V', 'yijxnnmf0wKKCC1PjLqfKvslddST1dOjg1RqMlmZWgRzqgO71cd8eAxWy3hvYmtL', 'DHTvYrFeQf4UbYvUcLagElpSmJIL5z4NorweKQet1p65XNA2PcJtpRqIInh5uxfL', 'active', NULL, '7', '7', '2025-12-28 12:44:54', NULL, '2025-12-28 12:44:50', '2025-12-28 12:44:54'),
('11', '28', 'Dhaba POS 1766915782', '01KDJ66EAG13MKAEZT55BRF4XJ', 'eVxo8yzP87U6SHdMOsE6fXjO4fcHwsqFeOCunA9AX9cPlA9xmft5lFk4jj6w8iOB', 'oJm7Z1sdD6oM6sJLCsLlhb93UoOgy9Y4Oqmj0jmBl0NOucdLQEi4PbkyIxhovrq8', 'active', NULL, '13', '13', '2025-12-28 15:26:35', NULL, '2025-12-28 15:26:22', '2025-12-28 15:26:35'),
('12', '31', 'Testing POS 1766916104', '01KDJ6G8J14BE5BKH1NWZKG0D8', 'AdlQMLO84MuAm6HTJdaAJUh5hUxuM2EYFU9la7BnZi1A7ACavqOOk9OOCLcLUMuU', 'oJm7Z1sdD6oM6sJLCsLlhb93UoOgy9Y4Oqmj0jmBl0NOucdLQEi4PbkyIxhovrq8', 'active', NULL, '16', '16', '2025-12-28 15:31:49', NULL, '2025-12-28 15:31:44', '2025-12-28 15:31:49'),
('13', '5', 'MESS ONE POS 1766916217', '01KDJ6KP8P7WYCXPRTNVN9P8ZJ', 'aNT7qxGea17PgEMNXtxyMFRrbWVel96GoFUEqPbTvyF3gufuqr9E27N9HmzZ0GXY', 'oJm7Z1sdD6oM6sJLCsLlhb93UoOgy9Y4Oqmj0jmBl0NOucdLQEi4PbkyIxhovrq8', 'active', NULL, '7', '7', '2025-12-28 15:33:41', NULL, '2025-12-28 15:33:37', '2025-12-28 15:33:41'),
('14', '32', 'Waiter 1', '01KDRKCZKYG45KTSF6BXXPX8Y2', '0SzShR1nBZibo3iFFnXtKXu03r27NhjEvXybGPMhkV6R1VyDnd7O7GXxAcMfpptX', '8eo9KQroeGzBuoaSI1XOnXZkq5yfYkGNZk1lM0Suwocksp2ETbURAJRemDvZhgUb', 'active', NULL, '22', '22', '2025-12-30 21:42:46', NULL, '2025-12-30 21:42:35', '2025-12-30 21:42:46'),
('15', '32', '1', '01KE1YBDDR5GPSZT8Z2RFD91TS', 'dl1jDcauDN4gFMZuqGxvgtFQpG5ObRCQTJY7AFAXdhyYsCpNVtsonzuOfSM9pNuc', 'DHTvYrFeQf4UbYvUcLagElpSmJIL5z4NorweKQet1p65XNA2PcJtpRqIInh5uxfL', 'active', NULL, '22', '22', '2026-01-03 12:47:14', NULL, '2026-01-03 12:47:08', '2026-01-03 12:47:14');


-- Table structure for table `predefined_amounts`
CREATE TABLE `predefined_amounts` (
  `id` bigint(20) unsigned NOT NULL AUTO_INCREMENT,
  `restaurant_id` bigint(20) unsigned NOT NULL,
  `amount` decimal(10,2) NOT NULL,
  `created_at` timestamp NULL DEFAULT NULL,
  `updated_at` timestamp NULL DEFAULT NULL,
  PRIMARY KEY (`id`),
  KEY `predefined_amounts_restaurant_id_foreign` (`restaurant_id`),
  CONSTRAINT `predefined_amounts_restaurant_id_foreign` FOREIGN KEY (`restaurant_id`) REFERENCES `restaurants` (`id`) ON DELETE CASCADE
) ENGINE=InnoDB AUTO_INCREMENT=133 DEFAULT CHARSET=utf8mb4 COLLATE=utf8mb4_unicode_ci;

-- Dumping data for table `predefined_amounts`
INSERT INTO `predefined_amounts` VALUES
('1', '1', '50.00', '2025-09-17 11:06:43', '2025-09-17 11:06:43'),
('2', '1', '100.00', '2025-09-17 11:06:43', '2025-09-17 11:06:43'),
('3', '1', '500.00', '2025-09-17 11:06:43', '2025-09-17 11:06:43'),
('4', '1', '1000.00', '2025-09-17 11:06:43', '2025-09-17 11:06:43'),
('5', '2', '50.00', '2025-09-17 15:32:45', '2025-09-17 15:32:45'),
('6', '2', '100.00', '2025-09-17 15:32:45', '2025-09-17 15:32:45'),
('7', '2', '500.00', '2025-09-17 15:32:45', '2025-09-17 15:32:45'),
('8', '2', '1000.00', '2025-09-17 15:32:45', '2025-09-17 15:32:45'),
('9', '3', '50.00', '2025-09-20 18:26:44', '2025-09-20 18:26:44'),
('10', '3', '100.00', '2025-09-20 18:26:44', '2025-09-20 18:26:44'),
('11', '3', '500.00', '2025-09-20 18:26:44', '2025-09-20 18:26:44'),
('12', '3', '1000.00', '2025-09-20 18:26:44', '2025-09-20 18:26:44'),
('13', '4', '50.00', '2025-10-07 20:30:09', '2025-10-07 20:30:09'),
('14', '4', '100.00', '2025-10-07 20:30:09', '2025-10-07 20:30:09'),
('15', '4', '500.00', '2025-10-07 20:30:09', '2025-10-07 20:30:09'),
('16', '4', '1000.00', '2025-10-07 20:30:09', '2025-10-07 20:30:09'),
('101', '26', '50.00', '2025-11-07 22:53:03', '2025-11-07 22:53:03'),
('102', '26', '100.00', '2025-11-07 22:53:03', '2025-11-07 22:53:03'),
('103', '26', '500.00', '2025-11-07 22:53:03', '2025-11-07 22:53:03'),
('104', '26', '1000.00', '2025-11-07 22:53:03', '2025-11-07 22:53:03'),
('105', '27', '50.00', '2025-11-08 16:02:26', '2025-11-08 16:02:26'),
('106', '27', '100.00', '2025-11-08 16:02:26', '2025-11-08 16:02:26'),
('107', '27', '500.00', '2025-11-08 16:02:26', '2025-11-08 16:02:26'),
('108', '27', '1000.00', '2025-11-08 16:02:26', '2025-11-08 16:02:26'),
('109', '28', '50.00', '2025-11-12 19:45:50', '2025-11-12 19:45:50'),
('110', '28', '100.00', '2025-11-12 19:45:50', '2025-11-12 19:45:50'),
('111', '28', '500.00', '2025-11-12 19:45:50', '2025-11-12 19:45:50'),
('112', '28', '1000.00', '2025-11-12 19:45:50', '2025-11-12 19:45:50'),
('113', '29', '50.00', '2025-11-13 21:11:43', '2025-11-13 21:11:43'),
('114', '29', '100.00', '2025-11-13 21:11:43', '2025-11-13 21:11:43'),
('115', '29', '500.00', '2025-11-13 21:11:43', '2025-11-13 21:11:43'),
('116', '29', '1000.00', '2025-11-13 21:11:43', '2025-11-13 21:11:43'),
('117', '30', '50.00', '2025-11-15 13:16:25', '2025-11-15 13:16:25'),
('118', '30', '100.00', '2025-11-15 13:16:25', '2025-11-15 13:16:25'),
('119', '30', '500.00', '2025-11-15 13:16:25', '2025-11-15 13:16:25'),
('120', '30', '1000.00', '2025-11-15 13:16:25', '2025-11-15 13:16:25'),
('121', '31', '50.00', '2025-12-29 00:56:09', '2025-12-29 00:56:09'),
('122', '31', '100.00', '2025-12-29 00:56:09', '2025-12-29 00:56:09'),
('123', '31', '500.00', '2025-12-29 00:56:09', '2025-12-29 00:56:09'),
('124', '31', '1000.00', '2025-12-29 00:56:09', '2025-12-29 00:56:09'),
('125', '32', '50.00', '2025-12-31 00:13:23', '2025-12-31 00:13:23'),
('126', '32', '100.00', '2025-12-31 00:13:23', '2025-12-31 00:13:23'),
('127', '32', '500.00', '2025-12-31 00:13:23', '2025-12-31 00:13:23'),
('128', '32', '1000.00', '2025-12-31 00:13:23', '2025-12-31 00:13:23'),
('129', '33', '50.00', '2026-01-22 10:24:08', '2026-01-22 10:24:08'),
('130', '33', '100.00', '2026-01-22 10:24:08', '2026-01-22 10:24:08'),
('131', '33', '500.00', '2026-01-22 10:24:08', '2026-01-22 10:24:08'),
('132', '33', '1000.00', '2026-01-22 10:24:08', '2026-01-22 10:24:08');


-- Table structure for table `print_jobs`
CREATE TABLE `print_jobs` (
  `id` bigint(20) unsigned NOT NULL AUTO_INCREMENT,
  `printer_id` bigint(20) unsigned DEFAULT NULL,
  `restaurant_id` bigint(20) unsigned DEFAULT NULL,
  `branch_id` bigint(20) unsigned DEFAULT NULL,
  `status` enum('done','failed','printing','pending') DEFAULT 'pending',
  `error` text DEFAULT NULL,
  `response_printer` varchar(191) DEFAULT NULL,
  `image_filename` varchar(191) DEFAULT NULL,
  `printed_at` timestamp NULL DEFAULT NULL,
  `created_at` timestamp NULL DEFAULT NULL,
  `updated_at` timestamp NULL DEFAULT NULL,
  PRIMARY KEY (`id`),
  KEY `print_jobs_printer_id_foreign` (`printer_id`),
  KEY `print_jobs_restaurant_id_foreign` (`restaurant_id`),
  KEY `print_jobs_branch_id_foreign` (`branch_id`),
  CONSTRAINT `print_jobs_branch_id_foreign` FOREIGN KEY (`branch_id`) REFERENCES `branches` (`id`) ON DELETE CASCADE,
  CONSTRAINT `print_jobs_printer_id_foreign` FOREIGN KEY (`printer_id`) REFERENCES `printers` (`id`) ON DELETE CASCADE,
  CONSTRAINT `print_jobs_restaurant_id_foreign` FOREIGN KEY (`restaurant_id`) REFERENCES `restaurants` (`id`) ON DELETE CASCADE
) ENGINE=InnoDB AUTO_INCREMENT=3 DEFAULT CHARSET=utf8mb4 COLLATE=utf8mb4_unicode_ci;

-- Dumping data for table `print_jobs`
INSERT INTO `print_jobs` VALUES
('1', '5', '4', '5', 'pending', NULL, NULL, 'x-report-3.png', NULL, '2025-10-24 20:39:26', '2025-10-24 20:39:26'),
('2', '5', '4', '5', 'pending', NULL, NULL, 'x-report-3.png', NULL, '2025-10-24 20:39:29', '2025-10-24 20:39:29');


-- Table structure for table `printers`
CREATE TABLE `printers` (
  `id` bigint(20) unsigned NOT NULL AUTO_INCREMENT,
  `restaurant_id` bigint(20) unsigned DEFAULT NULL,
  `branch_id` bigint(20) unsigned DEFAULT NULL,
  `name` varchar(191) NOT NULL,
  `printing_choice` varchar(191) DEFAULT NULL,
  `print_type` enum('image','pdf') NOT NULL DEFAULT 'image',
  `kots` text DEFAULT NULL,
  `orders` text DEFAULT NULL,
  `print_format` varchar(191) DEFAULT NULL,
  `invoice_qr_code` int(11) DEFAULT NULL,
  `open_cash_drawer` enum('yes','no') DEFAULT NULL,
  `share_name` varchar(191) DEFAULT NULL,
  `type` enum('network','windows','linux','default') DEFAULT NULL,
  `is_active` tinyint(1) NOT NULL DEFAULT 1,
  `is_default` tinyint(1) NOT NULL DEFAULT 0,
  `printer_name` varchar(191) DEFAULT NULL,
  `created_at` timestamp NULL DEFAULT NULL,
  `updated_at` timestamp NULL DEFAULT NULL,
  PRIMARY KEY (`id`),
  KEY `printers_restaurant_id_foreign` (`restaurant_id`),
  KEY `printers_branch_id_foreign` (`branch_id`),
  CONSTRAINT `printers_branch_id_foreign` FOREIGN KEY (`branch_id`) REFERENCES `branches` (`id`) ON DELETE CASCADE,
  CONSTRAINT `printers_restaurant_id_foreign` FOREIGN KEY (`restaurant_id`) REFERENCES `restaurants` (`id`) ON DELETE CASCADE
) ENGINE=InnoDB AUTO_INCREMENT=35 DEFAULT CHARSET=utf8mb4 COLLATE=utf8mb4_unicode_ci;

-- Dumping data for table `printers`
INSERT INTO `printers` VALUES
('1', '1', '1', 'Default Thermal Printer', 'browserPopupPrint', 'image', '[1]', '[1]', NULL, NULL, NULL, NULL, NULL, '1', '1', NULL, '2025-09-17 11:06:44', '2025-09-17 11:06:44'),
('2', '1', '2', 'Default Thermal Printer', 'browserPopupPrint', 'image', '[2]', '[2]', NULL, NULL, NULL, NULL, NULL, '1', '1', NULL, '2025-09-17 11:06:44', '2025-09-17 11:06:44'),
('3', '2', '3', 'Default Thermal Printer', 'browserPopupPrint', 'image', '[3]', '[3]', NULL, NULL, NULL, NULL, NULL, '1', '1', NULL, '2025-09-17 15:32:45', '2025-09-17 15:32:45'),
('4', '3', '4', 'Default Thermal Printer', 'browserPopupPrint', 'image', '[4]', '[4]', NULL, NULL, NULL, NULL, NULL, '1', '1', NULL, '2025-09-20 18:26:44', '2025-09-20 18:26:44'),
('5', '4', '5', 'Default Thermal Printer', 'browserPopupPrint', 'image', '[5]', '[5]', NULL, NULL, NULL, NULL, NULL, '1', '1', NULL, '2025-10-07 20:30:09', '2025-10-07 20:30:09'),
('27', '26', '27', 'Default Printer', 'browserPopupPrint', 'image', '[28]', '[27]', NULL, NULL, NULL, NULL, NULL, '1', '1', NULL, '2025-11-07 22:53:03', '2025-11-07 22:53:03'),
('28', '27', '28', 'Default Printer', 'browserPopupPrint', 'image', '[29]', '[28]', NULL, NULL, NULL, NULL, NULL, '1', '1', NULL, '2025-11-08 16:02:27', '2025-11-08 16:02:27'),
('29', '28', '29', 'Default Printer', 'browserPopupPrint', 'image', '[30]', '[29]', NULL, NULL, NULL, NULL, NULL, '1', '1', NULL, '2025-11-12 19:45:51', '2025-11-12 19:45:51'),
('30', '29', '30', 'Default Printer', 'browserPopupPrint', 'image', '[31]', '[30]', NULL, NULL, NULL, NULL, NULL, '1', '1', NULL, '2025-11-13 21:11:44', '2025-11-13 21:11:44'),
('31', '30', '31', 'Default Printer', 'browserPopupPrint', 'image', '[32]', '[31]', NULL, NULL, NULL, NULL, NULL, '1', '1', NULL, '2025-11-15 13:16:25', '2025-11-15 13:16:25'),
('32', '31', '32', 'Default Printer', 'browserPopupPrint', 'image', '[33]', '[32]', NULL, NULL, NULL, NULL, NULL, '1', '1', NULL, '2025-12-29 00:56:10', '2025-12-29 00:56:10'),
('33', '32', '33', 'Default Printer', 'browserPopupPrint', 'image', '[34]', '[33]', NULL, NULL, NULL, NULL, NULL, '1', '1', NULL, '2025-12-31 00:13:23', '2025-12-31 00:13:23'),
('34', '33', '34', 'Default Printer', 'browserPopupPrint', 'image', '[35]', '[34]', NULL, NULL, NULL, NULL, NULL, '1', '1', NULL, '2026-01-22 10:24:09', '2026-01-22 10:24:09');


-- Table structure for table `purchase_order_items`
CREATE TABLE `purchase_order_items` (
  `id` bigint(20) unsigned NOT NULL AUTO_INCREMENT,
  `purchase_order_id` bigint(20) unsigned NOT NULL,
  `inventory_item_id` bigint(20) unsigned NOT NULL,
  `quantity` decimal(10,2) NOT NULL,
  `received_quantity` decimal(10,2) NOT NULL DEFAULT 0.00,
  `unit_price` decimal(10,2) NOT NULL,
  `subtotal` decimal(10,2) NOT NULL,
  `created_at` timestamp NULL DEFAULT NULL,
  `updated_at` timestamp NULL DEFAULT NULL,
  PRIMARY KEY (`id`),
  KEY `purchase_order_items_purchase_order_id_foreign` (`purchase_order_id`),
  KEY `purchase_order_items_inventory_item_id_foreign` (`inventory_item_id`),
  CONSTRAINT `purchase_order_items_inventory_item_id_foreign` FOREIGN KEY (`inventory_item_id`) REFERENCES `inventory_items` (`id`) ON DELETE CASCADE,
  CONSTRAINT `purchase_order_items_purchase_order_id_foreign` FOREIGN KEY (`purchase_order_id`) REFERENCES `purchase_orders` (`id`) ON DELETE CASCADE
) ENGINE=InnoDB DEFAULT CHARSET=utf8mb4 COLLATE=utf8mb4_unicode_ci;


-- Table structure for table `purchase_order_payments`
CREATE TABLE `purchase_order_payments` (
  `id` bigint(20) unsigned NOT NULL AUTO_INCREMENT,
  `purchase_order_id` bigint(20) unsigned NOT NULL,
  `branch_id` bigint(20) unsigned NOT NULL,
  `amount` decimal(12,2) NOT NULL,
  `payment_method` varchar(191) DEFAULT NULL,
  `paid_at` date DEFAULT NULL,
  `reference` varchar(191) DEFAULT NULL,
  `notes` text DEFAULT NULL,
  `created_by` bigint(20) unsigned DEFAULT NULL,
  `created_at` timestamp NULL DEFAULT NULL,
  `updated_at` timestamp NULL DEFAULT NULL,
  PRIMARY KEY (`id`),
  KEY `purchase_order_payments_purchase_order_id_foreign` (`purchase_order_id`),
  KEY `purchase_order_payments_branch_id_foreign` (`branch_id`),
  KEY `purchase_order_payments_created_by_foreign` (`created_by`),
  CONSTRAINT `purchase_order_payments_branch_id_foreign` FOREIGN KEY (`branch_id`) REFERENCES `branches` (`id`) ON DELETE CASCADE,
  CONSTRAINT `purchase_order_payments_created_by_foreign` FOREIGN KEY (`created_by`) REFERENCES `users` (`id`) ON DELETE SET NULL,
  CONSTRAINT `purchase_order_payments_purchase_order_id_foreign` FOREIGN KEY (`purchase_order_id`) REFERENCES `purchase_orders` (`id`) ON DELETE CASCADE
) ENGINE=InnoDB DEFAULT CHARSET=utf8mb4 COLLATE=utf8mb4_unicode_ci;


-- Table structure for table `purchase_orders`
CREATE TABLE `purchase_orders` (
  `id` bigint(20) unsigned NOT NULL AUTO_INCREMENT,
  `po_number` varchar(191) NOT NULL,
  `branch_id` bigint(20) unsigned NOT NULL,
  `supplier_id` bigint(20) unsigned NOT NULL,
  `order_date` date NOT NULL,
  `expected_delivery_date` date DEFAULT NULL,
  `total_amount` decimal(10,2) NOT NULL DEFAULT 0.00,
  `status` enum('draft','sent','received','partially_received','cancelled') NOT NULL DEFAULT 'draft',
  `notes` text DEFAULT NULL,
  `created_by` bigint(20) unsigned DEFAULT NULL,
  `created_at` timestamp NULL DEFAULT NULL,
  `updated_at` timestamp NULL DEFAULT NULL,
  PRIMARY KEY (`id`),
  UNIQUE KEY `purchase_orders_po_number_unique` (`po_number`),
  KEY `purchase_orders_branch_id_foreign` (`branch_id`),
  KEY `purchase_orders_supplier_id_foreign` (`supplier_id`),
  KEY `purchase_orders_created_by_foreign` (`created_by`),
  CONSTRAINT `purchase_orders_branch_id_foreign` FOREIGN KEY (`branch_id`) REFERENCES `branches` (`id`) ON DELETE CASCADE,
  CONSTRAINT `purchase_orders_created_by_foreign` FOREIGN KEY (`created_by`) REFERENCES `users` (`id`) ON DELETE CASCADE,
  CONSTRAINT `purchase_orders_supplier_id_foreign` FOREIGN KEY (`supplier_id`) REFERENCES `suppliers` (`id`)
) ENGINE=InnoDB DEFAULT CHARSET=utf8mb4 COLLATE=utf8mb4_unicode_ci;


-- Table structure for table `push_notifications`
CREATE TABLE `push_notifications` (
  `id` bigint(20) unsigned NOT NULL AUTO_INCREMENT,
  `restaurant_id` bigint(20) unsigned DEFAULT NULL,
  `user_id` bigint(20) unsigned NOT NULL,
  `endpoint` varchar(191) NOT NULL,
  `public_key` text DEFAULT NULL,
  `auth_token` text DEFAULT NULL,
  `created_at` timestamp NULL DEFAULT NULL,
  `updated_at` timestamp NULL DEFAULT NULL,
  PRIMARY KEY (`id`),
  UNIQUE KEY `push_notifications_endpoint_unique` (`endpoint`),
  KEY `push_notifications_restaurant_id_foreign` (`restaurant_id`),
  KEY `push_notifications_user_id_foreign` (`user_id`),
  CONSTRAINT `push_notifications_restaurant_id_foreign` FOREIGN KEY (`restaurant_id`) REFERENCES `restaurants` (`id`) ON DELETE CASCADE ON UPDATE CASCADE,
  CONSTRAINT `push_notifications_user_id_foreign` FOREIGN KEY (`user_id`) REFERENCES `users` (`id`) ON DELETE CASCADE
) ENGINE=InnoDB DEFAULT CHARSET=utf8mb4 COLLATE=utf8mb4_unicode_ci;


-- Table structure for table `pusher_settings`
CREATE TABLE `pusher_settings` (
  `id` bigint(20) unsigned NOT NULL AUTO_INCREMENT,
  `beamer_status` tinyint(1) NOT NULL DEFAULT 0,
  `instance_id` varchar(191) DEFAULT NULL,
  `beam_secret` varchar(191) DEFAULT NULL,
  `created_at` timestamp NULL DEFAULT NULL,
  `updated_at` timestamp NULL DEFAULT NULL,
  `pusher_broadcast` tinyint(1) NOT NULL DEFAULT 0,
  `pusher_app_id` varchar(191) DEFAULT NULL,
  `pusher_key` varchar(191) DEFAULT NULL,
  `pusher_secret` varchar(191) DEFAULT NULL,
  `pusher_cluster` varchar(191) DEFAULT NULL,
  PRIMARY KEY (`id`)
) ENGINE=InnoDB AUTO_INCREMENT=3 DEFAULT CHARSET=utf8mb4 COLLATE=utf8mb4_unicode_ci;

-- Dumping data for table `pusher_settings`
INSERT INTO `pusher_settings` VALUES
('1', '1', 'd40201a7-4c2b-485d-b83e-b6df413123b9', '14A81FF2A4C0B8BAB9765B9499E25E4A635B35203593A1BF9E2FF0D177D88FC7', '2025-09-17 11:06:40', '2025-09-20 20:02:42', '1', '1700836', '74e36e339f0d30ae3742', 'e210d079d07f180d0b75', 'mt1'),
('2', '0', NULL, NULL, '2025-09-17 11:06:44', '2025-09-17 11:06:44', '0', NULL, NULL, NULL, NULL);


-- Table structure for table `razorpay_payments`
CREATE TABLE `razorpay_payments` (
  `id` bigint(20) unsigned NOT NULL AUTO_INCREMENT,
  `order_id` bigint(20) unsigned NOT NULL,
  `payment_date` datetime DEFAULT NULL,
  `amount` decimal(16,2) DEFAULT NULL,
  `payment_status` enum('pending','requested','declined','completed') NOT NULL DEFAULT 'pending',
  `payment_error_response` text DEFAULT NULL,
  `razorpay_order_id` varchar(191) DEFAULT NULL,
  `razorpay_payment_id` varchar(191) DEFAULT NULL,
  `razorpay_signature` varchar(191) DEFAULT NULL,
  `created_at` timestamp NULL DEFAULT NULL,
  `updated_at` timestamp NULL DEFAULT NULL,
  PRIMARY KEY (`id`),
  KEY `razorpay_payments_order_id_foreign` (`order_id`),
  CONSTRAINT `razorpay_payments_order_id_foreign` FOREIGN KEY (`order_id`) REFERENCES `orders` (`id`) ON DELETE CASCADE
) ENGINE=InnoDB AUTO_INCREMENT=54 DEFAULT CHARSET=utf8mb4 COLLATE=utf8mb4_unicode_ci;

-- Dumping data for table `razorpay_payments`
INSERT INTO `razorpay_payments` VALUES
('1', '3', '2025-10-07 15:27:21', '4.20', 'completed', NULL, 'order_RQdEjK4mFoyb5X', 'pay_RQdFvyYfrbz90B', 'ab3a863408775751c5e84d3f76868ec971c2549f2446b5fa3621311bc12169bf', '2025-10-07 20:55:57', '2025-10-07 20:57:21'),
('2', '4', '2025-10-08 09:01:47', '1207.50', 'completed', NULL, 'order_RQvDdMEnjpcAar', 'pay_RQvDmpMUMiPPoz', '22ab9b169944f12675b46dcd8b13f54436eae52074b0aa7be217795fffa97a7c', '2025-10-08 14:31:24', '2025-10-08 14:31:47'),
('3', '5', '2025-10-08 10:35:27', '126.00', 'completed', NULL, 'order_RQwoDoAZZBXGHS', 'pay_RQwocGZ0pLkBZU', '81827097b034d78a88c62054e893f7ee7cd9b731a79ac938a0e8034f69ef5377', '2025-10-08 16:04:44', '2025-10-08 16:05:27'),
('4', '11', '2025-10-16 12:02:53', '262.50', 'completed', NULL, 'order_RU8ZgFDUHtuxgL', 'pay_RU8a2YLhBIHi68', 'cbf12e299953cedfa42184d82d7587e43669f299dc3a85fe1fa5b5e5004be924', '2025-10-16 17:32:18', '2025-10-16 17:32:53'),
('5', '11', NULL, '262.50', 'pending', NULL, 'order_RU8aGu6rma9yue', NULL, NULL, '2025-10-16 17:32:52', '2025-10-16 17:32:53'),
('6', '12', '2025-10-16 12:33:24', '126.00', 'completed', NULL, 'order_RU95r290ofCDqi', 'pay_RU96EhIkc3IVzX', '2c1b8e51ce2307805c05ca0306ada70654e157c82b5f0f4353e9f136b12aa4cb', '2025-10-16 18:02:45', '2025-10-16 18:03:24'),
('7', '12', NULL, '126.00', 'pending', NULL, 'order_RU96VhDVxnZRlv', NULL, NULL, '2025-10-16 18:03:23', '2025-10-16 18:03:24'),
('8', '13', '2025-10-16 12:41:48', '126.00', 'completed', NULL, 'order_RU9EtwR38RMeJT', 'pay_RU9F8RuNHirFo6', '9ae8d47dcfd4115cce91ca8c66e8444c22f30f2cbdbdd9f95eea60c6251f0ec6', '2025-10-16 18:11:20', '2025-10-16 18:11:48'),
('9', '13', NULL, '126.00', 'pending', NULL, 'order_RU9FOKnMNtqAwT', NULL, NULL, '2025-10-16 18:11:48', '2025-10-16 18:11:48'),
('10', '14', '2025-10-16 12:48:50', '262.50', 'completed', NULL, 'order_RU9MH7rS6fHal7', 'pay_RU9MU5ib1JkTnn', '2e87246a9b182883aa6cbe4fbbc499494f34c47314a8d61d3c746c5e855056f1', '2025-10-16 18:18:19', '2025-10-16 18:18:50'),
('11', '16', '2025-10-16 13:21:02', '136.50', 'completed', NULL, 'order_RU9uT8B8gLO9QH', 'pay_RU9ub1bUSMzfs0', '80b2172794e73668d3fbe22a4e9aa44c88a164ad5294d8f29bbc6a443a98973e', '2025-10-16 18:50:39', '2025-10-16 18:51:02'),
('12', '17', '2025-10-16 13:30:10', '136.50', 'completed', NULL, 'order_RUA44x2L6DrVj6', 'pay_RUA4EIVkrFaSbP', '192d53a4214085f62db6940a14e7c88bbe4896c23b08e2acf705343c35a29e4d', '2025-10-16 18:59:47', '2025-10-16 19:00:10'),
('13', '17', NULL, '136.50', 'pending', NULL, 'order_RUA4TduMY0NapO', NULL, NULL, '2025-10-16 19:00:09', '2025-10-16 19:00:10'),
('14', '18', '2025-10-16 13:55:16', '126.00', 'completed', NULL, 'order_RUAUe10RDgdiX0', 'pay_RUAUlBSDMxqJTC', 'f163d9a021eb30c66282784f261c6239ee5c9e0e14b1037e5a7671380f11ea11', '2025-10-16 19:24:55', '2025-10-16 19:25:16'),
('15', '19', '2025-10-16 13:57:19', '136.50', 'completed', NULL, 'order_RUAWnRnZAitO5K', 'pay_RUAWulQPNCTG7i', '85af424b781f99b156a6649c9ab98b7f643be140baef6bd5f62fc44c9e827b44', '2025-10-16 19:26:58', '2025-10-16 19:27:19'),
('16', '20', '2025-10-16 14:01:17', '136.50', 'completed', NULL, 'order_RUAaoXIyWj6Pnj', 'pay_RUAb7Ybhnyp6VA', '2034863bb1307002ae4393bd6976c9daac62a8efb17fbee0d810c42a82667c3b', '2025-10-16 19:30:46', '2025-10-16 19:31:17'),
('17', '21', '2025-10-16 14:21:16', '136.50', 'completed', NULL, 'order_RUAw5XJg7FTmuA', 'pay_RUAwENCbQlEREv', '0668c433240c3d45d321893b3fa414bd2028b060e4224add33301eee6ecccdc8', '2025-10-16 19:50:54', '2025-10-16 19:51:16'),
('18', '22', '2025-10-16 15:40:44', '262.50', 'completed', NULL, 'order_RUCGOxOyxUxNvZ', 'pay_RUCI08zHu05Cru', 'e15c4b58cc62691d740e9b50011766ec3882250e99a66cf6b78c52ba1146d7c6', '2025-10-16 21:08:48', '2025-10-16 21:10:44'),
('19', '23', '2025-10-16 15:52:12', '126.00', 'completed', NULL, 'order_RUCU8C4Z2ZqojV', 'pay_RUCUH901mTpl0v', '335ea0a08988e95a9c2370397c987848411a3f437931af063e8f39d448d107f1', '2025-10-16 21:21:49', '2025-10-16 21:22:12'),
('20', '24', '2025-10-16 16:32:18', '136.50', 'completed', NULL, 'order_RUDATpmB7WN6xY', 'pay_RUDAdHGRhRPEMR', 'abf62034aa8c9bfa456835fc9a9b3bb031e0eb53dcc479c3b5361ee6a0c8fb5b', '2025-10-16 22:01:54', '2025-10-16 22:02:18'),
('21', '25', '2025-10-16 16:38:15', '136.50', 'completed', NULL, 'order_RUDGjP4LohHskh', 'pay_RUDGrlYPDDK0Fy', '664ecbacf5a0960ec6bc40b049b391792044eb42ec01007564e9b4e629ab9c30', '2025-10-16 22:07:50', '2025-10-16 22:08:15'),
('22', '26', '2025-10-16 17:03:09', '136.50', 'completed', NULL, 'order_RUDh6ggkDpG8ct', 'pay_RUDhEd02oZPOQz', 'b0f7210312fb43b664a7497f5af0bf158e9ab622b478b579ebe208ef7eb87688', '2025-10-16 22:32:48', '2025-10-16 22:33:09'),
('23', '28', '2025-10-16 17:41:36', '472.50', 'completed', NULL, 'order_RUELgaBQ9IIvqw', 'pay_RUELrldqCYy71f', 'bded028be187bc97db9e15840b0a6aa05901457a378c09ca502b95fe42bc067e', '2025-10-16 23:11:12', '2025-10-16 23:11:36'),
('24', '29', '2025-10-17 23:31:40', '682.50', 'completed', NULL, 'order_RUiqZ1lWvsuTay', 'pay_RUiqllBt3UkVp2', '8f6c28ff48c1ec6f7f85e18ef1f2bfff14393f19db26564f8e05683c7120ad99', '2025-10-18 05:01:15', '2025-10-18 05:01:40'),
('25', '33', '2025-10-17 23:45:18', '220.50', 'completed', NULL, 'order_RUj53Izsqgh4ZR', 'pay_RUj5ABMuzDkVft', 'df49725b5e976019c5d1aa8dd1611fe4542f4007133ee230053391bae6c6804f', '2025-10-18 05:14:58', '2025-10-18 05:15:18'),
('26', '45', '2025-10-18 18:28:48', '136.50', 'completed', NULL, 'order_RV2DoDSYF7JI2k', 'pay_RV2DxCEAXulsv5', '16e15a6f0da7f172b51ae0f14c0a4e6188f6a5c65b13e2e5c92cb96a038bb674', '2025-10-18 23:58:26', '2025-10-18 23:58:48'),
('27', '46', '2025-10-24 02:25:28', '420.00', 'completed', NULL, 'order_RX90nIKa4rcCPW', 'pay_RX913zygg3h1tF', '7f896bab839f80ee7607adcad12c701126901eda0f16ca5afaf699fb478c1cb2', '2025-10-24 07:54:58', '2025-10-24 07:55:28'),
('28', '47', '2025-10-24 02:33:07', '420.00', 'completed', NULL, 'order_RX94MQTaiKEBkp', 'pay_RX94TbbHbMhN5f', '06f166e964c8329bd5bef8de3fdf79dcabd5ef6fc2dcab7260a55c9d35614268', '2025-10-24 07:58:21', '2025-10-24 08:03:07'),
('29', '48', '2025-10-24 02:32:05', '420.00', 'completed', NULL, 'order_RX97sM6vUJm3oD', 'pay_RX97xYO5XaJJUZ', 'cb9e634ad62850629b5e617c186c4a03fc91a8c9608b77ff4d54d64f660daba4', '2025-10-24 08:01:41', '2025-10-24 08:02:05'),
('30', '49', NULL, '420.00', 'pending', NULL, 'order_RX9ArA9HPXxlgb', NULL, NULL, '2025-10-24 08:04:30', '2025-10-24 08:04:31'),
('31', '51', '2025-10-24 08:05:24', '420.00', 'completed', NULL, 'order_RXEnwXmCxf6uU3', 'pay_RXEo8vcj53JFek', '2c397cf545e4fc63b470686efdbc7d963a3a355940ccab076ff3099d57eb9391', '2025-10-24 13:34:58', '2025-10-24 13:35:24'),
('32', '52', '2025-10-24 14:55:53', '31.50', 'completed', NULL, 'order_RXLne0sIyctfut', 'pay_RXLnlRuXkRmfab', 'c04424aaa6aa0ba41e7bbef081c2996b98b04502596df2c8828ab836ebbae81b', '2025-10-24 20:25:32', '2025-10-24 20:25:53'),
('33', '58', '2025-10-25 06:26:39', '136.50', 'completed', NULL, 'order_RXbeY7hiWwAJJK', 'pay_RXbevsxRjFumh3', '58ba2ef3dd000beb4e17e54d3cfc948dd2a6130d8cb5260354307ad5de76d4fb', '2025-10-25 11:56:01', '2025-10-25 11:56:39'),
('34', '59', '2025-10-25 06:30:15', '126.00', 'completed', NULL, 'order_RXbiZPU3u2i48x', 'pay_RXbihPYglMshJc', '247a7855ef5bea1fec0ceff653d4c9e6d43426bb98c08a55b3c84c88337b8679', '2025-10-25 11:59:50', '2025-10-25 12:00:15'),
('35', '59', NULL, '126.00', 'pending', NULL, 'order_RXbizDuTKBWXAv', NULL, NULL, '2025-10-25 12:00:14', '2025-10-25 12:00:15'),
('36', '60', '2025-10-25 07:09:25', '451.50', 'completed', NULL, 'order_RXcNpG4FzZt3w6', 'pay_RXcO2QUK3Vaicu', '6607741d668bac6aba2680935e6135a3698208e912998271a8bc238108a5cbd0', '2025-10-25 12:38:53', '2025-10-25 12:39:25'),
('37', '61', '2025-10-25 13:05:35', '215.25', 'completed', NULL, 'order_RXiSF3FS6svoJe', 'pay_RXiSNL3KI554tj', '189f87e1b6e1aebbb406c67dbfe548ea1230c9f4c1fd2ff2f2c321d195ddbe17', '2025-10-25 18:35:13', '2025-10-25 18:35:35'),
('38', '62', NULL, '420.00', 'pending', NULL, 'order_RXiTnagcOa85kR', NULL, NULL, '2025-10-25 18:36:43', '2025-10-25 18:36:44'),
('39', '65', '2025-10-27 08:34:14', '420.00', 'completed', NULL, 'order_RYQtheU6Vzhk9c', 'pay_RYQtycnNPA3QC8', '33e3162f4b2721afd96da96a9227107bce34a94ce9fa7fcc8fb5bba9f07120d4', '2025-10-27 14:03:44', '2025-10-27 14:04:14'),
('40', '66', '2025-10-27 09:44:37', '136.50', 'completed', NULL, 'order_RYS65xUEvFXZLz', 'pay_RYS6Im4PwH5Ms3', '0ef28361bf1a834964f56177ebc934169c01e14ff727d13017f9db3b491abda4', '2025-10-27 15:14:10', '2025-10-27 15:14:37'),
('41', '67', '2025-10-31 14:52:43', '262.50', 'completed', NULL, 'order_Ra7U11LtBWtAri', 'pay_Ra7UGYjSkQuBI1', 'fe3d0be68e2104cd916509b14998ef0ece0b6c983108875ac17eb6bbafdeae4a', '2025-10-31 20:22:15', '2025-10-31 20:22:43'),
('42', '68', '2025-11-06 14:26:59', '136.50', 'completed', NULL, 'order_RcUFOOLzjdiIXx', 'pay_RcUFltzY11hRkG', '94df31a53e0205e41dd6d973ceb9220e7f97c83be03aab7e01e15f867033c5c8', '2025-11-06 19:56:21', '2025-11-06 19:56:59'),
('43', '69', '2025-11-08 08:15:20', '126.00', 'completed', NULL, 'order_RdAzGZUHLcfCc3', 'pay_RdAzRsFf5QdQv9', '60c37a8c08a283b5160dc2b7d178a9880dc64f986ca5954c018d82c531e266f2', '2025-11-08 13:44:55', '2025-11-08 13:45:20'),
('44', '70', '2025-11-25 09:28:04', '126.00', 'completed', NULL, 'order_RjvIzl9fO5dvt4', 'pay_RjvJLBitbRBmUL', '627890cb01b3713cea8f489519eaf99e51476dc4faf3af49f4e34a4ddd11bd61', '2025-11-25 14:57:31', '2025-11-25 14:58:04'),
('45', '93', NULL, '787.50', 'pending', NULL, 'order_RnxlvS37oFmHDj', NULL, NULL, '2025-12-05 19:58:17', '2025-12-05 19:58:19'),
('46', '93', NULL, '787.50', 'pending', NULL, 'order_Rnxm7HMQ59VcLS', NULL, NULL, '2025-12-05 19:58:29', '2025-12-05 19:58:30'),
('47', '93', NULL, '787.50', 'pending', NULL, 'order_Rnxm8PI1cmIxrB', NULL, NULL, '2025-12-05 19:58:30', '2025-12-05 19:58:31'),
('48', '95', NULL, '420.00', 'pending', NULL, 'order_Rnxt33EzidYxYb', NULL, NULL, '2025-12-05 20:05:03', '2025-12-05 20:05:04'),
('49', '118', '2026-01-02 08:39:19', '787.50', 'completed', NULL, 'order_RywluBSto0tKjq', 'pay_RywmKzQlDjA6L7', 'd557e1c9ad61cfdb05879746ea12368d875186e8a5e7197843aa08840b08b018', '2026-01-02 08:38:36', '2026-01-02 08:39:19'),
('50', '118', NULL, '787.50', 'pending', NULL, 'order_Rywmcl7FeNgdfH', NULL, NULL, '2026-01-02 08:39:17', '2026-01-02 08:39:18'),
('51', '118', NULL, '787.50', 'pending', NULL, 'order_RywmdeSUWFsqx6', NULL, NULL, '2026-01-02 08:39:18', '2026-01-02 08:39:19'),
('52', '119', '2026-01-02 09:12:50', '393.75', 'completed', NULL, 'order_RyxLVmH7T6lfwU', 'pay_RyxLhmdHROgIig', '3189be287592bf06df04273052a74c183a1f3b4ebddda8e7cd7ad469bd68043f', '2026-01-02 09:12:18', '2026-01-02 09:12:50'),
('53', '120', '2026-01-02 09:14:54', '393.75', 'completed', NULL, 'order_RyxNb6ZinMqclk', 'pay_RyxNlQS5Nf28wu', '861994231c39713fb11c0747ce3be07dcb5f9346f8e84a99af3bbc252bc1f22c', '2026-01-02 09:14:18', '2026-01-02 09:14:54');


-- Table structure for table `receipt_settings`
CREATE TABLE `receipt_settings` (
  `id` bigint(20) unsigned NOT NULL AUTO_INCREMENT,
  `restaurant_id` bigint(20) unsigned DEFAULT NULL,
  `show_customer_name` tinyint(1) NOT NULL DEFAULT 0,
  `show_customer_address` tinyint(1) NOT NULL DEFAULT 0,
  `show_customer_phone` tinyint(1) NOT NULL DEFAULT 0,
  `show_table_number` tinyint(1) NOT NULL DEFAULT 0,
  `payment_qr_code` varchar(191) DEFAULT NULL,
  `show_payment_qr_code` tinyint(1) NOT NULL DEFAULT 0,
  `show_waiter` tinyint(1) NOT NULL DEFAULT 0,
  `show_total_guest` tinyint(1) NOT NULL DEFAULT 0,
  `show_restaurant_logo` tinyint(1) NOT NULL DEFAULT 0,
  `show_tax` tinyint(1) NOT NULL DEFAULT 0,
  `show_payment_details` tinyint(1) NOT NULL DEFAULT 1,
  `show_payment_status` tinyint(1) NOT NULL DEFAULT 0,
  `show_order_type` tinyint(1) DEFAULT 0,
  `created_at` timestamp NULL DEFAULT NULL,
  `updated_at` timestamp NULL DEFAULT NULL,
  PRIMARY KEY (`id`),
  KEY `receipt_settings_restaurant_id_foreign` (`restaurant_id`),
  CONSTRAINT `receipt_settings_restaurant_id_foreign` FOREIGN KEY (`restaurant_id`) REFERENCES `restaurants` (`id`) ON DELETE CASCADE ON UPDATE CASCADE
) ENGINE=InnoDB AUTO_INCREMENT=34 DEFAULT CHARSET=utf8mb4 COLLATE=utf8mb4_unicode_ci;

-- Dumping data for table `receipt_settings`
INSERT INTO `receipt_settings` VALUES
('1', '1', '0', '0', '0', '0', NULL, '0', '0', '0', '0', '0', '1', '0', '0', '2025-09-17 11:06:43', '2025-09-17 11:06:43'),
('2', '2', '0', '0', '0', '0', NULL, '0', '0', '0', '0', '0', '1', '0', '0', '2025-09-17 15:32:45', '2025-09-17 15:32:45'),
('3', '3', '0', '0', '0', '0', NULL, '0', '0', '0', '0', '1', '1', '0', '0', '2025-09-20 18:26:44', '2025-09-20 18:31:44'),
('4', '4', '1', '1', '0', '1', NULL, '0', '1', '1', '1', '1', '1', '0', '1', '2025-10-07 20:30:09', '2025-10-18 23:08:44'),
('26', '26', '0', '0', '0', '0', NULL, '0', '0', '0', '0', '0', '1', '0', '0', '2025-11-07 22:53:03', '2025-11-07 22:53:03'),
('27', '27', '0', '0', '0', '0', NULL, '0', '0', '0', '0', '0', '1', '0', '0', '2025-11-08 16:02:26', '2025-11-08 16:02:26'),
('28', '28', '0', '0', '0', '0', NULL, '0', '0', '0', '0', '0', '1', '0', '0', '2025-11-12 19:45:50', '2025-11-12 19:45:50'),
('29', '29', '0', '0', '0', '0', NULL, '0', '0', '0', '0', '0', '1', '0', '0', '2025-11-13 21:11:43', '2025-11-13 21:11:43'),
('30', '30', '0', '0', '0', '0', NULL, '0', '0', '0', '0', '0', '1', '0', '0', '2025-11-15 13:16:25', '2025-11-15 13:16:25'),
('31', '31', '0', '0', '0', '0', NULL, '0', '0', '0', '0', '0', '1', '0', '0', '2025-12-29 00:56:09', '2025-12-29 00:56:09'),
('32', '32', '0', '0', '0', '0', NULL, '0', '0', '0', '0', '0', '1', '0', '0', '2025-12-31 00:13:23', '2025-12-31 00:13:23'),
('33', '33', '0', '0', '0', '0', NULL, '0', '0', '0', '0', '0', '1', '0', '0', '2026-01-22 10:24:08', '2026-01-22 10:24:08');


-- Table structure for table `recipes`
CREATE TABLE `recipes` (
  `id` bigint(20) unsigned NOT NULL AUTO_INCREMENT,
  `menu_item_id` bigint(20) unsigned DEFAULT NULL,
  `menu_item_variation_id` bigint(20) unsigned DEFAULT NULL,
  `modifier_option_id` bigint(20) unsigned DEFAULT NULL,
  `inventory_item_id` bigint(20) unsigned NOT NULL,
  `quantity` decimal(16,2) NOT NULL DEFAULT 0.00,
  `unit_id` bigint(20) unsigned NOT NULL,
  `created_at` timestamp NULL DEFAULT NULL,
  `updated_at` timestamp NULL DEFAULT NULL,
  PRIMARY KEY (`id`),
  KEY `recipes_menu_item_id_foreign` (`menu_item_id`),
  KEY `recipes_inventory_item_id_foreign` (`inventory_item_id`),
  KEY `recipes_unit_id_foreign` (`unit_id`),
  KEY `recipes_menu_item_variation_id_foreign` (`menu_item_variation_id`),
  KEY `recipes_modifier_option_id_foreign` (`modifier_option_id`),
  CONSTRAINT `recipes_inventory_item_id_foreign` FOREIGN KEY (`inventory_item_id`) REFERENCES `inventory_items` (`id`) ON DELETE CASCADE ON UPDATE CASCADE,
  CONSTRAINT `recipes_menu_item_id_foreign` FOREIGN KEY (`menu_item_id`) REFERENCES `menu_items` (`id`) ON DELETE CASCADE ON UPDATE CASCADE,
  CONSTRAINT `recipes_menu_item_variation_id_foreign` FOREIGN KEY (`menu_item_variation_id`) REFERENCES `menu_item_variations` (`id`) ON DELETE CASCADE ON UPDATE CASCADE,
  CONSTRAINT `recipes_modifier_option_id_foreign` FOREIGN KEY (`modifier_option_id`) REFERENCES `modifier_options` (`id`) ON DELETE CASCADE ON UPDATE CASCADE,
  CONSTRAINT `recipes_unit_id_foreign` FOREIGN KEY (`unit_id`) REFERENCES `units` (`id`) ON DELETE CASCADE ON UPDATE CASCADE
) ENGINE=InnoDB AUTO_INCREMENT=9 DEFAULT CHARSET=utf8mb4 COLLATE=utf8mb4_unicode_ci;

-- Dumping data for table `recipes`
INSERT INTO `recipes` VALUES
('3', '503', '1', NULL, '1', '1.00', '41', '2025-10-18 23:12:32', '2025-10-18 23:12:32'),
('4', '503', '1', NULL, '2', '5.00', '45', '2025-10-18 23:12:32', '2025-10-18 23:12:32'),
('5', '503', '2', NULL, '1', '2.00', '41', '2025-10-18 23:13:01', '2025-10-18 23:13:01'),
('6', '503', '2', NULL, '2', '7.00', '45', '2025-10-18 23:13:01', '2025-10-18 23:13:01'),
('7', '503', '3', NULL, '2', '15.00', '45', '2025-10-18 23:13:27', '2025-10-18 23:13:27'),
('8', '503', '3', NULL, '1', '3.00', '41', '2025-10-18 23:13:27', '2025-10-18 23:13:27');


-- Table structure for table `reservation_settings`
CREATE TABLE `reservation_settings` (
  `id` bigint(20) unsigned NOT NULL AUTO_INCREMENT,
  `branch_id` bigint(20) unsigned DEFAULT NULL,
  `day_of_week` enum('Monday','Tuesday','Wednesday','Thursday','Friday','Saturday','Sunday') NOT NULL,
  `time_slot_start` time NOT NULL,
  `time_slot_end` time NOT NULL,
  `time_slot_difference` int(11) NOT NULL,
  `slot_type` enum('Breakfast','Lunch','Dinner') NOT NULL,
  `available` tinyint(1) NOT NULL DEFAULT 1,
  `created_at` timestamp NULL DEFAULT NULL,
  `updated_at` timestamp NULL DEFAULT NULL,
  PRIMARY KEY (`id`),
  KEY `reservation_settings_branch_id_foreign` (`branch_id`),
  CONSTRAINT `reservation_settings_branch_id_foreign` FOREIGN KEY (`branch_id`) REFERENCES `branches` (`id`) ON DELETE CASCADE ON UPDATE CASCADE
) ENGINE=InnoDB AUTO_INCREMENT=736 DEFAULT CHARSET=utf8mb4 COLLATE=utf8mb4_unicode_ci;

-- Dumping data for table `reservation_settings`
INSERT INTO `reservation_settings` VALUES
('1', '1', 'Monday', '08:00:00', '11:00:00', '30', 'Breakfast', '1', '2025-09-17 11:06:44', '2025-09-17 11:06:44'),
('2', '1', 'Monday', '12:00:00', '17:00:00', '60', 'Lunch', '1', '2025-09-17 11:06:44', '2025-09-17 11:06:44'),
('3', '1', 'Monday', '18:00:00', '22:00:00', '60', 'Dinner', '1', '2025-09-17 11:06:44', '2025-09-17 11:06:44'),
('4', '1', 'Tuesday', '08:00:00', '11:00:00', '30', 'Breakfast', '1', '2025-09-17 11:06:44', '2025-09-17 11:06:44'),
('5', '1', 'Tuesday', '12:00:00', '17:00:00', '60', 'Lunch', '1', '2025-09-17 11:06:44', '2025-09-17 11:06:44'),
('6', '1', 'Tuesday', '18:00:00', '22:00:00', '60', 'Dinner', '1', '2025-09-17 11:06:44', '2025-09-17 11:06:44'),
('7', '1', 'Wednesday', '08:00:00', '11:00:00', '30', 'Breakfast', '1', '2025-09-17 11:06:44', '2025-09-17 11:06:44'),
('8', '1', 'Wednesday', '12:00:00', '17:00:00', '60', 'Lunch', '1', '2025-09-17 11:06:44', '2025-09-17 11:06:44'),
('9', '1', 'Wednesday', '18:00:00', '22:00:00', '60', 'Dinner', '1', '2025-09-17 11:06:44', '2025-09-17 11:06:44'),
('10', '1', 'Thursday', '08:00:00', '11:00:00', '30', 'Breakfast', '1', '2025-09-17 11:06:44', '2025-09-17 11:06:44'),
('11', '1', 'Thursday', '12:00:00', '17:00:00', '60', 'Lunch', '1', '2025-09-17 11:06:44', '2025-09-17 11:06:44'),
('12', '1', 'Thursday', '18:00:00', '22:00:00', '60', 'Dinner', '1', '2025-09-17 11:06:44', '2025-09-17 11:06:44'),
('13', '1', 'Friday', '08:00:00', '11:00:00', '30', 'Breakfast', '1', '2025-09-17 11:06:44', '2025-09-17 11:06:44'),
('14', '1', 'Friday', '12:00:00', '17:00:00', '60', 'Lunch', '1', '2025-09-17 11:06:44', '2025-09-17 11:06:44'),
('15', '1', 'Friday', '18:00:00', '22:00:00', '60', 'Dinner', '1', '2025-09-17 11:06:44', '2025-09-17 11:06:44'),
('16', '1', 'Saturday', '08:00:00', '11:00:00', '30', 'Breakfast', '1', '2025-09-17 11:06:44', '2025-09-17 11:06:44'),
('17', '1', 'Saturday', '12:00:00', '17:00:00', '60', 'Lunch', '1', '2025-09-17 11:06:44', '2025-09-17 11:06:44'),
('18', '1', 'Saturday', '18:00:00', '22:00:00', '60', 'Dinner', '1', '2025-09-17 11:06:44', '2025-09-17 11:06:44'),
('19', '1', 'Sunday', '08:00:00', '11:00:00', '30', 'Breakfast', '1', '2025-09-17 11:06:44', '2025-09-17 11:06:44'),
('20', '1', 'Sunday', '12:00:00', '17:00:00', '60', 'Lunch', '1', '2025-09-17 11:06:44', '2025-09-17 11:06:44'),
('21', '1', 'Sunday', '18:00:00', '22:00:00', '60', 'Dinner', '1', '2025-09-17 11:06:44', '2025-09-17 11:06:44'),
('22', '2', 'Monday', '08:00:00', '11:00:00', '30', 'Breakfast', '1', '2025-09-17 11:06:44', '2025-09-17 11:06:44'),
('23', '2', 'Monday', '12:00:00', '17:00:00', '60', 'Lunch', '1', '2025-09-17 11:06:44', '2025-09-17 11:06:44'),
('24', '2', 'Monday', '18:00:00', '22:00:00', '60', 'Dinner', '1', '2025-09-17 11:06:44', '2025-09-17 11:06:44'),
('25', '2', 'Tuesday', '08:00:00', '11:00:00', '30', 'Breakfast', '1', '2025-09-17 11:06:44', '2025-09-17 11:06:44'),
('26', '2', 'Tuesday', '12:00:00', '17:00:00', '60', 'Lunch', '1', '2025-09-17 11:06:44', '2025-09-17 11:06:44'),
('27', '2', 'Tuesday', '18:00:00', '22:00:00', '60', 'Dinner', '1', '2025-09-17 11:06:44', '2025-09-17 11:06:44'),
('28', '2', 'Wednesday', '08:00:00', '11:00:00', '30', 'Breakfast', '1', '2025-09-17 11:06:44', '2025-09-17 11:06:44'),
('29', '2', 'Wednesday', '12:00:00', '17:00:00', '60', 'Lunch', '1', '2025-09-17 11:06:44', '2025-09-17 11:06:44'),
('30', '2', 'Wednesday', '18:00:00', '22:00:00', '60', 'Dinner', '1', '2025-09-17 11:06:44', '2025-09-17 11:06:44'),
('31', '2', 'Thursday', '08:00:00', '11:00:00', '30', 'Breakfast', '1', '2025-09-17 11:06:44', '2025-09-17 11:06:44'),
('32', '2', 'Thursday', '12:00:00', '17:00:00', '60', 'Lunch', '1', '2025-09-17 11:06:44', '2025-09-17 11:06:44'),
('33', '2', 'Thursday', '18:00:00', '22:00:00', '60', 'Dinner', '1', '2025-09-17 11:06:44', '2025-09-17 11:06:44'),
('34', '2', 'Friday', '08:00:00', '11:00:00', '30', 'Breakfast', '1', '2025-09-17 11:06:44', '2025-09-17 11:06:44'),
('35', '2', 'Friday', '12:00:00', '17:00:00', '60', 'Lunch', '1', '2025-09-17 11:06:44', '2025-09-17 11:06:44'),
('36', '2', 'Friday', '18:00:00', '22:00:00', '60', 'Dinner', '1', '2025-09-17 11:06:44', '2025-09-17 11:06:44'),
('37', '2', 'Saturday', '08:00:00', '11:00:00', '30', 'Breakfast', '1', '2025-09-17 11:06:44', '2025-09-17 11:06:44'),
('38', '2', 'Saturday', '12:00:00', '17:00:00', '60', 'Lunch', '1', '2025-09-17 11:06:44', '2025-09-17 11:06:44'),
('39', '2', 'Saturday', '18:00:00', '22:00:00', '60', 'Dinner', '1', '2025-09-17 11:06:44', '2025-09-17 11:06:44'),
('40', '2', 'Sunday', '08:00:00', '11:00:00', '30', 'Breakfast', '1', '2025-09-17 11:06:44', '2025-09-17 11:06:44'),
('41', '2', 'Sunday', '12:00:00', '17:00:00', '60', 'Lunch', '1', '2025-09-17 11:06:44', '2025-09-17 11:06:44'),
('42', '2', 'Sunday', '18:00:00', '22:00:00', '60', 'Dinner', '1', '2025-09-17 11:06:44', '2025-09-17 11:06:44'),
('43', '1', 'Monday', '08:00:00', '11:00:00', '30', 'Breakfast', '1', '2025-09-17 11:06:44', '2025-09-17 11:06:44'),
('44', '1', 'Monday', '12:00:00', '17:00:00', '60', 'Lunch', '1', '2025-09-17 11:06:44', '2025-09-17 11:06:44'),
('45', '1', 'Monday', '18:00:00', '22:00:00', '60', 'Dinner', '1', '2025-09-17 11:06:44', '2025-09-17 11:06:44'),
('46', '1', 'Tuesday', '08:00:00', '11:00:00', '30', 'Breakfast', '1', '2025-09-17 11:06:44', '2025-09-17 11:06:44'),
('47', '1', 'Tuesday', '12:00:00', '17:00:00', '60', 'Lunch', '1', '2025-09-17 11:06:44', '2025-09-17 11:06:44'),
('48', '1', 'Tuesday', '18:00:00', '22:00:00', '60', 'Dinner', '1', '2025-09-17 11:06:44', '2025-09-17 11:06:44'),
('49', '1', 'Wednesday', '08:00:00', '11:00:00', '30', 'Breakfast', '1', '2025-09-17 11:06:44', '2025-09-17 11:06:44'),
('50', '1', 'Wednesday', '12:00:00', '17:00:00', '60', 'Lunch', '1', '2025-09-17 11:06:44', '2025-09-17 11:06:44'),
('51', '1', 'Wednesday', '18:00:00', '22:00:00', '60', 'Dinner', '1', '2025-09-17 11:06:44', '2025-09-17 11:06:44'),
('52', '1', 'Thursday', '08:00:00', '11:00:00', '30', 'Breakfast', '1', '2025-09-17 11:06:44', '2025-09-17 11:06:44'),
('53', '1', 'Thursday', '12:00:00', '17:00:00', '60', 'Lunch', '1', '2025-09-17 11:06:44', '2025-09-17 11:06:44'),
('54', '1', 'Thursday', '18:00:00', '22:00:00', '60', 'Dinner', '1', '2025-09-17 11:06:44', '2025-09-17 11:06:44'),
('55', '1', 'Friday', '08:00:00', '11:00:00', '30', 'Breakfast', '1', '2025-09-17 11:06:44', '2025-09-17 11:06:44'),
('56', '1', 'Friday', '12:00:00', '17:00:00', '60', 'Lunch', '1', '2025-09-17 11:06:44', '2025-09-17 11:06:44'),
('57', '1', 'Friday', '18:00:00', '22:00:00', '60', 'Dinner', '1', '2025-09-17 11:06:44', '2025-09-17 11:06:44'),
('58', '1', 'Saturday', '08:00:00', '11:00:00', '30', 'Breakfast', '1', '2025-09-17 11:06:44', '2025-09-17 11:06:44'),
('59', '1', 'Saturday', '12:00:00', '17:00:00', '60', 'Lunch', '1', '2025-09-17 11:06:44', '2025-09-17 11:06:44'),
('60', '1', 'Saturday', '18:00:00', '22:00:00', '60', 'Dinner', '1', '2025-09-17 11:06:44', '2025-09-17 11:06:44'),
('61', '1', 'Sunday', '08:00:00', '11:00:00', '30', 'Breakfast', '1', '2025-09-17 11:06:44', '2025-09-17 11:06:44'),
('62', '1', 'Sunday', '12:00:00', '17:00:00', '60', 'Lunch', '1', '2025-09-17 11:06:44', '2025-09-17 11:06:44'),
('63', '1', 'Sunday', '18:00:00', '22:00:00', '60', 'Dinner', '1', '2025-09-17 11:06:44', '2025-09-17 11:06:44'),
('64', '3', 'Monday', '08:00:00', '11:00:00', '30', 'Breakfast', '1', '2025-09-17 15:32:45', '2025-09-17 15:32:45'),
('65', '3', 'Monday', '12:00:00', '17:00:00', '60', 'Lunch', '1', '2025-09-17 15:32:45', '2025-09-17 15:32:45'),
('66', '3', 'Monday', '18:00:00', '22:00:00', '60', 'Dinner', '1', '2025-09-17 15:32:45', '2025-09-17 15:32:45'),
('67', '3', 'Tuesday', '08:00:00', '11:00:00', '30', 'Breakfast', '1', '2025-09-17 15:32:45', '2025-09-17 15:32:45'),
('68', '3', 'Tuesday', '12:00:00', '17:00:00', '60', 'Lunch', '1', '2025-09-17 15:32:45', '2025-09-17 15:32:45'),
('69', '3', 'Tuesday', '18:00:00', '22:00:00', '60', 'Dinner', '1', '2025-09-17 15:32:45', '2025-09-17 15:32:45'),
('70', '3', 'Wednesday', '08:00:00', '11:00:00', '30', 'Breakfast', '1', '2025-09-17 15:32:45', '2025-09-17 15:32:45'),
('71', '3', 'Wednesday', '12:00:00', '17:00:00', '60', 'Lunch', '1', '2025-09-17 15:32:45', '2025-09-17 15:32:45'),
('72', '3', 'Wednesday', '18:00:00', '22:00:00', '60', 'Dinner', '1', '2025-09-17 15:32:45', '2025-09-17 15:32:45'),
('73', '3', 'Thursday', '08:00:00', '11:00:00', '30', 'Breakfast', '1', '2025-09-17 15:32:45', '2025-09-17 15:32:45'),
('74', '3', 'Thursday', '12:00:00', '17:00:00', '60', 'Lunch', '1', '2025-09-17 15:32:45', '2025-09-17 15:32:45'),
('75', '3', 'Thursday', '18:00:00', '22:00:00', '60', 'Dinner', '1', '2025-09-17 15:32:45', '2025-09-17 15:32:45'),
('76', '3', 'Friday', '08:00:00', '11:00:00', '30', 'Breakfast', '1', '2025-09-17 15:32:45', '2025-09-17 15:32:45'),
('77', '3', 'Friday', '12:00:00', '17:00:00', '60', 'Lunch', '1', '2025-09-17 15:32:45', '2025-09-17 15:32:45'),
('78', '3', 'Friday', '18:00:00', '22:00:00', '60', 'Dinner', '1', '2025-09-17 15:32:45', '2025-09-17 15:32:45'),
('79', '3', 'Saturday', '08:00:00', '11:00:00', '30', 'Breakfast', '1', '2025-09-17 15:32:45', '2025-09-17 15:32:45'),
('80', '3', 'Saturday', '12:00:00', '17:00:00', '60', 'Lunch', '1', '2025-09-17 15:32:45', '2025-09-17 15:32:45'),
('81', '3', 'Saturday', '18:00:00', '22:00:00', '60', 'Dinner', '1', '2025-09-17 15:32:45', '2025-09-17 15:32:45'),
('82', '3', 'Sunday', '08:00:00', '11:00:00', '30', 'Breakfast', '1', '2025-09-17 15:32:45', '2025-09-17 15:32:45'),
('83', '3', 'Sunday', '12:00:00', '17:00:00', '60', 'Lunch', '1', '2025-09-17 15:32:45', '2025-09-17 15:32:45'),
('84', '3', 'Sunday', '18:00:00', '22:00:00', '60', 'Dinner', '1', '2025-09-17 15:32:45', '2025-09-17 15:32:45'),
('85', '4', 'Monday', '08:00:00', '11:00:00', '30', 'Breakfast', '1', '2025-09-20 18:26:44', '2025-09-20 18:26:44'),
('86', '4', 'Monday', '12:00:00', '17:00:00', '60', 'Lunch', '1', '2025-09-20 18:26:44', '2025-09-20 18:26:44'),
('87', '4', 'Monday', '18:00:00', '22:00:00', '60', 'Dinner', '1', '2025-09-20 18:26:44', '2025-09-20 18:26:44'),
('88', '4', 'Tuesday', '08:00:00', '11:00:00', '30', 'Breakfast', '1', '2025-09-20 18:26:44', '2025-09-20 18:26:44'),
('89', '4', 'Tuesday', '12:00:00', '17:00:00', '60', 'Lunch', '1', '2025-09-20 18:26:44', '2025-09-20 18:26:44'),
('90', '4', 'Tuesday', '18:00:00', '22:00:00', '60', 'Dinner', '1', '2025-09-20 18:26:44', '2025-09-20 18:26:44'),
('91', '4', 'Wednesday', '08:00:00', '11:00:00', '30', 'Breakfast', '1', '2025-09-20 18:26:44', '2025-09-20 18:26:44'),
('92', '4', 'Wednesday', '12:00:00', '17:00:00', '60', 'Lunch', '1', '2025-09-20 18:26:44', '2025-09-20 18:26:44'),
('93', '4', 'Wednesday', '18:00:00', '22:00:00', '60', 'Dinner', '1', '2025-09-20 18:26:44', '2025-09-20 18:26:44'),
('94', '4', 'Thursday', '08:00:00', '11:00:00', '30', 'Breakfast', '1', '2025-09-20 18:26:44', '2025-09-20 18:26:44'),
('95', '4', 'Thursday', '12:00:00', '17:00:00', '60', 'Lunch', '1', '2025-09-20 18:26:44', '2025-09-20 18:26:44'),
('96', '4', 'Thursday', '18:00:00', '22:00:00', '60', 'Dinner', '1', '2025-09-20 18:26:44', '2025-09-20 18:26:44'),
('97', '4', 'Friday', '08:00:00', '11:00:00', '30', 'Breakfast', '1', '2025-09-20 18:26:44', '2025-09-20 18:26:44'),
('98', '4', 'Friday', '12:00:00', '17:00:00', '60', 'Lunch', '1', '2025-09-20 18:26:44', '2025-09-20 18:26:44'),
('99', '4', 'Friday', '18:00:00', '22:00:00', '60', 'Dinner', '1', '2025-09-20 18:26:44', '2025-09-20 18:26:44'),
('100', '4', 'Saturday', '08:00:00', '11:00:00', '30', 'Breakfast', '1', '2025-09-20 18:26:44', '2025-09-20 18:26:44'),
('101', '4', 'Saturday', '12:00:00', '17:00:00', '60', 'Lunch', '1', '2025-09-20 18:26:44', '2025-09-20 18:26:44'),
('102', '4', 'Saturday', '18:00:00', '22:00:00', '60', 'Dinner', '1', '2025-09-20 18:26:44', '2025-09-20 18:26:44'),
('103', '4', 'Sunday', '08:00:00', '11:00:00', '30', 'Breakfast', '1', '2025-09-20 18:26:44', '2025-09-20 18:26:44'),
('104', '4', 'Sunday', '12:00:00', '17:00:00', '60', 'Lunch', '1', '2025-09-20 18:26:44', '2025-09-20 18:26:44'),
('105', '4', 'Sunday', '18:00:00', '22:00:00', '60', 'Dinner', '1', '2025-09-20 18:26:44', '2025-09-20 18:26:44'),
('106', '5', 'Monday', '08:00:00', '11:00:00', '30', 'Breakfast', '1', '2025-10-07 20:30:09', '2025-10-07 20:30:09'),
('107', '5', 'Monday', '12:00:00', '17:00:00', '60', 'Lunch', '1', '2025-10-07 20:30:09', '2025-10-07 20:30:09'),
('108', '5', 'Monday', '18:00:00', '22:00:00', '60', 'Dinner', '1', '2025-10-07 20:30:09', '2025-10-07 20:30:09'),
('109', '5', 'Tuesday', '08:00:00', '11:00:00', '30', 'Breakfast', '1', '2025-10-07 20:30:09', '2025-10-07 20:30:09'),
('110', '5', 'Tuesday', '12:00:00', '17:00:00', '60', 'Lunch', '1', '2025-10-07 20:30:09', '2025-10-07 20:30:09'),
('111', '5', 'Tuesday', '18:00:00', '22:00:00', '60', 'Dinner', '1', '2025-10-07 20:30:09', '2025-10-07 20:30:09'),
('112', '5', 'Wednesday', '08:00:00', '11:00:00', '30', 'Breakfast', '1', '2025-10-07 20:30:09', '2025-10-07 20:30:09'),
('113', '5', 'Wednesday', '12:00:00', '17:00:00', '60', 'Lunch', '1', '2025-10-07 20:30:09', '2025-10-07 20:30:09'),
('114', '5', 'Wednesday', '18:00:00', '22:00:00', '60', 'Dinner', '1', '2025-10-07 20:30:09', '2025-10-07 20:30:09'),
('115', '5', 'Thursday', '08:00:00', '11:00:00', '30', 'Breakfast', '1', '2025-10-07 20:30:09', '2025-10-07 20:30:09'),
('116', '5', 'Thursday', '12:00:00', '17:00:00', '60', 'Lunch', '1', '2025-10-07 20:30:09', '2025-10-07 20:30:09'),
('117', '5', 'Thursday', '18:00:00', '22:00:00', '60', 'Dinner', '1', '2025-10-07 20:30:09', '2025-10-07 20:30:09'),
('118', '5', 'Friday', '08:00:00', '11:00:00', '30', 'Breakfast', '1', '2025-10-07 20:30:09', '2025-10-07 20:30:09'),
('119', '5', 'Friday', '12:00:00', '17:00:00', '60', 'Lunch', '1', '2025-10-07 20:30:09', '2025-10-07 20:30:09'),
('120', '5', 'Friday', '18:00:00', '22:00:00', '60', 'Dinner', '1', '2025-10-07 20:30:09', '2025-10-07 20:30:09'),
('121', '5', 'Saturday', '08:00:00', '11:00:00', '30', 'Breakfast', '1', '2025-10-07 20:30:09', '2025-10-07 20:30:09'),
('122', '5', 'Saturday', '12:00:00', '17:00:00', '60', 'Lunch', '1', '2025-10-07 20:30:09', '2025-10-07 20:30:09'),
('123', '5', 'Saturday', '18:00:00', '22:00:00', '60', 'Dinner', '1', '2025-10-07 20:30:09', '2025-10-07 20:30:09'),
('124', '5', 'Sunday', '08:00:00', '11:00:00', '30', 'Breakfast', '1', '2025-10-07 20:30:09', '2025-10-07 20:30:09'),
('125', '5', 'Sunday', '12:00:00', '17:00:00', '60', 'Lunch', '1', '2025-10-07 20:30:09', '2025-10-07 20:30:09'),
('126', '5', 'Sunday', '18:00:00', '22:00:00', '60', 'Dinner', '1', '2025-10-07 20:30:09', '2025-10-07 20:30:09'),
('568', '27', 'Monday', '08:00:00', '11:00:00', '30', 'Breakfast', '1', '2025-11-07 22:53:03', '2025-11-07 22:53:03'),
('569', '27', 'Monday', '12:00:00', '17:00:00', '60', 'Lunch', '1', '2025-11-07 22:53:03', '2025-11-07 22:53:03'),
('570', '27', 'Monday', '18:00:00', '22:00:00', '60', 'Dinner', '1', '2025-11-07 22:53:03', '2025-11-07 22:53:03'),
('571', '27', 'Tuesday', '08:00:00', '11:00:00', '30', 'Breakfast', '1', '2025-11-07 22:53:03', '2025-11-07 22:53:03'),
('572', '27', 'Tuesday', '12:00:00', '17:00:00', '60', 'Lunch', '1', '2025-11-07 22:53:03', '2025-11-07 22:53:03'),
('573', '27', 'Tuesday', '18:00:00', '22:00:00', '60', 'Dinner', '1', '2025-11-07 22:53:03', '2025-11-07 22:53:03'),
('574', '27', 'Wednesday', '08:00:00', '11:00:00', '30', 'Breakfast', '1', '2025-11-07 22:53:03', '2025-11-07 22:53:03'),
('575', '27', 'Wednesday', '12:00:00', '17:00:00', '60', 'Lunch', '1', '2025-11-07 22:53:03', '2025-11-07 22:53:03'),
('576', '27', 'Wednesday', '18:00:00', '22:00:00', '60', 'Dinner', '1', '2025-11-07 22:53:03', '2025-11-07 22:53:03'),
('577', '27', 'Thursday', '08:00:00', '11:00:00', '30', 'Breakfast', '1', '2025-11-07 22:53:03', '2025-11-07 22:53:03'),
('578', '27', 'Thursday', '12:00:00', '17:00:00', '60', 'Lunch', '1', '2025-11-07 22:53:03', '2025-11-07 22:53:03'),
('579', '27', 'Thursday', '18:00:00', '22:00:00', '60', 'Dinner', '1', '2025-11-07 22:53:03', '2025-11-07 22:53:03'),
('580', '27', 'Friday', '08:00:00', '11:00:00', '30', 'Breakfast', '1', '2025-11-07 22:53:03', '2025-11-07 22:53:03'),
('581', '27', 'Friday', '12:00:00', '17:00:00', '60', 'Lunch', '1', '2025-11-07 22:53:03', '2025-11-07 22:53:03'),
('582', '27', 'Friday', '18:00:00', '22:00:00', '60', 'Dinner', '1', '2025-11-07 22:53:03', '2025-11-07 22:53:03'),
('583', '27', 'Saturday', '08:00:00', '11:00:00', '30', 'Breakfast', '1', '2025-11-07 22:53:03', '2025-11-07 22:53:03'),
('584', '27', 'Saturday', '12:00:00', '17:00:00', '60', 'Lunch', '1', '2025-11-07 22:53:03', '2025-11-07 22:53:03'),
('585', '27', 'Saturday', '18:00:00', '22:00:00', '60', 'Dinner', '1', '2025-11-07 22:53:03', '2025-11-07 22:53:03'),
('586', '27', 'Sunday', '08:00:00', '11:00:00', '30', 'Breakfast', '1', '2025-11-07 22:53:03', '2025-11-07 22:53:03'),
('587', '27', 'Sunday', '12:00:00', '17:00:00', '60', 'Lunch', '1', '2025-11-07 22:53:03', '2025-11-07 22:53:03'),
('588', '27', 'Sunday', '18:00:00', '22:00:00', '60', 'Dinner', '1', '2025-11-07 22:53:03', '2025-11-07 22:53:03'),
('589', '28', 'Monday', '08:00:00', '11:00:00', '30', 'Breakfast', '1', '2025-11-08 16:02:27', '2025-11-08 16:02:27'),
('590', '28', 'Monday', '12:00:00', '17:00:00', '60', 'Lunch', '1', '2025-11-08 16:02:27', '2025-11-08 16:02:27'),
('591', '28', 'Monday', '18:00:00', '22:00:00', '60', 'Dinner', '1', '2025-11-08 16:02:27', '2025-11-08 16:02:27'),
('592', '28', 'Tuesday', '08:00:00', '11:00:00', '30', 'Breakfast', '1', '2025-11-08 16:02:27', '2025-11-08 16:02:27'),
('593', '28', 'Tuesday', '12:00:00', '17:00:00', '60', 'Lunch', '1', '2025-11-08 16:02:27', '2025-11-08 16:02:27'),
('594', '28', 'Tuesday', '18:00:00', '22:00:00', '60', 'Dinner', '1', '2025-11-08 16:02:27', '2025-11-08 16:02:27'),
('595', '28', 'Wednesday', '08:00:00', '11:00:00', '30', 'Breakfast', '1', '2025-11-08 16:02:27', '2025-11-08 16:02:27'),
('596', '28', 'Wednesday', '12:00:00', '17:00:00', '60', 'Lunch', '1', '2025-11-08 16:02:27', '2025-11-08 16:02:27'),
('597', '28', 'Wednesday', '18:00:00', '22:00:00', '60', 'Dinner', '1', '2025-11-08 16:02:27', '2025-11-08 16:02:27'),
('598', '28', 'Thursday', '08:00:00', '11:00:00', '30', 'Breakfast', '1', '2025-11-08 16:02:27', '2025-11-08 16:02:27'),
('599', '28', 'Thursday', '12:00:00', '17:00:00', '60', 'Lunch', '1', '2025-11-08 16:02:27', '2025-11-08 16:02:27'),
('600', '28', 'Thursday', '18:00:00', '22:00:00', '60', 'Dinner', '1', '2025-11-08 16:02:27', '2025-11-08 16:02:27'),
('601', '28', 'Friday', '08:00:00', '11:00:00', '30', 'Breakfast', '1', '2025-11-08 16:02:27', '2025-11-08 16:02:27'),
('602', '28', 'Friday', '12:00:00', '17:00:00', '60', 'Lunch', '1', '2025-11-08 16:02:27', '2025-11-08 16:02:27'),
('603', '28', 'Friday', '18:00:00', '22:00:00', '60', 'Dinner', '1', '2025-11-08 16:02:27', '2025-11-08 16:02:27'),
('604', '28', 'Saturday', '08:00:00', '11:00:00', '30', 'Breakfast', '1', '2025-11-08 16:02:27', '2025-11-08 16:02:27'),
('605', '28', 'Saturday', '12:00:00', '17:00:00', '60', 'Lunch', '1', '2025-11-08 16:02:27', '2025-11-08 16:02:27'),
('606', '28', 'Saturday', '18:00:00', '22:00:00', '60', 'Dinner', '1', '2025-11-08 16:02:27', '2025-11-08 16:02:27'),
('607', '28', 'Sunday', '08:00:00', '11:00:00', '30', 'Breakfast', '1', '2025-11-08 16:02:27', '2025-11-08 16:02:27'),
('608', '28', 'Sunday', '12:00:00', '17:00:00', '60', 'Lunch', '1', '2025-11-08 16:02:27', '2025-11-08 16:02:27'),
('609', '28', 'Sunday', '18:00:00', '22:00:00', '60', 'Dinner', '1', '2025-11-08 16:02:27', '2025-11-08 16:02:27'),
('610', '29', 'Monday', '08:00:00', '11:00:00', '30', 'Breakfast', '1', '2025-11-12 19:45:51', '2025-11-12 19:45:51'),
('611', '29', 'Monday', '12:00:00', '17:00:00', '60', 'Lunch', '1', '2025-11-12 19:45:51', '2025-11-12 19:45:51'),
('612', '29', 'Monday', '18:00:00', '22:00:00', '60', 'Dinner', '1', '2025-11-12 19:45:51', '2025-11-12 19:45:51'),
('613', '29', 'Tuesday', '08:00:00', '11:00:00', '30', 'Breakfast', '1', '2025-11-12 19:45:51', '2025-11-12 19:45:51'),
('614', '29', 'Tuesday', '12:00:00', '17:00:00', '60', 'Lunch', '1', '2025-11-12 19:45:51', '2025-11-12 19:45:51'),
('615', '29', 'Tuesday', '18:00:00', '22:00:00', '60', 'Dinner', '1', '2025-11-12 19:45:51', '2025-11-12 19:45:51'),
('616', '29', 'Wednesday', '08:00:00', '11:00:00', '30', 'Breakfast', '1', '2025-11-12 19:45:51', '2025-11-12 19:45:51'),
('617', '29', 'Wednesday', '12:00:00', '17:00:00', '60', 'Lunch', '1', '2025-11-12 19:45:51', '2025-11-12 19:45:51'),
('618', '29', 'Wednesday', '18:00:00', '22:00:00', '60', 'Dinner', '1', '2025-11-12 19:45:51', '2025-11-12 19:45:51'),
('619', '29', 'Thursday', '08:00:00', '11:00:00', '30', 'Breakfast', '1', '2025-11-12 19:45:51', '2025-11-12 19:45:51'),
('620', '29', 'Thursday', '12:00:00', '17:00:00', '60', 'Lunch', '1', '2025-11-12 19:45:51', '2025-11-12 19:45:51'),
('621', '29', 'Thursday', '18:00:00', '22:00:00', '60', 'Dinner', '1', '2025-11-12 19:45:51', '2025-11-12 19:45:51'),
('622', '29', 'Friday', '08:00:00', '11:00:00', '30', 'Breakfast', '1', '2025-11-12 19:45:51', '2025-11-12 19:45:51'),
('623', '29', 'Friday', '12:00:00', '17:00:00', '60', 'Lunch', '1', '2025-11-12 19:45:51', '2025-11-12 19:45:51'),
('624', '29', 'Friday', '18:00:00', '22:00:00', '60', 'Dinner', '1', '2025-11-12 19:45:51', '2025-11-12 19:45:51'),
('625', '29', 'Saturday', '08:00:00', '11:00:00', '30', 'Breakfast', '1', '2025-11-12 19:45:51', '2025-11-12 19:45:51'),
('626', '29', 'Saturday', '12:00:00', '17:00:00', '60', 'Lunch', '1', '2025-11-12 19:45:51', '2025-11-12 19:45:51'),
('627', '29', 'Saturday', '18:00:00', '22:00:00', '60', 'Dinner', '1', '2025-11-12 19:45:51', '2025-11-12 19:45:51'),
('628', '29', 'Sunday', '08:00:00', '11:00:00', '30', 'Breakfast', '1', '2025-11-12 19:45:51', '2025-11-12 19:45:51'),
('629', '29', 'Sunday', '12:00:00', '17:00:00', '60', 'Lunch', '1', '2025-11-12 19:45:51', '2025-11-12 19:45:51'),
('630', '29', 'Sunday', '18:00:00', '22:00:00', '60', 'Dinner', '1', '2025-11-12 19:45:51', '2025-11-12 19:45:51'),
('631', '30', 'Monday', '08:00:00', '11:00:00', '30', 'Breakfast', '1', '2025-11-13 21:11:44', '2025-11-13 21:11:44'),
('632', '30', 'Monday', '12:00:00', '17:00:00', '60', 'Lunch', '1', '2025-11-13 21:11:44', '2025-11-13 21:11:44'),
('633', '30', 'Monday', '18:00:00', '22:00:00', '60', 'Dinner', '1', '2025-11-13 21:11:44', '2025-11-13 21:11:44'),
('634', '30', 'Tuesday', '08:00:00', '11:00:00', '30', 'Breakfast', '1', '2025-11-13 21:11:44', '2025-11-13 21:11:44'),
('635', '30', 'Tuesday', '12:00:00', '17:00:00', '60', 'Lunch', '1', '2025-11-13 21:11:44', '2025-11-13 21:11:44'),
('636', '30', 'Tuesday', '18:00:00', '22:00:00', '60', 'Dinner', '1', '2025-11-13 21:11:44', '2025-11-13 21:11:44'),
('637', '30', 'Wednesday', '08:00:00', '11:00:00', '30', 'Breakfast', '1', '2025-11-13 21:11:44', '2025-11-13 21:11:44'),
('638', '30', 'Wednesday', '12:00:00', '17:00:00', '60', 'Lunch', '1', '2025-11-13 21:11:44', '2025-11-13 21:11:44'),
('639', '30', 'Wednesday', '18:00:00', '22:00:00', '60', 'Dinner', '1', '2025-11-13 21:11:44', '2025-11-13 21:11:44'),
('640', '30', 'Thursday', '08:00:00', '11:00:00', '30', 'Breakfast', '1', '2025-11-13 21:11:44', '2025-11-13 21:11:44'),
('641', '30', 'Thursday', '12:00:00', '17:00:00', '60', 'Lunch', '1', '2025-11-13 21:11:44', '2025-11-13 21:11:44'),
('642', '30', 'Thursday', '18:00:00', '22:00:00', '60', 'Dinner', '1', '2025-11-13 21:11:44', '2025-11-13 21:11:44'),
('643', '30', 'Friday', '08:00:00', '11:00:00', '30', 'Breakfast', '1', '2025-11-13 21:11:44', '2025-11-13 21:11:44'),
('644', '30', 'Friday', '12:00:00', '17:00:00', '60', 'Lunch', '1', '2025-11-13 21:11:44', '2025-11-13 21:11:44'),
('645', '30', 'Friday', '18:00:00', '22:00:00', '60', 'Dinner', '1', '2025-11-13 21:11:44', '2025-11-13 21:11:44'),
('646', '30', 'Saturday', '08:00:00', '11:00:00', '30', 'Breakfast', '1', '2025-11-13 21:11:44', '2025-11-13 21:11:44'),
('647', '30', 'Saturday', '12:00:00', '17:00:00', '60', 'Lunch', '1', '2025-11-13 21:11:44', '2025-11-13 21:11:44'),
('648', '30', 'Saturday', '18:00:00', '22:00:00', '60', 'Dinner', '1', '2025-11-13 21:11:44', '2025-11-13 21:11:44'),
('649', '30', 'Sunday', '08:00:00', '11:00:00', '30', 'Breakfast', '1', '2025-11-13 21:11:44', '2025-11-13 21:11:44'),
('650', '30', 'Sunday', '12:00:00', '17:00:00', '60', 'Lunch', '1', '2025-11-13 21:11:44', '2025-11-13 21:11:44'),
('651', '30', 'Sunday', '18:00:00', '22:00:00', '60', 'Dinner', '1', '2025-11-13 21:11:44', '2025-11-13 21:11:44'),
('652', '31', 'Monday', '08:00:00', '11:00:00', '30', 'Breakfast', '1', '2025-11-15 13:16:25', '2025-11-15 13:16:25'),
('653', '31', 'Monday', '12:00:00', '17:00:00', '60', 'Lunch', '1', '2025-11-15 13:16:25', '2025-11-15 13:16:25'),
('654', '31', 'Monday', '18:00:00', '22:00:00', '60', 'Dinner', '1', '2025-11-15 13:16:25', '2025-11-15 13:16:25'),
('655', '31', 'Tuesday', '08:00:00', '11:00:00', '30', 'Breakfast', '1', '2025-11-15 13:16:25', '2025-11-15 13:16:25'),
('656', '31', 'Tuesday', '12:00:00', '17:00:00', '60', 'Lunch', '1', '2025-11-15 13:16:25', '2025-11-15 13:16:25'),
('657', '31', 'Tuesday', '18:00:00', '22:00:00', '60', 'Dinner', '1', '2025-11-15 13:16:25', '2025-11-15 13:16:25'),
('658', '31', 'Wednesday', '08:00:00', '11:00:00', '30', 'Breakfast', '1', '2025-11-15 13:16:25', '2025-11-15 13:16:25'),
('659', '31', 'Wednesday', '12:00:00', '17:00:00', '60', 'Lunch', '1', '2025-11-15 13:16:25', '2025-11-15 13:16:25'),
('660', '31', 'Wednesday', '18:00:00', '22:00:00', '60', 'Dinner', '1', '2025-11-15 13:16:25', '2025-11-15 13:16:25'),
('661', '31', 'Thursday', '08:00:00', '11:00:00', '30', 'Breakfast', '1', '2025-11-15 13:16:25', '2025-11-15 13:16:25'),
('662', '31', 'Thursday', '12:00:00', '17:00:00', '60', 'Lunch', '1', '2025-11-15 13:16:25', '2025-11-15 13:16:25'),
('663', '31', 'Thursday', '18:00:00', '22:00:00', '60', 'Dinner', '1', '2025-11-15 13:16:25', '2025-11-15 13:16:25'),
('664', '31', 'Friday', '08:00:00', '11:00:00', '30', 'Breakfast', '1', '2025-11-15 13:16:25', '2025-11-15 13:16:25'),
('665', '31', 'Friday', '12:00:00', '17:00:00', '60', 'Lunch', '1', '2025-11-15 13:16:25', '2025-11-15 13:16:25'),
('666', '31', 'Friday', '18:00:00', '22:00:00', '60', 'Dinner', '1', '2025-11-15 13:16:25', '2025-11-15 13:16:25'),
('667', '31', 'Saturday', '08:00:00', '11:00:00', '30', 'Breakfast', '1', '2025-11-15 13:16:25', '2025-11-15 13:16:25'),
('668', '31', 'Saturday', '12:00:00', '17:00:00', '60', 'Lunch', '1', '2025-11-15 13:16:25', '2025-11-15 13:16:25'),
('669', '31', 'Saturday', '18:00:00', '22:00:00', '60', 'Dinner', '1', '2025-11-15 13:16:25', '2025-11-15 13:16:25'),
('670', '31', 'Sunday', '08:00:00', '11:00:00', '30', 'Breakfast', '1', '2025-11-15 13:16:25', '2025-11-15 13:16:25'),
('671', '31', 'Sunday', '12:00:00', '17:00:00', '60', 'Lunch', '1', '2025-11-15 13:16:25', '2025-11-15 13:16:25'),
('672', '31', 'Sunday', '18:00:00', '22:00:00', '60', 'Dinner', '1', '2025-11-15 13:16:25', '2025-11-15 13:16:25'),
('673', '32', 'Monday', '08:00:00', '11:00:00', '30', 'Breakfast', '1', '2025-12-29 00:56:10', '2025-12-29 00:56:10'),
('674', '32', 'Monday', '12:00:00', '17:00:00', '60', 'Lunch', '1', '2025-12-29 00:56:10', '2025-12-29 00:56:10'),
('675', '32', 'Monday', '18:00:00', '22:00:00', '60', 'Dinner', '1', '2025-12-29 00:56:10', '2025-12-29 00:56:10'),
('676', '32', 'Tuesday', '08:00:00', '11:00:00', '30', 'Breakfast', '1', '2025-12-29 00:56:10', '2025-12-29 00:56:10'),
('677', '32', 'Tuesday', '12:00:00', '17:00:00', '60', 'Lunch', '1', '2025-12-29 00:56:10', '2025-12-29 00:56:10'),
('678', '32', 'Tuesday', '18:00:00', '22:00:00', '60', 'Dinner', '1', '2025-12-29 00:56:10', '2025-12-29 00:56:10'),
('679', '32', 'Wednesday', '08:00:00', '11:00:00', '30', 'Breakfast', '1', '2025-12-29 00:56:10', '2025-12-29 00:56:10'),
('680', '32', 'Wednesday', '12:00:00', '17:00:00', '60', 'Lunch', '1', '2025-12-29 00:56:10', '2025-12-29 00:56:10'),
('681', '32', 'Wednesday', '18:00:00', '22:00:00', '60', 'Dinner', '1', '2025-12-29 00:56:10', '2025-12-29 00:56:10'),
('682', '32', 'Thursday', '08:00:00', '11:00:00', '30', 'Breakfast', '1', '2025-12-29 00:56:10', '2025-12-29 00:56:10'),
('683', '32', 'Thursday', '12:00:00', '17:00:00', '60', 'Lunch', '1', '2025-12-29 00:56:10', '2025-12-29 00:56:10'),
('684', '32', 'Thursday', '18:00:00', '22:00:00', '60', 'Dinner', '1', '2025-12-29 00:56:10', '2025-12-29 00:56:10'),
('685', '32', 'Friday', '08:00:00', '11:00:00', '30', 'Breakfast', '1', '2025-12-29 00:56:10', '2025-12-29 00:56:10'),
('686', '32', 'Friday', '12:00:00', '17:00:00', '60', 'Lunch', '1', '2025-12-29 00:56:10', '2025-12-29 00:56:10'),
('687', '32', 'Friday', '18:00:00', '22:00:00', '60', 'Dinner', '1', '2025-12-29 00:56:10', '2025-12-29 00:56:10'),
('688', '32', 'Saturday', '08:00:00', '11:00:00', '30', 'Breakfast', '1', '2025-12-29 00:56:10', '2025-12-29 00:56:10'),
('689', '32', 'Saturday', '12:00:00', '17:00:00', '60', 'Lunch', '1', '2025-12-29 00:56:10', '2025-12-29 00:56:10'),
('690', '32', 'Saturday', '18:00:00', '22:00:00', '60', 'Dinner', '1', '2025-12-29 00:56:10', '2025-12-29 00:56:10'),
('691', '32', 'Sunday', '08:00:00', '11:00:00', '30', 'Breakfast', '1', '2025-12-29 00:56:10', '2025-12-29 00:56:10'),
('692', '32', 'Sunday', '12:00:00', '17:00:00', '60', 'Lunch', '1', '2025-12-29 00:56:10', '2025-12-29 00:56:10'),
('693', '32', 'Sunday', '18:00:00', '22:00:00', '60', 'Dinner', '1', '2025-12-29 00:56:10', '2025-12-29 00:56:10'),
('694', '33', 'Monday', '08:00:00', '11:00:00', '30', 'Breakfast', '1', '2025-12-31 00:13:23', '2025-12-31 00:13:23'),
('695', '33', 'Monday', '12:00:00', '17:00:00', '60', 'Lunch', '1', '2025-12-31 00:13:23', '2025-12-31 00:13:23'),
('696', '33', 'Monday', '18:00:00', '22:00:00', '60', 'Dinner', '1', '2025-12-31 00:13:23', '2025-12-31 00:13:23'),
('697', '33', 'Tuesday', '08:00:00', '11:00:00', '30', 'Breakfast', '1', '2025-12-31 00:13:23', '2025-12-31 00:13:23'),
('698', '33', 'Tuesday', '12:00:00', '17:00:00', '60', 'Lunch', '1', '2025-12-31 00:13:23', '2025-12-31 00:13:23'),
('699', '33', 'Tuesday', '18:00:00', '22:00:00', '60', 'Dinner', '1', '2025-12-31 00:13:23', '2025-12-31 00:13:23'),
('700', '33', 'Wednesday', '08:00:00', '11:00:00', '30', 'Breakfast', '1', '2025-12-31 00:13:23', '2025-12-31 00:13:23'),
('701', '33', 'Wednesday', '12:00:00', '17:00:00', '60', 'Lunch', '1', '2025-12-31 00:13:23', '2025-12-31 00:13:23'),
('702', '33', 'Wednesday', '18:00:00', '22:00:00', '60', 'Dinner', '1', '2025-12-31 00:13:23', '2025-12-31 00:13:23'),
('703', '33', 'Thursday', '08:00:00', '11:00:00', '30', 'Breakfast', '1', '2025-12-31 00:13:23', '2025-12-31 00:13:23'),
('704', '33', 'Thursday', '12:00:00', '17:00:00', '60', 'Lunch', '1', '2025-12-31 00:13:23', '2025-12-31 00:13:23'),
('705', '33', 'Thursday', '18:00:00', '22:00:00', '60', 'Dinner', '1', '2025-12-31 00:13:23', '2025-12-31 00:13:23'),
('706', '33', 'Friday', '08:00:00', '11:00:00', '30', 'Breakfast', '1', '2025-12-31 00:13:23', '2025-12-31 00:13:23'),
('707', '33', 'Friday', '12:00:00', '17:00:00', '60', 'Lunch', '1', '2025-12-31 00:13:23', '2025-12-31 00:13:23'),
('708', '33', 'Friday', '18:00:00', '22:00:00', '60', 'Dinner', '1', '2025-12-31 00:13:23', '2025-12-31 00:13:23'),
('709', '33', 'Saturday', '08:00:00', '11:00:00', '30', 'Breakfast', '1', '2025-12-31 00:13:23', '2025-12-31 00:13:23'),
('710', '33', 'Saturday', '12:00:00', '17:00:00', '60', 'Lunch', '1', '2025-12-31 00:13:23', '2025-12-31 00:13:23'),
('711', '33', 'Saturday', '18:00:00', '22:00:00', '60', 'Dinner', '1', '2025-12-31 00:13:23', '2025-12-31 00:13:23'),
('712', '33', 'Sunday', '08:00:00', '11:00:00', '30', 'Breakfast', '1', '2025-12-31 00:13:23', '2025-12-31 00:13:23'),
('713', '33', 'Sunday', '12:00:00', '17:00:00', '60', 'Lunch', '1', '2025-12-31 00:13:23', '2025-12-31 00:13:23'),
('714', '33', 'Sunday', '18:00:00', '22:00:00', '60', 'Dinner', '1', '2025-12-31 00:13:23', '2025-12-31 00:13:23'),
('715', '34', 'Monday', '08:00:00', '11:00:00', '30', 'Breakfast', '1', '2026-01-22 10:24:09', '2026-01-22 10:24:09'),
('716', '34', 'Monday', '12:00:00', '17:00:00', '60', 'Lunch', '1', '2026-01-22 10:24:09', '2026-01-22 10:24:09'),
('717', '34', 'Monday', '18:00:00', '22:00:00', '60', 'Dinner', '1', '2026-01-22 10:24:09', '2026-01-22 10:24:09'),
('718', '34', 'Tuesday', '08:00:00', '11:00:00', '30', 'Breakfast', '1', '2026-01-22 10:24:09', '2026-01-22 10:24:09'),
('719', '34', 'Tuesday', '12:00:00', '17:00:00', '60', 'Lunch', '1', '2026-01-22 10:24:09', '2026-01-22 10:24:09'),
('720', '34', 'Tuesday', '18:00:00', '22:00:00', '60', 'Dinner', '1', '2026-01-22 10:24:09', '2026-01-22 10:24:09'),
('721', '34', 'Wednesday', '08:00:00', '11:00:00', '30', 'Breakfast', '1', '2026-01-22 10:24:09', '2026-01-22 10:24:09'),
('722', '34', 'Wednesday', '12:00:00', '17:00:00', '60', 'Lunch', '1', '2026-01-22 10:24:09', '2026-01-22 10:24:09'),
('723', '34', 'Wednesday', '18:00:00', '22:00:00', '60', 'Dinner', '1', '2026-01-22 10:24:09', '2026-01-22 10:24:09'),
('724', '34', 'Thursday', '08:00:00', '11:00:00', '30', 'Breakfast', '1', '2026-01-22 10:24:09', '2026-01-22 10:24:09'),
('725', '34', 'Thursday', '12:00:00', '17:00:00', '60', 'Lunch', '1', '2026-01-22 10:24:09', '2026-01-22 10:24:09'),
('726', '34', 'Thursday', '18:00:00', '22:00:00', '60', 'Dinner', '1', '2026-01-22 10:24:09', '2026-01-22 10:24:09'),
('727', '34', 'Friday', '08:00:00', '11:00:00', '30', 'Breakfast', '1', '2026-01-22 10:24:09', '2026-01-22 10:24:09'),
('728', '34', 'Friday', '12:00:00', '17:00:00', '60', 'Lunch', '1', '2026-01-22 10:24:09', '2026-01-22 10:24:09'),
('729', '34', 'Friday', '18:00:00', '22:00:00', '60', 'Dinner', '1', '2026-01-22 10:24:09', '2026-01-22 10:24:09'),
('730', '34', 'Saturday', '08:00:00', '11:00:00', '30', 'Breakfast', '1', '2026-01-22 10:24:09', '2026-01-22 10:24:09'),
('731', '34', 'Saturday', '12:00:00', '17:00:00', '60', 'Lunch', '1', '2026-01-22 10:24:09', '2026-01-22 10:24:09'),
('732', '34', 'Saturday', '18:00:00', '22:00:00', '60', 'Dinner', '1', '2026-01-22 10:24:09', '2026-01-22 10:24:09'),
('733', '34', 'Sunday', '08:00:00', '11:00:00', '30', 'Breakfast', '1', '2026-01-22 10:24:09', '2026-01-22 10:24:09'),
('734', '34', 'Sunday', '12:00:00', '17:00:00', '60', 'Lunch', '1', '2026-01-22 10:24:09', '2026-01-22 10:24:09'),
('735', '34', 'Sunday', '18:00:00', '22:00:00', '60', 'Dinner', '1', '2026-01-22 10:24:09', '2026-01-22 10:24:09');


-- Table structure for table `reservations`
CREATE TABLE `reservations` (
  `id` bigint(20) unsigned NOT NULL AUTO_INCREMENT,
  `branch_id` bigint(20) unsigned DEFAULT NULL,
  `table_id` bigint(20) unsigned DEFAULT NULL,
  `customer_id` bigint(20) unsigned DEFAULT NULL,
  `reservation_date_time` datetime NOT NULL,
  `party_size` int(11) NOT NULL,
  `special_requests` text DEFAULT NULL,
  `reservation_status` enum('Pending','Confirmed','Checked_In','Cancelled','No_Show') NOT NULL DEFAULT 'Confirmed',
  `reservation_slot_type` enum('Breakfast','Lunch','Dinner') NOT NULL,
  `created_at` timestamp NULL DEFAULT NULL,
  `updated_at` timestamp NULL DEFAULT NULL,
  `slot_time_difference` int(11) DEFAULT NULL,
  PRIMARY KEY (`id`),
  KEY `reservations_table_id_foreign` (`table_id`),
  KEY `reservations_customer_id_foreign` (`customer_id`),
  KEY `reservations_branch_id_foreign` (`branch_id`),
  CONSTRAINT `reservations_branch_id_foreign` FOREIGN KEY (`branch_id`) REFERENCES `branches` (`id`) ON DELETE CASCADE ON UPDATE CASCADE,
  CONSTRAINT `reservations_customer_id_foreign` FOREIGN KEY (`customer_id`) REFERENCES `customers` (`id`) ON DELETE SET NULL ON UPDATE CASCADE,
  CONSTRAINT `reservations_table_id_foreign` FOREIGN KEY (`table_id`) REFERENCES `tables` (`id`) ON DELETE CASCADE ON UPDATE CASCADE
) ENGINE=InnoDB AUTO_INCREMENT=4 DEFAULT CHARSET=utf8mb4 COLLATE=utf8mb4_unicode_ci;

-- Dumping data for table `reservations`
INSERT INTO `reservations` VALUES
('1', '5', NULL, '1', '2025-10-19 18:00:00', '4', NULL, 'Confirmed', 'Dinner', '2025-10-18 23:59:22', '2025-10-18 23:59:22', NULL),
('2', '5', NULL, '1', '2025-10-19 08:00:00', '1', NULL, 'Confirmed', 'Breakfast', '2025-10-19 00:27:06', '2025-10-19 00:27:06', NULL),
('3', '5', '8', '1', '2025-10-24 20:00:00', '4', 'Candle Light Dinner', 'Checked_In', 'Dinner', '2025-10-24 20:30:11', '2025-10-24 20:30:44', NULL);


-- Table structure for table `restapi_global_settings`
CREATE TABLE `restapi_global_settings` (
  `id` bigint(20) unsigned NOT NULL AUTO_INCREMENT,
  `purchase_code` varchar(191) DEFAULT NULL,
  `supported_until` timestamp NULL DEFAULT NULL,
  `purchased_on` timestamp NULL DEFAULT NULL,
  `license_type` varchar(20) DEFAULT NULL,
  `notify_update` tinyint(1) NOT NULL DEFAULT 1,
  `created_at` timestamp NULL DEFAULT NULL,
  `updated_at` timestamp NULL DEFAULT NULL,
  PRIMARY KEY (`id`)
) ENGINE=InnoDB AUTO_INCREMENT=2 DEFAULT CHARSET=utf8mb4 COLLATE=utf8mb4_unicode_ci;

-- Dumping data for table `restapi_global_settings`
INSERT INTO `restapi_global_settings` VALUES
('1', '65100125-205d-420e-b03c-0faa1e6f02b9', '2026-04-16 08:37:13', NULL, NULL, '1', '2026-01-22 06:57:33', '2026-01-22 06:57:34');


-- Table structure for table `restaurant_charges`
CREATE TABLE `restaurant_charges` (
  `id` bigint(20) unsigned NOT NULL AUTO_INCREMENT,
  `restaurant_id` bigint(20) unsigned DEFAULT NULL,
  `charge_name` varchar(191) NOT NULL,
  `charge_type` enum('percent','fixed') NOT NULL DEFAULT 'fixed',
  `charge_value` decimal(16,2) DEFAULT NULL,
  `order_types` longtext CHARACTER SET utf8mb4 COLLATE utf8mb4_bin NOT NULL COMMENT 'Supported order types: DineIn, Delivery, PickUp' CHECK (json_valid(`order_types`)),
  `is_enabled` tinyint(1) NOT NULL DEFAULT 1,
  `created_at` timestamp NULL DEFAULT NULL,
  `updated_at` timestamp NULL DEFAULT NULL,
  PRIMARY KEY (`id`),
  KEY `restaurant_charges_restaurant_id_foreign` (`restaurant_id`),
  KEY `restaurant_charges_charge_name_index` (`charge_name`),
  CONSTRAINT `restaurant_charges_restaurant_id_foreign` FOREIGN KEY (`restaurant_id`) REFERENCES `restaurants` (`id`) ON DELETE CASCADE ON UPDATE CASCADE
) ENGINE=InnoDB AUTO_INCREMENT=3 DEFAULT CHARSET=utf8mb4 COLLATE=utf8mb4_unicode_ci;


-- Table structure for table `restaurant_payments`
CREATE TABLE `restaurant_payments` (
  `id` bigint(20) unsigned NOT NULL AUTO_INCREMENT,
  `restaurant_id` bigint(20) unsigned NOT NULL,
  `amount` decimal(16,2) NOT NULL,
  `status` enum('pending','paid','failed') NOT NULL DEFAULT 'pending',
  `payment_source` enum('official_site','app_sumo') NOT NULL DEFAULT 'official_site',
  `razorpay_order_id` varchar(191) DEFAULT NULL,
  `razorpay_payment_id` varchar(191) DEFAULT NULL,
  `razorpay_signature` varchar(191) DEFAULT NULL,
  `transaction_id` varchar(191) DEFAULT NULL,
  `reference_id` varchar(191) DEFAULT NULL,
  `payment_date_time` varchar(191) DEFAULT NULL,
  `created_at` timestamp NULL DEFAULT NULL,
  `updated_at` timestamp NULL DEFAULT NULL,
  `stripe_payment_intent` varchar(191) DEFAULT NULL,
  `stripe_session_id` text DEFAULT NULL,
  `package_id` bigint(20) unsigned DEFAULT NULL,
  `package_type` varchar(191) DEFAULT NULL,
  `currency_id` varchar(191) DEFAULT NULL,
  `flutterwave_transaction_id` varchar(191) DEFAULT NULL,
  `flutterwave_payment_ref` varchar(191) DEFAULT NULL,
  `paypal_payment_id` varchar(191) DEFAULT NULL,
  PRIMARY KEY (`id`),
  KEY `restaurant_payments_restaurant_id_foreign` (`restaurant_id`),
  KEY `restaurant_payments_package_id_foreign` (`package_id`),
  CONSTRAINT `restaurant_payments_package_id_foreign` FOREIGN KEY (`package_id`) REFERENCES `packages` (`id`) ON DELETE CASCADE,
  CONSTRAINT `restaurant_payments_restaurant_id_foreign` FOREIGN KEY (`restaurant_id`) REFERENCES `restaurants` (`id`) ON DELETE CASCADE
) ENGINE=InnoDB AUTO_INCREMENT=17 DEFAULT CHARSET=utf8mb4 COLLATE=utf8mb4_unicode_ci;

-- Dumping data for table `restaurant_payments`
INSERT INTO `restaurant_payments` VALUES
('1', '26', '49.00', 'pending', 'official_site', NULL, NULL, NULL, NULL, NULL, NULL, '2025-11-07 23:00:56', '2025-11-07 23:00:56', NULL, NULL, '6', 'monthly', '5', NULL, NULL, NULL),
('2', '26', '49.00', 'pending', 'official_site', NULL, NULL, NULL, NULL, NULL, NULL, '2025-11-07 23:01:19', '2025-11-07 23:01:19', NULL, NULL, '6', 'monthly', '5', NULL, NULL, NULL),
('3', '26', '49.00', 'pending', 'official_site', NULL, NULL, NULL, NULL, NULL, NULL, '2025-11-08 13:10:02', '2025-11-08 13:10:02', NULL, NULL, '6', 'monthly', '5', NULL, NULL, NULL),
('4', '26', '49.00', 'pending', 'official_site', NULL, NULL, NULL, NULL, NULL, NULL, '2025-11-08 13:10:04', '2025-11-08 13:10:04', NULL, NULL, '6', 'monthly', '5', NULL, NULL, NULL),
('5', '27', '49.00', 'pending', 'official_site', NULL, NULL, NULL, NULL, NULL, NULL, '2025-11-08 16:03:13', '2025-11-08 16:03:13', NULL, NULL, '6', 'monthly', '5', NULL, NULL, NULL),
('6', '28', '199.00', 'pending', 'official_site', NULL, NULL, NULL, NULL, NULL, NULL, '2025-12-02 16:41:22', '2025-12-02 16:41:22', NULL, NULL, '10', 'monthly', '5', NULL, NULL, NULL),
('7', '28', '49.00', 'pending', 'official_site', NULL, NULL, NULL, NULL, NULL, NULL, '2025-12-02 16:41:45', '2025-12-02 16:41:45', NULL, NULL, '6', 'monthly', '5', NULL, NULL, NULL),
('8', '28', '1990.00', 'pending', 'official_site', NULL, NULL, NULL, NULL, NULL, NULL, '2025-12-02 16:42:26', '2025-12-02 16:42:26', NULL, NULL, '10', 'annual', '5', NULL, NULL, NULL),
('9', '30', '99.00', 'pending', 'official_site', NULL, NULL, NULL, NULL, NULL, NULL, '2025-12-02 16:52:04', '2025-12-02 16:52:04', NULL, NULL, '8', 'monthly', '5', NULL, NULL, NULL),
('10', '30', '1990.00', 'pending', 'official_site', NULL, NULL, NULL, NULL, NULL, NULL, '2025-12-02 16:52:37', '2025-12-02 16:52:37', NULL, NULL, '10', 'annual', '5', NULL, NULL, NULL),
('11', '30', '199.00', 'pending', 'official_site', NULL, NULL, NULL, NULL, NULL, NULL, '2025-12-02 16:58:34', '2025-12-02 16:58:34', NULL, NULL, '10', 'monthly', '5', NULL, NULL, NULL),
('12', '2', '199.00', 'pending', 'official_site', NULL, NULL, NULL, NULL, NULL, NULL, '2025-12-02 17:01:50', '2025-12-02 17:01:50', NULL, NULL, '10', 'monthly', '5', NULL, NULL, NULL),
('13', '2', '199.00', 'pending', 'official_site', NULL, NULL, NULL, NULL, NULL, NULL, '2025-12-02 17:02:31', '2025-12-02 17:02:31', NULL, NULL, '10', 'monthly', '5', NULL, NULL, NULL),
('14', '30', '199.00', 'pending', 'official_site', NULL, NULL, NULL, NULL, NULL, NULL, '2025-12-02 17:08:21', '2025-12-02 17:08:21', NULL, NULL, '10', 'monthly', '5', NULL, NULL, NULL),
('15', '30', '1990.00', 'pending', 'official_site', NULL, NULL, NULL, NULL, NULL, NULL, '2025-12-02 17:11:41', '2025-12-02 17:11:43', NULL, 'cs_live_a1josShXBAS2EeXWJbJgyU8EraTX1ggHCWdS7DfZ1sfbhWHBAl1igKOz36', '10', 'annual', '5', NULL, NULL, NULL),
('16', '30', '199.00', 'pending', 'official_site', NULL, NULL, NULL, NULL, NULL, NULL, '2025-12-02 17:18:42', '2025-12-02 17:18:43', NULL, 'cs_live_a1LVInwmOgKBO0dxS0CSrwwrUZnP1DyIL2Tbm4ttqd7jdXSagcELvkCrTc', '10', 'monthly', '5', NULL, NULL, NULL);


-- Table structure for table `restaurant_taxes`
CREATE TABLE `restaurant_taxes` (
  `id` bigint(20) unsigned NOT NULL AUTO_INCREMENT,
  `restaurant_id` bigint(20) unsigned NOT NULL,
  `tax_id` varchar(191) DEFAULT NULL,
  `tax_name` varchar(191) DEFAULT NULL,
  `created_at` timestamp NULL DEFAULT NULL,
  `updated_at` timestamp NULL DEFAULT NULL,
  PRIMARY KEY (`id`),
  KEY `restaurant_taxes_restaurant_id_foreign` (`restaurant_id`),
  CONSTRAINT `restaurant_taxes_restaurant_id_foreign` FOREIGN KEY (`restaurant_id`) REFERENCES `restaurants` (`id`) ON DELETE CASCADE
) ENGINE=InnoDB AUTO_INCREMENT=2 DEFAULT CHARSET=utf8mb4 COLLATE=utf8mb4_unicode_ci;

-- Dumping data for table `restaurant_taxes`
INSERT INTO `restaurant_taxes` VALUES
('1', '3', '1234', 'HST', '2025-09-20 18:31:44', '2025-09-20 18:31:44');


-- Table structure for table `restaurants`
CREATE TABLE `restaurants` (
  `id` bigint(20) unsigned NOT NULL AUTO_INCREMENT,
  `sub_domain` varchar(191) DEFAULT NULL,
  `name` varchar(191) NOT NULL,
  `hash` varchar(191) DEFAULT NULL,
  `address` varchar(191) DEFAULT NULL,
  `phone_number` varchar(191) DEFAULT NULL,
  `phone_code` varchar(191) DEFAULT NULL,
  `email` varchar(191) DEFAULT NULL,
  `timezone` varchar(191) NOT NULL,
  `theme_hex` varchar(191) NOT NULL,
  `theme_rgb` varchar(191) NOT NULL,
  `logo` varchar(191) DEFAULT NULL,
  `country_id` bigint(20) unsigned NOT NULL,
  `hide_new_orders` tinyint(1) NOT NULL DEFAULT 0,
  `hide_new_reservations` tinyint(1) NOT NULL DEFAULT 0,
  `hide_new_waiter_request` tinyint(1) NOT NULL DEFAULT 0,
  `currency_id` bigint(20) unsigned DEFAULT NULL,
  `license_type` enum('free','paid') NOT NULL DEFAULT 'free',
  `is_active` tinyint(1) NOT NULL DEFAULT 1,
  `ai_enabled` tinyint(1) NOT NULL DEFAULT 0,
  `ai_daily_request_limit` int(11) NOT NULL DEFAULT 50,
  `ai_allowed_roles` longtext CHARACTER SET utf8mb4 COLLATE utf8mb4_bin DEFAULT NULL CHECK (json_valid(`ai_allowed_roles`)),
  `ai_monthly_tokens_used` int(11) NOT NULL DEFAULT 0,
  `ai_monthly_reset_at` date DEFAULT NULL,
  `created_at` timestamp NULL DEFAULT NULL,
  `updated_at` timestamp NULL DEFAULT NULL,
  `customer_login_required` tinyint(1) NOT NULL DEFAULT 0,
  `about_us` longtext DEFAULT NULL,
  `allow_customer_delivery_orders` tinyint(1) NOT NULL DEFAULT 1,
  `allow_customer_pickup_orders` tinyint(1) NOT NULL DEFAULT 1,
  `pickup_days_range` int(11) DEFAULT 7,
  `allow_customer_orders` tinyint(1) NOT NULL DEFAULT 1,
  `allow_dine_in_orders` tinyint(1) NOT NULL DEFAULT 1,
  `show_veg` tinyint(1) NOT NULL DEFAULT 1,
  `show_halal` tinyint(1) NOT NULL DEFAULT 0,
  `package_id` bigint(20) unsigned DEFAULT NULL,
  `package_type` varchar(191) DEFAULT NULL,
  `status` enum('active','inactive','license_expired') NOT NULL DEFAULT 'active',
  `license_expire_on` datetime DEFAULT NULL,
  `count_sms` int(11) NOT NULL DEFAULT 0,
  `total_sms` int(11) NOT NULL DEFAULT -1,
  `trial_ends_at` datetime DEFAULT NULL,
  `license_updated_at` datetime DEFAULT NULL,
  `subscription_updated_at` datetime DEFAULT NULL,
  `stripe_id` varchar(191) DEFAULT NULL,
  `pm_type` varchar(191) DEFAULT NULL,
  `pm_last_four` varchar(4) DEFAULT NULL,
  `is_waiter_request_enabled` tinyint(1) NOT NULL DEFAULT 1,
  `default_table_reservation_status` varchar(191) NOT NULL DEFAULT 'Confirmed',
  `disable_slot_minutes` int(11) NOT NULL DEFAULT 30,
  `approval_status` enum('Pending','Approved','Rejected') NOT NULL DEFAULT 'Approved',
  `rejection_reason` text DEFAULT NULL,
  `facebook_link` varchar(255) DEFAULT NULL,
  `instagram_link` varchar(255) DEFAULT NULL,
  `twitter_link` varchar(255) DEFAULT NULL,
  `yelp_link` varchar(255) DEFAULT NULL,
  `wifi_name` varchar(191) DEFAULT NULL,
  `wifi_password` varchar(191) DEFAULT NULL,
  `show_wifi_icon` tinyint(1) NOT NULL DEFAULT 0,
  `table_required` tinyint(1) NOT NULL DEFAULT 0,
  `show_logo_text` tinyint(1) NOT NULL DEFAULT 1,
  `meta_keyword` text DEFAULT NULL,
  `meta_description` longtext DEFAULT NULL,
  `upload_fav_icon_android_chrome_192` varchar(191) DEFAULT NULL,
  `upload_fav_icon_android_chrome_512` varchar(191) DEFAULT NULL,
  `upload_fav_icon_apple_touch_icon` varchar(191) DEFAULT NULL,
  `upload_favicon_16` varchar(191) DEFAULT NULL,
  `upload_favicon_32` varchar(191) DEFAULT NULL,
  `favicon` varchar(191) DEFAULT NULL,
  `is_waiter_request_enabled_on_desktop` tinyint(1) NOT NULL DEFAULT 1,
  `is_waiter_request_enabled_on_mobile` tinyint(1) NOT NULL DEFAULT 1,
  `is_waiter_request_enabled_open_by_qr` tinyint(1) NOT NULL DEFAULT 0,
  `webmanifest` varchar(191) DEFAULT NULL,
  `enable_tip_shop` tinyint(1) NOT NULL DEFAULT 1,
  `enable_tip_pos` tinyint(1) NOT NULL DEFAULT 1,
  `is_pwa_install_alert_show` tinyint(1) NOT NULL DEFAULT 0,
  `auto_confirm_orders` tinyint(1) NOT NULL DEFAULT 0,
  `restrict_qr_order_by_location` tinyint(1) NOT NULL DEFAULT 0,
  `qr_order_radius_meters` int(10) unsigned DEFAULT NULL,
  `show_order_type_options` tinyint(1) NOT NULL DEFAULT 1,
  `disable_order_type_popup` tinyint(1) NOT NULL DEFAULT 0,
  `default_order_type_id` bigint(20) unsigned DEFAULT NULL,
  `hide_menu_item_image_on_pos` tinyint(1) NOT NULL DEFAULT 0,
  `hide_menu_item_image_on_customer_site` tinyint(1) NOT NULL DEFAULT 0,
  `tax_mode` enum('order','item') NOT NULL DEFAULT 'order',
  `tax_inclusive` tinyint(1) NOT NULL DEFAULT 0,
  `customer_site_language` varchar(191) DEFAULT NULL,
  `enable_admin_reservation` tinyint(1) NOT NULL DEFAULT 1,
  `enable_customer_reservation` tinyint(1) NOT NULL DEFAULT 1,
  `minimum_party_size` int(11) NOT NULL DEFAULT 1,
  `table_lock_timeout_minutes` int(11) NOT NULL DEFAULT 10,
  PRIMARY KEY (`id`),
  KEY `restaurant_settings_country_id_foreign` (`country_id`),
  KEY `restaurant_settings_currency_id_foreign` (`currency_id`),
  KEY `restaurants_package_id_foreign` (`package_id`),
  KEY `restaurants_default_order_type_id_foreign` (`default_order_type_id`),
  CONSTRAINT `restaurant_settings_country_id_foreign` FOREIGN KEY (`country_id`) REFERENCES `countries` (`id`) ON DELETE CASCADE,
  CONSTRAINT `restaurant_settings_currency_id_foreign` FOREIGN KEY (`currency_id`) REFERENCES `currencies` (`id`) ON DELETE CASCADE,
  CONSTRAINT `restaurants_default_order_type_id_foreign` FOREIGN KEY (`default_order_type_id`) REFERENCES `order_types` (`id`) ON DELETE SET NULL ON UPDATE CASCADE,
  CONSTRAINT `restaurants_package_id_foreign` FOREIGN KEY (`package_id`) REFERENCES `packages` (`id`) ON DELETE SET NULL ON UPDATE CASCADE
) ENGINE=InnoDB AUTO_INCREMENT=34 DEFAULT CHARSET=utf8mb4 COLLATE=utf8mb4_unicode_ci;

-- Dumping data for table `restaurants`
INSERT INTO `restaurants` VALUES
('1', 'demo.ewiidine.ca', 'Demo Restaurant', 'demo-restaurant', '56355 Matilde Hollow Apt. 268\nEast Novella, ID 87158', '+12158702241', NULL, 'demo.restaurant@example.com', 'America/New_York', '#4F46E5', '79, 70, 229', NULL, '40', '0', '0', '0', '1', 'free', '1', '0', '50', NULL, '0', NULL, '2025-09-17 11:06:43', '2025-10-17 05:30:03', '0', '<p class=\"text-lg text-gray-600 mb-6\">\n          Welcome to our restaurant, where great food and good vibes come together! We\'re a local, family-owned spot that loves bringing people together over delicious meals and unforgettable moments. Whether you\'re here for a quick bite, a family dinner, or a celebration, we\'re all about making your time with us special.\n        </p>\n        <p class=\"text-lg text-gray-600 mb-6\">\n          Our menu is packed with dishes made from fresh, quality ingredients because we believe food should taste as\n          good as it makes you feel. From our signature dishes to seasonal specials, there\'s always something to excite\n          your taste buds.\n        </p>\n        <p class=\"text-lg text-gray-600 mb-6\">\n          But we\'re not just about the food—we\'re about community. We love seeing familiar faces and welcoming new ones.\n          Our team is a fun, friendly bunch dedicated to serving you with a smile and making sure every visit feels like\n          coming home.\n        </p>\n        <p class=\"text-lg text-gray-600\">\n          So, come on in, grab a seat, and let us take care of the rest. We can\'t wait to share our love of food with\n          you!\n        </p>\n        <p class=\"text-lg text-gray-800 font-semibold mt-6\">See you soon! 🍽️✨</p>', '1', '1', '7', '1', '1', '1', '1', '1', 'monthly', 'license_expired', '2025-11-17 00:00:00', '0', '-1', '2025-10-17 05:36:43', '2025-09-17 05:36:43', '2025-09-17 05:36:43', NULL, NULL, NULL, '1', 'Confirmed', '30', 'Approved', NULL, 'https://www.facebook.com/', 'https://www.instagram.com/', 'https://www.twitter.com/', NULL, NULL, NULL, '0', '1', '1', NULL, NULL, 'android-chrome-192x192.png', 'android-chrome-512x512.png', 'apple-touch-icon.png', 'favicon-16x16.png', 'favicon-32x32.png', 'favicon.ico', '1', '1', '1', NULL, '1', '1', '1', '0', '0', NULL, '1', '0', NULL, '0', '0', 'order', '0', 'en', '1', '1', '1', '10'),
('2', 'shaan-e-punjab.ewiidine.ca', 'Shaan-E-Punjab', 'shaan-e-punjab', 'Kosi Road', '8077708564', '91', 'agarwalanmol301@gmail.com', 'America/Toronto', '#4F46E5', '79, 70, 229', NULL, '40', '0', '0', '0', '9', 'free', '1', '0', '50', NULL, '0', NULL, '2025-09-17 15:32:45', '2025-12-02 17:01:52', '0', '<p class=\"text-lg text-gray-600 mb-6\">\n          Welcome to our restaurant, where great food and good vibes come together! We\'re a local, family-owned spot that loves bringing people together over delicious meals and unforgettable moments. Whether you\'re here for a quick bite, a family dinner, or a celebration, we\'re all about making your time with us special.\n        </p>\n        <p class=\"text-lg text-gray-600 mb-6\">\n          Our menu is packed with dishes made from fresh, quality ingredients because we believe food should taste as\n          good as it makes you feel. From our signature dishes to seasonal specials, there\'s always something to excite\n          your taste buds.\n        </p>\n        <p class=\"text-lg text-gray-600 mb-6\">\n          But we\'re not just about the food—we\'re about community. We love seeing familiar faces and welcoming new ones.\n          Our team is a fun, friendly bunch dedicated to serving you with a smile and making sure every visit feels like\n          coming home.\n        </p>\n        <p class=\"text-lg text-gray-600\">\n          So, come on in, grab a seat, and let us take care of the rest. We can\'t wait to share our love of food with\n          you!\n        </p>\n        <p class=\"text-lg text-gray-800 font-semibold mt-6\">See you soon! 🍽️✨</p>', '1', '1', '7', '1', '1', '1', '0', '8', 'annual', 'active', '2027-01-02 00:00:00', '0', '-1', NULL, '2025-09-17 10:02:45', '2025-09-17 10:02:45', 'cus_TWvfsDs8vVXcfa', NULL, NULL, '1', 'Confirmed', '30', 'Approved', NULL, NULL, NULL, NULL, NULL, NULL, NULL, '0', '0', '1', NULL, NULL, NULL, NULL, NULL, NULL, NULL, NULL, '1', '1', '0', NULL, '1', '1', '0', '0', '0', NULL, '1', '0', NULL, '0', '0', 'order', '0', 'en', '1', '1', '1', '10'),
('3', 'louisiana.ewiidine.ca', 'Louisiana Restaurant', 'louisiana-restaurant', '1250 Boul René Lévesque O Bur 2200 Montreal,Québec H3B 4W8Canada\n', '5148158188', '1', 'mario.nicolas1210@gmail.com', 'Asia/Kolkata', '#4F46E5', '79, 70, 229', NULL, '40', '0', '0', '0', '14', 'free', '1', '0', '50', NULL, '0', NULL, '2025-09-20 18:26:44', '2025-10-20 05:30:03', '0', '<p class=\"text-lg text-gray-600 mb-6\">\n          Welcome to our restaurant, where great food and good vibes come together! We\'re a local, family-owned spot that loves bringing people together over delicious meals and unforgettable moments. Whether you\'re here for a quick bite, a family dinner, or a celebration, we\'re all about making your time with us special.\n        </p>\n        <p class=\"text-lg text-gray-600 mb-6\">\n          Our menu is packed with dishes made from fresh, quality ingredients because we believe food should taste as\n          good as it makes you feel. From our signature dishes to seasonal specials, there\'s always something to excite\n          your taste buds.\n        </p>\n        <p class=\"text-lg text-gray-600 mb-6\">\n          But we\'re not just about the food—we\'re about community. We love seeing familiar faces and welcoming new ones.\n          Our team is a fun, friendly bunch dedicated to serving you with a smile and making sure every visit feels like\n          coming home.\n        </p>\n        <p class=\"text-lg text-gray-600\">\n          So, come on in, grab a seat, and let us take care of the rest. We can\'t wait to share our love of food with\n          you!\n        </p>\n        <p class=\"text-lg text-gray-800 font-semibold mt-6\">See you soon! 🍽️✨</p>', '1', '1', '7', '1', '1', '1', '0', '1', 'monthly', 'license_expired', '2025-11-20 00:00:00', '0', '-1', '2025-10-20 12:56:44', '2025-09-20 12:56:44', '2025-09-20 12:56:44', NULL, NULL, NULL, '1', 'Confirmed', '30', 'Approved', NULL, NULL, NULL, NULL, NULL, NULL, NULL, '0', '0', '1', NULL, NULL, NULL, NULL, NULL, NULL, NULL, NULL, '1', '1', '0', NULL, '1', '1', '0', '0', '0', NULL, '1', '0', NULL, '0', '0', 'order', '0', 'en', '1', '1', '1', '10'),
('4', 'iim-lucknow.ewiidine.ca', 'IIML MESS', 'iiml-mess', 'IIM L MESS', '8840974810', '91', 'madh321@gmail.com', 'Asia/Kolkata', '#059669', '5, 150, 105', 'fe8a6d219504148863cf356c9b23c71a.jpeg', '103', '0', '0', '0', '16', 'free', '1', '0', '50', NULL, '0', NULL, '2025-10-07 20:30:09', '2025-12-28 12:30:48', '1', '<p class=\"text-lg text-gray-600 mb-6\">\n          Welcome to our restaurant, where great food and good vibes come together! We\'re a local, family-owned spot that loves bringing people together over delicious meals and unforgettable moments. Whether you\'re here for a quick bite, a family dinner, or a celebration, we\'re all about making your time with us special.\n        </p>\n        <p class=\"text-lg text-gray-600 mb-6\">\n          Our menu is packed with dishes made from fresh, quality ingredients because we believe food should taste as\n          good as it makes you feel. From our signature dishes to seasonal specials, there\'s always something to excite\n          your taste buds.\n        </p>\n        <p class=\"text-lg text-gray-600 mb-6\">\n          But we\'re not just about the food—we\'re about community. We love seeing familiar faces and welcoming new ones.\n          Our team is a fun, friendly bunch dedicated to serving you with a smile and making sure every visit feels like\n          coming home.\n        </p>\n        <p class=\"text-lg text-gray-600\">\n          So, come on in, grab a seat, and let us take care of the rest. We can\'t wait to share our love of food with\n          you!\n        </p>\n        <p class=\"text-lg text-gray-800 font-semibold mt-6\">See you soon! 🍽️✨</p>', '1', '1', '7', '1', '1', '1', '1', '8', 'monthly', 'active', '2026-02-02 00:00:00', '0', '-1', NULL, '2025-10-07 15:00:09', '2025-10-07 15:00:09', NULL, NULL, NULL, '1', 'Confirmed', '30', 'Approved', NULL, NULL, NULL, NULL, NULL, 'IMSG', '12345678', '1', '1', '1', NULL, NULL, 'android-chrome-192x192.png', 'android-chrome-512x512.png', 'apple-touch-icon.png', 'favicon-16x16.png', 'favicon-32x32.png', 'favicon.ico', '1', '1', '1', NULL, '1', '1', '1', '1', '0', NULL, '1', '0', NULL, '0', '0', 'order', '0', 'en', '1', '1', '1', '10'),
('26', 'sweet.ewiidine.ca', 'sindi sweet', 'sindi-sweet', 'sector 7', '7018146782', '91', 'singhdrivingchd@gmail.com', 'Asia/Kolkata', '#4F46E5', '79, 70, 229', NULL, '103', '0', '0', '0', '126', 'free', '1', '0', '50', NULL, '0', NULL, '2025-11-07 22:53:03', '2025-12-08 05:30:04', '0', '<p class=\"text-lg text-gray-600 mb-6\">\n          Welcome to our restaurant, where great food and good vibes come together! We\'re a local, family-owned spot that loves bringing people together over delicious meals and unforgettable moments. Whether you\'re here for a quick bite, a family dinner, or a celebration, we\'re all about making your time with us special.\n        </p>\n        <p class=\"text-lg text-gray-600 mb-6\">\n          Our menu is packed with dishes made from fresh, quality ingredients because we believe food should taste as\n          good as it makes you feel. From our signature dishes to seasonal specials, there\'s always something to excite\n          your taste buds.\n        </p>\n        <p class=\"text-lg text-gray-600 mb-6\">\n          But we\'re not just about the food—we\'re about community. We love seeing familiar faces and welcoming new ones.\n          Our team is a fun, friendly bunch dedicated to serving you with a smile and making sure every visit feels like\n          coming home.\n        </p>\n        <p class=\"text-lg text-gray-600\">\n          So, come on in, grab a seat, and let us take care of the rest. We can\'t wait to share our love of food with\n          you!\n        </p>\n        <p class=\"text-lg text-gray-800 font-semibold mt-6\">See you soon! 🍽️✨</p>', '1', '1', '7', '1', '1', '1', '0', '1', 'monthly', 'license_expired', '2026-01-08 00:00:04', '0', '-1', '2025-12-07 17:23:03', '2025-11-08 07:45:45', '2025-11-08 07:45:45', 'cus_TNeoYpoQw3ldbQ', NULL, NULL, '1', 'Confirmed', '30', 'Approved', NULL, NULL, NULL, NULL, NULL, NULL, NULL, '0', '0', '1', NULL, NULL, NULL, NULL, NULL, NULL, NULL, NULL, '1', '1', '0', NULL, '1', '1', '0', '0', '0', NULL, '1', '0', NULL, '0', '0', 'order', '0', 'en', '1', '1', '1', '10'),
('27', 'anmoldhaba.ewiidine.ca', 'Anmol Da Dhaba', 'anmol-da-dhaba', 'ssss', '7017844175', '91', 'agarwalanmol01@gmail.com', 'Asia/Kolkata', '#4F46E5', '79, 70, 229', NULL, '103', '0', '0', '0', '134', 'free', '1', '0', '50', NULL, '0', NULL, '2025-11-08 16:02:26', '2025-12-28 10:03:29', '0', '<p class=\"text-lg text-gray-600 mb-6\">\n          Welcome to our restaurant, where great food and good vibes come together! We\'re a local, family-owned spot that loves bringing people together over delicious meals and unforgettable moments. Whether you\'re here for a quick bite, a family dinner, or a celebration, we\'re all about making your time with us special.\n        </p>\n        <p class=\"text-lg text-gray-600 mb-6\">\n          Our menu is packed with dishes made from fresh, quality ingredients because we believe food should taste as\n          good as it makes you feel. From our signature dishes to seasonal specials, there\'s always something to excite\n          your taste buds.\n        </p>\n        <p class=\"text-lg text-gray-600 mb-6\">\n          But we\'re not just about the food—we\'re about community. We love seeing familiar faces and welcoming new ones.\n          Our team is a fun, friendly bunch dedicated to serving you with a smile and making sure every visit feels like\n          coming home.\n        </p>\n        <p class=\"text-lg text-gray-600\">\n          So, come on in, grab a seat, and let us take care of the rest. We can\'t wait to share our love of food with\n          you!\n        </p>\n        <p class=\"text-lg text-gray-800 font-semibold mt-6\">See you soon! 🍽️✨</p>', '1', '1', '7', '1', '1', '1', '0', '1', 'monthly', 'license_expired', '2026-01-09 00:00:04', '0', '-1', '2025-12-08 10:32:26', '2025-11-08 10:35:55', '2025-11-08 10:35:55', 'cus_TNvIKTw26JwFxU', NULL, NULL, '1', 'Confirmed', '30', 'Approved', NULL, NULL, NULL, NULL, NULL, 'sdds', '11123221', '1', '0', '1', NULL, NULL, NULL, NULL, NULL, NULL, NULL, NULL, '1', '1', '0', NULL, '1', '1', '0', '0', '0', NULL, '1', '0', NULL, '0', '0', 'order', '0', 'en', '1', '1', '1', '10'),
('28', 'sagar121.ewiidine.ca', 'Sagar Da Dhaba', 'sagar-da-dhaba', 'ssss', '9917382214', '91', 'dfq121@gmail.com', 'Asia/Kolkata', '#4F46E5', '79, 70, 229', NULL, '40', '0', '0', '0', '139', 'free', '1', '0', '50', NULL, '0', NULL, '2025-11-12 19:45:50', '2025-12-12 05:30:04', '0', '<p class=\"text-lg text-gray-600 mb-6\">\n          Welcome to our restaurant, where great food and good vibes come together! We\'re a local, family-owned spot that loves bringing people together over delicious meals and unforgettable moments. Whether you\'re here for a quick bite, a family dinner, or a celebration, we\'re all about making your time with us special.\n        </p>\n        <p class=\"text-lg text-gray-600 mb-6\">\n          Our menu is packed with dishes made from fresh, quality ingredients because we believe food should taste as\n          good as it makes you feel. From our signature dishes to seasonal specials, there\'s always something to excite\n          your taste buds.\n        </p>\n        <p class=\"text-lg text-gray-600 mb-6\">\n          But we\'re not just about the food—we\'re about community. We love seeing familiar faces and welcoming new ones.\n          Our team is a fun, friendly bunch dedicated to serving you with a smile and making sure every visit feels like\n          coming home.\n        </p>\n        <p class=\"text-lg text-gray-600\">\n          So, come on in, grab a seat, and let us take care of the rest. We can\'t wait to share our love of food with\n          you!\n        </p>\n        <p class=\"text-lg text-gray-800 font-semibold mt-6\">See you soon! 🍽️✨</p>', '1', '1', '7', '1', '1', '1', '0', '1', 'monthly', 'license_expired', '2026-01-12 00:00:00', '0', '-1', '2025-12-12 14:15:50', '2025-11-12 14:15:50', '2025-11-12 14:15:50', 'cus_TWvLKpyp20iEwE', NULL, NULL, '1', 'Confirmed', '30', 'Approved', NULL, NULL, NULL, NULL, NULL, NULL, NULL, '0', '0', '1', NULL, NULL, NULL, NULL, NULL, NULL, NULL, NULL, '1', '1', '0', NULL, '1', '1', '0', '0', '0', NULL, '1', '0', NULL, '0', '0', 'order', '0', 'en', '1', '1', '1', '10'),
('29', 'gopal.ewiidine.ca', 'Gopal Sweets', 'gopal-sweets', 'as', '5656565665', '91', 'golpalsweet@gmail.com', 'Asia/Kolkata', '#4F46E5', '79, 70, 229', NULL, '103', '0', '0', '0', '144', 'free', '1', '0', '50', NULL, '0', NULL, '2025-11-13 21:11:43', '2025-12-14 05:30:04', '0', '<p class=\"text-lg text-gray-600 mb-6\">\n          Welcome to our restaurant, where great food and good vibes come together! We\'re a local, family-owned spot that loves bringing people together over delicious meals and unforgettable moments. Whether you\'re here for a quick bite, a family dinner, or a celebration, we\'re all about making your time with us special.\n        </p>\n        <p class=\"text-lg text-gray-600 mb-6\">\n          Our menu is packed with dishes made from fresh, quality ingredients because we believe food should taste as\n          good as it makes you feel. From our signature dishes to seasonal specials, there\'s always something to excite\n          your taste buds.\n        </p>\n        <p class=\"text-lg text-gray-600 mb-6\">\n          But we\'re not just about the food—we\'re about community. We love seeing familiar faces and welcoming new ones.\n          Our team is a fun, friendly bunch dedicated to serving you with a smile and making sure every visit feels like\n          coming home.\n        </p>\n        <p class=\"text-lg text-gray-600\">\n          So, come on in, grab a seat, and let us take care of the rest. We can\'t wait to share our love of food with\n          you!\n        </p>\n        <p class=\"text-lg text-gray-800 font-semibold mt-6\">See you soon! 🍽️✨</p>', '1', '1', '7', '1', '1', '1', '0', '1', 'monthly', 'license_expired', '2026-01-14 00:00:04', '0', '-1', '2025-12-13 15:41:43', '2025-11-13 15:43:17', '2025-11-13 15:43:17', NULL, NULL, NULL, '1', 'Confirmed', '30', 'Approved', NULL, NULL, NULL, NULL, NULL, NULL, NULL, '0', '0', '1', NULL, NULL, NULL, NULL, NULL, NULL, NULL, NULL, '1', '1', '0', NULL, '1', '1', '0', '0', '0', NULL, '1', '0', NULL, '0', '0', 'order', '0', 'en', '1', '1', '1', '10'),
('30', 'testing.ewiidine.ca', 'Testing E Dhaba', 'testing-e-dhaba', 'tttttt', '1233333232', '91', 'testing@gmail.com', 'Asia/Kolkata', '#4F46E5', '79, 70, 229', NULL, '40', '0', '0', '0', '149', 'free', '1', '1', '50', '[\"owner\",\"admin\"]', '0', NULL, '2025-11-15 13:16:25', '2026-01-22 07:14:42', '0', '<p class=\"text-lg text-gray-600 mb-6\">\n          Welcome to our restaurant, where great food and good vibes come together! We\'re a local, family-owned spot that loves bringing people together over delicious meals and unforgettable moments. Whether you\'re here for a quick bite, a family dinner, or a celebration, we\'re all about making your time with us special.\n        </p>\n        <p class=\"text-lg text-gray-600 mb-6\">\n          Our menu is packed with dishes made from fresh, quality ingredients because we believe food should taste as\n          good as it makes you feel. From our signature dishes to seasonal specials, there\'s always something to excite\n          your taste buds.\n        </p>\n        <p class=\"text-lg text-gray-600 mb-6\">\n          But we\'re not just about the food—we\'re about community. We love seeing familiar faces and welcoming new ones.\n          Our team is a fun, friendly bunch dedicated to serving you with a smile and making sure every visit feels like\n          coming home.\n        </p>\n        <p class=\"text-lg text-gray-600\">\n          So, come on in, grab a seat, and let us take care of the rest. We can\'t wait to share our love of food with\n          you!\n        </p>\n        <p class=\"text-lg text-gray-800 font-semibold mt-6\">See you soon! 🍽️✨</p>', '1', '1', '7', '1', '1', '1', '0', '10', 'monthly', 'active', '2026-01-27 00:00:00', '0', '-1', NULL, '2025-11-15 07:50:28', '2025-11-15 07:50:28', 'cus_TWvVLALedwBh6G', NULL, NULL, '1', 'Confirmed', '30', 'Approved', NULL, NULL, NULL, NULL, NULL, NULL, NULL, '0', '0', '1', NULL, NULL, NULL, NULL, NULL, NULL, NULL, NULL, '1', '1', '0', NULL, '1', '1', '0', '0', '0', NULL, '1', '0', NULL, '0', '0', 'order', '0', 'en', '1', '1', '1', '10'),
('31', 'capricedesiles.ewiidine.ca', 'Caprice des iles', 'caprice-des-iles', '8905 Boul Perras', '5148158188', '1', 'legroupedmn@gmail.com', 'America/Toronto', '#4F46E5', '79, 70, 229', NULL, '40', '0', '0', '0', '154', 'free', '1', '0', '50', NULL, '0', NULL, '2025-12-29 00:56:09', '2025-12-29 01:19:36', '0', '<p class=\"text-lg text-gray-600 mb-6\">\n          Welcome to our restaurant, where great food and good vibes come together! We\'re a local, family-owned spot that loves bringing people together over delicious meals and unforgettable moments. Whether you\'re here for a quick bite, a family dinner, or a celebration, we\'re all about making your time with us special.\n        </p>\n        <p class=\"text-lg text-gray-600 mb-6\">\n          Our menu is packed with dishes made from fresh, quality ingredients because we believe food should taste as\n          good as it makes you feel. From our signature dishes to seasonal specials, there\'s always something to excite\n          your taste buds.\n        </p>\n        <p class=\"text-lg text-gray-600 mb-6\">\n          But we\'re not just about the food—we\'re about community. We love seeing familiar faces and welcoming new ones.\n          Our team is a fun, friendly bunch dedicated to serving you with a smile and making sure every visit feels like\n          coming home.\n        </p>\n        <p class=\"text-lg text-gray-600\">\n          So, come on in, grab a seat, and let us take care of the rest. We can\'t wait to share our love of food with\n          you!\n        </p>\n        <p class=\"text-lg text-gray-800 font-semibold mt-6\">See you soon! 🍽️✨</p>', '1', '1', '7', '1', '1', '1', '0', '10', 'annual', 'active', '2026-12-28 00:00:00', '0', '-1', NULL, '2025-12-28 19:26:09', '2025-12-28 19:26:09', NULL, NULL, NULL, '1', 'Confirmed', '30', 'Approved', NULL, NULL, NULL, NULL, NULL, 'Wifi', 'wixvuh-8fuPho-buxson', '1', '0', '1', NULL, NULL, NULL, NULL, NULL, NULL, NULL, NULL, '1', '1', '0', NULL, '1', '1', '0', '0', '0', NULL, '1', '0', NULL, '0', '0', 'order', '0', 'en', '1', '1', '1', '10'),
('32', 'capricesdesiles2.ewiidine.ca', 'Caprice des iles 2', 'caprice-des-iles-2', '1210 Ch Victoria', '5148158188', '1', 'nicolas_mario@hotmail.com', 'America/Toronto', '#4F46E5', '79, 70, 229', NULL, '40', '0', '0', '0', '159', 'free', '1', '0', '50', NULL, '0', NULL, '2025-12-31 00:13:23', '2025-12-31 00:13:23', '0', '<p class=\"text-lg text-gray-600 mb-6\">\n          Welcome to our restaurant, where great food and good vibes come together! We\'re a local, family-owned spot that loves bringing people together over delicious meals and unforgettable moments. Whether you\'re here for a quick bite, a family dinner, or a celebration, we\'re all about making your time with us special.\n        </p>\n        <p class=\"text-lg text-gray-600 mb-6\">\n          Our menu is packed with dishes made from fresh, quality ingredients because we believe food should taste as\n          good as it makes you feel. From our signature dishes to seasonal specials, there\'s always something to excite\n          your taste buds.\n        </p>\n        <p class=\"text-lg text-gray-600 mb-6\">\n          But we\'re not just about the food—we\'re about community. We love seeing familiar faces and welcoming new ones.\n          Our team is a fun, friendly bunch dedicated to serving you with a smile and making sure every visit feels like\n          coming home.\n        </p>\n        <p class=\"text-lg text-gray-600\">\n          So, come on in, grab a seat, and let us take care of the rest. We can\'t wait to share our love of food with\n          you!\n        </p>\n        <p class=\"text-lg text-gray-800 font-semibold mt-6\">See you soon! 🍽️✨</p>', '1', '1', '7', '1', '1', '1', '0', '2', 'trial', 'active', '2026-01-30 00:13:23', '0', '-1', '2026-01-30 00:13:23', '2025-12-31 00:13:23', '2025-12-31 00:13:23', NULL, NULL, NULL, '1', 'Confirmed', '30', 'Approved', NULL, NULL, NULL, NULL, NULL, NULL, NULL, '0', '0', '1', NULL, NULL, NULL, NULL, NULL, NULL, NULL, NULL, '1', '1', '0', NULL, '1', '1', '0', '0', '0', NULL, '1', '0', NULL, '0', '0', 'order', '0', 'en', '1', '1', '1', '10'),
('33', 'mcjohnburgers.ewiidine.ca', 'McJohn Burgers', 'mcjohn-burgers', '83, Bleu Market, Montreal, Quebec', '88282821233', '91', 'sitw2021@gmail.com', 'Asia/Kolkata', '#4F46E5', '79, 70, 229', NULL, '40', '0', '0', '0', '164', 'free', '1', '0', '50', NULL, '0', NULL, '2026-01-22 10:24:08', '2026-01-22 10:24:08', '0', '<p class=\"text-lg text-gray-600 mb-6\">\n          Welcome to our restaurant, where great food and good vibes come together! We\'re a local, family-owned spot that loves bringing people together over delicious meals and unforgettable moments. Whether you\'re here for a quick bite, a family dinner, or a celebration, we\'re all about making your time with us special.\n        </p>\n        <p class=\"text-lg text-gray-600 mb-6\">\n          Our menu is packed with dishes made from fresh, quality ingredients because we believe food should taste as\n          good as it makes you feel. From our signature dishes to seasonal specials, there\'s always something to excite\n          your taste buds.\n        </p>\n        <p class=\"text-lg text-gray-600 mb-6\">\n          But we\'re not just about the food—we\'re about community. We love seeing familiar faces and welcoming new ones.\n          Our team is a fun, friendly bunch dedicated to serving you with a smile and making sure every visit feels like\n          coming home.\n        </p>\n        <p class=\"text-lg text-gray-600\">\n          So, come on in, grab a seat, and let us take care of the rest. We can\'t wait to share our love of food with\n          you!\n        </p>\n        <p class=\"text-lg text-gray-800 font-semibold mt-6\">See you soon! 🍽️✨</p>', '1', '1', '7', '1', '1', '1', '0', '2', 'trial', 'active', '2026-02-21 10:24:08', '0', '-1', '2026-02-21 10:24:08', '2026-01-22 10:24:08', '2026-01-22 10:24:08', NULL, NULL, NULL, '1', 'Confirmed', '30', 'Approved', NULL, NULL, NULL, NULL, NULL, NULL, NULL, '0', '0', '1', NULL, NULL, NULL, NULL, NULL, NULL, NULL, NULL, '1', '1', '0', NULL, '1', '1', '0', '0', '0', NULL, '1', '0', NULL, '0', '0', 'order', '0', 'en', '1', '1', '1', '10');


-- Table structure for table `role_has_permissions`
CREATE TABLE `role_has_permissions` (
  `permission_id` bigint(20) unsigned NOT NULL,
  `role_id` bigint(20) unsigned NOT NULL,
  PRIMARY KEY (`permission_id`,`role_id`),
  KEY `role_has_permissions_role_id_foreign` (`role_id`),
  CONSTRAINT `role_has_permissions_permission_id_foreign` FOREIGN KEY (`permission_id`) REFERENCES `permissions` (`id`) ON DELETE CASCADE,
  CONSTRAINT `role_has_permissions_role_id_foreign` FOREIGN KEY (`role_id`) REFERENCES `roles` (`id`) ON DELETE CASCADE
) ENGINE=InnoDB DEFAULT CHARSET=utf8mb4 COLLATE=utf8mb4_unicode_ci;

-- Dumping data for table `role_has_permissions`
INSERT INTO `role_has_permissions` VALUES
('1', '2'),
('1', '3'),
('1', '6'),
('1', '7'),
('1', '10'),
('1', '11'),
('1', '14'),
('1', '15'),
('1', '22'),
('1', '23'),
('1', '26'),
('1', '27'),
('1', '30'),
('1', '31'),
('1', '34'),
('1', '35'),
('1', '38'),
('1', '39'),
('1', '42'),
('1', '43'),
('1', '46'),
('1', '47'),
('1', '50'),
('1', '51'),
('2', '2'),
('2', '3'),
('2', '6'),
('2', '7'),
('2', '10'),
('2', '11'),
('2', '14'),
('2', '15'),
('2', '22'),
('2', '23'),
('2', '26'),
('2', '27'),
('2', '30'),
('2', '31'),
('2', '34'),
('2', '35'),
('2', '38'),
('2', '39'),
('2', '42'),
('2', '43'),
('2', '46'),
('2', '47'),
('2', '50'),
('2', '51'),
('3', '2'),
('3', '3'),
('3', '6'),
('3', '7'),
('3', '10'),
('3', '11'),
('3', '14'),
('3', '15'),
('3', '22'),
('3', '23'),
('3', '26'),
('3', '27'),
('3', '30'),
('3', '31'),
('3', '34'),
('3', '35'),
('3', '38'),
('3', '39'),
('3', '42'),
('3', '43'),
('3', '46'),
('3', '47'),
('3', '50'),
('3', '51'),
('4', '2'),
('4', '3'),
('4', '6'),
('4', '7'),
('4', '10'),
('4', '11'),
('4', '14'),
('4', '15'),
('4', '22'),
('4', '23'),
('4', '26'),
('4', '27'),
('4', '30'),
('4', '31'),
('4', '34'),
('4', '35'),
('4', '38'),
('4', '39'),
('4', '42'),
('4', '43'),
('4', '46'),
('4', '47'),
('4', '50'),
('4', '51'),
('5', '2'),
('5', '3'),
('5', '6'),
('5', '7'),
('5', '10'),
('5', '11'),
('5', '14'),
('5', '15'),
('5', '22'),
('5', '23'),
('5', '26'),
('5', '27'),
('5', '30'),
('5', '31'),
('5', '34'),
('5', '35'),
('5', '38'),
('5', '39'),
('5', '42'),
('5', '43'),
('5', '46'),
('5', '47'),
('5', '50'),
('5', '51'),
('6', '2'),
('6', '3'),
('6', '6'),
('6', '7'),
('6', '10'),
('6', '11'),
('6', '14'),
('6', '15'),
('6', '22'),
('6', '23'),
('6', '26'),
('6', '27'),
('6', '30'),
('6', '31'),
('6', '34'),
('6', '35'),
('6', '38'),
('6', '39'),
('6', '42'),
('6', '43'),
('6', '46'),
('6', '47'),
('6', '50'),
('6', '51'),
('7', '2'),
('7', '3'),
('7', '6'),
('7', '7'),
('7', '10'),
('7', '11'),
('7', '14'),
('7', '15'),
('7', '22'),
('7', '23'),
('7', '26'),
('7', '27'),
('7', '30'),
('7', '31'),
('7', '34'),
('7', '35'),
('7', '38'),
('7', '39'),
('7', '42'),
('7', '43'),
('7', '46'),
('7', '47'),
('7', '50'),
('7', '51'),
('8', '2'),
('8', '3'),
('8', '6'),
('8', '7'),
('8', '10'),
('8', '11'),
('8', '14'),
('8', '15'),
('8', '22'),
('8', '23'),
('8', '26'),
('8', '27'),
('8', '30'),
('8', '31'),
('8', '34'),
('8', '35'),
('8', '38'),
('8', '39'),
('8', '42'),
('8', '43'),
('8', '46'),
('8', '47'),
('8', '50'),
('8', '51'),
('9', '2'),
('9', '3'),
('9', '6'),
('9', '7'),
('9', '10'),
('9', '11'),
('9', '14'),
('9', '15'),
('9', '22'),
('9', '23'),
('9', '26'),
('9', '27'),
('9', '30'),
('9', '31'),
('9', '34'),
('9', '35'),
('9', '38'),
('9', '39'),
('9', '42'),
('9', '43'),
('9', '46'),
('9', '47'),
('9', '50'),
('9', '51'),
('10', '2'),
('10', '3'),
('10', '6'),
('10', '7'),
('10', '10'),
('10', '11'),
('10', '14'),
('10', '15'),
('10', '22'),
('10', '23'),
('10', '26'),
('10', '27'),
('10', '30'),
('10', '31'),
('10', '34'),
('10', '35'),
('10', '38'),
('10', '39'),
('10', '42'),
('10', '43'),
('10', '46'),
('10', '47'),
('10', '50'),
('10', '51'),
('11', '2'),
('11', '3'),
('11', '6'),
('11', '7'),
('11', '10'),
('11', '11'),
('11', '14'),
('11', '15'),
('11', '22'),
('11', '23'),
('11', '26'),
('11', '27'),
('11', '30'),
('11', '31'),
('11', '34'),
('11', '35'),
('11', '38'),
('11', '39'),
('11', '42'),
('11', '43'),
('11', '46'),
('11', '47'),
('11', '50'),
('11', '51'),
('12', '2'),
('12', '3'),
('12', '6'),
('12', '7'),
('12', '10'),
('12', '11'),
('12', '14'),
('12', '15'),
('12', '22'),
('12', '23'),
('12', '26'),
('12', '27'),
('12', '30'),
('12', '31'),
('12', '34'),
('12', '35'),
('12', '38'),
('12', '39'),
('12', '42'),
('12', '43'),
('12', '46'),
('12', '47'),
('12', '50'),
('12', '51'),
('13', '2'),
('13', '3'),
('13', '6'),
('13', '7'),
('13', '10'),
('13', '11'),
('13', '14'),
('13', '15'),
('13', '22'),
('13', '23'),
('13', '26'),
('13', '27'),
('13', '30'),
('13', '31'),
('13', '34'),
('13', '35'),
('13', '38'),
('13', '39'),
('13', '42'),
('13', '43'),
('13', '46'),
('13', '47'),
('13', '50'),
('13', '51'),
('14', '2'),
('14', '3'),
('14', '6'),
('14', '7'),
('14', '10'),
('14', '11'),
('14', '14'),
('14', '15'),
('14', '22'),
('14', '23'),
('14', '26'),
('14', '27'),
('14', '30'),
('14', '31'),
('14', '34'),
('14', '35'),
('14', '38'),
('14', '39'),
('14', '42'),
('14', '43'),
('14', '46'),
('14', '47'),
('14', '50'),
('14', '51'),
('15', '2'),
('15', '3'),
('15', '6'),
('15', '7'),
('15', '10'),
('15', '11'),
('15', '14'),
('15', '15'),
('15', '22'),
('15', '23'),
('15', '26'),
('15', '27'),
('15', '30'),
('15', '31'),
('15', '34'),
('15', '35'),
('15', '38'),
('15', '39'),
('15', '42'),
('15', '43'),
('15', '46'),
('15', '47'),
('15', '50'),
('15', '51'),
('16', '2'),
('16', '3'),
('16', '6'),
('16', '7'),
('16', '10'),
('16', '11'),
('16', '14'),
('16', '15'),
('16', '22'),
('16', '23'),
('16', '26'),
('16', '27'),
('16', '30'),
('16', '31'),
('16', '34'),
('16', '35'),
('16', '38'),
('16', '39'),
('16', '42'),
('16', '43'),
('16', '46'),
('16', '47'),
('16', '50'),
('16', '51'),
('17', '2'),
('17', '3'),
('17', '6'),
('17', '7'),
('17', '10'),
('17', '11'),
('17', '14'),
('17', '15'),
('17', '22'),
('17', '23'),
('17', '26'),
('17', '27'),
('17', '30'),
('17', '31'),
('17', '34'),
('17', '35'),
('17', '38'),
('17', '39'),
('17', '42'),
('17', '43'),
('17', '46'),
('17', '47'),
('17', '50'),
('17', '51'),
('18', '2'),
('18', '3'),
('18', '6'),
('18', '7'),
('18', '10'),
('18', '11'),
('18', '14'),
('18', '15'),
('18', '22'),
('18', '23'),
('18', '26'),
('18', '27'),
('18', '30'),
('18', '31'),
('18', '34'),
('18', '35'),
('18', '38'),
('18', '39'),
('18', '42'),
('18', '43'),
('18', '46'),
('18', '47'),
('18', '50'),
('18', '51'),
('19', '2'),
('19', '3'),
('19', '6'),
('19', '7'),
('19', '10'),
('19', '11'),
('19', '14'),
('19', '15'),
('19', '22'),
('19', '23'),
('19', '26'),
('19', '27'),
('19', '30'),
('19', '31'),
('19', '34'),
('19', '35'),
('19', '38'),
('19', '39'),
('19', '42'),
('19', '43'),
('19', '46'),
('19', '47'),
('19', '50'),
('19', '51'),
('20', '2'),
('20', '3'),
('20', '6'),
('20', '7'),
('20', '10'),
('20', '11'),
('20', '14'),
('20', '15'),
('20', '22'),
('20', '23'),
('20', '26'),
('20', '27'),
('20', '30'),
('20', '31'),
('20', '34'),
('20', '35'),
('20', '38'),
('20', '39'),
('20', '42'),
('20', '43'),
('20', '46'),
('20', '47'),
('20', '50'),
('20', '51'),
('21', '2'),
('21', '3'),
('21', '6'),
('21', '7'),
('21', '10'),
('21', '11'),
('21', '14'),
('21', '15'),
('21', '22'),
('21', '23'),
('21', '26'),
('21', '27'),
('21', '30'),
('21', '31'),
('21', '34'),
('21', '35'),
('21', '38'),
('21', '39'),
('21', '42'),
('21', '43'),
('21', '46'),
('21', '47'),
('21', '50'),
('21', '51'),
('22', '2'),
('22', '3'),
('22', '6'),
('22', '7'),
('22', '10'),
('22', '11'),
('22', '14'),
('22', '15'),
('22', '22'),
('22', '23'),
('22', '26'),
('22', '27'),
('22', '30'),
('22', '31'),
('22', '34'),
('22', '35'),
('22', '38'),
('22', '39'),
('22', '42'),
('22', '43'),
('22', '46'),
('22', '47'),
('22', '50'),
('22', '51'),
('23', '2'),
('23', '3'),
('23', '6'),
('23', '7'),
('23', '10'),
('23', '11'),
('23', '14'),
('23', '15'),
('23', '22'),
('23', '23'),
('23', '26'),
('23', '27'),
('23', '30'),
('23', '31'),
('23', '34'),
('23', '35'),
('23', '38'),
('23', '39'),
('23', '42'),
('23', '43'),
('23', '46'),
('23', '47'),
('23', '50'),
('23', '51'),
('24', '2'),
('24', '3'),
('24', '6'),
('24', '7'),
('24', '10'),
('24', '11'),
('24', '14'),
('24', '15'),
('24', '22'),
('24', '23'),
('24', '26'),
('24', '27'),
('24', '30'),
('24', '31'),
('24', '34'),
('24', '35'),
('24', '38'),
('24', '39'),
('24', '42'),
('24', '43'),
('24', '46'),
('24', '47'),
('24', '50'),
('24', '51'),
('25', '2'),
('25', '3'),
('25', '6'),
('25', '7'),
('25', '10'),
('25', '11'),
('25', '14'),
('25', '15'),
('25', '16'),
('25', '17'),
('25', '22'),
('25', '23'),
('25', '26'),
('25', '27'),
('25', '30'),
('25', '31'),
('25', '34'),
('25', '35'),
('25', '38'),
('25', '39'),
('25', '42'),
('25', '43'),
('25', '46'),
('25', '47'),
('25', '50'),
('25', '51'),
('26', '2'),
('26', '3'),
('26', '6'),
('26', '7'),
('26', '10'),
('26', '11'),
('26', '14'),
('26', '15'),
('26', '22'),
('26', '23'),
('26', '26'),
('26', '27'),
('26', '30'),
('26', '31'),
('26', '34'),
('26', '35'),
('26', '38'),
('26', '39'),
('26', '42'),
('26', '43'),
('26', '46'),
('26', '47'),
('26', '50'),
('26', '51'),
('27', '2'),
('27', '3'),
('27', '6'),
('27', '7'),
('27', '10'),
('27', '11'),
('27', '14'),
('27', '15'),
('27', '16'),
('27', '17'),
('27', '22'),
('27', '23'),
('27', '26'),
('27', '27'),
('27', '30'),
('27', '31'),
('27', '34'),
('27', '35'),
('27', '38'),
('27', '39'),
('27', '42'),
('27', '43'),
('27', '46'),
('27', '47'),
('27', '50'),
('27', '51'),
('28', '2'),
('28', '3'),
('28', '6'),
('28', '7'),
('28', '10'),
('28', '11'),
('28', '14'),
('28', '15'),
('28', '16'),
('28', '22'),
('28', '23'),
('28', '26'),
('28', '27'),
('28', '30'),
('28', '31'),
('28', '34'),
('28', '35'),
('28', '38'),
('28', '39'),
('28', '42'),
('28', '43'),
('28', '46'),
('28', '47'),
('28', '50'),
('28', '51'),
('29', '2'),
('29', '3'),
('29', '6'),
('29', '7'),
('29', '10'),
('29', '11'),
('29', '14'),
('29', '15'),
('29', '22'),
('29', '23'),
('29', '26'),
('29', '27'),
('29', '30'),
('29', '31'),
('29', '34'),
('29', '35'),
('29', '38'),
('29', '39'),
('29', '42'),
('29', '43'),
('29', '46'),
('29', '47'),
('29', '50'),
('29', '51'),
('30', '2'),
('30', '3'),
('30', '6'),
('30', '7'),
('30', '10'),
('30', '11'),
('30', '14'),
('30', '15'),
('30', '22'),
('30', '23'),
('30', '26'),
('30', '27'),
('30', '30'),
('30', '31'),
('30', '34'),
('30', '35'),
('30', '38'),
('30', '39'),
('30', '42'),
('30', '43'),
('30', '46'),
('30', '47'),
('30', '50'),
('30', '51'),
('31', '2'),
('31', '3'),
('31', '6'),
('31', '7'),
('31', '10'),
('31', '11'),
('31', '14'),
('31', '15'),
('31', '22'),
('31', '23'),
('31', '26'),
('31', '27'),
('31', '30'),
('31', '31'),
('31', '34'),
('31', '35'),
('31', '38'),
('31', '39'),
('31', '42'),
('31', '43'),
('31', '46'),
('31', '47'),
('31', '50'),
('31', '51'),
('32', '2'),
('32', '3'),
('32', '6'),
('32', '7'),
('32', '10'),
('32', '11'),
('32', '14'),
('32', '15'),
('32', '22'),
('32', '23'),
('32', '26'),
('32', '27'),
('32', '30'),
('32', '31'),
('32', '34'),
('32', '35'),
('32', '38'),
('32', '39'),
('32', '42'),
('32', '43'),
('32', '46'),
('32', '47'),
('32', '50'),
('32', '51'),
('33', '2'),
('33', '3'),
('33', '6'),
('33', '7'),
('33', '10'),
('33', '11'),
('33', '14'),
('33', '15'),
('33', '22'),
('33', '23'),
('33', '26'),
('33', '27'),
('33', '30'),
('33', '31'),
('33', '34'),
('33', '35'),
('33', '38'),
('33', '39'),
('33', '42'),
('33', '43'),
('33', '46'),
('33', '47'),
('33', '50'),
('33', '51'),
('34', '2'),
('34', '3'),
('34', '6'),
('34', '7'),
('34', '10'),
('34', '11'),
('34', '14'),
('34', '15'),
('34', '22'),
('34', '23'),
('34', '26'),
('34', '27'),
('34', '30'),
('34', '31'),
('34', '34'),
('34', '35'),
('34', '38'),
('34', '39'),
('34', '42'),
('34', '43'),
('34', '46'),
('34', '47'),
('34', '50'),
('34', '51'),
('35', '2'),
('35', '3'),
('35', '6'),
('35', '7'),
('35', '10'),
('35', '11'),
('35', '14'),
('35', '15'),
('35', '22'),
('35', '23'),
('35', '26'),
('35', '27'),
('35', '30'),
('35', '31'),
('35', '34'),
('35', '35'),
('35', '38'),
('35', '39'),
('35', '42'),
('35', '43'),
('35', '46'),
('35', '47'),
('35', '50'),
('35', '51'),
('36', '2'),
('36', '3'),
('36', '6'),
('36', '7'),
('36', '10'),
('36', '11'),
('36', '14'),
('36', '15'),
('36', '22'),
('36', '23'),
('36', '26'),
('36', '27'),
('36', '30'),
('36', '31'),
('36', '34'),
('36', '35'),
('36', '38'),
('36', '39'),
('36', '42'),
('36', '43'),
('36', '46'),
('36', '47'),
('36', '50'),
('36', '51'),
('37', '2'),
('37', '3'),
('37', '6'),
('37', '7'),
('37', '10'),
('37', '11'),
('37', '14'),
('37', '15'),
('37', '22'),
('37', '23'),
('37', '26'),
('37', '27'),
('37', '30'),
('37', '31'),
('37', '34'),
('37', '35'),
('37', '38'),
('37', '39'),
('37', '42'),
('37', '43'),
('37', '46'),
('37', '47'),
('37', '50'),
('37', '51'),
('38', '2'),
('38', '3'),
('38', '6'),
('38', '7'),
('38', '10'),
('38', '11'),
('38', '14'),
('38', '15'),
('38', '22'),
('38', '23'),
('38', '26'),
('38', '27'),
('38', '30'),
('38', '31'),
('38', '34'),
('38', '35'),
('38', '38'),
('38', '39'),
('38', '42'),
('38', '43'),
('38', '46'),
('38', '47'),
('38', '50'),
('38', '51'),
('39', '2'),
('39', '3'),
('39', '6'),
('39', '7'),
('39', '10'),
('39', '11'),
('39', '14'),
('39', '15'),
('39', '22'),
('39', '23'),
('39', '26'),
('39', '27'),
('39', '30'),
('39', '31'),
('39', '34'),
('39', '35'),
('39', '38'),
('39', '39'),
('39', '42'),
('39', '43'),
('39', '46'),
('39', '47'),
('39', '50'),
('39', '51'),
('40', '2'),
('40', '3'),
('40', '6'),
('40', '7'),
('40', '10'),
('40', '11'),
('40', '14'),
('40', '15'),
('40', '22'),
('40', '23'),
('40', '26'),
('40', '27'),
('40', '30'),
('40', '31'),
('40', '34'),
('40', '35'),
('40', '38'),
('40', '39'),
('40', '42'),
('40', '43'),
('40', '46'),
('40', '47'),
('40', '50'),
('40', '51'),
('41', '2'),
('41', '3'),
('41', '6'),
('41', '7'),
('41', '10'),
('41', '11'),
('41', '14'),
('41', '15'),
('41', '22'),
('41', '23'),
('41', '26'),
('41', '27'),
('41', '30'),
('41', '31'),
('41', '34'),
('41', '35'),
('41', '38'),
('41', '39'),
('41', '42'),
('41', '43'),
('41', '46'),
('41', '47'),
('41', '50'),
('41', '51'),
('42', '2'),
('42', '3'),
('42', '6'),
('42', '7'),
('42', '10'),
('42', '11'),
('42', '14'),
('42', '15'),
('42', '22'),
('42', '23'),
('42', '26');

INSERT INTO `role_has_permissions` VALUES
('42', '27'),
('42', '30'),
('42', '31'),
('42', '34'),
('42', '35'),
('42', '38'),
('42', '39'),
('42', '42'),
('42', '43'),
('42', '46'),
('42', '47'),
('42', '50'),
('42', '51'),
('43', '2'),
('43', '3'),
('43', '6'),
('43', '7'),
('43', '10'),
('43', '11'),
('43', '14'),
('43', '15'),
('43', '22'),
('43', '23'),
('43', '26'),
('43', '27'),
('43', '30'),
('43', '31'),
('43', '34'),
('43', '35'),
('43', '38'),
('43', '39'),
('43', '42'),
('43', '43'),
('43', '46'),
('43', '47'),
('43', '50'),
('43', '51'),
('44', '2'),
('44', '3'),
('44', '6'),
('44', '7'),
('44', '10'),
('44', '11'),
('44', '14'),
('44', '15'),
('44', '22'),
('44', '23'),
('44', '26'),
('44', '27'),
('44', '30'),
('44', '31'),
('44', '34'),
('44', '35'),
('44', '38'),
('44', '39'),
('44', '42'),
('44', '43'),
('44', '46'),
('44', '47'),
('44', '50'),
('44', '51'),
('45', '2'),
('45', '3'),
('45', '6'),
('45', '7'),
('45', '10'),
('45', '11'),
('45', '14'),
('45', '15'),
('45', '22'),
('45', '23'),
('45', '26'),
('45', '27'),
('45', '30'),
('45', '31'),
('45', '34'),
('45', '35'),
('45', '38'),
('45', '39'),
('45', '42'),
('45', '43'),
('45', '46'),
('45', '47'),
('45', '50'),
('45', '51'),
('46', '2'),
('46', '3'),
('46', '6'),
('46', '7'),
('46', '10'),
('46', '11'),
('46', '14'),
('46', '15'),
('46', '22'),
('46', '23'),
('46', '26'),
('46', '27'),
('46', '30'),
('46', '31'),
('46', '34'),
('46', '35'),
('46', '38'),
('46', '39'),
('46', '42'),
('46', '43'),
('46', '46'),
('46', '47'),
('46', '50'),
('46', '51'),
('47', '2'),
('47', '3'),
('47', '6'),
('47', '7'),
('47', '10'),
('47', '11'),
('47', '14'),
('47', '15'),
('47', '22'),
('47', '23'),
('47', '26'),
('47', '27'),
('47', '30'),
('47', '31'),
('47', '34'),
('47', '35'),
('47', '38'),
('47', '39'),
('47', '42'),
('47', '43'),
('47', '46'),
('47', '47'),
('47', '50'),
('47', '51'),
('48', '2'),
('48', '3'),
('48', '6'),
('48', '7'),
('48', '10'),
('48', '11'),
('48', '14'),
('48', '15'),
('48', '22'),
('48', '23'),
('48', '26'),
('48', '27'),
('48', '30'),
('48', '31'),
('48', '34'),
('48', '35'),
('48', '38'),
('48', '39'),
('48', '42'),
('48', '43'),
('48', '46'),
('48', '47'),
('48', '50'),
('48', '51'),
('49', '2'),
('49', '3'),
('49', '6'),
('49', '7'),
('49', '10'),
('49', '11'),
('49', '14'),
('49', '15'),
('49', '22'),
('49', '23'),
('49', '26'),
('49', '27'),
('49', '30'),
('49', '31'),
('49', '34'),
('49', '35'),
('49', '38'),
('49', '39'),
('49', '42'),
('49', '43'),
('49', '46'),
('49', '47'),
('49', '50'),
('49', '51'),
('50', '2'),
('50', '3'),
('50', '6'),
('50', '7'),
('50', '10'),
('50', '11'),
('50', '14'),
('50', '15'),
('50', '22'),
('50', '23'),
('50', '26'),
('50', '27'),
('50', '30'),
('50', '31'),
('50', '34'),
('50', '35'),
('50', '38'),
('50', '39'),
('50', '42'),
('50', '43'),
('50', '46'),
('50', '47'),
('50', '50'),
('50', '51'),
('51', '2'),
('51', '3'),
('51', '6'),
('51', '7'),
('51', '10'),
('51', '11'),
('51', '14'),
('51', '15'),
('51', '22'),
('51', '23'),
('51', '26'),
('51', '27'),
('51', '30'),
('51', '31'),
('51', '34'),
('51', '35'),
('51', '38'),
('51', '39'),
('51', '42'),
('51', '43'),
('51', '46'),
('51', '47'),
('51', '50'),
('51', '51'),
('52', '2'),
('52', '3'),
('52', '6'),
('52', '7'),
('52', '10'),
('52', '11'),
('52', '14'),
('52', '15'),
('52', '22'),
('52', '23'),
('52', '26'),
('52', '27'),
('52', '30'),
('52', '31'),
('52', '34'),
('52', '35'),
('52', '38'),
('52', '39'),
('52', '42'),
('52', '43'),
('52', '46'),
('52', '47'),
('52', '50'),
('52', '51'),
('53', '2'),
('53', '3'),
('53', '6'),
('53', '7'),
('53', '10'),
('53', '11'),
('53', '14'),
('53', '15'),
('53', '22'),
('53', '23'),
('53', '26'),
('53', '27'),
('53', '30'),
('53', '31'),
('53', '34'),
('53', '35'),
('53', '38'),
('53', '39'),
('53', '42'),
('53', '43'),
('53', '46'),
('53', '47'),
('53', '50'),
('53', '51'),
('54', '2'),
('54', '3'),
('54', '6'),
('54', '7'),
('54', '10'),
('54', '11'),
('54', '14'),
('54', '15'),
('54', '22'),
('54', '23'),
('54', '26'),
('54', '27'),
('54', '30'),
('54', '31'),
('54', '34'),
('54', '35'),
('54', '38'),
('54', '39'),
('54', '42'),
('54', '43'),
('54', '46'),
('54', '47'),
('54', '50'),
('54', '51'),
('55', '2'),
('55', '3'),
('55', '6'),
('55', '7'),
('55', '10'),
('55', '11'),
('55', '14'),
('55', '15'),
('55', '22'),
('55', '23'),
('55', '26'),
('55', '27'),
('55', '30'),
('55', '31'),
('55', '34'),
('55', '35'),
('55', '38'),
('55', '39'),
('55', '42'),
('55', '43'),
('55', '46'),
('55', '47'),
('55', '50'),
('55', '51'),
('56', '2'),
('56', '3'),
('56', '6'),
('56', '7'),
('56', '10'),
('56', '11'),
('56', '14'),
('56', '15'),
('56', '22'),
('56', '23'),
('56', '26'),
('56', '27'),
('56', '30'),
('56', '31'),
('56', '34'),
('56', '35'),
('56', '38'),
('56', '39'),
('56', '42'),
('56', '43'),
('56', '46'),
('56', '47'),
('56', '50'),
('56', '51'),
('57', '2'),
('57', '3'),
('57', '6'),
('57', '7'),
('57', '10'),
('57', '11'),
('57', '14'),
('57', '15'),
('57', '22'),
('57', '23'),
('57', '26'),
('57', '27'),
('57', '30'),
('57', '31'),
('57', '34'),
('57', '35'),
('57', '38'),
('57', '39'),
('57', '42'),
('57', '43'),
('57', '46'),
('57', '47'),
('57', '50'),
('57', '51'),
('58', '2'),
('58', '3'),
('58', '6'),
('58', '7'),
('58', '10'),
('58', '11'),
('58', '14'),
('58', '15'),
('58', '22'),
('58', '23'),
('58', '26'),
('58', '27'),
('58', '30'),
('58', '31'),
('58', '34'),
('58', '35'),
('58', '38'),
('58', '39'),
('58', '42'),
('58', '43'),
('58', '46'),
('58', '47'),
('58', '50'),
('58', '51'),
('59', '2'),
('59', '3'),
('59', '6'),
('59', '7'),
('59', '10'),
('59', '11'),
('59', '14'),
('59', '15'),
('59', '22'),
('59', '23'),
('59', '26'),
('59', '27'),
('59', '30'),
('59', '31'),
('59', '34'),
('59', '35'),
('59', '38'),
('59', '39'),
('59', '42'),
('59', '43'),
('59', '46'),
('59', '47'),
('59', '50'),
('59', '51'),
('60', '2'),
('60', '3'),
('60', '6'),
('60', '7'),
('60', '10'),
('60', '11'),
('60', '14'),
('60', '15'),
('60', '22'),
('60', '23'),
('60', '26'),
('60', '27'),
('60', '30'),
('60', '31'),
('60', '34'),
('60', '35'),
('60', '38'),
('60', '39'),
('60', '42'),
('60', '43'),
('60', '46'),
('60', '47'),
('60', '50'),
('60', '51'),
('61', '2'),
('61', '3'),
('61', '6'),
('61', '7'),
('61', '10'),
('61', '11'),
('61', '14'),
('61', '15'),
('61', '22'),
('61', '23'),
('61', '26'),
('61', '27'),
('61', '30'),
('61', '31'),
('61', '34'),
('61', '35'),
('61', '38'),
('61', '39'),
('61', '42'),
('61', '43'),
('61', '46'),
('61', '47'),
('61', '50'),
('61', '51'),
('62', '2'),
('62', '3'),
('62', '6'),
('62', '7'),
('62', '10'),
('62', '11'),
('62', '14'),
('62', '15'),
('62', '22'),
('62', '23'),
('62', '26'),
('62', '27'),
('62', '30'),
('62', '31'),
('62', '34'),
('62', '35'),
('62', '38'),
('62', '39'),
('62', '42'),
('62', '43'),
('62', '46'),
('62', '47'),
('62', '50'),
('62', '51'),
('63', '2'),
('63', '3'),
('63', '6'),
('63', '7'),
('63', '10'),
('63', '11'),
('63', '14'),
('63', '15'),
('63', '22'),
('63', '23'),
('63', '26'),
('63', '27'),
('63', '30'),
('63', '31'),
('63', '34'),
('63', '35'),
('63', '38'),
('63', '39'),
('63', '42'),
('63', '43'),
('63', '46'),
('63', '47'),
('63', '50'),
('63', '51'),
('64', '2'),
('64', '3'),
('64', '6'),
('64', '7'),
('64', '10'),
('64', '11'),
('64', '14'),
('64', '15'),
('64', '22'),
('64', '23'),
('64', '26'),
('64', '27'),
('64', '30'),
('64', '31'),
('64', '34'),
('64', '35'),
('64', '38'),
('64', '39'),
('64', '42'),
('64', '43'),
('64', '46'),
('64', '47'),
('64', '50'),
('64', '51'),
('65', '2'),
('65', '3'),
('65', '6'),
('65', '7'),
('65', '10'),
('65', '11'),
('65', '14'),
('65', '15'),
('65', '22'),
('65', '23'),
('65', '26'),
('65', '27'),
('65', '30'),
('65', '31'),
('65', '34'),
('65', '35'),
('65', '38'),
('65', '39'),
('65', '42'),
('65', '43'),
('65', '46'),
('65', '47'),
('65', '50'),
('65', '51'),
('66', '2'),
('66', '3'),
('66', '6'),
('66', '7'),
('66', '10'),
('66', '11'),
('66', '14'),
('66', '15'),
('66', '22'),
('66', '23'),
('66', '26'),
('66', '27'),
('66', '30'),
('66', '31'),
('66', '34'),
('66', '35'),
('66', '38'),
('66', '39'),
('66', '42'),
('66', '43'),
('66', '46'),
('66', '47'),
('66', '50'),
('66', '51'),
('67', '2'),
('67', '3'),
('67', '6'),
('67', '7'),
('67', '10'),
('67', '11'),
('67', '14'),
('67', '15'),
('67', '22'),
('67', '23'),
('67', '26'),
('67', '27'),
('67', '30'),
('67', '31'),
('67', '34'),
('67', '35'),
('67', '38'),
('67', '39'),
('67', '42'),
('67', '43'),
('67', '46'),
('67', '47'),
('67', '50'),
('67', '51'),
('68', '2'),
('68', '3'),
('68', '6'),
('68', '7'),
('68', '10'),
('68', '11'),
('68', '14'),
('68', '15'),
('68', '22'),
('68', '23'),
('68', '26'),
('68', '27'),
('68', '30'),
('68', '31'),
('68', '34'),
('68', '35'),
('68', '38'),
('68', '39'),
('68', '42'),
('68', '43'),
('68', '46'),
('68', '47'),
('68', '50'),
('68', '51'),
('69', '2'),
('69', '3'),
('69', '6'),
('69', '7'),
('69', '10'),
('69', '11'),
('69', '14'),
('69', '15'),
('69', '22'),
('69', '23'),
('69', '26'),
('69', '27'),
('69', '30'),
('69', '31'),
('69', '34'),
('69', '35'),
('69', '38'),
('69', '39'),
('69', '42'),
('69', '43'),
('69', '46'),
('69', '47'),
('69', '50'),
('69', '51'),
('70', '2'),
('70', '3'),
('70', '6'),
('70', '7'),
('70', '10'),
('70', '11'),
('70', '14'),
('70', '15'),
('70', '22'),
('70', '23'),
('70', '26'),
('70', '27'),
('70', '30'),
('70', '31'),
('70', '34'),
('70', '35'),
('70', '38'),
('70', '39'),
('70', '42'),
('70', '43'),
('70', '46'),
('70', '47'),
('70', '50'),
('70', '51'),
('71', '2'),
('71', '3'),
('71', '6'),
('71', '7'),
('71', '10'),
('71', '11'),
('71', '14'),
('71', '15'),
('71', '22'),
('71', '23'),
('71', '26'),
('71', '27'),
('71', '30'),
('71', '31'),
('71', '34'),
('71', '35'),
('71', '38'),
('71', '39'),
('71', '42'),
('71', '43'),
('71', '46'),
('71', '47'),
('71', '50'),
('71', '51'),
('72', '2'),
('72', '3'),
('72', '6'),
('72', '7'),
('72', '10'),
('72', '11'),
('72', '14'),
('72', '15'),
('72', '22'),
('72', '23'),
('72', '26'),
('72', '27'),
('72', '30'),
('72', '31'),
('72', '34'),
('72', '35'),
('72', '38'),
('72', '39'),
('72', '42'),
('72', '43'),
('72', '46'),
('72', '47'),
('72', '50'),
('72', '51'),
('73', '2'),
('73', '3'),
('73', '6'),
('73', '7'),
('73', '10'),
('73', '11'),
('73', '14'),
('73', '15'),
('73', '22'),
('73', '23'),
('73', '26'),
('73', '27'),
('73', '30'),
('73', '31'),
('73', '34'),
('73', '35'),
('73', '38'),
('73', '39'),
('73', '42'),
('73', '43'),
('73', '46'),
('73', '47'),
('73', '50'),
('73', '51'),
('74', '2'),
('74', '3'),
('74', '6'),
('74', '7'),
('74', '10'),
('74', '11'),
('74', '14'),
('74', '15'),
('74', '22'),
('74', '23'),
('74', '26'),
('74', '27'),
('74', '30'),
('74', '31'),
('74', '34'),
('74', '35'),
('74', '38'),
('74', '39'),
('74', '42'),
('74', '43'),
('74', '46'),
('74', '47'),
('74', '50'),
('74', '51'),
('75', '2'),
('75', '3'),
('75', '6'),
('75', '7'),
('75', '10'),
('75', '11'),
('75', '14'),
('75', '15'),
('75', '22'),
('75', '23'),
('75', '26'),
('75', '27'),
('75', '30'),
('75', '31'),
('75', '34'),
('75', '35'),
('75', '38'),
('75', '39'),
('75', '42'),
('75', '43'),
('75', '46'),
('75', '47'),
('75', '50'),
('75', '51'),
('76', '2'),
('76', '3'),
('76', '6'),
('76', '7'),
('76', '10'),
('76', '11'),
('76', '14'),
('76', '15'),
('76', '22'),
('76', '23'),
('76', '26'),
('76', '27'),
('76', '30'),
('76', '31'),
('76', '34'),
('76', '35'),
('76', '38'),
('76', '39'),
('76', '42'),
('76', '43'),
('76', '46'),
('76', '47'),
('76', '50'),
('76', '51'),
('77', '2'),
('77', '3'),
('77', '6'),
('77', '7'),
('77', '10'),
('77', '11'),
('77', '14'),
('77', '15'),
('77', '22'),
('77', '23'),
('77', '26'),
('77', '27'),
('77', '30'),
('77', '31'),
('77', '34'),
('77', '35'),
('77', '38'),
('77', '39'),
('77', '42'),
('77', '43'),
('77', '46'),
('77', '47'),
('77', '50'),
('77', '51'),
('78', '2'),
('78', '3'),
('78', '6'),
('78', '7'),
('78', '10'),
('78', '11'),
('78', '14'),
('78', '15'),
('78', '22'),
('78', '23'),
('78', '26'),
('78', '27'),
('78', '30'),
('78', '31'),
('78', '34'),
('78', '35'),
('78', '38'),
('78', '39'),
('78', '42'),
('78', '43'),
('78', '46'),
('78', '47'),
('78', '50'),
('78', '51'),
('79', '2'),
('79', '3'),
('79', '6'),
('79', '7'),
('79', '10'),
('79', '11'),
('79', '14'),
('79', '15'),
('79', '22'),
('79', '23'),
('79', '26'),
('79', '27'),
('79', '30'),
('79', '31'),
('79', '34'),
('79', '35'),
('79', '38'),
('79', '39'),
('79', '42'),
('79', '43'),
('79', '46'),
('79', '47'),
('79', '50'),
('79', '51'),
('80', '2'),
('80', '3'),
('80', '6'),
('80', '7'),
('80', '10'),
('80', '11'),
('80', '14'),
('80', '15'),
('80', '22'),
('80', '23'),
('80', '26'),
('80', '27'),
('80', '30'),
('80', '31'),
('80', '34'),
('80', '35'),
('80', '38'),
('80', '39'),
('80', '42'),
('80', '43'),
('80', '46'),
('80', '47'),
('80', '50'),
('80', '51'),
('81', '2'),
('81', '3'),
('81', '6'),
('81', '7'),
('81', '10'),
('81', '11'),
('81', '14'),
('81', '15'),
('81', '22'),
('81', '23'),
('81', '26'),
('81', '27'),
('81', '30'),
('81', '31'),
('81', '34'),
('81', '35'),
('81', '38'),
('81', '39'),
('81', '42'),
('81', '43'),
('81', '46'),
('81', '47'),
('81', '50'),
('81', '51'),
('82', '2'),
('82', '3'),
('82', '6'),
('82', '7'),
('82', '10'),
('82', '11'),
('82', '14'),
('82', '15'),
('82', '22'),
('82', '23'),
('82', '26'),
('82', '27'),
('82', '30'),
('82', '31'),
('82', '34'),
('82', '35'),
('82', '38'),
('82', '39'),
('82', '42'),
('82', '43'),
('82', '46'),
('82', '47'),
('82', '50'),
('82', '51'),
('83', '2'),
('83', '3'),
('83', '6'),
('83', '7'),
('83', '10'),
('83', '11'),
('83', '14'),
('83', '15'),
('83', '22'),
('83', '23'),
('83', '26'),
('83', '27'),
('83', '30'),
('83', '31'),
('83', '34'),
('83', '35'),
('83', '38'),
('83', '39'),
('83', '42'),
('83', '43'),
('83', '46'),
('83', '47'),
('83', '50'),
('83', '51'),
('84', '2'),
('84', '3'),
('84', '6');

INSERT INTO `role_has_permissions` VALUES
('84', '7'),
('84', '10'),
('84', '11'),
('84', '14'),
('84', '15'),
('84', '22'),
('84', '23'),
('84', '26'),
('84', '27'),
('84', '30'),
('84', '31'),
('84', '34'),
('84', '35'),
('84', '38'),
('84', '39'),
('84', '42'),
('84', '43'),
('84', '46'),
('84', '47'),
('84', '50'),
('84', '51'),
('85', '2'),
('85', '3'),
('85', '6'),
('85', '7'),
('85', '10'),
('85', '11'),
('85', '14'),
('85', '15'),
('85', '22'),
('85', '23'),
('85', '26'),
('85', '27'),
('85', '30'),
('85', '31'),
('85', '34'),
('85', '35'),
('85', '38'),
('85', '39'),
('85', '42'),
('85', '43'),
('85', '46'),
('85', '47'),
('85', '50'),
('85', '51'),
('86', '2'),
('86', '3'),
('86', '6'),
('86', '7'),
('86', '10'),
('86', '11'),
('86', '14'),
('86', '15'),
('86', '22'),
('86', '23'),
('86', '26'),
('86', '27'),
('86', '30'),
('86', '31'),
('86', '34'),
('86', '35'),
('86', '38'),
('86', '39'),
('86', '42'),
('86', '43'),
('86', '46'),
('86', '47'),
('86', '50'),
('86', '51'),
('87', '2'),
('87', '3'),
('87', '6'),
('87', '7'),
('87', '10'),
('87', '11'),
('87', '14'),
('87', '15'),
('87', '22'),
('87', '23'),
('87', '26'),
('87', '27'),
('87', '30'),
('87', '31'),
('87', '34'),
('87', '35'),
('87', '38'),
('87', '39'),
('87', '42'),
('87', '43'),
('87', '46'),
('87', '47'),
('87', '50'),
('87', '51'),
('88', '2'),
('88', '3'),
('88', '6'),
('88', '7'),
('88', '10'),
('88', '11'),
('88', '14'),
('88', '15'),
('88', '22'),
('88', '23'),
('88', '26'),
('88', '27'),
('88', '30'),
('88', '31'),
('88', '34'),
('88', '35'),
('88', '38'),
('88', '39'),
('88', '42'),
('88', '43'),
('88', '46'),
('88', '47'),
('88', '50'),
('88', '51'),
('89', '2'),
('89', '3'),
('89', '6'),
('89', '7'),
('89', '10'),
('89', '11'),
('89', '14'),
('89', '15'),
('89', '22'),
('89', '23'),
('89', '26'),
('89', '27'),
('89', '30'),
('89', '31'),
('89', '34'),
('89', '35'),
('89', '38'),
('89', '39'),
('89', '42'),
('89', '43'),
('89', '46'),
('89', '47'),
('89', '50'),
('89', '51'),
('90', '2'),
('90', '3'),
('90', '6'),
('90', '7'),
('90', '10'),
('90', '11'),
('90', '14'),
('90', '15'),
('90', '22'),
('90', '23'),
('90', '26'),
('90', '27'),
('90', '30'),
('90', '31'),
('90', '34'),
('90', '35'),
('90', '38'),
('90', '39'),
('90', '42'),
('90', '43'),
('90', '46'),
('90', '47'),
('90', '50'),
('90', '51'),
('91', '2'),
('91', '3'),
('91', '6'),
('91', '7'),
('91', '10'),
('91', '11'),
('91', '14'),
('91', '15'),
('91', '22'),
('91', '23'),
('91', '26'),
('91', '27'),
('91', '30'),
('91', '31'),
('91', '34'),
('91', '35'),
('91', '38'),
('91', '39'),
('91', '42'),
('91', '43'),
('91', '46'),
('91', '47'),
('91', '50'),
('91', '51'),
('92', '2'),
('92', '3'),
('92', '6'),
('92', '7'),
('92', '10'),
('92', '11'),
('92', '14'),
('92', '15'),
('92', '22'),
('92', '23'),
('92', '26'),
('92', '27'),
('92', '30'),
('92', '31'),
('92', '34'),
('92', '35'),
('92', '38'),
('92', '39'),
('92', '42'),
('92', '43'),
('92', '46'),
('92', '47'),
('92', '50'),
('92', '51'),
('93', '2'),
('93', '6'),
('93', '10'),
('93', '14'),
('93', '22'),
('93', '26'),
('93', '30'),
('93', '34'),
('93', '38'),
('93', '42'),
('93', '46'),
('93', '50'),
('93', '51'),
('94', '2'),
('94', '6'),
('94', '10'),
('94', '14'),
('94', '22'),
('94', '26'),
('94', '30'),
('94', '34'),
('94', '38'),
('94', '42'),
('94', '46'),
('94', '50'),
('94', '51'),
('95', '2'),
('95', '6'),
('95', '10'),
('95', '14'),
('95', '22'),
('95', '26'),
('95', '30'),
('95', '34'),
('95', '38'),
('95', '42'),
('95', '46'),
('95', '50'),
('95', '51'),
('96', '2'),
('96', '6'),
('96', '10'),
('96', '14'),
('96', '22'),
('96', '26'),
('96', '30'),
('96', '34'),
('96', '38'),
('96', '42'),
('96', '46'),
('96', '50'),
('96', '51'),
('97', '2'),
('97', '6'),
('97', '10'),
('97', '14'),
('97', '22'),
('97', '26'),
('97', '30'),
('97', '34'),
('97', '38'),
('97', '42'),
('97', '46'),
('97', '50'),
('97', '51');


-- Table structure for table `roles`
CREATE TABLE `roles` (
  `id` bigint(20) unsigned NOT NULL AUTO_INCREMENT,
  `name` varchar(191) NOT NULL,
  `display_name` varchar(191) DEFAULT NULL,
  `guard_name` varchar(191) NOT NULL,
  `created_at` timestamp NULL DEFAULT NULL,
  `updated_at` timestamp NULL DEFAULT NULL,
  `restaurant_id` bigint(20) unsigned DEFAULT NULL,
  PRIMARY KEY (`id`),
  UNIQUE KEY `roles_name_guard_name_unique` (`name`,`guard_name`),
  KEY `roles_restaurant_id_foreign` (`restaurant_id`),
  CONSTRAINT `roles_restaurant_id_foreign` FOREIGN KEY (`restaurant_id`) REFERENCES `restaurants` (`id`) ON DELETE CASCADE
) ENGINE=InnoDB AUTO_INCREMENT=54 DEFAULT CHARSET=utf8mb4 COLLATE=utf8mb4_unicode_ci;

-- Dumping data for table `roles`
INSERT INTO `roles` VALUES
('1', 'Super Admin', 'Super Admin', 'web', '2025-09-17 11:06:43', '2025-09-17 11:06:43', NULL),
('2', 'Admin_1', 'Admin', 'web', '2025-09-17 11:06:44', '2025-09-17 11:06:44', '1'),
('3', 'Branch Head_1', 'Branch Head', 'web', '2025-09-17 11:06:44', '2025-09-17 11:06:44', '1'),
('4', 'Waiter_1', 'Waiter', 'web', '2025-09-17 11:06:44', '2025-09-17 11:06:44', '1'),
('5', 'Chef_1', 'Chef', 'web', '2025-09-17 11:06:44', '2025-09-17 11:06:44', '1'),
('6', 'Admin_2', 'Admin', 'web', '2025-09-17 15:32:45', '2025-09-17 15:32:45', '2'),
('7', 'Branch Head_2', 'Branch Head', 'web', '2025-09-17 15:32:45', '2025-09-17 15:32:45', '2'),
('8', 'Waiter_2', 'Waiter', 'web', '2025-09-17 15:32:45', '2025-09-17 15:32:45', '2'),
('9', 'Chef_2', 'Chef', 'web', '2025-09-17 15:32:45', '2025-09-17 15:32:45', '2'),
('10', 'Admin_3', 'Admin', 'web', '2025-09-20 18:26:45', '2025-09-20 18:26:45', '3'),
('11', 'Branch Head_3', 'Branch Head', 'web', '2025-09-20 18:26:45', '2025-09-20 18:26:45', '3'),
('12', 'Waiter_3', 'Waiter', 'web', '2025-09-20 18:26:45', '2025-09-20 18:26:45', '3'),
('13', 'Chef_3', 'Chef', 'web', '2025-09-20 18:26:45', '2025-09-20 18:26:45', '3'),
('14', 'Admin_4', 'Admin', 'web', '2025-10-07 20:30:09', '2025-10-07 20:30:09', '4'),
('15', 'Branch Head_4', 'Branch Head', 'web', '2025-10-07 20:30:09', '2025-10-07 20:30:09', '4'),
('16', 'Waiter_4', 'Waiter', 'web', '2025-10-07 20:30:09', '2025-10-07 20:30:09', '4'),
('17', 'Chef_4', 'Chef', 'web', '2025-10-07 20:30:09', '2025-10-07 20:30:09', '4'),
('22', 'Admin_26', 'Admin', 'web', '2025-11-07 22:53:04', '2025-11-07 22:53:04', '26'),
('23', 'Branch Head_26', 'Branch Head', 'web', '2025-11-07 22:53:04', '2025-11-07 22:53:04', '26'),
('24', 'Waiter_26', 'Waiter', 'web', '2025-11-07 22:53:04', '2025-11-07 22:53:04', '26'),
('25', 'Chef_26', 'Chef', 'web', '2025-11-07 22:53:04', '2025-11-07 22:53:04', '26'),
('26', 'Admin_27', 'Admin', 'web', '2025-11-08 16:02:27', '2025-11-08 16:02:27', '27'),
('27', 'Branch Head_27', 'Branch Head', 'web', '2025-11-08 16:02:27', '2025-11-08 16:02:27', '27'),
('28', 'Waiter_27', 'Waiter', 'web', '2025-11-08 16:02:27', '2025-11-08 16:02:27', '27'),
('29', 'Chef_27', 'Chef', 'web', '2025-11-08 16:02:27', '2025-11-08 16:02:27', '27'),
('30', 'Admin_28', 'Admin', 'web', '2025-11-12 19:45:51', '2025-11-12 19:45:51', '28'),
('31', 'Branch Head_28', 'Branch Head', 'web', '2025-11-12 19:45:51', '2025-11-12 19:45:51', '28'),
('32', 'Waiter_28', 'Waiter', 'web', '2025-11-12 19:45:51', '2025-11-12 19:45:51', '28'),
('33', 'Chef_28', 'Chef', 'web', '2025-11-12 19:45:51', '2025-11-12 19:45:51', '28'),
('34', 'Admin_29', 'Admin', 'web', '2025-11-13 21:11:44', '2025-11-13 21:11:44', '29'),
('35', 'Branch Head_29', 'Branch Head', 'web', '2025-11-13 21:11:44', '2025-11-13 21:11:44', '29'),
('36', 'Waiter_29', 'Waiter', 'web', '2025-11-13 21:11:44', '2025-11-13 21:11:44', '29'),
('37', 'Chef_29', 'Chef', 'web', '2025-11-13 21:11:44', '2025-11-13 21:11:44', '29'),
('38', 'Admin_30', 'Admin', 'web', '2025-11-15 13:16:25', '2025-11-15 13:16:25', '30'),
('39', 'Branch Head_30', 'Branch Head', 'web', '2025-11-15 13:16:25', '2025-11-15 13:16:25', '30'),
('40', 'Waiter_30', 'Waiter', 'web', '2025-11-15 13:16:25', '2025-11-15 13:16:25', '30'),
('41', 'Chef_30', 'Chef', 'web', '2025-11-15 13:16:25', '2025-11-15 13:16:25', '30'),
('42', 'Admin_31', 'Admin', 'web', '2025-12-29 00:56:10', '2025-12-29 00:56:10', '31'),
('43', 'Branch Head_31', 'Branch Head', 'web', '2025-12-29 00:56:10', '2025-12-29 00:56:10', '31'),
('44', 'Waiter_31', 'Waiter', 'web', '2025-12-29 00:56:10', '2025-12-29 00:56:10', '31'),
('45', 'Chef_31', 'Chef', 'web', '2025-12-29 00:56:10', '2025-12-29 00:56:10', '31'),
('46', 'Admin_32', 'Admin', 'web', '2025-12-31 00:13:24', '2025-12-31 00:13:24', '32'),
('47', 'Branch Head_32', 'Branch Head', 'web', '2025-12-31 00:13:24', '2025-12-31 00:13:24', '32'),
('48', 'Waiter_32', 'Waiter', 'web', '2025-12-31 00:13:24', '2025-12-31 00:13:24', '32'),
('49', 'Chef_32', 'Chef', 'web', '2025-12-31 00:13:24', '2025-12-31 00:13:24', '32'),
('50', 'Admin_33', 'Admin', 'web', '2026-01-22 10:24:09', '2026-01-22 10:24:09', '33'),
('51', 'Branch Head_33', 'Branch Head', 'web', '2026-01-22 10:24:09', '2026-01-22 10:24:09', '33'),
('52', 'Waiter_33', 'Waiter', 'web', '2026-01-22 10:24:09', '2026-01-22 10:24:09', '33'),
('53', 'Chef_33', 'Chef', 'web', '2026-01-22 10:24:09', '2026-01-22 10:24:09', '33');


-- Table structure for table `sessions`
CREATE TABLE `sessions` (
  `id` varchar(191) NOT NULL,
  `user_id` bigint(20) unsigned DEFAULT NULL,
  `ip_address` varchar(45) DEFAULT NULL,
  `user_agent` text DEFAULT NULL,
  `payload` longtext NOT NULL,
  `last_activity` int(11) NOT NULL,
  PRIMARY KEY (`id`),
  KEY `sessions_user_id_index` (`user_id`),
  KEY `sessions_last_activity_index` (`last_activity`)
) ENGINE=InnoDB DEFAULT CHARSET=utf8mb4 COLLATE=utf8mb4_unicode_ci;

-- Dumping data for table `sessions`
INSERT INTO `sessions` VALUES
('B8usDWevFOh9zT3pulBzQCv3rlYqKkHojbw5ER1l', NULL, '217.113.196.22', 'Mozilla/5.0 (compatible; IbouBot/1.0; +bot@ibou.io; +https://ibou.io/iboubot.html)', 'YTozOntzOjY6Il90b2tlbiI7czo0MDoiVGM2UnF3MDBhMkN0WU41ZUdRNmFyOFp2WVFKRHBPeDR4YjFHSmNZaiI7czo5OiJfcHJldmlvdXMiO2E6MTp7czozOiJ1cmwiO3M6MjU6Imh0dHBzOi8vZXdpaWRpbmUuY2EvbG9naW4iO31zOjY6Il9mbGFzaCI7YToyOntzOjM6Im9sZCI7YTowOnt9czozOiJuZXciO2E6MDp7fX19', '1769304961'),
('bREvSYevisxlrNAOzpIIkBBmdpZLJjzofAafyHI7', NULL, '83.140.249.143', 'Mozilla/5.0 (Linux; U; Android 13; sk-sk; Xiaomi 11T Pro Build/TKQ1.220829.002) AppleWebKit/537.36 (KHTML, like Gecko) Version/4.0 Chrome/112.0.5615.136 Mobile Safari/537.36 XiaoMi/MiuiBrowser/14.4.0-g', 'YTozOntzOjY6Il90b2tlbiI7czo0MDoid2wwRUZyNE1TSURPWjNzbjlITFpURUg1dE9rckM4MUJ0VGN4SzEwSSI7czo5OiJfcHJldmlvdXMiO2E6MTp7czozOiJ1cmwiO3M6Mjk6Imh0dHA6Ly9jcGNvbnRhY3RzLmV3aWlkaW5lLmNhIjt9czo2OiJfZmxhc2giO2E6Mjp7czozOiJvbGQiO2E6MDp7fXM6MzoibmV3IjthOjA6e319fQ==', '1769298106'),
('bVfQ0X3v3K8Vnp9LhQGOLff3MrPOQKJLfi1ErWn7', NULL, '192.71.2.99', 'Mozilla/5.0 (Android 14; Mobile; rv:123.0) Gecko/123.0 Firefox/123', 'YTozOntzOjY6Il90b2tlbiI7czo0MDoiRVk1NnNJRjFtSzk5V2t0MEM3MFRWbTdhT3BTNnJvQk82bFdUdnBsaiI7czo5OiJfcHJldmlvdXMiO2E6MTp7czozOiJ1cmwiO3M6MzA6Imh0dHA6Ly9jcGNhbGVuZGFycy5ld2lpZGluZS5jYSI7fXM6NjoiX2ZsYXNoIjthOjI6e3M6Mzoib2xkIjthOjA6e31zOjM6Im5ldyI7YTowOnt9fX0=', '1769303843'),
('D2EFO9QOL40qR4UeOOjtsBstw0L5UAtl99bF5wbE', NULL, '2a14:7c1::2', 'Mozilla/5.0 (Windows NT 10.0; Win64; x64) AppleWebKit/537.36 (KHTML, like Gecko) Chrome/134.0.0.0 Safari/537.3', 'YTo1OntzOjY6Il90b2tlbiI7czo0MDoiemRnQTdSZXV2OVJKUHNvR2htOVBGNnBxcWIxZU1ORlVvMG1xdDhWViI7czoyMDoiY2hlY2tfbWlncmF0ZV9zdGF0dXMiO3M6NDoiR29vZCI7czoxNToiY3VzdG9tZXJfaXNfcnRsIjtiOjA7czo5OiJfcHJldmlvdXMiO2E6MTp7czozOiJ1cmwiO3M6MTk6Imh0dHBzOi8vZXdpaWRpbmUuY2EiO31zOjY6Il9mbGFzaCI7YToyOntzOjM6Im9sZCI7YTowOnt9czozOiJuZXciO2E6MDp7fX19', '1769298605'),
('FPDdg7bnDfwiYrrjIfaZf5qZQ2h8lp6785n9KpLu', NULL, '217.113.196.30', 'Mozilla/5.0 (compatible; IbouBot/1.0; +bot@ibou.io; +https://ibou.io/iboubot.html)', 'YTo2OntzOjY6Il90b2tlbiI7czo0MDoiSG1hSHJRY3NWWEI4bkN6cUwyTnZTWU9zSTBTRGpQNjhhQUtnQU5WUSI7czoyMDoiY2hlY2tfbWlncmF0ZV9zdGF0dXMiO3M6NDoiR29vZCI7czoxNToiY3VzdG9tZXJfaXNfcnRsIjtpOjA7czo0OiJ1c2VyIjtOO3M6OToiX3ByZXZpb3VzIjthOjE6e3M6MzoidXJsIjtzOjI2OiJodHRwczovL2V3aWlkaW5lLmNhL3NpZ25pbiI7fXM6NjoiX2ZsYXNoIjthOjI6e3M6Mzoib2xkIjthOjA6e31zOjM6Im5ldyI7YTowOnt9fX0=', '1769304993'),
('iZtdlvGxLfhEcFUH8V4gB3tHZfwPe16N78ky2Yg1', NULL, '93.158.90.73', 'Mozilla/5.0 (Macintosh; Intel Mac OS X 10_15_7) AppleWebKit/605.1.15 (KHTML, like Gecko) Version/17.3.1 Safari/605.1.1', 'YTo1OntzOjY6Il90b2tlbiI7czo0MDoiZ094NGhFWVgzc25HbVhvUDJQQlpMNTNrNHplbjA4SmVIQ1h0eXJSTiI7czoyMDoiY2hlY2tfbWlncmF0ZV9zdGF0dXMiO3M6NDoiR29vZCI7czoxNToiY3VzdG9tZXJfaXNfcnRsIjtiOjA7czo5OiJfcHJldmlvdXMiO2E6MTp7czozOiJ1cmwiO3M6MzQ6Imh0dHA6Ly93d3cuZXdpaWRpbmUuY2EuZXdpaWRpbmUuY2EiO31zOjY6Il9mbGFzaCI7YToyOntzOjM6Im9sZCI7YTowOnt9czozOiJuZXciO2E6MDp7fX19', '1769303843'),
('jANiKsNYTTDrUcM4OuglJPjsEEyqKaCTlW40i7M0', NULL, '93.158.90.72', 'Mozilla/5.0 (Macintosh; Intel Mac OS X 10_15_7) AppleWebKit/605.1.15 (KHTML, like Gecko) Version/17.3.1 Safari/605.1.1', 'YTo1OntzOjY6Il90b2tlbiI7czo0MDoieWJoNG5tWG1PdkJ2NlZWQm1HdkU5dTVyOFJDb1c1ZmlWM25xeW1NWCI7czoyMDoiY2hlY2tfbWlncmF0ZV9zdGF0dXMiO3M6NDoiR29vZCI7czoxNToiY3VzdG9tZXJfaXNfcnRsIjtiOjA7czo5OiJfcHJldmlvdXMiO2E6MTp7czozOiJ1cmwiO3M6MTk6Imh0dHBzOi8vZXdpaWRpbmUuY2EiO31zOjY6Il9mbGFzaCI7YToyOntzOjM6Im9sZCI7YTowOnt9czozOiJuZXciO2E6MDp7fX19', '1769303847'),
('nCz29PKgnubSzFfPHQv9LL0v8ct5ixug68Bn3uU5', NULL, '192.71.142.146', 'Mozilla/5.0 (Windows NT 10.0; Win64; x64) AppleWebKit/537.36 (KHTML, like Gecko) Chrome/120.0.0.0 Safari/537.36 Viewer/99.9.8853.8', 'YTo1OntzOjY6Il90b2tlbiI7czo0MDoiRk55YXh3ZGhqSkt4YXVqU3FURjJ6YmJub2xDWGFYUWtOSXBYRktXeiI7czoyMDoiY2hlY2tfbWlncmF0ZV9zdGF0dXMiO3M6NDoiR29vZCI7czoxNToiY3VzdG9tZXJfaXNfcnRsIjtiOjA7czo5OiJfcHJldmlvdXMiO2E6MTp7czozOiJ1cmwiO3M6MTk6Imh0dHBzOi8vZXdpaWRpbmUuY2EiO31zOjY6Il9mbGFzaCI7YToyOntzOjM6Im9sZCI7YTowOnt9czozOiJuZXciO2E6MDp7fX19', '1769302087'),
('Nz7EOfCLXH96kIAKUaJd0iEXvTE6X5WhnREDPjkY', NULL, '217.113.196.10', 'Mozilla/5.0 (compatible; IbouBot/1.0; +bot@ibou.io; +https://ibou.io/iboubot.html)', 'YTo2OntzOjY6Il90b2tlbiI7czo0MDoiRzlLUTJqb1d1aXJBNWRnWDRvdUdIUnE0NkcwbWpGYVZVRDU3QldIdiI7czoyMDoiY2hlY2tfbWlncmF0ZV9zdGF0dXMiO3M6NDoiR29vZCI7czoxNToiY3VzdG9tZXJfaXNfcnRsIjtiOjA7czo0OiJ1c2VyIjtOO3M6OToiX3ByZXZpb3VzIjthOjE6e3M6MzoidXJsIjtzOjM3OiJodHRwczovL2V3aWlkaW5lLmNhL3Jlc3RhdXJhbnQtc2lnbnVwIjt9czo2OiJfZmxhc2giO2E6Mjp7czozOiJvbGQiO2E6MDp7fXM6MzoibmV3IjthOjA6e319fQ==', '1769305067'),
('Q2Tus425maJw7oh91mKVWbChhHcAOdQDe1WVWxrT', NULL, '50.6.228.103', 'Mozilla/5.0 (Windows NT 10.0; Win64; x64) AppleWebKit/537.36', 'YTo1OntzOjY6Il90b2tlbiI7czo0MDoiVnRsblZwc2pOU2xuV2MwWFhBckl0NXdKdmtjd2lnNUJPSk9PVTNwWCI7czoyMDoiY2hlY2tfbWlncmF0ZV9zdGF0dXMiO3M6NDoiR29vZCI7czoxNToiY3VzdG9tZXJfaXNfcnRsIjtiOjA7czo5OiJfcHJldmlvdXMiO2E6MTp7czozOiJ1cmwiO3M6MTg6Imh0dHA6Ly9ld2lpZGluZS5jYSI7fXM6NjoiX2ZsYXNoIjthOjI6e3M6Mzoib2xkIjthOjA6e31zOjM6Im5ldyI7YTowOnt9fX0=', '1769299250'),
('ROVqSzvJSPugNXifDhAHBfoIdCv5Hl5sstwaDOGG', NULL, '93.158.90.73', 'Mozilla/5.0 (Macintosh; Intel Mac OS X 10_15_7) AppleWebKit/605.1.15 (KHTML, like Gecko) Version/17.3.1 Safari/605.1.1', 'YTo1OntzOjY6Il90b2tlbiI7czo0MDoiU2xLTXRrUU5GbE5Xb2txcXd2S3F2OFJBNkFSWkV0MGJxOHZVcUZJVyI7czoyMDoiY2hlY2tfbWlncmF0ZV9zdGF0dXMiO3M6NDoiR29vZCI7czoxNToiY3VzdG9tZXJfaXNfcnRsIjtiOjA7czo5OiJfcHJldmlvdXMiO2E6MTp7czozOiJ1cmwiO3M6MTk6Imh0dHBzOi8vZXdpaWRpbmUuY2EiO31zOjY6Il9mbGFzaCI7YToyOntzOjM6Im9sZCI7YTowOnt9czozOiJuZXciO2E6MDp7fX19', '1769303846'),
('Sb2mHsU85OFYBpavSDnaiEMp5SrTlCL1LFa7ktxh', NULL, '93.158.90.73', 'Mozilla/5.0 (Macintosh; Intel Mac OS X 10_15_7) AppleWebKit/605.1.15 (KHTML, like Gecko) Version/17.3.1 Safari/605.1.1', 'YTo2OntzOjY6Il90b2tlbiI7czo0MDoiaVVwY0dVaGp5RDZvNVZvTjQyME5OallWUllySVBuaWVRZmxRZTNQcyI7czoyMDoiY2hlY2tfbWlncmF0ZV9zdGF0dXMiO3M6NDoiR29vZCI7czoxNToiY3VzdG9tZXJfaXNfcnRsIjtiOjA7czo0OiJ1c2VyIjtOO3M6OToiX3ByZXZpb3VzIjthOjE6e3M6MzoidXJsIjtzOjM3OiJodHRwczovL2V3aWlkaW5lLmNhL3Jlc3RhdXJhbnQtc2lnbnVwIjt9czo2OiJfZmxhc2giO2E6Mjp7czozOiJvbGQiO2E6MDp7fXM6MzoibmV3IjthOjA6e319fQ==', '1769303844'),
('VXVGxahWptNis5yVkj2Lrst3fZhfWdTFPKW864hM', NULL, '217.113.196.56', 'Mozilla/5.0 (compatible; IbouBot/1.0; +bot@ibou.io; +https://ibou.io/iboubot.html)', 'YTo1OntzOjY6Il90b2tlbiI7czo0MDoiUjlWZWJoREhnelBwYWdWSzFsanVwTFV0ZFJteDVDeEl2NzhnTnF2QiI7czoyMDoiY2hlY2tfbWlncmF0ZV9zdGF0dXMiO3M6NDoiR29vZCI7czoxNToiY3VzdG9tZXJfaXNfcnRsIjtiOjA7czo5OiJfcHJldmlvdXMiO2E6MTp7czozOiJ1cmwiO3M6MTk6Imh0dHBzOi8vZXdpaWRpbmUuY2EiO31zOjY6Il9mbGFzaCI7YToyOntzOjM6Im9sZCI7YTowOnt9czozOiJuZXciO2E6MDp7fX19', '1769304928'),
('W8YCQef4pUzmlD3ju26yH29RQa9qLb9hbVHRuo2g', NULL, '192.71.224.103', 'Mozilla/5.0 (Windows NT 10.0; Win64; x64) AppleWebKit/537.36 (KHTML, like Gecko) Chrome/120.0.0.0 Safari/537.36 Viewer/99.9.8853.8', 'YTo2OntzOjY6Il90b2tlbiI7czo0MDoic3VXekRsVlhZdWNBS0VhenRIVEJIWXdscGRkMjlvaFhVQXh5V200dCI7czoyMDoiY2hlY2tfbWlncmF0ZV9zdGF0dXMiO3M6NDoiR29vZCI7czoxNToiY3VzdG9tZXJfaXNfcnRsIjtiOjA7czo0OiJ1c2VyIjtOO3M6OToiX3ByZXZpb3VzIjthOjE6e3M6MzoidXJsIjtzOjM3OiJodHRwczovL2V3aWlkaW5lLmNhL3Jlc3RhdXJhbnQtc2lnbnVwIjt9czo2OiJfZmxhc2giO2E6Mjp7czozOiJvbGQiO2E6MDp7fXM6MzoibmV3IjthOjA6e319fQ==', '1769302085'),
('YJnIObdfYIPJTwNmwGCqOwg0XHv3nG97Qmhm2G2M', NULL, '43.159.143.187', 'Mozilla/5.0 (iPhone; CPU iPhone OS 13_2_3 like Mac OS X) AppleWebKit/605.1.15 (KHTML, like Gecko) Version/13.0.3 Mobile/15E148 Safari/604.1', 'YTo1OntzOjY6Il90b2tlbiI7czo0MDoiNTZwZFo5RXUwR3k1bjlxckhEYnRQMlhDZVNvTUV6WHFveXo4MTZLNCI7czoyMDoiY2hlY2tfbWlncmF0ZV9zdGF0dXMiO3M6NDoiR29vZCI7czoxNToiY3VzdG9tZXJfaXNfcnRsIjtiOjA7czo5OiJfcHJldmlvdXMiO2E6MTp7czozOiJ1cmwiO3M6MTg6Imh0dHA6Ly9ld2lpZGluZS5jYSI7fXM6NjoiX2ZsYXNoIjthOjI6e3M6Mzoib2xkIjthOjA6e31zOjM6Im5ldyI7YTowOnt9fX0=', '1769306272'),
('YZDLHkaBgW9UgQqPKTaVJyjvadeM2HTSrVSXODdr', NULL, '194.103.212.184', 'Mozilla/5.0 (Windows NT 10.0; Win64; x64) AppleWebKit/537.36 (KHTML, like Gecko) Chrome/120.0.0.0 Safari/537.36 Viewer/99.9.8853.8', 'YTo1OntzOjY6Il90b2tlbiI7czo0MDoiMGRsRFdnS3ZzWm5TQlhzM2RWZWtPS2pYR1U3clV2Q2NYeWd6alozUyI7czoyMDoiY2hlY2tfbWlncmF0ZV9zdGF0dXMiO3M6NDoiR29vZCI7czoxNToiY3VzdG9tZXJfaXNfcnRsIjtiOjA7czo5OiJfcHJldmlvdXMiO2E6MTp7czozOiJ1cmwiO3M6MjI6Imh0dHA6Ly93d3cuZXdpaWRpbmUuY2EiO31zOjY6Il9mbGFzaCI7YToyOntzOjM6Im9sZCI7YTowOnt9czozOiJuZXciO2E6MDp7fX19', '1769302084'),
('Z3t9asIvK8l0w3fe7APLYXDg6gb9mnp1anUrCFjj', NULL, '50.6.228.103', 'python-requests/2.32.4', 'YTo1OntzOjY6Il90b2tlbiI7czo0MDoicG1jQmhXbkt3VHFpQ0FLYzdnMVJyYnlsMGEweVJRd0JKMkZGYUZTMyI7czoyMDoiY2hlY2tfbWlncmF0ZV9zdGF0dXMiO3M6NDoiR29vZCI7czoxNToiY3VzdG9tZXJfaXNfcnRsIjtiOjA7czo5OiJfcHJldmlvdXMiO2E6MTp7czozOiJ1cmwiO3M6MTg6Imh0dHA6Ly9ld2lpZGluZS5jYSI7fXM6NjoiX2ZsYXNoIjthOjI6e3M6Mzoib2xkIjthOjA6e31zOjM6Im5ldyI7YTowOnt9fX0=', '1769299252'),
('ZDFih1oTTQw0kLFhd2v2XeyCaSAVcMR3kQl8QHQi', NULL, '192.71.2.56', 'Mozilla/5.0 (Windows NT 10.0; Win64; x64) AppleWebKit/537.36 (KHTML, like Gecko) Chrome/120.0.0.0 Safari/537.36 Viewer/99.9.8853.8', 'YTo1OntzOjY6Il90b2tlbiI7czo0MDoiN3hxTHp0MFk0cWI4U2dZc0JtVXVHMG5vb0lKa3VqMEk5alZRMFhyeiI7czoyMDoiY2hlY2tfbWlncmF0ZV9zdGF0dXMiO3M6NDoiR29vZCI7czoxNToiY3VzdG9tZXJfaXNfcnRsIjtiOjA7czo5OiJfcHJldmlvdXMiO2E6MTp7czozOiJ1cmwiO3M6MTk6Imh0dHBzOi8vZXdpaWRpbmUuY2EiO31zOjY6Il9mbGFzaCI7YToyOntzOjM6Im9sZCI7YTowOnt9czozOiJuZXciO2E6MDp7fX19', '1769302089');


