-- Table structure for table `global_invoices`
CREATE TABLE `global_invoices` (
  `id` bigint(20) unsigned NOT NULL AUTO_INCREMENT,
  `restaurant_id` bigint(20) unsigned DEFAULT NULL,
  `currency_id` bigint(20) unsigned DEFAULT NULL,
  `package_id` bigint(20) unsigned DEFAULT NULL,
  `global_subscription_id` bigint(20) unsigned DEFAULT NULL,
  `offline_method_id` bigint(20) unsigned DEFAULT NULL,
  `signature` varchar(191) DEFAULT NULL,
  `token` varchar(191) DEFAULT NULL,
  `transaction_id` varchar(191) DEFAULT NULL,
  `reference_id` varchar(191) DEFAULT NULL,
  `event_id` varchar(191) DEFAULT NULL,
  `package_type` varchar(191) DEFAULT NULL,
  `sub_total` int(11) DEFAULT NULL,
  `total` int(11) DEFAULT NULL,
  `billing_frequency` varchar(191) DEFAULT NULL,
  `billing_interval` varchar(191) DEFAULT NULL,
  `recurring` enum('yes','no') DEFAULT NULL,
  `plan_id` varchar(191) DEFAULT NULL,
  `subscription_id` varchar(191) DEFAULT NULL,
  `invoice_id` varchar(191) DEFAULT NULL,
  `amount` decimal(16,2) DEFAULT NULL,
  `stripe_invoice_number` varchar(191) DEFAULT NULL,
  `pay_date` datetime DEFAULT NULL,
  `next_pay_date` datetime DEFAULT NULL,
  `gateway_name` varchar(191) DEFAULT NULL,
  `status` enum('active','inactive') DEFAULT NULL,
  `created_at` timestamp NULL DEFAULT NULL,
  `updated_at` timestamp NULL DEFAULT NULL,
  `m_payment_id` varchar(191) DEFAULT NULL,
  `pf_payment_id` varchar(191) DEFAULT NULL,
  `payfast_plan` varchar(191) DEFAULT NULL,
  PRIMARY KEY (`id`),
  KEY `global_invoices_restaurant_id_foreign` (`restaurant_id`),
  KEY `global_invoices_currency_id_foreign` (`currency_id`),
  KEY `global_invoices_package_id_foreign` (`package_id`),
  KEY `global_invoices_global_subscription_id_foreign` (`global_subscription_id`),
  KEY `global_invoices_offline_method_id_foreign` (`offline_method_id`),
  CONSTRAINT `global_invoices_currency_id_foreign` FOREIGN KEY (`currency_id`) REFERENCES `global_currencies` (`id`) ON DELETE CASCADE ON UPDATE CASCADE,
  CONSTRAINT `global_invoices_global_subscription_id_foreign` FOREIGN KEY (`global_subscription_id`) REFERENCES `global_subscriptions` (`id`) ON DELETE CASCADE ON UPDATE CASCADE,
  CONSTRAINT `global_invoices_offline_method_id_foreign` FOREIGN KEY (`offline_method_id`) REFERENCES `offline_payment_methods` (`id`) ON DELETE CASCADE ON UPDATE CASCADE,
  CONSTRAINT `global_invoices_package_id_foreign` FOREIGN KEY (`package_id`) REFERENCES `packages` (`id`) ON DELETE CASCADE ON UPDATE CASCADE,
  CONSTRAINT `global_invoices_restaurant_id_foreign` FOREIGN KEY (`restaurant_id`) REFERENCES `restaurants` (`id`) ON DELETE CASCADE ON UPDATE CASCADE
) ENGINE=InnoDB AUTO_INCREMENT=53 DEFAULT CHARSET=utf8mb4 COLLATE=utf8mb4_unicode_ci;

-- Dumping data for table `global_invoices`
INSERT INTO `global_invoices` VALUES
('1', '1', '1', '2', '1', NULL, NULL, NULL, 'JLGL2SB6OS57QNL', NULL, NULL, 'trial', NULL, '0', NULL, NULL, NULL, NULL, NULL, NULL, NULL, NULL, '2025-09-17 05:36:43', '2025-10-17 05:36:43', 'offline', 'active', '2025-09-17 11:06:43', '2025-09-17 11:06:43', NULL, NULL, NULL),
('2', '2', '1', '2', '2', NULL, NULL, NULL, 'ZDQJNFUSENGXF9R', NULL, NULL, 'trial', NULL, '0', NULL, NULL, NULL, NULL, NULL, NULL, NULL, NULL, '2025-09-17 10:02:45', '2025-10-17 10:02:45', 'offline', 'active', '2025-09-17 15:32:45', '2025-09-17 15:32:45', NULL, NULL, NULL),
('4', '3', '1', '2', '4', NULL, NULL, NULL, '63ZULAHH9MKTEMM', NULL, NULL, 'trial', NULL, '0', NULL, NULL, NULL, NULL, NULL, NULL, NULL, NULL, '2025-09-20 12:56:44', '2025-10-20 12:56:44', 'offline', 'active', '2025-09-20 18:26:44', '2025-09-20 18:26:44', NULL, NULL, NULL),
('5', '4', '1', '2', '5', NULL, NULL, NULL, 'SE38QYIOHPNUNI2', NULL, NULL, 'trial', NULL, '0', NULL, NULL, NULL, NULL, NULL, NULL, NULL, NULL, '2025-10-07 15:00:09', '2025-11-06 15:00:09', 'offline', 'active', '2025-10-07 20:30:09', '2025-10-07 20:30:09', NULL, NULL, NULL),
('9', '1', '1', '1', '9', NULL, NULL, NULL, 'LJ8DKUCTF87VHJZ', NULL, NULL, 'monthly', NULL, '0', NULL, NULL, NULL, NULL, NULL, NULL, NULL, NULL, '2025-10-17 00:00:03', '2025-11-17 00:00:00', 'offline', NULL, '2025-10-17 05:30:03', '2025-10-17 05:30:03', NULL, NULL, NULL),
('10', '3', '1', '1', '10', NULL, NULL, NULL, 'PMTESQ9HXBDL5GR', NULL, NULL, 'monthly', NULL, '0', NULL, NULL, NULL, NULL, NULL, NULL, NULL, NULL, '2025-10-20 00:00:03', '2025-11-20 00:00:00', 'offline', NULL, '2025-10-20 05:30:03', '2025-10-20 05:30:03', NULL, NULL, NULL),
('31', '26', '1', '2', '31', NULL, NULL, NULL, '3AELD0IA1E2QIFO', NULL, NULL, 'trial', NULL, '0', NULL, NULL, NULL, NULL, NULL, NULL, NULL, NULL, '2025-11-07 17:23:03', '2025-12-07 17:23:03', 'offline', 'active', '2025-11-07 22:53:03', '2025-11-07 22:53:03', NULL, NULL, NULL),
('33', '27', '1', '2', '33', NULL, NULL, NULL, '9WXQWUMZNFAZL53', NULL, NULL, 'trial', NULL, '0', NULL, NULL, NULL, NULL, NULL, NULL, NULL, NULL, '2025-11-08 10:32:26', '2025-12-08 10:32:26', 'offline', 'active', '2025-11-08 16:02:26', '2025-11-08 16:02:26', NULL, NULL, NULL),
('35', '28', '1', '2', '35', NULL, NULL, NULL, 'ZX3RDVKIYBFGRTS', NULL, NULL, 'trial', NULL, '0', NULL, NULL, NULL, NULL, NULL, NULL, NULL, NULL, '2025-11-12 14:15:50', '2025-12-12 14:15:50', 'offline', 'active', '2025-11-12 19:45:50', '2025-11-12 19:45:50', NULL, NULL, NULL),
('37', '29', '1', '2', '37', NULL, NULL, NULL, 'V8MOIWXEHYVYQXC', NULL, NULL, 'trial', NULL, '0', NULL, NULL, NULL, NULL, NULL, NULL, NULL, NULL, '2025-11-13 15:41:43', '2025-12-13 15:41:43', 'offline', 'active', '2025-11-13 21:11:43', '2025-11-13 21:11:43', NULL, NULL, NULL),
('39', '30', '1', '2', '39', NULL, NULL, NULL, 'UEAQAZXQEYJNMHB', NULL, NULL, 'trial', NULL, '0', NULL, NULL, NULL, NULL, NULL, NULL, NULL, NULL, '2025-11-15 07:46:25', '2025-12-15 07:46:25', 'offline', 'active', '2025-11-15 13:16:25', '2025-11-15 13:16:25', NULL, NULL, NULL),
('41', '4', '5', '8', '41', NULL, NULL, NULL, 'MUAO7UFCZ6RWBTQ', NULL, NULL, 'monthly', NULL, '99', NULL, NULL, NULL, NULL, NULL, NULL, NULL, NULL, '2025-12-02 00:00:00', '2026-01-02 00:00:00', 'offline', NULL, '2025-12-02 16:30:53', '2025-12-02 16:30:53', NULL, NULL, NULL),
('42', '2', '5', '8', '42', NULL, NULL, NULL, 'TUZ9WTXXBYRHEJ0', NULL, NULL, 'annual', NULL, '990', NULL, NULL, NULL, NULL, NULL, NULL, NULL, NULL, '2025-12-02 00:00:00', '2026-12-02 00:00:00', 'offline', NULL, '2025-12-02 16:31:27', '2025-12-02 16:31:27', NULL, NULL, NULL),
('43', '26', '1', '1', '43', NULL, NULL, NULL, 'L08S2PFYNAHK4X7', NULL, NULL, 'monthly', NULL, '0', NULL, NULL, NULL, NULL, NULL, NULL, NULL, NULL, '2025-12-08 00:00:04', '2026-01-08 00:00:04', 'offline', NULL, '2025-12-08 05:30:04', '2025-12-08 05:30:04', NULL, NULL, NULL),
('44', '27', '1', '1', '44', NULL, NULL, NULL, 'AJECLQBS2VAG9RD', NULL, NULL, 'monthly', NULL, '0', NULL, NULL, NULL, NULL, NULL, NULL, NULL, NULL, '2025-12-09 00:00:04', '2026-01-09 00:00:04', 'offline', NULL, '2025-12-09 05:30:04', '2025-12-09 05:30:04', NULL, NULL, NULL),
('45', '28', '1', '1', '45', NULL, NULL, NULL, 'MZGKCR3VEZR2FNE', NULL, NULL, 'monthly', NULL, '0', NULL, NULL, NULL, NULL, NULL, NULL, NULL, NULL, '2025-12-12 00:00:04', '2026-01-12 00:00:00', 'offline', NULL, '2025-12-12 05:30:04', '2025-12-12 05:30:04', NULL, NULL, NULL),
('46', '29', '1', '1', '46', NULL, NULL, NULL, 'WKRBBXPQSFVWKJF', NULL, NULL, 'monthly', NULL, '0', NULL, NULL, NULL, NULL, NULL, NULL, NULL, NULL, '2025-12-14 00:00:04', '2026-01-14 00:00:04', 'offline', NULL, '2025-12-14 05:30:04', '2025-12-14 05:30:04', NULL, NULL, NULL),
('47', '30', '1', '1', '47', NULL, NULL, NULL, 'KLPYNZB3W5YOMWU', NULL, NULL, 'monthly', NULL, '0', NULL, NULL, NULL, NULL, NULL, NULL, NULL, NULL, '2025-12-16 00:00:04', '2026-01-16 00:00:04', 'offline', NULL, '2025-12-16 05:30:04', '2025-12-16 05:30:04', NULL, NULL, NULL),
('48', '30', '5', '10', '48', NULL, NULL, NULL, 'ZDGBFEUS54GXR0Q', NULL, NULL, 'monthly', NULL, '199', NULL, NULL, NULL, NULL, NULL, NULL, NULL, NULL, '2025-12-27 00:00:00', '2026-01-27 00:00:00', 'offline', NULL, '2025-12-27 12:20:22', '2025-12-27 12:20:22', NULL, NULL, NULL),
('49', '31', '1', '2', '49', NULL, NULL, NULL, 'G1X4UXKD2CWYYRQ', NULL, NULL, 'trial', NULL, '0', NULL, NULL, NULL, NULL, NULL, NULL, NULL, NULL, '2025-12-28 19:26:09', '2026-01-27 19:26:09', 'offline', 'active', '2025-12-29 00:56:09', '2025-12-29 00:56:09', NULL, NULL, NULL),
('50', '31', '5', '10', '50', NULL, NULL, NULL, 'STS9BZVXUNBPRXY', NULL, NULL, 'annual', NULL, '1990', NULL, NULL, NULL, NULL, NULL, NULL, NULL, NULL, '2025-12-28 00:00:00', '2026-12-28 00:00:00', 'offline', NULL, '2025-12-29 01:14:40', '2025-12-29 01:14:40', NULL, NULL, NULL),
('51', '32', '1', '2', '51', NULL, NULL, NULL, 'A0IN3KRUAHB45UO', NULL, NULL, 'trial', NULL, '0', NULL, NULL, NULL, NULL, NULL, NULL, NULL, NULL, '2025-12-31 00:13:23', '2026-01-30 00:13:23', 'offline', 'active', '2025-12-31 00:13:23', '2025-12-31 00:13:23', NULL, NULL, NULL),
('52', '33', '1', '2', '52', NULL, NULL, NULL, 'SYASY55FSPTO7RO', NULL, NULL, 'trial', NULL, '0', NULL, NULL, NULL, NULL, NULL, NULL, NULL, NULL, '2026-01-22 10:24:08', '2026-02-21 10:24:08', 'offline', 'active', '2026-01-22 10:24:08', '2026-01-22 10:24:08', NULL, NULL, NULL);


-- Table structure for table `global_settings`
CREATE TABLE `global_settings` (
  `id` bigint(20) unsigned NOT NULL AUTO_INCREMENT,
  `purchase_code` varchar(80) DEFAULT NULL,
  `supported_until` timestamp NULL DEFAULT NULL,
  `last_license_verified_at` timestamp NULL DEFAULT NULL,
  `email` varchar(191) DEFAULT NULL,
  `privacy_policy_link` varchar(191) DEFAULT NULL,
  `show_privacy_consent_checkbox` tinyint(1) NOT NULL DEFAULT 0,
  `created_at` timestamp NULL DEFAULT NULL,
  `updated_at` timestamp NULL DEFAULT NULL,
  `name` varchar(191) NOT NULL,
  `logo` varchar(191) DEFAULT NULL,
  `theme_hex` varchar(191) DEFAULT NULL,
  `theme_rgb` varchar(191) DEFAULT NULL,
  `locale` varchar(191) NOT NULL DEFAULT 'en',
  `license_type` varchar(191) DEFAULT NULL,
  `hide_cron_job` tinyint(1) NOT NULL DEFAULT 0,
  `last_cron_run` timestamp NULL DEFAULT NULL,
  `system_update` tinyint(1) NOT NULL DEFAULT 1,
  `purchased_on` timestamp NULL DEFAULT NULL,
  `timezone` varchar(191) DEFAULT 'Asia/Kolkata',
  `disable_landing_site` tinyint(1) NOT NULL DEFAULT 0,
  `landing_type` varchar(191) NOT NULL DEFAULT 'dynamic',
  `landing_site_type` enum('theme','custom') NOT NULL DEFAULT 'theme',
  `landing_site_url` varchar(191) DEFAULT NULL,
  `installed_url` tinytext DEFAULT NULL,
  `requires_approval_after_signup` tinyint(1) NOT NULL DEFAULT 0,
  `facebook_link` varchar(255) DEFAULT NULL,
  `instagram_link` varchar(255) DEFAULT NULL,
  `twitter_link` varchar(255) DEFAULT NULL,
  `yelp_link` varchar(255) DEFAULT NULL,
  `default_currency_id` bigint(20) unsigned DEFAULT NULL,
  `show_logo_text` tinyint(1) NOT NULL DEFAULT 1,
  `meta_title` varchar(191) DEFAULT NULL,
  `meta_keyword` text DEFAULT NULL,
  `meta_description` longtext DEFAULT NULL,
  `upload_fav_icon_android_chrome_192` varchar(191) DEFAULT NULL,
  `upload_fav_icon_android_chrome_512` varchar(191) DEFAULT NULL,
  `upload_fav_icon_apple_touch_icon` varchar(191) DEFAULT NULL,
  `upload_favicon_16` varchar(191) DEFAULT NULL,
  `upload_favicon_32` varchar(191) DEFAULT NULL,
  `favicon` varchar(191) DEFAULT NULL,
  `hash` varchar(191) DEFAULT NULL,
  `webmanifest` varchar(191) DEFAULT NULL,
  `is_pwa_install_alert_show` varchar(191) NOT NULL DEFAULT '0',
  `google_map_api_key` varchar(191) DEFAULT NULL,
  `session_driver` enum('file','database') NOT NULL DEFAULT 'database',
  `enable_stripe` tinyint(1) NOT NULL DEFAULT 1,
  `enable_razorpay` tinyint(1) NOT NULL DEFAULT 1,
  `enable_flutterwave` tinyint(1) NOT NULL DEFAULT 1,
  `enable_payfast` tinyint(1) NOT NULL DEFAULT 1,
  `enable_paypal` tinyint(1) NOT NULL DEFAULT 1,
  `enable_paystack` tinyint(1) NOT NULL DEFAULT 1,
  `enable_xendit` tinyint(1) NOT NULL DEFAULT 1,
  `enable_paddle` tinyint(1) NOT NULL DEFAULT 1,
  `total_vonage_count` int(11) NOT NULL DEFAULT 0,
  `total_msg91_count` int(11) NOT NULL DEFAULT 0,
  `enable_epay` tinyint(1) NOT NULL DEFAULT 1,
  `enable_moneris` tinyint(11) NOT NULL,
  `vapid_public_key` varchar(191) DEFAULT NULL,
  `vapid_private_key` varchar(191) DEFAULT NULL,
  `vapid_subject` varchar(191) NOT NULL DEFAULT 'mailto:admin@example.com',
  PRIMARY KEY (`id`),
  KEY `global_settings_default_currency_id_foreign` (`default_currency_id`),
  CONSTRAINT `global_settings_default_currency_id_foreign` FOREIGN KEY (`default_currency_id`) REFERENCES `global_currencies` (`id`) ON DELETE CASCADE ON UPDATE CASCADE
) ENGINE=InnoDB AUTO_INCREMENT=2 DEFAULT CHARSET=utf8mb4 COLLATE=utf8mb4_unicode_ci;

-- Dumping data for table `global_settings`
INSERT INTO `global_settings` VALUES
('1', '351d2f0d-a1e4-4e9f-a43c-1d1ab71fcb83', '2026-04-16 08:37:13', '2025-11-17 13:27:41', NULL, 'https://ewiidine.ca/', '1', '2025-09-17 11:06:43', '2026-01-23 23:36:02', 'EwiiDine', NULL, '#4F46E5', '79, 70, 229', 'en', 'Regular License', '1', '2026-01-23 23:36:02', '1', '2025-10-15 17:37:13', 'America/Toronto', '0', 'dynamic', 'custom', 'https://ewiidine.com', 'https://ewiidine.ca', '0', 'https://www.facebook.com/', 'https://www.instagram.com/', 'https://www.twitter.com/', NULL, '5', '1', NULL, NULL, NULL, 'android-chrome-192x192.png', 'android-chrome-512x512.png', 'apple-touch-icon.png', 'favicon-16x16.png', 'favicon-32x32.png', 'favicon.ico', 'ce56715187588fe3f6eb9c47b3fc6991', NULL, '1', 'AIzaSyCGqeim4fmIzELy26WvSJwFDs3kjROTjUI', 'database', '1', '1', '1', '1', '1', '1', '1', '1', '0', '0', '1', '1', NULL, NULL, 'mailto:admin@example.com');


-- Table structure for table `global_subscriptions`
CREATE TABLE `global_subscriptions` (
  `id` bigint(20) unsigned NOT NULL AUTO_INCREMENT,
  `restaurant_id` bigint(20) unsigned DEFAULT NULL,
  `package_id` bigint(20) unsigned DEFAULT NULL,
  `currency_id` bigint(20) unsigned DEFAULT NULL,
  `package_type` varchar(191) DEFAULT NULL,
  `plan_type` varchar(191) DEFAULT NULL,
  `transaction_id` varchar(191) DEFAULT NULL,
  `name` varchar(191) DEFAULT NULL,
  `user_id` varchar(191) DEFAULT NULL,
  `quantity` varchar(191) DEFAULT NULL,
  `token` varchar(191) DEFAULT NULL,
  `razorpay_id` varchar(191) DEFAULT NULL,
  `razorpay_plan` varchar(191) DEFAULT NULL,
  `stripe_id` varchar(191) DEFAULT NULL,
  `stripe_status` varchar(191) DEFAULT NULL,
  `stripe_price` varchar(191) DEFAULT NULL,
  `gateway_name` varchar(191) DEFAULT NULL,
  `trial_ends_at` varchar(191) DEFAULT NULL,
  `subscription_status` enum('active','inactive') DEFAULT NULL,
  `ends_at` datetime DEFAULT NULL,
  `subscribed_on_date` datetime DEFAULT NULL,
  `created_at` timestamp NULL DEFAULT NULL,
  `updated_at` timestamp NULL DEFAULT NULL,
  `subscription_id` varchar(191) DEFAULT NULL,
  `customer_id` varchar(191) DEFAULT NULL,
  `flutterwave_id` varchar(191) DEFAULT NULL,
  `flutterwave_payment_ref` varchar(191) DEFAULT NULL,
  `flutterwave_status` varchar(191) DEFAULT NULL,
  `flutterwave_customer_id` varchar(191) DEFAULT NULL,
  `payfast_plan` varchar(191) DEFAULT NULL,
  `payfast_status` varchar(191) DEFAULT NULL,
  PRIMARY KEY (`id`),
  KEY `global_subscriptions_restaurant_id_foreign` (`restaurant_id`),
  KEY `global_subscriptions_package_id_foreign` (`package_id`),
  KEY `global_subscriptions_currency_id_foreign` (`currency_id`),
  CONSTRAINT `global_subscriptions_currency_id_foreign` FOREIGN KEY (`currency_id`) REFERENCES `global_currencies` (`id`) ON DELETE CASCADE ON UPDATE CASCADE,
  CONSTRAINT `global_subscriptions_package_id_foreign` FOREIGN KEY (`package_id`) REFERENCES `packages` (`id`) ON DELETE SET NULL ON UPDATE CASCADE,
  CONSTRAINT `global_subscriptions_restaurant_id_foreign` FOREIGN KEY (`restaurant_id`) REFERENCES `restaurants` (`id`) ON DELETE CASCADE ON UPDATE CASCADE
) ENGINE=InnoDB AUTO_INCREMENT=53 DEFAULT CHARSET=utf8mb4 COLLATE=utf8mb4_unicode_ci;

-- Dumping data for table `global_subscriptions`
INSERT INTO `global_subscriptions` VALUES
('1', '1', '2', '1', 'trial', NULL, 'JLGL2SB6OS57QNL', NULL, NULL, '1', NULL, NULL, NULL, NULL, NULL, NULL, 'offline', '2025-10-17 05:36:43', 'inactive', '2025-10-17 05:36:43', '2025-09-17 05:36:43', '2025-09-17 11:06:43', '2025-10-17 05:30:03', NULL, NULL, NULL, NULL, NULL, NULL, NULL, NULL),
('2', '2', '2', '1', 'trial', NULL, 'ZDQJNFUSENGXF9R', NULL, NULL, '1', NULL, NULL, NULL, NULL, NULL, NULL, 'offline', '2025-10-17 10:02:45', 'inactive', '2025-10-17 10:02:45', '2025-09-17 10:02:45', '2025-09-17 15:32:45', '2025-09-20 17:50:44', NULL, NULL, NULL, NULL, NULL, NULL, NULL, NULL),
('3', '2', NULL, '1', 'lifetime', NULL, 'SBNYAYGDZZUKXUW', NULL, NULL, '1', NULL, NULL, NULL, NULL, NULL, NULL, 'offline', NULL, 'inactive', NULL, '2025-09-20 00:00:00', '2025-09-20 17:50:44', '2025-12-02 16:31:27', NULL, NULL, NULL, NULL, NULL, NULL, NULL, NULL),
('4', '3', '2', '1', 'trial', NULL, '63ZULAHH9MKTEMM', NULL, NULL, '1', NULL, NULL, NULL, NULL, NULL, NULL, 'offline', '2025-10-20 12:56:44', 'inactive', '2025-10-20 12:56:44', '2025-09-20 12:56:44', '2025-09-20 18:26:44', '2025-10-20 05:30:03', NULL, NULL, NULL, NULL, NULL, NULL, NULL, NULL),
('5', '4', '2', '1', 'trial', NULL, 'SE38QYIOHPNUNI2', NULL, NULL, '1', NULL, NULL, NULL, NULL, NULL, NULL, 'offline', '2025-11-06 15:00:09', 'inactive', '2025-11-06 15:00:09', '2025-10-07 15:00:09', '2025-10-07 20:30:09', '2025-10-07 20:44:48', NULL, NULL, NULL, NULL, NULL, NULL, NULL, NULL),
('8', '4', NULL, '1', 'lifetime', NULL, '4P9UI7IOHCSMABH', NULL, NULL, '1', NULL, NULL, NULL, NULL, NULL, NULL, 'offline', NULL, 'inactive', NULL, '2025-10-07 00:00:00', '2025-10-07 20:44:48', '2025-12-02 16:30:53', NULL, NULL, NULL, NULL, NULL, NULL, NULL, NULL),
('9', '1', '1', '1', 'monthly', NULL, 'LJ8DKUCTF87VHJZ', NULL, NULL, '1', NULL, NULL, NULL, NULL, NULL, NULL, 'offline', NULL, 'active', '2025-11-17 00:00:00', '2025-10-17 00:00:03', '2025-10-17 05:30:03', '2025-10-17 05:30:03', NULL, NULL, NULL, NULL, NULL, NULL, NULL, NULL),
('10', '3', '1', '1', 'monthly', NULL, 'PMTESQ9HXBDL5GR', NULL, NULL, '1', NULL, NULL, NULL, NULL, NULL, NULL, 'offline', NULL, 'active', '2025-11-20 00:00:00', '2025-10-20 00:00:03', '2025-10-20 05:30:03', '2025-10-20 05:30:03', NULL, NULL, NULL, NULL, NULL, NULL, NULL, NULL),
('31', '26', '2', '1', 'trial', NULL, '3AELD0IA1E2QIFO', NULL, NULL, '1', NULL, NULL, NULL, NULL, NULL, NULL, 'offline', '2025-12-07 17:23:03', 'inactive', '2025-12-07 17:23:03', '2025-11-07 17:23:03', '2025-11-07 22:53:03', '2025-11-08 13:15:45', NULL, NULL, NULL, NULL, NULL, NULL, NULL, NULL),
('32', '26', '6', '5', 'monthly', NULL, 'V5NJCKD1U1TC53K', NULL, NULL, '1', NULL, NULL, NULL, NULL, NULL, NULL, 'offline', NULL, 'inactive', '2025-12-08 00:00:00', '2025-11-08 07:45:45', '2025-11-08 13:15:45', '2025-12-08 05:30:04', NULL, NULL, NULL, NULL, NULL, NULL, NULL, NULL),
('33', '27', '2', '1', 'trial', NULL, '9WXQWUMZNFAZL53', NULL, NULL, '1', NULL, NULL, NULL, NULL, NULL, NULL, 'offline', '2025-12-08 10:32:26', 'inactive', '2025-12-08 10:32:26', '2025-11-08 10:32:26', '2025-11-08 16:02:26', '2025-11-08 16:05:55', NULL, NULL, NULL, NULL, NULL, NULL, NULL, NULL),
('34', '27', '6', '5', 'monthly', NULL, 'TJ68RNCBJWU5EK2', NULL, NULL, '1', NULL, NULL, NULL, NULL, NULL, NULL, 'offline', NULL, 'inactive', '2025-12-08 10:35:53', '2025-11-08 10:35:55', '2025-11-08 16:05:55', '2025-12-09 05:30:04', NULL, NULL, NULL, NULL, NULL, NULL, NULL, NULL),
('35', '28', '2', '1', 'trial', NULL, 'ZX3RDVKIYBFGRTS', NULL, NULL, '1', NULL, NULL, NULL, NULL, NULL, NULL, 'offline', '2025-12-12 14:15:50', 'inactive', '2025-12-12 14:15:50', '2025-11-12 14:15:50', '2025-11-12 19:45:50', '2025-12-12 05:30:04', NULL, NULL, NULL, NULL, NULL, NULL, NULL, NULL),
('37', '29', '2', '1', 'trial', NULL, 'V8MOIWXEHYVYQXC', NULL, NULL, '1', NULL, NULL, NULL, NULL, NULL, NULL, 'offline', '2025-12-13 15:41:43', 'inactive', '2025-12-13 15:41:43', '2025-11-13 15:41:43', '2025-11-13 21:11:43', '2025-11-13 21:13:17', NULL, NULL, NULL, NULL, NULL, NULL, NULL, NULL),
('38', '29', '6', '5', 'monthly', NULL, 'UMPFYGEWHAPEOTB', NULL, NULL, '1', NULL, NULL, NULL, NULL, NULL, NULL, 'offline', NULL, 'inactive', '2025-12-13 00:00:00', '2025-11-13 15:43:17', '2025-11-13 21:13:17', '2025-12-14 05:30:04', NULL, NULL, NULL, NULL, NULL, NULL, NULL, NULL),
('39', '30', '2', '1', 'trial', NULL, 'UEAQAZXQEYJNMHB', NULL, NULL, '1', NULL, NULL, NULL, NULL, NULL, NULL, 'offline', '2025-12-15 07:46:25', 'inactive', '2025-12-15 07:46:25', '2025-11-15 07:46:25', '2025-11-15 13:16:25', '2025-11-15 13:20:28', NULL, NULL, NULL, NULL, NULL, NULL, NULL, NULL),
('40', '30', '6', '5', 'monthly', NULL, 'R92R7TZGN6IKL13', NULL, NULL, '1', NULL, NULL, NULL, NULL, NULL, NULL, 'offline', NULL, 'inactive', '2025-12-15 07:50:26', '2025-11-15 07:50:28', '2025-11-15 13:20:28', '2025-12-16 05:30:04', NULL, NULL, NULL, NULL, NULL, NULL, NULL, NULL),
('41', '4', '8', '5', 'monthly', NULL, 'MUAO7UFCZ6RWBTQ', NULL, NULL, '1', NULL, NULL, NULL, NULL, NULL, NULL, 'offline', NULL, 'active', '2026-02-02 00:00:00', '2025-12-02 00:00:00', '2025-12-02 16:30:53', '2025-12-02 16:30:53', NULL, NULL, NULL, NULL, NULL, NULL, NULL, NULL),
('42', '2', '8', '5', 'annual', NULL, 'TUZ9WTXXBYRHEJ0', NULL, NULL, '1', NULL, NULL, NULL, NULL, NULL, NULL, 'offline', NULL, 'active', '2027-01-02 00:00:00', '2025-12-02 00:00:00', '2025-12-02 16:31:27', '2025-12-02 16:31:27', NULL, NULL, NULL, NULL, NULL, NULL, NULL, NULL),
('43', '26', '1', '1', 'monthly', NULL, 'L08S2PFYNAHK4X7', NULL, NULL, '1', NULL, NULL, NULL, NULL, NULL, NULL, 'offline', NULL, 'active', '2026-01-08 00:00:04', '2025-12-08 00:00:04', '2025-12-08 05:30:04', '2025-12-08 05:30:04', NULL, NULL, NULL, NULL, NULL, NULL, NULL, NULL),
('44', '27', '1', '1', 'monthly', NULL, 'AJECLQBS2VAG9RD', NULL, NULL, '1', NULL, NULL, NULL, NULL, NULL, NULL, 'offline', NULL, 'active', '2026-01-09 00:00:04', '2025-12-09 00:00:04', '2025-12-09 05:30:04', '2025-12-09 05:30:04', NULL, NULL, NULL, NULL, NULL, NULL, NULL, NULL),
('45', '28', '1', '1', 'monthly', NULL, 'MZGKCR3VEZR2FNE', NULL, NULL, '1', NULL, NULL, NULL, NULL, NULL, NULL, 'offline', NULL, 'active', '2026-01-12 00:00:00', '2025-12-12 00:00:04', '2025-12-12 05:30:04', '2025-12-12 05:30:04', NULL, NULL, NULL, NULL, NULL, NULL, NULL, NULL),
('46', '29', '1', '1', 'monthly', NULL, 'WKRBBXPQSFVWKJF', NULL, NULL, '1', NULL, NULL, NULL, NULL, NULL, NULL, 'offline', NULL, 'active', '2026-01-14 00:00:04', '2025-12-14 00:00:04', '2025-12-14 05:30:04', '2025-12-14 05:30:04', NULL, NULL, NULL, NULL, NULL, NULL, NULL, NULL),
('47', '30', '1', '1', 'monthly', NULL, 'KLPYNZB3W5YOMWU', NULL, NULL, '1', NULL, NULL, NULL, NULL, NULL, NULL, 'offline', NULL, 'inactive', '2026-01-16 00:00:04', '2025-12-16 00:00:04', '2025-12-16 05:30:04', '2025-12-27 12:20:22', NULL, NULL, NULL, NULL, NULL, NULL, NULL, NULL),
('48', '30', '10', '5', 'monthly', NULL, 'ZDGBFEUS54GXR0Q', NULL, NULL, '1', NULL, NULL, NULL, NULL, NULL, NULL, 'offline', NULL, 'active', '2026-01-27 00:00:00', '2025-12-27 00:00:00', '2025-12-27 12:20:22', '2025-12-27 12:20:22', NULL, NULL, NULL, NULL, NULL, NULL, NULL, NULL),
('49', '31', '2', '1', 'trial', NULL, 'G1X4UXKD2CWYYRQ', NULL, NULL, '1', NULL, NULL, NULL, NULL, NULL, NULL, 'offline', '2026-01-27 19:26:09', 'inactive', '2026-01-27 19:26:09', '2025-12-28 19:26:09', '2025-12-29 00:56:09', '2025-12-29 01:14:40', NULL, NULL, NULL, NULL, NULL, NULL, NULL, NULL),
('50', '31', '10', '5', 'annual', NULL, 'STS9BZVXUNBPRXY', NULL, NULL, '1', NULL, NULL, NULL, NULL, NULL, NULL, 'offline', NULL, 'active', '2026-12-28 00:00:00', '2025-12-28 00:00:00', '2025-12-29 01:14:40', '2025-12-29 01:14:40', NULL, NULL, NULL, NULL, NULL, NULL, NULL, NULL),
('51', '32', '2', '1', 'trial', NULL, 'A0IN3KRUAHB45UO', NULL, NULL, '1', NULL, NULL, NULL, NULL, NULL, NULL, 'offline', '2026-01-30 00:13:23', 'active', '2026-01-30 00:13:23', '2025-12-31 00:13:23', '2025-12-31 00:13:23', '2025-12-31 00:13:23', NULL, NULL, NULL, NULL, NULL, NULL, NULL, NULL),
('52', '33', '2', '1', 'trial', NULL, 'SYASY55FSPTO7RO', NULL, NULL, '1', NULL, NULL, NULL, NULL, NULL, NULL, 'offline', '2026-02-21 10:24:08', 'active', '2026-02-21 10:24:08', '2026-01-22 10:24:08', '2026-01-22 10:24:08', '2026-01-22 10:24:08', NULL, NULL, NULL, NULL, NULL, NULL, NULL, NULL);


-- Table structure for table `inventory_global_settings`
CREATE TABLE `inventory_global_settings` (
  `id` bigint(20) unsigned NOT NULL AUTO_INCREMENT,
  `license_type` varchar(20) DEFAULT NULL,
  `purchase_code` varchar(191) DEFAULT NULL,
  `purchased_on` timestamp NULL DEFAULT NULL,
  `supported_until` timestamp NULL DEFAULT NULL,
  `notify_update` tinyint(1) NOT NULL DEFAULT 1,
  `created_at` timestamp NULL DEFAULT NULL,
  `updated_at` timestamp NULL DEFAULT NULL,
  PRIMARY KEY (`id`)
) ENGINE=InnoDB AUTO_INCREMENT=2 DEFAULT CHARSET=utf8mb4 COLLATE=utf8mb4_unicode_ci;

-- Dumping data for table `inventory_global_settings`
INSERT INTO `inventory_global_settings` VALUES
('1', NULL, 'd', NULL, NULL, '1', '2025-09-17 11:18:09', '2025-09-17 11:19:12');


-- Table structure for table `inventory_item_categories`
CREATE TABLE `inventory_item_categories` (
  `id` bigint(20) unsigned NOT NULL AUTO_INCREMENT,
  `branch_id` bigint(20) unsigned NOT NULL,
  `name` varchar(191) NOT NULL,
  `created_at` timestamp NULL DEFAULT NULL,
  `updated_at` timestamp NULL DEFAULT NULL,
  PRIMARY KEY (`id`),
  KEY `inventory_item_categories_branch_id_foreign` (`branch_id`),
  CONSTRAINT `inventory_item_categories_branch_id_foreign` FOREIGN KEY (`branch_id`) REFERENCES `branches` (`id`) ON DELETE CASCADE ON UPDATE CASCADE
) ENGINE=InnoDB AUTO_INCREMENT=511 DEFAULT CHARSET=utf8mb4 COLLATE=utf8mb4_unicode_ci;

-- Dumping data for table `inventory_item_categories`
INSERT INTO `inventory_item_categories` VALUES
('1', '1', 'Meat & Poultry', '2025-09-17 11:18:09', '2025-09-17 11:18:09'),
('2', '1', 'Seafood', '2025-09-17 11:18:09', '2025-09-17 11:18:09'),
('3', '1', 'Dairy & Eggs', '2025-09-17 11:18:09', '2025-09-17 11:18:09'),
('4', '1', 'Fresh Produce', '2025-09-17 11:18:09', '2025-09-17 11:18:09'),
('5', '1', 'Herbs & Spices', '2025-09-17 11:18:09', '2025-09-17 11:18:09'),
('6', '1', 'Dry Goods', '2025-09-17 11:18:09', '2025-09-17 11:18:09'),
('7', '1', 'Canned Goods', '2025-09-17 11:18:09', '2025-09-17 11:18:09'),
('8', '1', 'Beverages', '2025-09-17 11:18:09', '2025-09-17 11:18:09'),
('9', '1', 'Condiments & Sauces', '2025-09-17 11:18:09', '2025-09-17 11:18:09'),
('10', '1', 'Baking Supplies', '2025-09-17 11:18:09', '2025-09-17 11:18:09'),
('11', '1', 'Oils & Vinegars', '2025-09-17 11:18:09', '2025-09-17 11:18:09'),
('12', '1', 'Frozen Foods', '2025-09-17 11:18:09', '2025-09-17 11:18:09'),
('13', '1', 'Cleaning Supplies', '2025-09-17 11:18:09', '2025-09-17 11:18:09'),
('14', '1', 'Kitchen Equipment', '2025-09-17 11:18:09', '2025-09-17 11:18:09'),
('15', '1', 'Disposables', '2025-09-17 11:18:09', '2025-09-17 11:18:09'),
('16', '2', 'Meat & Poultry', '2025-09-17 11:18:09', '2025-09-17 11:18:09'),
('17', '2', 'Seafood', '2025-09-17 11:18:09', '2025-09-17 11:18:09'),
('18', '2', 'Dairy & Eggs', '2025-09-17 11:18:09', '2025-09-17 11:18:09'),
('19', '2', 'Fresh Produce', '2025-09-17 11:18:09', '2025-09-17 11:18:09'),
('20', '2', 'Herbs & Spices', '2025-09-17 11:18:09', '2025-09-17 11:18:09'),
('21', '2', 'Dry Goods', '2025-09-17 11:18:09', '2025-09-17 11:18:09'),
('22', '2', 'Canned Goods', '2025-09-17 11:18:09', '2025-09-17 11:18:09'),
('23', '2', 'Beverages', '2025-09-17 11:18:09', '2025-09-17 11:18:09'),
('24', '2', 'Condiments & Sauces', '2025-09-17 11:18:09', '2025-09-17 11:18:09'),
('25', '2', 'Baking Supplies', '2025-09-17 11:18:09', '2025-09-17 11:18:09'),
('26', '2', 'Oils & Vinegars', '2025-09-17 11:18:09', '2025-09-17 11:18:09'),
('27', '2', 'Frozen Foods', '2025-09-17 11:18:09', '2025-09-17 11:18:09'),
('28', '2', 'Cleaning Supplies', '2025-09-17 11:18:09', '2025-09-17 11:18:09'),
('29', '2', 'Kitchen Equipment', '2025-09-17 11:18:09', '2025-09-17 11:18:09'),
('30', '2', 'Disposables', '2025-09-17 11:18:09', '2025-09-17 11:18:09'),
('31', '3', 'Meat & Poultry', '2025-09-17 15:32:45', '2025-09-17 15:32:45'),
('32', '3', 'Seafood', '2025-09-17 15:32:45', '2025-09-17 15:32:45'),
('33', '3', 'Dairy & Eggs', '2025-09-17 15:32:45', '2025-09-17 15:32:45'),
('34', '3', 'Fresh Produce', '2025-09-17 15:32:45', '2025-09-17 15:32:45'),
('35', '3', 'Herbs & Spices', '2025-09-17 15:32:45', '2025-09-17 15:32:45'),
('36', '3', 'Dry Goods', '2025-09-17 15:32:45', '2025-09-17 15:32:45'),
('37', '3', 'Canned Goods', '2025-09-17 15:32:45', '2025-09-17 15:32:45'),
('38', '3', 'Beverages', '2025-09-17 15:32:45', '2025-09-17 15:32:45'),
('39', '3', 'Condiments & Sauces', '2025-09-17 15:32:45', '2025-09-17 15:32:45'),
('40', '3', 'Baking Supplies', '2025-09-17 15:32:45', '2025-09-17 15:32:45'),
('41', '3', 'Oils & Vinegars', '2025-09-17 15:32:45', '2025-09-17 15:32:45'),
('42', '3', 'Frozen Foods', '2025-09-17 15:32:45', '2025-09-17 15:32:45'),
('43', '3', 'Cleaning Supplies', '2025-09-17 15:32:45', '2025-09-17 15:32:45'),
('44', '3', 'Kitchen Equipment', '2025-09-17 15:32:45', '2025-09-17 15:32:45'),
('45', '3', 'Disposables', '2025-09-17 15:32:45', '2025-09-17 15:32:45'),
('46', '4', 'Meat & Poultry', '2025-09-20 18:26:44', '2025-09-20 18:26:44'),
('47', '4', 'Seafood', '2025-09-20 18:26:44', '2025-09-20 18:26:44'),
('48', '4', 'Dairy & Eggs', '2025-09-20 18:26:44', '2025-09-20 18:26:44'),
('49', '4', 'Fresh Produce', '2025-09-20 18:26:44', '2025-09-20 18:26:44'),
('50', '4', 'Herbs & Spices', '2025-09-20 18:26:44', '2025-09-20 18:26:44'),
('51', '4', 'Dry Goods', '2025-09-20 18:26:44', '2025-09-20 18:26:44'),
('52', '4', 'Canned Goods', '2025-09-20 18:26:44', '2025-09-20 18:26:44'),
('53', '4', 'Beverages', '2025-09-20 18:26:44', '2025-09-20 18:26:44'),
('54', '4', 'Condiments & Sauces', '2025-09-20 18:26:44', '2025-09-20 18:26:44'),
('55', '4', 'Baking Supplies', '2025-09-20 18:26:44', '2025-09-20 18:26:44'),
('56', '4', 'Oils & Vinegars', '2025-09-20 18:26:44', '2025-09-20 18:26:44'),
('57', '4', 'Frozen Foods', '2025-09-20 18:26:44', '2025-09-20 18:26:44'),
('58', '4', 'Cleaning Supplies', '2025-09-20 18:26:44', '2025-09-20 18:26:44'),
('59', '4', 'Kitchen Equipment', '2025-09-20 18:26:44', '2025-09-20 18:26:44'),
('60', '4', 'Disposables', '2025-09-20 18:26:44', '2025-09-20 18:26:44'),
('61', '5', 'Meat & Poultry', '2025-10-07 20:30:09', '2025-10-07 20:30:09'),
('62', '5', 'Seafood', '2025-10-07 20:30:09', '2025-10-07 20:30:09'),
('63', '5', 'Dairy & Eggs', '2025-10-07 20:30:09', '2025-10-07 20:30:09'),
('64', '5', 'Fresh Produce', '2025-10-07 20:30:09', '2025-10-07 20:30:09'),
('65', '5', 'Herbs & Spices', '2025-10-07 20:30:09', '2025-10-07 20:30:09'),
('66', '5', 'Dry Goods', '2025-10-07 20:30:09', '2025-10-07 20:30:09'),
('67', '5', 'Canned Goods', '2025-10-07 20:30:09', '2025-10-07 20:30:09'),
('68', '5', 'Beverages', '2025-10-07 20:30:09', '2025-10-07 20:30:09'),
('69', '5', 'Condiments & Sauces', '2025-10-07 20:30:09', '2025-10-07 20:30:09'),
('70', '5', 'Baking Supplies', '2025-10-07 20:30:09', '2025-10-07 20:30:09'),
('71', '5', 'Oils & Vinegars', '2025-10-07 20:30:09', '2025-10-07 20:30:09'),
('72', '5', 'Frozen Foods', '2025-10-07 20:30:09', '2025-10-07 20:30:09'),
('73', '5', 'Cleaning Supplies', '2025-10-07 20:30:09', '2025-10-07 20:30:09'),
('74', '5', 'Kitchen Equipment', '2025-10-07 20:30:09', '2025-10-07 20:30:09'),
('75', '5', 'Disposables', '2025-10-07 20:30:09', '2025-10-07 20:30:09'),
('391', '27', 'Meat & Poultry', '2025-11-07 22:53:03', '2025-11-07 22:53:03'),
('392', '27', 'Seafood', '2025-11-07 22:53:03', '2025-11-07 22:53:03'),
('393', '27', 'Dairy & Eggs', '2025-11-07 22:53:03', '2025-11-07 22:53:03'),
('394', '27', 'Fresh Produce', '2025-11-07 22:53:03', '2025-11-07 22:53:03'),
('395', '27', 'Herbs & Spices', '2025-11-07 22:53:03', '2025-11-07 22:53:03'),
('396', '27', 'Dry Goods', '2025-11-07 22:53:03', '2025-11-07 22:53:03'),
('397', '27', 'Canned Goods', '2025-11-07 22:53:03', '2025-11-07 22:53:03'),
('398', '27', 'Beverages', '2025-11-07 22:53:03', '2025-11-07 22:53:03'),
('399', '27', 'Condiments & Sauces', '2025-11-07 22:53:03', '2025-11-07 22:53:03'),
('400', '27', 'Baking Supplies', '2025-11-07 22:53:03', '2025-11-07 22:53:03'),
('401', '27', 'Oils & Vinegars', '2025-11-07 22:53:03', '2025-11-07 22:53:03'),
('402', '27', 'Frozen Foods', '2025-11-07 22:53:03', '2025-11-07 22:53:03'),
('403', '27', 'Cleaning Supplies', '2025-11-07 22:53:03', '2025-11-07 22:53:03'),
('404', '27', 'Kitchen Equipment', '2025-11-07 22:53:03', '2025-11-07 22:53:03'),
('405', '27', 'Disposables', '2025-11-07 22:53:03', '2025-11-07 22:53:03'),
('406', '28', 'Meat & Poultry', '2025-11-08 16:02:26', '2025-11-08 16:02:26'),
('407', '28', 'Seafood', '2025-11-08 16:02:26', '2025-11-08 16:02:26'),
('408', '28', 'Dairy & Eggs', '2025-11-08 16:02:26', '2025-11-08 16:02:26'),
('409', '28', 'Fresh Produce', '2025-11-08 16:02:26', '2025-11-08 16:02:26'),
('410', '28', 'Herbs & Spices', '2025-11-08 16:02:26', '2025-11-08 16:02:26'),
('411', '28', 'Dry Goods', '2025-11-08 16:02:26', '2025-11-08 16:02:26'),
('412', '28', 'Canned Goods', '2025-11-08 16:02:26', '2025-11-08 16:02:26'),
('413', '28', 'Beverages', '2025-11-08 16:02:26', '2025-11-08 16:02:26'),
('414', '28', 'Condiments & Sauces', '2025-11-08 16:02:26', '2025-11-08 16:02:26'),
('415', '28', 'Baking Supplies', '2025-11-08 16:02:26', '2025-11-08 16:02:26'),
('416', '28', 'Oils & Vinegars', '2025-11-08 16:02:26', '2025-11-08 16:02:26'),
('417', '28', 'Frozen Foods', '2025-11-08 16:02:26', '2025-11-08 16:02:26'),
('418', '28', 'Cleaning Supplies', '2025-11-08 16:02:26', '2025-11-08 16:02:26'),
('419', '28', 'Kitchen Equipment', '2025-11-08 16:02:26', '2025-11-08 16:02:26'),
('420', '28', 'Disposables', '2025-11-08 16:02:26', '2025-11-08 16:02:26'),
('421', '29', 'Meat & Poultry', '2025-11-12 19:45:50', '2025-11-12 19:45:50'),
('422', '29', 'Seafood', '2025-11-12 19:45:50', '2025-11-12 19:45:50'),
('423', '29', 'Dairy & Eggs', '2025-11-12 19:45:50', '2025-11-12 19:45:50'),
('424', '29', 'Fresh Produce', '2025-11-12 19:45:50', '2025-11-12 19:45:50'),
('425', '29', 'Herbs & Spices', '2025-11-12 19:45:50', '2025-11-12 19:45:50'),
('426', '29', 'Dry Goods', '2025-11-12 19:45:50', '2025-11-12 19:45:50'),
('427', '29', 'Canned Goods', '2025-11-12 19:45:50', '2025-11-12 19:45:50'),
('428', '29', 'Beverages', '2025-11-12 19:45:50', '2025-11-12 19:45:50'),
('429', '29', 'Condiments & Sauces', '2025-11-12 19:45:50', '2025-11-12 19:45:50'),
('430', '29', 'Baking Supplies', '2025-11-12 19:45:50', '2025-11-12 19:45:50'),
('431', '29', 'Oils & Vinegars', '2025-11-12 19:45:50', '2025-11-12 19:45:50'),
('432', '29', 'Frozen Foods', '2025-11-12 19:45:50', '2025-11-12 19:45:50'),
('433', '29', 'Cleaning Supplies', '2025-11-12 19:45:50', '2025-11-12 19:45:50'),
('434', '29', 'Kitchen Equipment', '2025-11-12 19:45:50', '2025-11-12 19:45:50'),
('435', '29', 'Disposables', '2025-11-12 19:45:50', '2025-11-12 19:45:50'),
('436', '30', 'Meat & Poultry', '2025-11-13 21:11:43', '2025-11-13 21:11:43'),
('437', '30', 'Seafood', '2025-11-13 21:11:43', '2025-11-13 21:11:43'),
('438', '30', 'Dairy & Eggs', '2025-11-13 21:11:43', '2025-11-13 21:11:43'),
('439', '30', 'Fresh Produce', '2025-11-13 21:11:43', '2025-11-13 21:11:43'),
('440', '30', 'Herbs & Spices', '2025-11-13 21:11:43', '2025-11-13 21:11:43'),
('441', '30', 'Dry Goods', '2025-11-13 21:11:43', '2025-11-13 21:11:43'),
('442', '30', 'Canned Goods', '2025-11-13 21:11:43', '2025-11-13 21:11:43'),
('443', '30', 'Beverages', '2025-11-13 21:11:43', '2025-11-13 21:11:43'),
('444', '30', 'Condiments & Sauces', '2025-11-13 21:11:43', '2025-11-13 21:11:43'),
('445', '30', 'Baking Supplies', '2025-11-13 21:11:43', '2025-11-13 21:11:43'),
('446', '30', 'Oils & Vinegars', '2025-11-13 21:11:43', '2025-11-13 21:11:43'),
('447', '30', 'Frozen Foods', '2025-11-13 21:11:43', '2025-11-13 21:11:43'),
('448', '30', 'Cleaning Supplies', '2025-11-13 21:11:43', '2025-11-13 21:11:43'),
('449', '30', 'Kitchen Equipment', '2025-11-13 21:11:43', '2025-11-13 21:11:43'),
('450', '30', 'Disposables', '2025-11-13 21:11:43', '2025-11-13 21:11:43'),
('451', '31', 'Meat & Poultry', '2025-11-15 13:16:25', '2025-11-15 13:16:25'),
('452', '31', 'Seafood', '2025-11-15 13:16:25', '2025-11-15 13:16:25'),
('453', '31', 'Dairy & Eggs', '2025-11-15 13:16:25', '2025-11-15 13:16:25'),
('454', '31', 'Fresh Produce', '2025-11-15 13:16:25', '2025-11-15 13:16:25'),
('455', '31', 'Herbs & Spices', '2025-11-15 13:16:25', '2025-11-15 13:16:25'),
('456', '31', 'Dry Goods', '2025-11-15 13:16:25', '2025-11-15 13:16:25'),
('457', '31', 'Canned Goods', '2025-11-15 13:16:25', '2025-11-15 13:16:25'),
('458', '31', 'Beverages', '2025-11-15 13:16:25', '2025-11-15 13:16:25'),
('459', '31', 'Condiments & Sauces', '2025-11-15 13:16:25', '2025-11-15 13:16:25'),
('460', '31', 'Baking Supplies', '2025-11-15 13:16:25', '2025-11-15 13:16:25'),
('461', '31', 'Oils & Vinegars', '2025-11-15 13:16:25', '2025-11-15 13:16:25'),
('462', '31', 'Frozen Foods', '2025-11-15 13:16:25', '2025-11-15 13:16:25'),
('463', '31', 'Cleaning Supplies', '2025-11-15 13:16:25', '2025-11-15 13:16:25'),
('464', '31', 'Kitchen Equipment', '2025-11-15 13:16:25', '2025-11-15 13:16:25'),
('465', '31', 'Disposables', '2025-11-15 13:16:25', '2025-11-15 13:16:25'),
('466', '32', 'Meat & Poultry', '2025-12-29 00:56:09', '2025-12-29 00:56:09'),
('467', '32', 'Seafood', '2025-12-29 00:56:09', '2025-12-29 00:56:09'),
('468', '32', 'Dairy & Eggs', '2025-12-29 00:56:09', '2025-12-29 00:56:09'),
('469', '32', 'Fresh Produce', '2025-12-29 00:56:09', '2025-12-29 00:56:09'),
('470', '32', 'Herbs & Spices', '2025-12-29 00:56:09', '2025-12-29 00:56:09'),
('471', '32', 'Dry Goods', '2025-12-29 00:56:09', '2025-12-29 00:56:09'),
('472', '32', 'Canned Goods', '2025-12-29 00:56:09', '2025-12-29 00:56:09'),
('473', '32', 'Beverages', '2025-12-29 00:56:09', '2025-12-29 00:56:09'),
('474', '32', 'Condiments & Sauces', '2025-12-29 00:56:09', '2025-12-29 00:56:09'),
('475', '32', 'Baking Supplies', '2025-12-29 00:56:09', '2025-12-29 00:56:09'),
('476', '32', 'Oils & Vinegars', '2025-12-29 00:56:09', '2025-12-29 00:56:09'),
('477', '32', 'Frozen Foods', '2025-12-29 00:56:09', '2025-12-29 00:56:09'),
('478', '32', 'Cleaning Supplies', '2025-12-29 00:56:09', '2025-12-29 00:56:09'),
('479', '32', 'Kitchen Equipment', '2025-12-29 00:56:09', '2025-12-29 00:56:09'),
('480', '32', 'Disposables', '2025-12-29 00:56:09', '2025-12-29 00:56:09'),
('481', '33', 'Meat & Poultry', '2025-12-31 00:13:23', '2025-12-31 00:13:23'),
('482', '33', 'Seafood', '2025-12-31 00:13:23', '2025-12-31 00:13:23'),
('483', '33', 'Dairy & Eggs', '2025-12-31 00:13:23', '2025-12-31 00:13:23'),
('484', '33', 'Fresh Produce', '2025-12-31 00:13:23', '2025-12-31 00:13:23'),
('485', '33', 'Herbs & Spices', '2025-12-31 00:13:23', '2025-12-31 00:13:23'),
('486', '33', 'Dry Goods', '2025-12-31 00:13:23', '2025-12-31 00:13:23'),
('487', '33', 'Canned Goods', '2025-12-31 00:13:23', '2025-12-31 00:13:23'),
('488', '33', 'Beverages', '2025-12-31 00:13:23', '2025-12-31 00:13:23'),
('489', '33', 'Condiments & Sauces', '2025-12-31 00:13:23', '2025-12-31 00:13:23'),
('490', '33', 'Baking Supplies', '2025-12-31 00:13:23', '2025-12-31 00:13:23'),
('491', '33', 'Oils & Vinegars', '2025-12-31 00:13:23', '2025-12-31 00:13:23'),
('492', '33', 'Frozen Foods', '2025-12-31 00:13:23', '2025-12-31 00:13:23'),
('493', '33', 'Cleaning Supplies', '2025-12-31 00:13:23', '2025-12-31 00:13:23'),
('494', '33', 'Kitchen Equipment', '2025-12-31 00:13:23', '2025-12-31 00:13:23'),
('495', '33', 'Disposables', '2025-12-31 00:13:23', '2025-12-31 00:13:23'),
('496', '34', 'Meat & Poultry', '2026-01-22 10:24:08', '2026-01-22 10:24:08'),
('497', '34', 'Seafood', '2026-01-22 10:24:08', '2026-01-22 10:24:08'),
('498', '34', 'Dairy & Eggs', '2026-01-22 10:24:08', '2026-01-22 10:24:08'),
('499', '34', 'Fresh Produce', '2026-01-22 10:24:08', '2026-01-22 10:24:08'),
('500', '34', 'Herbs & Spices', '2026-01-22 10:24:08', '2026-01-22 10:24:08'),
('501', '34', 'Dry Goods', '2026-01-22 10:24:08', '2026-01-22 10:24:08'),
('502', '34', 'Canned Goods', '2026-01-22 10:24:08', '2026-01-22 10:24:08'),
('503', '34', 'Beverages', '2026-01-22 10:24:08', '2026-01-22 10:24:08'),
('504', '34', 'Condiments & Sauces', '2026-01-22 10:24:08', '2026-01-22 10:24:08'),
('505', '34', 'Baking Supplies', '2026-01-22 10:24:08', '2026-01-22 10:24:08'),
('506', '34', 'Oils & Vinegars', '2026-01-22 10:24:08', '2026-01-22 10:24:08'),
('507', '34', 'Frozen Foods', '2026-01-22 10:24:08', '2026-01-22 10:24:08'),
('508', '34', 'Cleaning Supplies', '2026-01-22 10:24:08', '2026-01-22 10:24:08'),
('509', '34', 'Kitchen Equipment', '2026-01-22 10:24:08', '2026-01-22 10:24:08'),
('510', '34', 'Disposables', '2026-01-22 10:24:08', '2026-01-22 10:24:08');


-- Table structure for table `inventory_items`
CREATE TABLE `inventory_items` (
  `id` bigint(20) unsigned NOT NULL AUTO_INCREMENT,
  `branch_id` bigint(20) unsigned NOT NULL,
  `name` varchar(191) NOT NULL,
  `description` text DEFAULT NULL,
  `inventory_item_category_id` bigint(20) unsigned NOT NULL,
  `unit_id` bigint(20) unsigned NOT NULL,
  `threshold_quantity` decimal(16,2) NOT NULL DEFAULT 0.00,
  `created_at` timestamp NULL DEFAULT NULL,
  `updated_at` timestamp NULL DEFAULT NULL,
  `preferred_supplier_id` bigint(20) unsigned DEFAULT NULL,
  `photo_path` varchar(191) DEFAULT NULL,
  `reorder_quantity` decimal(16,2) NOT NULL DEFAULT 0.00,
  `unit_purchase_price` decimal(16,2) NOT NULL DEFAULT 0.00,
  PRIMARY KEY (`id`),
  KEY `inventory_items_branch_id_foreign` (`branch_id`),
  KEY `inventory_items_inventory_item_category_id_foreign` (`inventory_item_category_id`),
  KEY `inventory_items_unit_id_foreign` (`unit_id`),
  KEY `inventory_items_preferred_supplier_id_foreign` (`preferred_supplier_id`),
  CONSTRAINT `inventory_items_branch_id_foreign` FOREIGN KEY (`branch_id`) REFERENCES `branches` (`id`) ON DELETE CASCADE ON UPDATE CASCADE,
  CONSTRAINT `inventory_items_inventory_item_category_id_foreign` FOREIGN KEY (`inventory_item_category_id`) REFERENCES `inventory_item_categories` (`id`) ON DELETE CASCADE ON UPDATE CASCADE,
  CONSTRAINT `inventory_items_preferred_supplier_id_foreign` FOREIGN KEY (`preferred_supplier_id`) REFERENCES `suppliers` (`id`) ON DELETE SET NULL,
  CONSTRAINT `inventory_items_unit_id_foreign` FOREIGN KEY (`unit_id`) REFERENCES `units` (`id`) ON DELETE CASCADE ON UPDATE CASCADE
) ENGINE=InnoDB AUTO_INCREMENT=3 DEFAULT CHARSET=utf8mb4 COLLATE=utf8mb4_unicode_ci;

-- Dumping data for table `inventory_items`
INSERT INTO `inventory_items` VALUES
('1', '5', 'Salt', NULL, '65', '41', '10.00', '2025-10-18 05:33:43', '2025-10-18 05:33:43', '1', NULL, '5.00', '10.00'),
('2', '5', 'Chicken', NULL, '61', '45', '50.00', '2025-10-18 23:11:25', '2025-10-18 23:11:25', '1', NULL, '50.00', '5.00');


-- Table structure for table `inventory_movements`
CREATE TABLE `inventory_movements` (
  `id` bigint(20) unsigned NOT NULL AUTO_INCREMENT,
  `branch_id` bigint(20) unsigned NOT NULL,
  `inventory_item_id` bigint(20) unsigned NOT NULL,
  `quantity` decimal(16,2) NOT NULL DEFAULT 0.00,
  `transaction_type` enum('in','out','waste','transfer') NOT NULL DEFAULT 'in',
  `waste_reason` enum('expiry','spoilage','customer_complaint','over_preparation','other') DEFAULT NULL,
  `added_by` bigint(20) unsigned DEFAULT NULL,
  `supplier_id` bigint(20) unsigned DEFAULT NULL,
  `transfer_branch_id` bigint(20) unsigned DEFAULT NULL,
  `created_at` timestamp NULL DEFAULT NULL,
  `updated_at` timestamp NULL DEFAULT NULL,
  `unit_purchase_price` decimal(16,2) NOT NULL DEFAULT 0.00,
  `expiration_date` date DEFAULT NULL,
  PRIMARY KEY (`id`),
  KEY `inventory_movements_branch_id_foreign` (`branch_id`),
  KEY `inventory_movements_inventory_item_id_foreign` (`inventory_item_id`),
  KEY `inventory_movements_added_by_foreign` (`added_by`),
  KEY `inventory_movements_supplier_id_foreign` (`supplier_id`),
  KEY `inventory_movements_transfer_branch_id_foreign` (`transfer_branch_id`),
  CONSTRAINT `inventory_movements_added_by_foreign` FOREIGN KEY (`added_by`) REFERENCES `users` (`id`) ON DELETE CASCADE ON UPDATE CASCADE,
  CONSTRAINT `inventory_movements_branch_id_foreign` FOREIGN KEY (`branch_id`) REFERENCES `branches` (`id`) ON DELETE CASCADE ON UPDATE CASCADE,
  CONSTRAINT `inventory_movements_inventory_item_id_foreign` FOREIGN KEY (`inventory_item_id`) REFERENCES `inventory_items` (`id`) ON DELETE CASCADE ON UPDATE CASCADE,
  CONSTRAINT `inventory_movements_supplier_id_foreign` FOREIGN KEY (`supplier_id`) REFERENCES `suppliers` (`id`) ON DELETE SET NULL ON UPDATE CASCADE,
  CONSTRAINT `inventory_movements_transfer_branch_id_foreign` FOREIGN KEY (`transfer_branch_id`) REFERENCES `branches` (`id`) ON DELETE SET NULL ON UPDATE CASCADE
) ENGINE=InnoDB AUTO_INCREMENT=67 DEFAULT CHARSET=utf8mb4 COLLATE=utf8mb4_unicode_ci;

-- Dumping data for table `inventory_movements`
INSERT INTO `inventory_movements` VALUES
('1', '5', '1', '100.00', 'in', NULL, '7', '1', NULL, '2025-10-18 05:34:22', '2025-10-18 05:34:22', '10.00', '2026-12-13'),
('2', '5', '2', '1000.00', 'in', NULL, '7', '1', NULL, '2025-10-18 23:12:11', '2025-10-18 23:12:11', '5.00', '2026-10-18'),
('3', '5', '1', '1.00', 'out', NULL, '9', NULL, NULL, '2025-10-18 23:58:48', '2025-10-18 23:58:48', '0.00', NULL),
('4', '5', '2', '5.00', 'out', NULL, '9', NULL, NULL, '2025-10-18 23:58:48', '2025-10-18 23:58:48', '0.00', NULL),
('5', '5', '1', '2.00', 'out', NULL, '9', NULL, NULL, '2025-10-18 23:58:48', '2025-10-18 23:58:48', '0.00', NULL),
('6', '5', '2', '7.00', 'out', NULL, '9', NULL, NULL, '2025-10-18 23:58:48', '2025-10-18 23:58:48', '0.00', NULL),
('7', '5', '2', '15.00', 'out', NULL, '9', NULL, NULL, '2025-10-18 23:58:48', '2025-10-18 23:58:48', '0.00', NULL),
('8', '5', '1', '3.00', 'out', NULL, '9', NULL, NULL, '2025-10-18 23:58:48', '2025-10-18 23:58:48', '0.00', NULL),
('9', '5', '1', '1.00', 'out', NULL, NULL, NULL, NULL, '2025-10-24 07:55:28', '2025-10-24 07:55:28', '0.00', NULL),
('10', '5', '2', '5.00', 'out', NULL, NULL, NULL, NULL, '2025-10-24 07:55:28', '2025-10-24 07:55:28', '0.00', NULL),
('11', '5', '1', '2.00', 'out', NULL, NULL, NULL, NULL, '2025-10-24 07:55:28', '2025-10-24 07:55:28', '0.00', NULL),
('12', '5', '2', '7.00', 'out', NULL, NULL, NULL, NULL, '2025-10-24 07:55:28', '2025-10-24 07:55:28', '0.00', NULL),
('13', '5', '2', '15.00', 'out', NULL, NULL, NULL, NULL, '2025-10-24 07:55:28', '2025-10-24 07:55:28', '0.00', NULL),
('14', '5', '1', '3.00', 'out', NULL, NULL, NULL, NULL, '2025-10-24 07:55:28', '2025-10-24 07:55:28', '0.00', NULL),
('15', '5', '1', '1.00', 'out', NULL, NULL, NULL, NULL, '2025-10-24 08:02:05', '2025-10-24 08:02:05', '0.00', NULL),
('16', '5', '2', '5.00', 'out', NULL, NULL, NULL, NULL, '2025-10-24 08:02:05', '2025-10-24 08:02:05', '0.00', NULL),
('17', '5', '1', '2.00', 'out', NULL, NULL, NULL, NULL, '2025-10-24 08:02:05', '2025-10-24 08:02:05', '0.00', NULL),
('18', '5', '2', '7.00', 'out', NULL, NULL, NULL, NULL, '2025-10-24 08:02:05', '2025-10-24 08:02:05', '0.00', NULL),
('19', '5', '2', '15.00', 'out', NULL, NULL, NULL, NULL, '2025-10-24 08:02:05', '2025-10-24 08:02:05', '0.00', NULL),
('20', '5', '1', '3.00', 'out', NULL, NULL, NULL, NULL, '2025-10-24 08:02:05', '2025-10-24 08:02:05', '0.00', NULL),
('21', '5', '1', '1.00', 'out', NULL, NULL, NULL, NULL, '2025-10-24 08:03:07', '2025-10-24 08:03:07', '0.00', NULL),
('22', '5', '2', '5.00', 'out', NULL, NULL, NULL, NULL, '2025-10-24 08:03:07', '2025-10-24 08:03:07', '0.00', NULL),
('23', '5', '1', '2.00', 'out', NULL, NULL, NULL, NULL, '2025-10-24 08:03:07', '2025-10-24 08:03:07', '0.00', NULL),
('24', '5', '2', '7.00', 'out', NULL, NULL, NULL, NULL, '2025-10-24 08:03:07', '2025-10-24 08:03:07', '0.00', NULL),
('25', '5', '2', '15.00', 'out', NULL, NULL, NULL, NULL, '2025-10-24 08:03:07', '2025-10-24 08:03:07', '0.00', NULL),
('26', '5', '1', '3.00', 'out', NULL, NULL, NULL, NULL, '2025-10-24 08:03:07', '2025-10-24 08:03:07', '0.00', NULL),
('27', '5', '1', '1.00', 'out', NULL, '7', NULL, NULL, '2025-10-24 08:09:47', '2025-10-24 08:09:47', '0.00', NULL),
('28', '5', '2', '5.00', 'out', NULL, '7', NULL, NULL, '2025-10-24 08:09:47', '2025-10-24 08:09:47', '0.00', NULL),
('29', '5', '1', '2.00', 'out', NULL, '7', NULL, NULL, '2025-10-24 08:09:47', '2025-10-24 08:09:47', '0.00', NULL),
('30', '5', '2', '7.00', 'out', NULL, '7', NULL, NULL, '2025-10-24 08:09:47', '2025-10-24 08:09:47', '0.00', NULL),
('31', '5', '2', '15.00', 'out', NULL, '7', NULL, NULL, '2025-10-24 08:09:47', '2025-10-24 08:09:47', '0.00', NULL),
('32', '5', '1', '3.00', 'out', NULL, '7', NULL, NULL, '2025-10-24 08:09:47', '2025-10-24 08:09:47', '0.00', NULL),
('33', '5', '1', '1.00', 'out', NULL, NULL, NULL, NULL, '2025-10-24 13:35:24', '2025-10-24 13:35:24', '0.00', NULL),
('34', '5', '2', '5.00', 'out', NULL, NULL, NULL, NULL, '2025-10-24 13:35:24', '2025-10-24 13:35:24', '0.00', NULL),
('35', '5', '1', '2.00', 'out', NULL, NULL, NULL, NULL, '2025-10-24 13:35:24', '2025-10-24 13:35:24', '0.00', NULL),
('36', '5', '2', '7.00', 'out', NULL, NULL, NULL, NULL, '2025-10-24 13:35:24', '2025-10-24 13:35:24', '0.00', NULL),
('37', '5', '2', '15.00', 'out', NULL, NULL, NULL, NULL, '2025-10-24 13:35:24', '2025-10-24 13:35:24', '0.00', NULL),
('38', '5', '1', '3.00', 'out', NULL, NULL, NULL, NULL, '2025-10-24 13:35:24', '2025-10-24 13:35:24', '0.00', NULL),
('39', '5', '1', '1.00', 'out', NULL, '7', NULL, NULL, '2025-10-24 20:49:40', '2025-10-24 20:49:40', '0.00', NULL),
('40', '5', '2', '5.00', 'out', NULL, '7', NULL, NULL, '2025-10-24 20:49:40', '2025-10-24 20:49:40', '0.00', NULL),
('41', '5', '1', '2.00', 'out', NULL, '7', NULL, NULL, '2025-10-24 20:49:40', '2025-10-24 20:49:40', '0.00', NULL),
('42', '5', '2', '7.00', 'out', NULL, '7', NULL, NULL, '2025-10-24 20:49:40', '2025-10-24 20:49:40', '0.00', NULL),
('43', '5', '2', '15.00', 'out', NULL, '7', NULL, NULL, '2025-10-24 20:49:40', '2025-10-24 20:49:40', '0.00', NULL),
('44', '5', '1', '3.00', 'out', NULL, '7', NULL, NULL, '2025-10-24 20:49:40', '2025-10-24 20:49:40', '0.00', NULL),
('45', '5', '1', '1.00', 'out', NULL, NULL, NULL, NULL, '2025-10-25 11:56:39', '2025-10-25 11:56:39', '0.00', NULL),
('46', '5', '2', '5.00', 'out', NULL, NULL, NULL, NULL, '2025-10-25 11:56:39', '2025-10-25 11:56:39', '0.00', NULL),
('47', '5', '1', '2.00', 'out', NULL, NULL, NULL, NULL, '2025-10-25 11:56:39', '2025-10-25 11:56:39', '0.00', NULL),
('48', '5', '2', '7.00', 'out', NULL, NULL, NULL, NULL, '2025-10-25 11:56:39', '2025-10-25 11:56:39', '0.00', NULL),
('49', '5', '2', '15.00', 'out', NULL, NULL, NULL, NULL, '2025-10-25 11:56:39', '2025-10-25 11:56:39', '0.00', NULL),
('50', '5', '1', '3.00', 'out', NULL, NULL, NULL, NULL, '2025-10-25 11:56:39', '2025-10-25 11:56:39', '0.00', NULL),
('51', '5', '1', '1.00', 'out', NULL, NULL, NULL, NULL, '2025-10-27 14:04:14', '2025-10-27 14:04:14', '0.00', NULL),
('52', '5', '2', '5.00', 'out', NULL, NULL, NULL, NULL, '2025-10-27 14:04:14', '2025-10-27 14:04:14', '0.00', NULL),
('53', '5', '1', '2.00', 'out', NULL, NULL, NULL, NULL, '2025-10-27 14:04:14', '2025-10-27 14:04:14', '0.00', NULL),
('54', '5', '2', '7.00', 'out', NULL, NULL, NULL, NULL, '2025-10-27 14:04:14', '2025-10-27 14:04:14', '0.00', NULL),
('55', '5', '2', '15.00', 'out', NULL, NULL, NULL, NULL, '2025-10-27 14:04:14', '2025-10-27 14:04:14', '0.00', NULL),
('56', '5', '1', '3.00', 'out', NULL, NULL, NULL, NULL, '2025-10-27 14:04:14', '2025-10-27 14:04:14', '0.00', NULL),
('57', '5', '1', '1.00', 'out', NULL, NULL, NULL, NULL, '2025-10-27 15:14:37', '2025-10-27 15:14:37', '0.00', NULL),
('58', '5', '2', '5.00', 'out', NULL, NULL, NULL, NULL, '2025-10-27 15:14:37', '2025-10-27 15:14:37', '0.00', NULL),
('59', '5', '1', '2.00', 'out', NULL, NULL, NULL, NULL, '2025-10-27 15:14:37', '2025-10-27 15:14:37', '0.00', NULL),
('60', '5', '2', '7.00', 'out', NULL, NULL, NULL, NULL, '2025-10-27 15:14:37', '2025-10-27 15:14:37', '0.00', NULL),
('61', '5', '2', '15.00', 'out', NULL, NULL, NULL, NULL, '2025-10-27 15:14:37', '2025-10-27 15:14:37', '0.00', NULL),
('62', '5', '1', '3.00', 'out', NULL, NULL, NULL, NULL, '2025-10-27 15:14:37', '2025-10-27 15:14:37', '0.00', NULL),
('63', '5', '1', '2.00', 'out', NULL, NULL, NULL, NULL, '2025-10-31 20:22:44', '2025-10-31 20:22:44', '0.00', NULL),
('64', '5', '2', '7.00', 'out', NULL, NULL, NULL, NULL, '2025-10-31 20:22:44', '2025-10-31 20:22:44', '0.00', NULL),
('65', '5', '1', '1.00', 'out', NULL, NULL, NULL, NULL, '2025-11-06 19:56:59', '2025-11-06 19:56:59', '0.00', NULL),
('66', '5', '2', '5.00', 'out', NULL, NULL, NULL, NULL, '2025-11-06 19:56:59', '2025-11-06 19:56:59', '0.00', NULL);


-- Table structure for table `inventory_settings`
CREATE TABLE `inventory_settings` (
  `id` bigint(20) unsigned NOT NULL AUTO_INCREMENT,
  `restaurant_id` bigint(20) unsigned NOT NULL,
  `allow_auto_purchase` tinyint(1) NOT NULL DEFAULT 0,
  `created_at` timestamp NULL DEFAULT NULL,
  `updated_at` timestamp NULL DEFAULT NULL,
  PRIMARY KEY (`id`),
  KEY `inventory_settings_restaurant_id_foreign` (`restaurant_id`),
  CONSTRAINT `inventory_settings_restaurant_id_foreign` FOREIGN KEY (`restaurant_id`) REFERENCES `restaurants` (`id`) ON DELETE CASCADE
) ENGINE=InnoDB AUTO_INCREMENT=43 DEFAULT CHARSET=utf8mb4 COLLATE=utf8mb4_unicode_ci;

-- Dumping data for table `inventory_settings`
INSERT INTO `inventory_settings` VALUES
('1', '1', '0', '2025-09-17 11:18:09', '2025-09-17 11:18:09'),
('2', '1', '0', '2025-09-17 11:18:09', '2025-09-17 11:18:09'),
('3', '2', '0', '2025-09-17 15:32:45', '2025-09-17 15:32:45'),
('4', '3', '0', '2025-09-20 18:26:44', '2025-09-20 18:26:44'),
('5', '4', '1', '2025-10-07 20:30:09', '2025-10-18 23:10:32'),
('7', '1', '0', '2025-10-15 17:47:24', '2025-10-15 17:47:24'),
('8', '2', '0', '2025-10-15 17:47:24', '2025-10-15 17:47:24'),
('9', '3', '0', '2025-10-15 17:47:24', '2025-10-15 17:47:24'),
('10', '4', '0', '2025-10-15 17:47:24', '2025-10-15 17:47:24'),
('11', '1', '0', '2025-10-27 13:46:00', '2025-10-27 13:46:00'),
('12', '2', '0', '2025-10-27 13:46:00', '2025-10-27 13:46:00'),
('13', '3', '0', '2025-10-27 13:46:00', '2025-10-27 13:46:00'),
('14', '4', '0', '2025-10-27 13:46:00', '2025-10-27 13:46:00'),
('35', '26', '0', '2025-11-07 22:53:03', '2025-11-07 22:53:03'),
('36', '27', '0', '2025-11-08 16:02:26', '2025-11-08 16:02:26'),
('37', '28', '0', '2025-11-12 19:45:50', '2025-11-12 19:45:50'),
('38', '29', '0', '2025-11-13 21:11:43', '2025-11-13 21:11:43'),
('39', '30', '0', '2025-11-15 13:16:25', '2025-11-15 13:16:25'),
('40', '31', '0', '2025-12-29 00:56:09', '2025-12-29 00:56:09'),
('41', '32', '0', '2025-12-31 00:13:23', '2025-12-31 00:13:23'),
('42', '33', '0', '2026-01-22 10:24:08', '2026-01-22 10:24:08');


-- Table structure for table `inventory_stocks`
CREATE TABLE `inventory_stocks` (
  `id` bigint(20) unsigned NOT NULL AUTO_INCREMENT,
  `branch_id` bigint(20) unsigned NOT NULL,
  `inventory_item_id` bigint(20) unsigned NOT NULL,
  `quantity` decimal(16,2) NOT NULL DEFAULT 0.00,
  `created_at` timestamp NULL DEFAULT NULL,
  `updated_at` timestamp NULL DEFAULT NULL,
  PRIMARY KEY (`id`),
  KEY `inventory_stocks_branch_id_foreign` (`branch_id`),
  KEY `inventory_stocks_inventory_item_id_foreign` (`inventory_item_id`),
  CONSTRAINT `inventory_stocks_branch_id_foreign` FOREIGN KEY (`branch_id`) REFERENCES `branches` (`id`) ON DELETE CASCADE ON UPDATE CASCADE,
  CONSTRAINT `inventory_stocks_inventory_item_id_foreign` FOREIGN KEY (`inventory_item_id`) REFERENCES `inventory_items` (`id`) ON DELETE CASCADE ON UPDATE CASCADE
) ENGINE=InnoDB AUTO_INCREMENT=3 DEFAULT CHARSET=utf8mb4 COLLATE=utf8mb4_unicode_ci;

-- Dumping data for table `inventory_stocks`
INSERT INTO `inventory_stocks` VALUES
('1', '5', '1', '37.00', '2025-10-18 05:34:22', '2025-11-06 19:56:59'),
('2', '5', '2', '718.00', '2025-10-18 23:12:11', '2025-11-06 19:56:59');


-- Table structure for table `item_categories`
CREATE TABLE `item_categories` (
  `id` bigint(20) unsigned NOT NULL AUTO_INCREMENT,
  `branch_id` bigint(20) unsigned DEFAULT NULL,
  `category_name` text DEFAULT NULL,
  `sort_order` int(10) unsigned NOT NULL DEFAULT 0,
  `created_at` timestamp NULL DEFAULT NULL,
  `updated_at` timestamp NULL DEFAULT NULL,
  PRIMARY KEY (`id`),
  KEY `item_categories_branch_id_foreign` (`branch_id`),
  CONSTRAINT `item_categories_branch_id_foreign` FOREIGN KEY (`branch_id`) REFERENCES `branches` (`id`) ON DELETE CASCADE ON UPDATE CASCADE
) ENGINE=InnoDB AUTO_INCREMENT=75 DEFAULT CHARSET=utf8mb4 COLLATE=utf8mb4_unicode_ci;

-- Dumping data for table `item_categories`
INSERT INTO `item_categories` VALUES
('1', '1', '{\"en\":\"Indian Veg Curries\"}', '0', '2025-09-17 11:34:57', '2025-09-17 11:34:57'),
('2', '1', '{\"en\":\"Indian Non-Veg Curries\"}', '0', '2025-09-17 11:34:57', '2025-09-17 11:34:57'),
('3', '1', '{\"en\":\"South Indian\"}', '0', '2025-09-17 11:34:57', '2025-09-17 11:34:57'),
('4', '1', '{\"en\":\"Biryani & Rice\"}', '0', '2025-09-17 11:34:57', '2025-09-17 11:34:57'),
('5', '1', '{\"en\":\"Indian Breads\"}', '0', '2025-09-17 11:34:57', '2025-09-17 11:34:57'),
('6', '1', '{\"en\":\"Chaat & Street Food\"}', '0', '2025-09-17 11:34:57', '2025-09-17 11:34:57'),
('7', '1', '{\"en\":\"Tandoor & Kebabs\"}', '0', '2025-09-17 11:34:58', '2025-09-17 11:34:58'),
('8', '1', '{\"en\":\"Indo-Chinese\"}', '0', '2025-09-17 11:34:58', '2025-09-17 11:34:58'),
('9', '1', '{\"en\":\"Continental & Pastas\"}', '0', '2025-09-17 11:34:58', '2025-09-17 11:34:58'),
('10', '1', '{\"en\":\"Pizzas\"}', '0', '2025-09-17 11:34:58', '2025-09-17 11:34:58'),
('11', '1', '{\"en\":\"Burgers & Sandwiches\"}', '0', '2025-09-17 11:34:58', '2025-09-17 11:34:58'),
('12', '1', '{\"en\":\"Desserts\"}', '0', '2025-09-17 11:34:58', '2025-09-17 11:34:58'),
('13', '1', '{\"en\":\"Beverages\"}', '0', '2025-09-17 11:34:58', '2025-09-17 11:34:58'),
('14', '3', '{\"en\":\"Indian Veg Curries\"}', '0', '2025-09-20 01:34:20', '2025-09-20 01:34:20'),
('15', '3', '{\"en\":\"Indian Non-Veg Curries\"}', '0', '2025-09-20 01:34:20', '2025-09-20 01:34:20'),
('16', '3', '{\"en\":\"South Indian\"}', '0', '2025-09-20 01:34:20', '2025-09-20 01:34:20'),
('17', '3', '{\"en\":\"Biryani & Rice\"}', '0', '2025-09-20 01:34:20', '2025-09-20 01:34:20'),
('18', '3', '{\"en\":\"Indian Breads\"}', '0', '2025-09-20 01:34:20', '2025-09-20 01:34:20'),
('19', '3', '{\"en\":\"Chaat & Street Food\"}', '0', '2025-09-20 01:34:20', '2025-09-20 01:34:20'),
('20', '3', '{\"en\":\"Tandoor & Kebabs\"}', '0', '2025-09-20 01:34:21', '2025-09-20 01:34:21'),
('21', '3', '{\"en\":\"Indo-Chinese\"}', '0', '2025-09-20 01:34:21', '2025-09-20 01:34:21'),
('22', '3', '{\"en\":\"Continental & Pastas\"}', '0', '2025-09-20 01:34:21', '2025-09-20 01:34:21'),
('23', '3', '{\"en\":\"Pizzas\"}', '0', '2025-09-20 01:34:21', '2025-09-20 01:34:21'),
('24', '3', '{\"en\":\"Burgers & Sandwiches\"}', '0', '2025-09-20 01:34:21', '2025-09-20 01:34:21'),
('25', '3', '{\"en\":\"Desserts\"}', '0', '2025-09-20 01:34:21', '2025-09-20 01:34:21'),
('26', '3', '{\"en\":\"Beverages\"}', '0', '2025-09-20 01:34:21', '2025-09-20 01:34:21'),
('27', '4', '{\"en\":\"Pizza\"}', '0', '2025-09-20 18:29:15', '2025-09-20 18:29:15'),
('30', '5', '{\"en\":\"North Indian\"}', '0', '2025-10-08 14:10:56', '2025-10-08 14:11:09'),
('31', '5', '{\"en\":\"Street Food\"}', '0', '2025-10-08 14:11:33', '2025-10-08 14:11:33'),
('32', '5', '{\"en\":\"Snacks & Starters\"}', '0', '2025-10-08 14:11:39', '2025-10-08 14:11:39'),
('33', '5', '{\"en\":\"Desserts & Sweets\"}', '0', '2025-10-08 14:11:48', '2025-10-08 14:11:48'),
('34', '5', '{\"en\":\"Soups & Starters\"}', '0', '2025-10-25 18:20:56', '2025-10-25 18:20:56'),
('35', '5', '{\"en\":\"Sandwiches & Wraps\"}', '0', '2025-10-25 18:21:06', '2025-10-25 18:21:06'),
('36', '5', '{\"en\":\"Main Courses / Entrées\"}', '0', '2025-10-25 18:21:22', '2025-10-25 18:21:22'),
('37', '5', '{\"en\":\"Healthy Bowls\"}', '0', '2025-10-25 18:21:40', '2025-10-25 18:21:40'),
('38', '5', '{\"en\":\"Bistro Specials\"}', '0', '2025-10-25 18:21:47', '2025-10-25 18:21:47'),
('39', '5', '{\"en\":\"Drinks\"}', '0', '2025-10-25 18:21:58', '2025-10-25 18:21:58'),
('40', '5', '{\"en\":\"Soups\"}', '0', '2025-11-17 19:16:42', '2025-11-17 19:16:42'),
('41', '5', '{\"en\":\"Salads Bowl\"}', '0', '2025-11-17 19:16:42', '2025-11-17 19:16:42'),
('42', '5', '{\"en\":\"Signature Chicken Wings\"}', '0', '2025-11-17 19:16:42', '2025-11-17 19:16:42'),
('43', '5', '{\"en\":\"Small Plates Non-Vegetarian\"}', '0', '2025-11-17 19:16:42', '2025-11-17 19:16:42'),
('44', '5', '{\"en\":\"Small Plates Vegetarian\"}', '0', '2025-11-17 19:16:42', '2025-11-17 19:16:42'),
('45', '5', '{\"en\":\"Signature Jims Grill Platter\"}', '0', '2025-11-17 19:16:42', '2025-11-17 19:16:42'),
('46', '5', '{\"en\":\"Toka Taki\"}', '0', '2025-11-17 19:16:42', '2025-11-17 19:16:42'),
('47', '5', '{\"en\":\"Dimsum\"}', '0', '2025-11-17 19:16:42', '2025-11-17 19:16:42'),
('48', '5', '{\"en\":\"Grills Bite Non vegetarian\"}', '0', '2025-11-17 19:16:42', '2025-11-17 19:16:42'),
('49', '5', '{\"en\":\"Grills Bite Vegetarian\"}', '0', '2025-11-17 19:16:42', '2025-11-17 19:16:42'),
('50', '5', '{\"en\":\"Sharing Meal Non vegetarian\"}', '0', '2025-11-17 19:16:42', '2025-11-17 19:16:42'),
('51', '5', '{\"en\":\"Sharing Meal vegetarian\"}', '0', '2025-11-17 19:16:42', '2025-11-17 19:16:42'),
('52', '5', '{\"en\":\"Rice/Biryani / Noodles\"}', '0', '2025-11-17 19:16:42', '2025-11-17 19:16:42'),
('53', '5', '{\"en\":\"Indo -China Meal\"}', '0', '2025-11-17 19:16:42', '2025-11-17 19:16:42'),
('54', '5', '{\"en\":\"Breads\"}', '0', '2025-11-17 19:16:42', '2025-11-17 19:16:42'),
('55', '5', '{\"en\":\"Desserts\"}', '0', '2025-11-17 19:16:42', '2025-11-17 19:16:42'),
('56', '5', '{\"en\":\"Hot & cold Beverages\"}', '0', '2025-11-17 19:16:42', '2025-11-17 19:16:42'),
('57', '27', '{\"en\":\"Snacks & Street Food\"}', '0', '2025-11-26 14:00:24', '2025-11-26 14:00:24'),
('58', '27', '{\"en\":\"Main Course\"}', '0', '2025-11-26 14:00:36', '2025-11-26 14:00:36'),
('59', '27', '{\"en\":\"Beverages\"}', '0', '2025-11-26 14:00:46', '2025-11-26 14:00:46'),
('66', '31', '{\"en\":\"Starters & Appetizers\"}', '0', '2025-12-06 01:23:43', '2025-12-06 01:23:43'),
('67', '31', '{\"en\":\"Main Dishes\"}', '0', '2025-12-06 01:23:43', '2025-12-06 01:23:43'),
('68', '31', '{\"en\":\"Sides\"}', '0', '2025-12-06 01:23:43', '2025-12-06 01:23:43'),
('69', '31', '{\"en\":\"Soups & Specials\"}', '0', '2025-12-06 01:23:43', '2025-12-06 01:23:43'),
('70', '31', '{\"en\":\"Desserts\"}', '0', '2025-12-06 01:23:43', '2025-12-06 01:23:43'),
('71', '31', '{\"en\":\"Beverages\"}', '0', '2025-12-06 01:23:43', '2025-12-06 01:23:43'),
('72', '32', '{\"en\":\"Main course\"}', '0', '2025-12-29 01:02:57', '2025-12-29 01:02:57'),
('73', '34', '{\"en\":\"Scotch\"}', '0', '2026-01-22 10:28:05', '2026-01-22 10:28:05'),
('74', '34', '{\"en\":\"Non-Veg Snacks\"}', '0', '2026-01-22 10:30:15', '2026-01-22 10:30:15');


-- Table structure for table `item_modifiers`
CREATE TABLE `item_modifiers` (
  `id` bigint(20) unsigned NOT NULL AUTO_INCREMENT,
  `menu_item_id` bigint(20) unsigned DEFAULT NULL,
  `menu_item_variation_id` bigint(20) unsigned DEFAULT NULL,
  `modifier_group_id` bigint(20) unsigned DEFAULT NULL,
  `is_required` tinyint(1) NOT NULL DEFAULT 0,
  `allow_multiple_selection` tinyint(1) NOT NULL DEFAULT 0,
  `created_at` timestamp NULL DEFAULT NULL,
  `updated_at` timestamp NULL DEFAULT NULL,
  PRIMARY KEY (`id`),
  KEY `item_modifiers_menu_item_id_foreign` (`menu_item_id`),
  KEY `item_modifiers_modifier_group_id_foreign` (`modifier_group_id`),
  KEY `item_modifiers_menu_item_variation_id_foreign` (`menu_item_variation_id`),
  CONSTRAINT `item_modifiers_menu_item_id_foreign` FOREIGN KEY (`menu_item_id`) REFERENCES `menu_items` (`id`) ON DELETE CASCADE ON UPDATE CASCADE,
  CONSTRAINT `item_modifiers_menu_item_variation_id_foreign` FOREIGN KEY (`menu_item_variation_id`) REFERENCES `menu_item_variations` (`id`) ON DELETE CASCADE,
  CONSTRAINT `item_modifiers_modifier_group_id_foreign` FOREIGN KEY (`modifier_group_id`) REFERENCES `modifier_groups` (`id`) ON DELETE CASCADE ON UPDATE CASCADE
) ENGINE=InnoDB AUTO_INCREMENT=3 DEFAULT CHARSET=utf8mb4 COLLATE=utf8mb4_unicode_ci;

-- Dumping data for table `item_modifiers`
INSERT INTO `item_modifiers` VALUES
('1', '509', NULL, '1', '0', '1', NULL, '2025-10-24 20:20:57'),
('2', '510', '15', '1', '1', '1', '2025-10-25 18:31:56', '2025-12-03 23:35:49');


-- Table structure for table `job_batches`
CREATE TABLE `job_batches` (
  `id` varchar(191) NOT NULL,
  `name` varchar(191) NOT NULL,
  `total_jobs` int(11) NOT NULL,
  `pending_jobs` int(11) NOT NULL,
  `failed_jobs` int(11) NOT NULL,
  `failed_job_ids` longtext NOT NULL,
  `options` mediumtext DEFAULT NULL,
  `cancelled_at` int(11) DEFAULT NULL,
  `created_at` int(11) NOT NULL,
  `finished_at` int(11) DEFAULT NULL,
  PRIMARY KEY (`id`)
) ENGINE=InnoDB DEFAULT CHARSET=utf8mb4 COLLATE=utf8mb4_unicode_ci;


-- Table structure for table `jobs`
CREATE TABLE `jobs` (
  `id` bigint(20) unsigned NOT NULL AUTO_INCREMENT,
  `queue` varchar(191) NOT NULL,
  `payload` longtext NOT NULL,
  `attempts` tinyint(3) unsigned NOT NULL,
  `reserved_at` int(10) unsigned DEFAULT NULL,
  `available_at` int(10) unsigned NOT NULL,
  `created_at` int(10) unsigned NOT NULL,
  PRIMARY KEY (`id`),
  KEY `jobs_queue_index` (`queue`)
) ENGINE=InnoDB DEFAULT CHARSET=utf8mb4 COLLATE=utf8mb4_unicode_ci;


-- Table structure for table `kiosk_ads`
CREATE TABLE `kiosk_ads` (
  `id` bigint(20) unsigned NOT NULL AUTO_INCREMENT,
  `heading` varchar(191) NOT NULL,
  `description` varchar(191) NOT NULL,
  `image` varchar(191) NOT NULL,
  `is_active` tinyint(1) NOT NULL DEFAULT 1,
  `created_at` timestamp NULL DEFAULT NULL,
  `updated_at` timestamp NULL DEFAULT NULL,
  PRIMARY KEY (`id`)
) ENGINE=InnoDB DEFAULT CHARSET=utf8mb4 COLLATE=utf8mb4_unicode_ci;


-- Table structure for table `kiosk_global_settings`
CREATE TABLE `kiosk_global_settings` (
  `id` bigint(20) unsigned NOT NULL AUTO_INCREMENT,
  `license_type` varchar(20) DEFAULT NULL,
  `purchase_code` varchar(191) DEFAULT NULL,
  `purchased_on` timestamp NULL DEFAULT NULL,
  `supported_until` timestamp NULL DEFAULT NULL,
  `notify_update` tinyint(1) NOT NULL DEFAULT 1,
  `created_at` timestamp NULL DEFAULT NULL,
  `updated_at` timestamp NULL DEFAULT NULL,
  PRIMARY KEY (`id`)
) ENGINE=InnoDB AUTO_INCREMENT=2 DEFAULT CHARSET=utf8mb4 COLLATE=utf8mb4_unicode_ci;

-- Dumping data for table `kiosk_global_settings`
INSERT INTO `kiosk_global_settings` VALUES
('1', NULL, '65100125-205d-420e-b03c-0faa1e6f02b9', NULL, '2026-04-16 08:37:13', '1', '2025-09-28 17:38:47', '2025-10-15 17:46:47');


-- Table structure for table `kiosks`
CREATE TABLE `kiosks` (
  `id` bigint(20) unsigned NOT NULL AUTO_INCREMENT,
  `branch_id` bigint(20) unsigned NOT NULL,
  `code` varchar(64) NOT NULL,
  `name` varchar(100) DEFAULT NULL,
  `is_active` tinyint(1) NOT NULL DEFAULT 1,
  `last_seen_at` timestamp NULL DEFAULT NULL,
  `created_at` timestamp NULL DEFAULT NULL,
  `updated_at` timestamp NULL DEFAULT NULL,
  PRIMARY KEY (`id`),
  UNIQUE KEY `kiosks_code_unique` (`code`),
  KEY `kiosks_branch_id_foreign` (`branch_id`),
  CONSTRAINT `kiosks_branch_id_foreign` FOREIGN KEY (`branch_id`) REFERENCES `branches` (`id`) ON DELETE CASCADE
) ENGINE=InnoDB AUTO_INCREMENT=7 DEFAULT CHARSET=utf8mb4 COLLATE=utf8mb4_unicode_ci;

-- Dumping data for table `kiosks`
INSERT INTO `kiosks` VALUES
('1', '1', '775441', 'East Ryann', '1', NULL, '2025-10-15 17:46:46', '2025-10-15 17:46:46'),
('2', '2', '893272', 'Port Maudiemouth', '1', NULL, '2025-10-15 17:46:46', '2025-10-15 17:46:46'),
('3', '3', '108513', 'Kosi Road', '1', NULL, '2025-10-15 17:46:46', '2025-10-15 17:46:46'),
('4', '4', '200574', 'Montreal Branch', '1', NULL, '2025-10-15 17:46:46', '2025-10-15 17:46:46'),
('5', '5', '922825', 'MESS ONE', '1', NULL, '2025-10-15 17:46:46', '2025-10-15 17:46:46'),
('6', '32', '19608', 'Test Kiosk', '1', NULL, '2026-01-03 12:54:38', '2026-01-03 12:54:38');


-- Table structure for table `kitchen_global_settings`
CREATE TABLE `kitchen_global_settings` (
  `id` bigint(20) unsigned NOT NULL AUTO_INCREMENT,
  `license_type` varchar(20) DEFAULT NULL,
  `purchase_code` varchar(191) DEFAULT NULL,
  `purchased_on` timestamp NULL DEFAULT NULL,
  `supported_until` timestamp NULL DEFAULT NULL,
  `notify_update` tinyint(1) NOT NULL DEFAULT 1,
  `created_at` timestamp NULL DEFAULT NULL,
  `updated_at` timestamp NULL DEFAULT NULL,
  PRIMARY KEY (`id`)
) ENGINE=InnoDB AUTO_INCREMENT=2 DEFAULT CHARSET=utf8mb4 COLLATE=utf8mb4_unicode_ci;

-- Dumping data for table `kitchen_global_settings`
INSERT INTO `kitchen_global_settings` VALUES
('1', NULL, 'k', NULL, NULL, '1', '2025-09-17 11:18:21', '2025-09-17 11:19:25');


-- Table structure for table `kot_cancel_reasons`
CREATE TABLE `kot_cancel_reasons` (
  `id` bigint(20) unsigned NOT NULL AUTO_INCREMENT,
  `restaurant_id` bigint(20) unsigned DEFAULT NULL,
  `reason` varchar(191) NOT NULL,
  `cancel_order` tinyint(1) NOT NULL DEFAULT 0,
  `cancel_kot` tinyint(1) NOT NULL DEFAULT 0,
  `created_at` timestamp NULL DEFAULT NULL,
  `updated_at` timestamp NULL DEFAULT NULL,
  PRIMARY KEY (`id`),
  KEY `kot_cancel_reasons_restaurant_id_foreign` (`restaurant_id`),
  CONSTRAINT `kot_cancel_reasons_restaurant_id_foreign` FOREIGN KEY (`restaurant_id`) REFERENCES `restaurants` (`id`) ON DELETE CASCADE ON UPDATE CASCADE
) ENGINE=InnoDB AUTO_INCREMENT=11 DEFAULT CHARSET=utf8mb4 COLLATE=utf8mb4_unicode_ci;

-- Dumping data for table `kot_cancel_reasons`
INSERT INTO `kot_cancel_reasons` VALUES
('1', '1', 'Customer changed their mind', '1', '0', '2025-09-17 11:06:44', '2025-09-17 11:06:44'),
('2', '1', 'Customer requested to cancel', '1', '0', '2025-09-17 11:06:44', '2025-09-17 11:06:44'),
('3', '1', 'Payment issues', '1', '0', '2025-09-17 11:06:44', '2025-09-17 11:06:44'),
('4', '1', 'Customer no longer wants the order', '1', '0', '2025-09-17 11:06:44', '2025-09-17 11:06:44'),
('5', '1', 'Ingredient not available', '0', '1', '2025-09-17 11:06:44', '2025-09-17 11:06:44'),
('6', '1', 'Preparation time too long', '0', '1', '2025-09-17 11:06:44', '2025-09-17 11:06:44'),
('7', '1', 'Quality issue with ingredients', '0', '1', '2025-09-17 11:06:44', '2025-09-17 11:06:44'),
('8', '1', 'System error/Technical issue', '1', '1', '2025-09-17 11:06:44', '2025-09-17 11:06:44'),
('9', '1', 'Restaurant closing early', '1', '1', '2025-09-17 11:06:44', '2025-09-17 11:06:44'),
('10', '1', 'Other', '1', '1', '2025-09-17 11:06:44', '2025-09-17 11:06:44');


-- Table structure for table `kot_item_modifier_options`
CREATE TABLE `kot_item_modifier_options` (
  `id` bigint(20) unsigned NOT NULL AUTO_INCREMENT,
  `kot_item_id` bigint(20) unsigned NOT NULL,
  `modifier_option_id` bigint(20) unsigned NOT NULL,
  `created_at` timestamp NULL DEFAULT NULL,
  `updated_at` timestamp NULL DEFAULT NULL,
  PRIMARY KEY (`id`),
  KEY `kot_item_modifier_options_kot_item_id_foreign` (`kot_item_id`),
  KEY `kot_item_modifier_options_modifier_option_id_foreign` (`modifier_option_id`),
  CONSTRAINT `kot_item_modifier_options_kot_item_id_foreign` FOREIGN KEY (`kot_item_id`) REFERENCES `kot_items` (`id`) ON DELETE CASCADE ON UPDATE CASCADE,
  CONSTRAINT `kot_item_modifier_options_modifier_option_id_foreign` FOREIGN KEY (`modifier_option_id`) REFERENCES `modifier_options` (`id`) ON DELETE CASCADE ON UPDATE CASCADE
) ENGINE=InnoDB AUTO_INCREMENT=5 DEFAULT CHARSET=utf8mb4 COLLATE=utf8mb4_unicode_ci;

-- Dumping data for table `kot_item_modifier_options`
INSERT INTO `kot_item_modifier_options` VALUES
('1', '59', '1', NULL, NULL),
('2', '61', '2', NULL, NULL),
('3', '72', '1', NULL, NULL),
('4', '73', '2', NULL, NULL);


-- Table structure for table `kot_items`
CREATE TABLE `kot_items` (
  `id` bigint(20) unsigned NOT NULL AUTO_INCREMENT,
  `kot_id` bigint(20) unsigned NOT NULL,
  `order_item_id` bigint(20) unsigned DEFAULT NULL,
  `transaction_id` varchar(191) DEFAULT NULL,
  `menu_item_id` bigint(20) unsigned NOT NULL,
  `menu_item_variation_id` bigint(20) unsigned DEFAULT NULL,
  `note` text DEFAULT NULL,
  `quantity` int(11) NOT NULL,
  `status` enum('pending','cooking','ready','cancelled') DEFAULT NULL,
  `cancel_reason_id` bigint(20) unsigned DEFAULT NULL,
  `cancel_reason_text` text DEFAULT NULL,
  `cancelled_by` bigint(20) unsigned DEFAULT NULL,
  `created_at` timestamp NULL DEFAULT NULL,
  `updated_at` timestamp NULL DEFAULT NULL,
  PRIMARY KEY (`id`),
  KEY `kot_items_kot_id_foreign` (`kot_id`),
  KEY `kot_items_menu_item_id_foreign` (`menu_item_id`),
  KEY `kot_items_menu_item_variation_id_foreign` (`menu_item_variation_id`),
  KEY `kot_items_cancel_reason_id_foreign` (`cancel_reason_id`),
  KEY `kot_items_order_item_id_foreign` (`order_item_id`),
  KEY `kot_items_cancelled_by_foreign` (`cancelled_by`),
  CONSTRAINT `kot_items_cancel_reason_id_foreign` FOREIGN KEY (`cancel_reason_id`) REFERENCES `kot_cancel_reasons` (`id`) ON DELETE CASCADE ON UPDATE CASCADE,
  CONSTRAINT `kot_items_cancelled_by_foreign` FOREIGN KEY (`cancelled_by`) REFERENCES `users` (`id`) ON DELETE SET NULL ON UPDATE CASCADE,
  CONSTRAINT `kot_items_kot_id_foreign` FOREIGN KEY (`kot_id`) REFERENCES `kots` (`id`) ON DELETE CASCADE ON UPDATE CASCADE,
  CONSTRAINT `kot_items_menu_item_id_foreign` FOREIGN KEY (`menu_item_id`) REFERENCES `menu_items` (`id`) ON DELETE CASCADE,
  CONSTRAINT `kot_items_menu_item_variation_id_foreign` FOREIGN KEY (`menu_item_variation_id`) REFERENCES `menu_item_variations` (`id`) ON DELETE CASCADE,
  CONSTRAINT `kot_items_order_item_id_foreign` FOREIGN KEY (`order_item_id`) REFERENCES `order_items` (`id`) ON DELETE CASCADE ON UPDATE CASCADE
) ENGINE=InnoDB AUTO_INCREMENT=144 DEFAULT CHARSET=utf8mb4 COLLATE=utf8mb4_unicode_ci;

-- Dumping data for table `kot_items`
INSERT INTO `kot_items` VALUES
('1', '1', NULL, 'TXN_68ce9d21bd2a93.28356548_231480', '251', NULL, '', '1', NULL, NULL, NULL, NULL, '2025-09-20 17:55:05', '2025-09-20 17:55:05'),
('2', '1', NULL, 'TXN_68ce9d21bd2a93.28356548_231480', '252', NULL, '', '1', NULL, NULL, NULL, NULL, '2025-09-20 17:55:05', '2025-09-20 17:55:05'),
('5', '4', NULL, 'TXN_68e62861d3eb76.37324333_776395', '503', '2', '', '1', NULL, NULL, NULL, NULL, '2025-10-08 14:31:21', '2025-10-08 14:31:21'),
('6', '4', NULL, 'TXN_68e62861d3eb76.37324333_776395', '504', '6', '', '1', NULL, NULL, NULL, NULL, '2025-10-08 14:31:21', '2025-10-08 14:31:21'),
('7', '4', NULL, 'TXN_68e62861d3eb76.37324333_776395', '506', '10', '', '1', NULL, NULL, NULL, NULL, '2025-10-08 14:31:21', '2025-10-08 14:31:21'),
('8', '5', NULL, 'TXN_68e63e3e517e69.31196617_301189', '504', '4', '', '1', NULL, NULL, NULL, NULL, '2025-10-08 16:04:38', '2025-10-08 16:04:38'),
('9', '6', NULL, NULL, '507', NULL, '', '1', NULL, NULL, NULL, NULL, '2025-10-15 18:03:29', '2025-10-15 18:03:29'),
('10', '7', NULL, 'KIOSK_TXN_68ef9521a16ec0.32691058', '503', NULL, NULL, '1', NULL, NULL, NULL, NULL, '2025-10-15 18:05:45', '2025-10-15 18:05:45'),
('11', '7', NULL, 'KIOSK_TXN_68ef9521a16ec0.32691058', '504', NULL, NULL, '2', NULL, NULL, NULL, NULL, '2025-10-15 18:05:45', '2025-10-15 18:05:45'),
('12', '8', NULL, 'KIOSK_TXN_68ef95b8481505.85338088', '503', '3', NULL, '2', NULL, NULL, NULL, NULL, '2025-10-15 18:08:16', '2025-10-15 18:08:16'),
('13', '8', NULL, 'KIOSK_TXN_68ef95b8481505.85338088', '503', '2', NULL, '2', NULL, NULL, NULL, NULL, '2025-10-15 18:08:16', '2025-10-15 18:08:16'),
('14', '9', NULL, NULL, '504', '4', NULL, '1', NULL, NULL, NULL, NULL, '2025-10-15 18:10:33', '2025-10-15 18:10:33'),
('15', '10', NULL, 'TXN_68f0dec5bc7488.23372968_650415', '503', '2', '', '1', NULL, NULL, NULL, NULL, '2025-10-16 17:32:13', '2025-10-16 17:32:13'),
('16', '11', NULL, 'TXN_68f0e5e92bf222.61353201_589451', '504', '4', '', '1', NULL, NULL, NULL, NULL, '2025-10-16 18:02:41', '2025-10-16 18:02:41'),
('17', '12', NULL, 'TXN_68f0e7ed518392.11253318_184380', '504', '4', '', '1', NULL, NULL, NULL, NULL, '2025-10-16 18:11:17', '2025-10-16 18:11:17'),
('18', '13', NULL, 'TXN_68f0e98f88fcf0.97081858_196506', '503', '2', '', '1', NULL, NULL, NULL, NULL, '2025-10-16 18:18:15', '2025-10-16 18:18:15'),
('20', '15', NULL, 'TXN_68f0f1253d9812.85311588_548223', '503', '1', '', '1', NULL, NULL, NULL, NULL, '2025-10-16 18:50:37', '2025-10-16 18:50:37'),
('21', '16', NULL, 'TXN_68f0f342b770d2.44028867_382578', '503', '1', '', '1', NULL, NULL, NULL, NULL, '2025-10-16 18:59:38', '2025-10-16 18:59:38'),
('22', '17', NULL, 'TXN_68f0f92d3d7cb8.57476962_970704', '504', '4', '', '1', NULL, NULL, NULL, NULL, '2025-10-16 19:24:53', '2025-10-16 19:24:53'),
('23', '18', NULL, 'TXN_68f0f9a7428d31.03319738_156288', '503', '1', '', '1', NULL, NULL, NULL, NULL, '2025-10-16 19:26:55', '2025-10-16 19:26:55'),
('24', '19', NULL, 'TXN_68f0fa8b5df871.67446827_444391', '503', '1', '', '1', NULL, NULL, NULL, NULL, '2025-10-16 19:30:43', '2025-10-16 19:30:43'),
('25', '20', NULL, 'TXN_68f0ff436d7e31.26322864_733895', '503', '1', '', '1', NULL, NULL, NULL, NULL, '2025-10-16 19:50:51', '2025-10-16 19:50:51'),
('26', '21', NULL, 'TXN_68f11186a40d88.85359813_642469', '503', '2', '', '1', NULL, NULL, NULL, NULL, '2025-10-16 21:08:46', '2025-10-16 21:08:46'),
('27', '22', NULL, 'TXN_68f11493951c64.13647932_350258', '504', '4', '', '1', NULL, NULL, NULL, NULL, '2025-10-16 21:21:47', '2025-10-16 21:21:47'),
('28', '23', NULL, 'TXN_68f11df6b45478.84597662_879041', '503', '1', '', '1', NULL, NULL, NULL, NULL, '2025-10-16 22:01:50', '2025-10-16 22:01:50'),
('29', '24', NULL, 'TXN_68f11f5c936752.69173031_207616', '503', '1', '', '1', NULL, NULL, NULL, NULL, '2025-10-16 22:07:48', '2025-10-16 22:07:48'),
('30', '25', NULL, 'TXN_68f12534eac280.48739786_102422', '503', '1', '', '1', NULL, NULL, NULL, NULL, '2025-10-16 22:32:45', '2025-10-16 22:32:45'),
('31', '26', NULL, 'TXN_68f12d9ec2a981.97878175_856288', '251', NULL, '', '2', NULL, NULL, NULL, NULL, '2025-10-16 23:08:38', '2025-10-16 23:08:38'),
('32', '27', NULL, 'TXN_68f12e35eb2419.11533676_187640', '503', '2', '', '1', NULL, NULL, NULL, NULL, '2025-10-16 23:11:10', '2025-10-16 23:11:10'),
('33', '27', NULL, 'TXN_68f12e35eb2419.11533676_187640', '505', '8', '', '1', NULL, NULL, NULL, NULL, '2025-10-16 23:11:10', '2025-10-16 23:11:10'),
('34', '28', NULL, 'TXN_68f2d1c10efc73.86184169_610422', '503', '2', '', '1', 'ready', NULL, NULL, NULL, '2025-10-18 05:01:13', '2025-10-18 05:50:03'),
('35', '28', NULL, 'TXN_68f2d1c10efc73.86184169_610422', '504', '6', '', '1', 'ready', NULL, NULL, NULL, '2025-10-18 05:01:13', '2025-10-18 05:50:03'),
('36', '29', NULL, NULL, '507', NULL, '', '1', 'ready', NULL, NULL, NULL, '2025-10-18 05:10:44', '2025-10-18 05:50:01'),
('37', '29', NULL, NULL, '505', '8', NULL, '1', 'ready', NULL, NULL, NULL, '2025-10-18 05:10:44', '2025-10-18 05:50:01'),
('38', '30', NULL, NULL, '505', '8', NULL, '1', 'ready', NULL, NULL, NULL, '2025-10-18 05:12:52', '2025-10-18 05:49:56'),
('39', '31', NULL, 'TXN_68f2d4f8bb1f42.34426374_425498', '504', '5', '', '1', 'ready', NULL, NULL, NULL, '2025-10-18 05:14:56', '2025-10-18 05:49:45'),
('40', '32', NULL, NULL, '506', '10', NULL, '1', 'ready', NULL, NULL, NULL, '2025-10-18 05:17:26', '2025-10-18 05:49:46'),
('41', '33', NULL, NULL, '503', '1', NULL, '3', 'ready', NULL, NULL, NULL, '2025-10-18 05:19:05', '2025-10-18 05:48:45'),
('42', '34', NULL, NULL, '505', '8', NULL, '1', 'ready', NULL, NULL, NULL, '2025-10-18 05:21:30', '2025-10-18 05:49:43'),
('43', '34', NULL, NULL, '507', NULL, '', '1', 'ready', NULL, NULL, NULL, '2025-10-18 05:21:30', '2025-10-18 05:49:43'),
('44', '35', NULL, 'KIOSK_TXN_68f2d73349bab0.75415852', '503', '2', NULL, '1', 'ready', NULL, NULL, NULL, '2025-10-18 05:24:27', '2025-10-18 05:49:42'),
('45', '35', NULL, 'KIOSK_TXN_68f2d73349bab0.75415852', '504', '6', NULL, '1', 'ready', NULL, NULL, NULL, '2025-10-18 05:24:27', '2025-10-18 05:49:42'),
('46', '36', NULL, NULL, '503', '1', NULL, '3', 'ready', NULL, NULL, NULL, '2025-10-18 05:35:52', '2025-10-18 05:49:54'),
('47', '37', NULL, NULL, '507', NULL, '', '1', 'ready', NULL, NULL, NULL, '2025-10-18 05:37:59', '2025-10-18 05:49:37'),
('48', '38', NULL, NULL, '503', '1', NULL, '1', 'ready', NULL, NULL, NULL, '2025-10-18 05:39:20', '2025-10-18 05:49:26'),
('49', '39', NULL, NULL, '504', '5', NULL, '1', NULL, NULL, NULL, NULL, '2025-10-18 22:55:40', '2025-10-18 22:55:40'),
('50', '40', NULL, 'KIOSK_TXN_68f3ce74859f57.71863120', '507', NULL, NULL, '1', NULL, NULL, NULL, NULL, '2025-10-18 22:59:24', '2025-10-18 22:59:24'),
('51', '41', NULL, NULL, '503', '3', NULL, '1', NULL, NULL, NULL, NULL, '2025-10-18 23:15:50', '2025-10-18 23:15:50'),
('52', '42', NULL, 'TXN_68f3dc48227c63.69436210_587956', '503', '1', '', '1', NULL, NULL, NULL, NULL, '2025-10-18 23:58:24', '2025-10-18 23:58:24'),
('53', '43', NULL, 'TXN_68fae377308866.64667514_242686', '503', '3', '', '1', 'ready', NULL, NULL, NULL, '2025-10-24 07:54:55', '2025-10-24 20:45:49'),
('54', '44', NULL, 'TXN_68fae4436c6376.32408368_690123', '503', '3', '', '1', 'ready', NULL, NULL, NULL, '2025-10-24 07:58:19', '2025-10-24 20:45:53'),
('55', '45', NULL, 'TXN_68fae4d68a5be2.70313865_172721', '503', '3', '', '1', 'ready', NULL, NULL, NULL, '2025-10-24 08:00:46', '2025-10-24 20:45:49'),
('56', '46', NULL, 'TXN_68fae5a469e1f0.38965568_491018', '503', '3', '', '1', NULL, NULL, NULL, NULL, '2025-10-24 08:04:12', '2025-10-24 08:04:12'),
('57', '47', NULL, 'KIOSK_TXN_68fae6f37dcbb1.17912335', '503', '3', NULL, '1', 'ready', NULL, NULL, NULL, '2025-10-24 08:09:47', '2025-10-24 20:45:48'),
('58', '48', NULL, 'TXN_68fb33264034c1.82188861_150016', '503', '3', '', '1', 'ready', NULL, NULL, NULL, '2025-10-24 13:34:54', '2025-10-24 20:45:46'),
('59', '49', NULL, 'TXN_68fb936144c5c0.85366552_757268', '509', '13', '', '1', 'ready', NULL, NULL, NULL, '2025-10-24 20:25:29', '2025-10-24 20:44:55'),
('60', '50', NULL, NULL, '503', '3', NULL, '1', 'ready', NULL, NULL, NULL, '2025-10-24 20:33:18', '2025-10-24 20:44:44'),
('61', '51', NULL, NULL, '509', '13', NULL, '1', 'ready', NULL, NULL, NULL, '2025-10-24 20:33:18', '2025-10-24 20:44:29'),
('62', '52', NULL, NULL, '503', '3', NULL, '1', 'ready', NULL, NULL, NULL, '2025-10-24 20:42:01', '2025-10-24 20:44:18'),
('63', '53', NULL, NULL, '503', '3', NULL, '2', 'ready', NULL, NULL, NULL, '2025-10-24 20:47:55', '2025-10-24 20:48:44'),
('64', '54', NULL, NULL, '505', '7', NULL, '2', 'ready', NULL, NULL, NULL, '2025-10-24 20:47:55', '2025-10-24 20:48:43'),
('65', '54', NULL, NULL, '507', NULL, '', '1', 'ready', NULL, NULL, NULL, '2025-10-24 20:47:55', '2025-10-24 20:48:43'),
('66', '55', NULL, 'KIOSK_TXN_68fb990c30d636.60122123', '503', '3', NULL, '1', 'ready', NULL, NULL, NULL, '2025-10-24 20:49:40', '2025-10-24 20:50:56'),
('67', '55', NULL, 'KIOSK_TXN_68fb990c30d636.60122123', '504', '5', NULL, '1', 'ready', NULL, NULL, NULL, '2025-10-24 20:49:40', '2025-10-24 20:50:56'),
('68', '56', NULL, 'TXN_68fc57f0399db1.50117952_364289', '252', NULL, '', '2', NULL, NULL, NULL, NULL, '2025-10-25 10:24:08', '2025-10-25 10:24:08'),
('69', '57', NULL, 'TXN_68fc6d77230d03.96692444_378586', '503', '1', '', '1', NULL, NULL, NULL, NULL, '2025-10-25 11:55:59', '2025-10-25 11:55:59'),
('70', '58', NULL, 'TXN_68fc6e5acfbd48.90231901_253331', '504', '4', '', '1', NULL, NULL, NULL, NULL, '2025-10-25 11:59:46', '2025-10-25 11:59:46'),
('71', '59', NULL, 'TXN_68fc77830b1da2.56348875_457592', '504', '6', '', '1', NULL, NULL, NULL, NULL, '2025-10-25 12:38:51', '2025-10-25 12:38:51'),
('72', '59', NULL, 'TXN_68fc77830b1da2.56348875_457592', '509', '13', '', '1', NULL, NULL, NULL, NULL, '2025-10-25 12:38:51', '2025-10-25 12:38:51'),
('73', '60', NULL, 'TXN_68fccb07228e12.18684759_803076', '510', '15', '', '1', 'ready', NULL, NULL, NULL, '2025-10-25 18:35:11', '2025-10-25 18:39:01'),
('74', '61', NULL, 'TXN_68fccb611eea08.93188830_842371', '503', '3', '', '1', NULL, NULL, NULL, NULL, '2025-10-25 18:36:41', '2025-10-25 18:36:41'),
('75', '62', NULL, NULL, '507', NULL, '', '3', 'ready', NULL, NULL, NULL, '2025-10-25 18:52:55', '2025-10-25 18:53:25'),
('76', '63', NULL, 'TXN_68fcd0f94a08b4.58067945_556267', '504', '6', '', '1', 'ready', NULL, NULL, NULL, '2025-10-25 19:00:33', '2025-10-25 19:02:24'),
('77', '64', NULL, 'TXN_68ff2e669fdda2.19244022_537360', '503', '3', '', '1', NULL, NULL, NULL, NULL, '2025-10-27 14:03:42', '2025-10-27 14:03:42'),
('78', '65', NULL, 'TXN_68ff3ee7afeeb1.84124161_154687', '503', '1', '', '1', NULL, NULL, NULL, NULL, '2025-10-27 15:14:07', '2025-10-27 15:14:07'),
('79', '66', NULL, 'TXN_6904cd1be4d188.53805857_163380', '503', '2', '', '1', 'ready', NULL, NULL, NULL, '2025-10-31 20:22:11', '2025-10-31 20:23:47'),
('80', '67', NULL, 'TXN_690cb00a55da05.48803001_906465', '503', '1', '', '1', NULL, NULL, NULL, NULL, '2025-11-06 19:56:18', '2025-11-06 19:56:18'),
('81', '68', NULL, 'TXN_690efbfc54c7b5.77165461_252028', '510', '14', '', '1', NULL, NULL, NULL, NULL, '2025-11-08 13:44:52', '2025-11-08 13:44:52'),
('82', '69', NULL, 'TXN_6925767fc285f2.33668884_993165', '510', '14', '', '1', 'ready', NULL, NULL, NULL, '2025-11-25 14:57:27', '2025-11-25 15:04:50'),
('83', '70', NULL, 'TXN_692586a92d46a5.98952834_872162', '252', NULL, '', '1', NULL, NULL, NULL, NULL, '2025-11-25 16:06:25', '2025-11-25 16:06:25'),
('87', '74', NULL, 'TXN_6932ddefdc6243.09503516_260819', '506', '9', '', '1', NULL, NULL, NULL, NULL, '2025-12-05 18:58:15', '2025-12-05 18:58:15'),
('88', '75', NULL, 'TXN_6932dee63ca6d1.81565417_268981', '506', '9', '', '1', NULL, NULL, NULL, NULL, '2025-12-05 19:02:22', '2025-12-05 19:02:22'),
('89', '76', NULL, 'TXN_6932e1bc838794.33266014_816085', '506', '9', '', '1', NULL, NULL, NULL, NULL, '2025-12-05 19:14:28', '2025-12-05 19:14:28'),
('90', '77', NULL, 'TXN_6932e1bcc15960.50076823_199125', '506', '9', '', '1', NULL, NULL, NULL, NULL, '2025-12-05 19:14:28', '2025-12-05 19:14:28'),
('92', '79', NULL, 'TXN_6932e1ea993ab2.52034547_770551', '504', '4', '', '1', NULL, NULL, NULL, NULL, '2025-12-05 19:15:14', '2025-12-05 19:15:14'),
('93', '80', NULL, 'TXN_6932e3c7bd37c3.77506780_573790', '504', '4', '', '1', NULL, NULL, NULL, NULL, '2025-12-05 19:23:11', '2025-12-05 19:23:11'),
('94', '81', NULL, 'TXN_6932e3c8086be8.17034457_419098', '504', '4', '', '1', NULL, NULL, NULL, NULL, '2025-12-05 19:23:12', '2025-12-05 19:23:12'),
('96', '83', NULL, 'TXN_6932e43aa93f99.70125341_121227', '504', '4', '', '1', NULL, NULL, NULL, NULL, '2025-12-05 19:25:06', '2025-12-05 19:25:06'),
('97', '84', NULL, 'TXN_6932e54e363cc3.71918549_672572', '504', '4', '', '1', NULL, NULL, NULL, NULL, '2025-12-05 19:29:42', '2025-12-05 19:29:42'),
('98', '85', NULL, 'TXN_6932e75903bd25.69542716_485951', '504', '4', '', '1', NULL, NULL, NULL, NULL, '2025-12-05 19:38:25', '2025-12-05 19:38:25'),
('99', '86', NULL, 'TXN_6932e75941ecd8.86626353_840944', '504', '4', '', '1', NULL, NULL, NULL, NULL, '2025-12-05 19:38:25', '2025-12-05 19:38:25'),
('100', '87', NULL, 'TXN_6932e839295939.20248470_513786', '504', '4', '', '1', NULL, NULL, NULL, NULL, '2025-12-05 19:42:09', '2025-12-05 19:42:09'),
('101', '88', NULL, 'TXN_6932e91223ac85.62765883_529397', '504', '4', '', '1', NULL, NULL, NULL, NULL, '2025-12-05 19:45:46', '2025-12-05 19:45:46'),
('102', '89', NULL, 'TXN_6932e930a80770.71102940_641125', '503', '2', '', '1', NULL, NULL, NULL, NULL, '2025-12-05 19:46:16', '2025-12-05 19:46:16'),
('103', '90', NULL, 'TXN_6932ebafadfc47.36423330_330133', '503', '2', '', '1', NULL, NULL, NULL, NULL, '2025-12-05 19:56:55', '2025-12-05 19:56:55'),
('104', '91', NULL, 'TXN_6932ebff5f7142.07903884_241789', '550', NULL, '', '2', NULL, NULL, NULL, NULL, '2025-12-05 19:58:15', '2025-12-05 19:58:15'),
('105', '92', NULL, 'TXN_6932ed348700a1.00568750_549817', '504', '5', '', '1', NULL, NULL, NULL, NULL, '2025-12-05 20:03:24', '2025-12-05 20:03:24'),
('106', '93', NULL, 'TXN_6932ed931dab68.69062563_299605', '621', NULL, '', '1', NULL, NULL, NULL, NULL, '2025-12-05 20:04:59', '2025-12-05 20:04:59'),
('107', '93', NULL, 'TXN_6932ed931dab68.69062563_299605', '631', NULL, '', '1', NULL, NULL, NULL, NULL, '2025-12-05 20:04:59', '2025-12-05 20:04:59'),
('108', '94', NULL, 'TXN_6932f68edfdba3.02961654_626918', '552', NULL, '', '1', NULL, NULL, NULL, NULL, '2025-12-05 20:43:18', '2025-12-05 20:43:18'),
('109', '95', NULL, 'TXN_6932f856ce0e08.41440604_534159', '552', NULL, '', '1', NULL, NULL, NULL, NULL, '2025-12-05 20:50:54', '2025-12-05 20:50:54'),
('110', '96', NULL, 'TXN_6932f8571947e1.08012106_620541', '552', NULL, '', '1', NULL, NULL, NULL, NULL, '2025-12-05 20:50:55', '2025-12-05 20:50:55'),
('111', '97', NULL, 'TXN_6932f877b24119.20091784_543037', '504', '4', '', '1', NULL, NULL, NULL, NULL, '2025-12-05 20:51:27', '2025-12-05 20:51:27'),
('113', '99', NULL, 'TXN_6932fb42046d82.32438552_190514', '504', '4', '', '1', NULL, NULL, NULL, NULL, '2025-12-05 21:03:22', '2025-12-05 21:03:22'),
('114', '100', NULL, 'TXN_6932fe62344de3.91701144_657477', '503', '1', '', '1', NULL, NULL, NULL, NULL, '2025-12-05 21:16:42', '2025-12-05 21:16:42'),
('115', '101', NULL, 'TXN_69333d9e43b7d3.93513518_274673', '730', NULL, '', '1', 'ready', NULL, NULL, NULL, '2025-12-06 01:46:30', '2025-12-06 01:48:23'),
('116', '101', NULL, 'TXN_69333d9e43b7d3.93513518_274673', '729', NULL, '', '1', 'ready', NULL, NULL, NULL, '2025-12-06 01:46:30', '2025-12-06 01:48:23'),
('117', '101', NULL, 'TXN_69333d9e43b7d3.93513518_274673', '731', NULL, '', '1', 'ready', NULL, NULL, NULL, '2025-12-06 01:46:30', '2025-12-06 01:48:23'),
('119', '103', NULL, 'TXN_6933d3c0863114.27345088_841267', '508', NULL, '', '1', NULL, NULL, NULL, NULL, '2025-12-06 12:27:04', '2025-12-06 12:27:04'),
('120', '104', NULL, 'TXN_69356ebf48ce62.28860031_300199', '508', NULL, '', '1', NULL, NULL, NULL, NULL, '2025-12-07 17:40:39', '2025-12-07 17:40:39'),
('121', '104', NULL, 'TXN_69356ebf48ce62.28860031_300199', '512', NULL, '', '1', NULL, NULL, NULL, NULL, '2025-12-07 17:40:39', '2025-12-07 17:40:39'),
('122', '105', NULL, 'TXN_693571089715b0.09735579_106226', '504', '4', '', '1', NULL, NULL, NULL, NULL, '2025-12-07 17:50:24', '2025-12-07 17:50:24'),
('124', '107', NULL, 'TXN_693572940d33e4.96759398_811228', '504', '5', '', '1', NULL, NULL, NULL, NULL, '2025-12-07 17:57:00', '2025-12-07 17:57:00'),
('125', '108', NULL, 'TXN_6935779a9af5f5.91508397_340569', '504', '5', '', '1', NULL, NULL, NULL, NULL, '2025-12-07 18:18:26', '2025-12-07 18:18:26'),
('126', '109', NULL, 'TXN_69357a182a5757.46828756_724843', '504', '5', '', '1', NULL, NULL, NULL, NULL, '2025-12-07 18:29:04', '2025-12-07 18:29:04'),
('127', '110', NULL, 'KIOSK_TXN_6939467dca55d0.49387041', '507', NULL, NULL, '1', NULL, NULL, NULL, NULL, '2025-12-10 15:37:57', '2025-12-10 15:37:57'),
('128', '111', NULL, 'TXN_6950b67e8f98b9.26106177_872438', '735', NULL, '', '1', NULL, NULL, NULL, NULL, '2025-12-28 10:17:58', '2025-12-28 10:17:58'),
('129', '112', NULL, 'TXN_6954459c2765c3.74919714_805600', '759', '17', '', '1', 'ready', NULL, NULL, NULL, '2025-12-30 21:35:24', '2025-12-30 21:36:47'),
('130', '112', NULL, 'TXN_6954459c2765c3.74919714_805600', '760', '21', '', '1', 'ready', NULL, NULL, NULL, '2025-12-30 21:35:24', '2025-12-30 21:36:47'),
('131', '113', NULL, 'TXN_69544b3c7e6f76.08062433_928911', '759', '18', '', '2', 'ready', NULL, NULL, NULL, '2025-12-30 21:59:24', '2025-12-30 22:00:33'),
('132', '113', NULL, 'TXN_69544b3c7e6f76.08062433_928911', '760', '21', '', '1', 'ready', NULL, NULL, NULL, '2025-12-30 21:59:24', '2025-12-30 22:00:33'),
('133', '113', NULL, 'TXN_69544b3c7e6f76.08062433_928911', '761', NULL, '', '3', 'ready', NULL, NULL, NULL, '2025-12-30 21:59:24', '2025-12-30 22:00:33'),
('134', '114', NULL, 'TXN_69544dfb8b74b0.32271351_146948', '760', '20', '', '1', 'ready', NULL, NULL, NULL, '2025-12-30 22:11:07', '2025-12-30 22:11:31'),
('135', '114', NULL, 'TXN_69544dfb8b74b0.32271351_146948', '760', '21', '', '1', 'ready', NULL, NULL, NULL, '2025-12-30 22:11:07', '2025-12-30 22:11:31'),
('136', '114', NULL, 'TXN_69544dfb8b74b0.32271351_146948', '761', NULL, '', '2', 'ready', NULL, NULL, NULL, '2025-12-30 22:11:07', '2025-12-30 22:11:31'),
('137', '115', NULL, 'TXN_69578408a60f44.56323828_803184', '521', NULL, '', '1', NULL, NULL, NULL, NULL, '2026-01-02 08:38:32', '2026-01-02 08:38:32'),
('138', '115', NULL, 'TXN_69578408a60f44.56323828_803184', '525', NULL, '', '1', NULL, NULL, NULL, NULL, '2026-01-02 08:38:32', '2026-01-02 08:38:32'),
('139', '116', NULL, 'TXN_69578befb14bd9.19240809_586329', '550', NULL, '', '1', NULL, NULL, NULL, NULL, '2026-01-02 09:12:15', '2026-01-02 09:12:15'),
('140', '117', NULL, 'TXN_69578c665d5788.22905129_745905', '553', NULL, '', '1', NULL, NULL, NULL, NULL, '2026-01-02 09:14:14', '2026-01-02 09:14:14'),
('141', '118', NULL, 'TXN_69590fb80fef78.59068867_911063', '759', '18', '', '1', 'ready', NULL, NULL, NULL, '2026-01-03 12:46:48', '2026-01-03 12:52:46'),
('142', '119', NULL, 'TXN_695910a68ec1d3.15998519_637792', '759', '18', '', '1', 'ready', NULL, NULL, NULL, '2026-01-03 12:50:46', '2026-01-03 12:52:43'),
('143', '120', NULL, 'KIOSK_TXN_695911b4aa6260.00437592', '760', '21', NULL, '1', NULL, NULL, NULL, NULL, '2026-01-03 12:55:16', '2026-01-03 12:55:16');


-- Table structure for table `kot_places`
CREATE TABLE `kot_places` (
  `id` bigint(20) unsigned NOT NULL AUTO_INCREMENT,
  `printer_id` bigint(20) unsigned DEFAULT NULL,
  `branch_id` bigint(20) unsigned DEFAULT NULL,
  `name` varchar(191) NOT NULL,
  `type` varchar(191) DEFAULT NULL,
  `is_active` tinyint(1) NOT NULL DEFAULT 1,
  `is_default` tinyint(1) NOT NULL DEFAULT 0,
  `created_at` timestamp NULL DEFAULT NULL,
  `updated_at` timestamp NULL DEFAULT NULL,
  PRIMARY KEY (`id`),
  KEY `kot_places_branch_id_foreign` (`branch_id`),
  KEY `kot_places_printer_id_foreign` (`printer_id`),
  CONSTRAINT `kot_places_branch_id_foreign` FOREIGN KEY (`branch_id`) REFERENCES `branches` (`id`) ON DELETE CASCADE,
  CONSTRAINT `kot_places_printer_id_foreign` FOREIGN KEY (`printer_id`) REFERENCES `printers` (`id`) ON DELETE SET NULL
) ENGINE=InnoDB AUTO_INCREMENT=36 DEFAULT CHARSET=utf8mb4 COLLATE=utf8mb4_unicode_ci;

-- Dumping data for table `kot_places`
INSERT INTO `kot_places` VALUES
('1', '1', '1', 'Default Kitchen', 'food', '1', '1', '2025-09-17 11:06:44', '2025-09-17 11:06:44'),
('2', '2', '2', 'Default Kitchen', 'food', '1', '1', '2025-09-17 11:06:44', '2025-09-17 11:06:44'),
('3', '3', '3', 'Default Kitchen', 'food', '1', '1', '2025-09-17 15:32:45', '2025-09-17 15:32:45'),
('4', '4', '4', 'Default Kitchen', 'food', '1', '1', '2025-09-20 18:26:44', '2025-09-20 18:26:44'),
('5', '5', '5', 'Veg Kitchen', 'food', '1', '1', '2025-10-07 20:30:09', '2025-10-18 05:47:44'),
('7', '5', '5', 'Non Veg', NULL, '1', '0', '2025-10-18 05:46:22', '2025-10-18 05:46:22'),
('28', '27', '27', 'Default Kitchen', 'food', '1', '1', '2025-11-07 22:53:03', '2025-11-07 22:53:03'),
('29', '28', '28', 'Default Kitchen', 'food', '1', '1', '2025-11-08 16:02:27', '2025-11-08 16:02:27'),
('30', '29', '29', 'Default Kitchen', 'food', '1', '1', '2025-11-12 19:45:51', '2025-11-12 19:45:51'),
('31', '30', '30', 'Default Kitchen', 'food', '1', '1', '2025-11-13 21:11:44', '2025-11-13 21:11:44'),
('32', '31', '31', 'Default Kitchen', 'food', '1', '1', '2025-11-15 13:16:25', '2025-11-15 13:16:25'),
('33', '32', '32', 'Default Kitchen', 'food', '1', '1', '2025-12-29 00:56:10', '2025-12-29 00:56:10'),
('34', '33', '33', 'Default Kitchen', 'food', '1', '1', '2025-12-31 00:13:23', '2025-12-31 00:13:23'),
('35', '34', '34', 'Default Kitchen', 'food', '1', '1', '2026-01-22 10:24:09', '2026-01-22 10:24:09');


-- Table structure for table `kot_settings`
CREATE TABLE `kot_settings` (
  `id` bigint(20) unsigned NOT NULL AUTO_INCREMENT,
  `branch_id` bigint(20) unsigned NOT NULL,
  `default_status` enum('pending','cooking') NOT NULL DEFAULT 'pending',
  `enable_item_level_status` tinyint(1) NOT NULL DEFAULT 1,
  `created_at` timestamp NULL DEFAULT NULL,
  `updated_at` timestamp NULL DEFAULT NULL,
  PRIMARY KEY (`id`),
  KEY `kot_settings_branch_id_foreign` (`branch_id`),
  CONSTRAINT `kot_settings_branch_id_foreign` FOREIGN KEY (`branch_id`) REFERENCES `branches` (`id`) ON DELETE CASCADE
) ENGINE=InnoDB AUTO_INCREMENT=37 DEFAULT CHARSET=utf8mb4 COLLATE=utf8mb4_unicode_ci;

-- Dumping data for table `kot_settings`
INSERT INTO `kot_settings` VALUES
('1', '1', 'pending', '1', '2025-09-17 11:06:44', '2025-09-17 11:06:44'),
('2', '1', 'pending', '1', '2025-09-17 11:06:44', '2025-09-17 11:06:44'),
('3', '2', 'pending', '1', '2025-09-17 11:06:44', '2025-09-17 11:06:44'),
('4', '2', 'pending', '1', '2025-09-17 11:06:44', '2025-09-17 11:06:44'),
('5', '3', 'pending', '1', '2025-09-17 15:32:45', '2025-09-17 15:32:45'),
('6', '4', 'pending', '1', '2025-09-20 18:26:44', '2025-09-20 18:26:44'),
('7', '5', 'cooking', '1', '2025-10-07 20:30:09', '2025-10-18 23:08:06'),
('29', '27', 'pending', '1', '2025-11-07 22:53:03', '2025-11-07 22:53:03'),
('30', '28', 'pending', '1', '2025-11-08 16:02:27', '2025-11-08 16:02:27'),
('31', '29', 'pending', '1', '2025-11-12 19:45:51', '2025-11-12 19:45:51'),
('32', '30', 'pending', '1', '2025-11-13 21:11:44', '2025-11-13 21:11:44'),
('33', '31', 'pending', '1', '2025-11-15 13:16:25', '2025-11-15 13:16:25'),
('34', '32', 'pending', '1', '2025-12-29 00:56:10', '2025-12-29 00:56:10'),
('35', '33', 'pending', '1', '2025-12-31 00:13:23', '2025-12-31 00:13:23'),
('36', '34', 'pending', '1', '2026-01-22 10:24:09', '2026-01-22 10:24:09');


-- Table structure for table `kots`
CREATE TABLE `kots` (
  `id` bigint(20) unsigned NOT NULL AUTO_INCREMENT,
  `branch_id` bigint(20) unsigned DEFAULT NULL,
  `kitchen_place_id` bigint(20) unsigned DEFAULT NULL,
  `kot_number` varchar(191) NOT NULL,
  `token_number` int(10) unsigned DEFAULT NULL,
  `order_id` bigint(20) unsigned NOT NULL,
  `order_type_id` bigint(20) unsigned DEFAULT NULL,
  `transaction_id` varchar(191) DEFAULT NULL,
  `note` text DEFAULT NULL,
  `status` enum('pending_confirmation','in_kitchen','food_ready','served','cancelled') NOT NULL DEFAULT 'in_kitchen',
  `cancel_reason_id` bigint(20) unsigned DEFAULT NULL,
  `cancel_reason_text` text DEFAULT NULL,
  `created_at` timestamp NULL DEFAULT NULL,
  `updated_at` timestamp NULL DEFAULT NULL,
  PRIMARY KEY (`id`),
  KEY `kots_order_id_foreign` (`order_id`),
  KEY `kots_branch_id_foreign` (`branch_id`),
  KEY `kots_cancel_reason_id_foreign` (`cancel_reason_id`),
  KEY `kots_kitchen_place_id_foreign` (`kitchen_place_id`),
  KEY `kots_order_type_id_foreign` (`order_type_id`),
  CONSTRAINT `kots_branch_id_foreign` FOREIGN KEY (`branch_id`) REFERENCES `branches` (`id`) ON DELETE CASCADE ON UPDATE CASCADE,
  CONSTRAINT `kots_cancel_reason_id_foreign` FOREIGN KEY (`cancel_reason_id`) REFERENCES `kot_cancel_reasons` (`id`) ON DELETE CASCADE ON UPDATE CASCADE,
  CONSTRAINT `kots_kitchen_place_id_foreign` FOREIGN KEY (`kitchen_place_id`) REFERENCES `kot_places` (`id`) ON DELETE SET NULL,
  CONSTRAINT `kots_order_id_foreign` FOREIGN KEY (`order_id`) REFERENCES `orders` (`id`) ON DELETE CASCADE,
  CONSTRAINT `kots_order_type_id_foreign` FOREIGN KEY (`order_type_id`) REFERENCES `order_types` (`id`) ON DELETE SET NULL
) ENGINE=InnoDB AUTO_INCREMENT=121 DEFAULT CHARSET=utf8mb4 COLLATE=utf8mb4_unicode_ci;

-- Dumping data for table `kots`
INSERT INTO `kots` VALUES
('1', '3', NULL, '2', NULL, '1', NULL, 'TXN_68ce9d21bd2a93.28356548_231480', NULL, 'in_kitchen', NULL, NULL, '2025-09-20 17:55:05', '2025-09-20 17:55:36'),
('2', '5', NULL, '2', NULL, '3', NULL, 'TXN_68e52e1bed0eb4.43546266_272353', NULL, 'in_kitchen', NULL, NULL, '2025-10-07 20:43:31', '2025-10-07 21:10:27'),
('3', '5', NULL, '4', NULL, '3', NULL, 'TXN_68e530fc5934d8.69290630_182249', NULL, 'in_kitchen', NULL, NULL, '2025-10-07 20:55:48', '2025-10-07 21:10:27'),
('4', '5', NULL, '6', NULL, '4', NULL, 'TXN_68e62861d3eb76.37324333_776395', NULL, 'pending_confirmation', NULL, NULL, '2025-10-08 14:31:21', '2025-10-08 14:31:21'),
('5', '5', NULL, '8', NULL, '5', NULL, 'TXN_68e63e3e517e69.31196617_301189', NULL, 'pending_confirmation', NULL, NULL, '2025-10-08 16:04:38', '2025-10-08 16:04:38'),
('6', '5', '5', '9', NULL, '7', '13', NULL, NULL, 'pending_confirmation', NULL, NULL, '2025-10-15 18:03:28', '2025-10-15 18:03:28'),
('7', '5', NULL, '11', NULL, '8', NULL, 'KIOSK_TXN_68ef9521a16ec0.32691058', NULL, 'pending_confirmation', NULL, NULL, '2025-10-15 18:05:45', '2025-10-15 18:05:45'),
('8', '5', NULL, '13', NULL, '9', NULL, 'KIOSK_TXN_68ef95b8481505.85338088', NULL, 'pending_confirmation', NULL, NULL, '2025-10-15 18:08:16', '2025-10-15 18:08:16'),
('9', '5', '5', '14', '1', '10', '13', NULL, NULL, 'pending_confirmation', NULL, NULL, '2025-10-15 18:10:33', '2025-10-15 18:10:33'),
('10', '5', NULL, '16', NULL, '11', '1', 'TXN_68f0dec5bc7488.23372968_650415', NULL, 'pending_confirmation', NULL, NULL, '2025-10-16 17:32:13', '2025-10-16 17:32:13'),
('11', '5', NULL, '18', NULL, '12', '1', 'TXN_68f0e5e92bf222.61353201_589451', NULL, 'pending_confirmation', NULL, NULL, '2025-10-16 18:02:41', '2025-10-16 18:02:41'),
('12', '5', NULL, '20', NULL, '13', '1', 'TXN_68f0e7ed518392.11253318_184380', NULL, 'pending_confirmation', NULL, NULL, '2025-10-16 18:11:17', '2025-10-16 18:11:17'),
('13', '5', NULL, '22', NULL, '14', '1', 'TXN_68f0e98f88fcf0.97081858_196506', NULL, 'pending_confirmation', NULL, NULL, '2025-10-16 18:18:15', '2025-10-16 18:18:15'),
('15', '5', NULL, '24', NULL, '16', '2', 'TXN_68f0f1253d9812.85311588_548223', NULL, 'pending_confirmation', NULL, NULL, '2025-10-16 18:50:37', '2025-10-16 18:50:37'),
('16', '5', NULL, '26', NULL, '17', '1', 'TXN_68f0f342b770d2.44028867_382578', NULL, 'pending_confirmation', NULL, NULL, '2025-10-16 18:59:38', '2025-10-16 18:59:38'),
('17', '5', NULL, '28', NULL, '18', '1', 'TXN_68f0f92d3d7cb8.57476962_970704', NULL, 'pending_confirmation', NULL, NULL, '2025-10-16 19:24:53', '2025-10-16 19:24:53'),
('18', '5', NULL, '30', NULL, '19', '1', 'TXN_68f0f9a7428d31.03319738_156288', NULL, 'pending_confirmation', NULL, NULL, '2025-10-16 19:26:55', '2025-10-16 19:26:55'),
('19', '5', NULL, '32', NULL, '20', '1', 'TXN_68f0fa8b5df871.67446827_444391', NULL, 'pending_confirmation', NULL, NULL, '2025-10-16 19:30:43', '2025-10-16 19:30:43'),
('20', '5', NULL, '34', NULL, '21', '1', 'TXN_68f0ff436d7e31.26322864_733895', NULL, 'pending_confirmation', NULL, NULL, '2025-10-16 19:50:51', '2025-10-16 19:50:51'),
('21', '5', NULL, '36', NULL, '22', '1', 'TXN_68f11186a40d88.85359813_642469', NULL, 'pending_confirmation', NULL, NULL, '2025-10-16 21:08:46', '2025-10-16 21:08:46'),
('22', '5', NULL, '38', NULL, '23', '1', 'TXN_68f11493951c64.13647932_350258', NULL, 'pending_confirmation', NULL, NULL, '2025-10-16 21:21:47', '2025-10-16 21:21:47'),
('23', '5', NULL, '40', NULL, '24', '1', 'TXN_68f11df6b45478.84597662_879041', NULL, 'pending_confirmation', NULL, NULL, '2025-10-16 22:01:50', '2025-10-16 22:01:50'),
('24', '5', NULL, '42', NULL, '25', '1', 'TXN_68f11f5c936752.69173031_207616', NULL, 'pending_confirmation', NULL, NULL, '2025-10-16 22:07:48', '2025-10-16 22:07:48'),
('25', '5', NULL, '44', NULL, '26', '1', 'TXN_68f12534eac280.48739786_102422', NULL, 'pending_confirmation', NULL, NULL, '2025-10-16 22:32:44', '2025-10-16 22:32:44'),
('26', '3', NULL, '4', NULL, '27', '1', 'TXN_68f12d9ec2a981.97878175_856288', NULL, 'pending_confirmation', NULL, NULL, '2025-10-16 23:08:38', '2025-10-16 23:08:38'),
('27', '5', NULL, '46', NULL, '28', '1', 'TXN_68f12e35eb2419.11533676_187640', NULL, 'pending_confirmation', NULL, NULL, '2025-10-16 23:11:09', '2025-10-16 23:11:09'),
('28', '5', NULL, '48', NULL, '29', '1', 'TXN_68f2d1c10efc73.86184169_610422', NULL, 'served', NULL, NULL, '2025-10-18 05:01:13', '2025-10-18 05:51:04'),
('29', '5', '5', '49', '1', '30', '13', NULL, NULL, 'served', NULL, NULL, '2025-10-18 05:10:44', '2025-10-18 05:51:01'),
('30', '5', '5', '50', '1', '31', '13', NULL, NULL, 'served', NULL, NULL, '2025-10-18 05:12:52', '2025-10-18 05:50:54'),
('31', '5', NULL, '52', NULL, '33', '1', 'TXN_68f2d4f8bb1f42.34426374_425498', NULL, 'served', NULL, NULL, '2025-10-18 05:14:56', '2025-10-18 05:50:51'),
('32', '5', '5', '53', '1', '34', '13', NULL, NULL, 'served', NULL, NULL, '2025-10-18 05:17:26', '2025-10-18 05:50:46'),
('33', '5', '5', '54', '1', '36', '13', NULL, NULL, 'served', NULL, NULL, '2025-10-18 05:19:05', '2025-10-18 05:50:45'),
('34', '5', '5', '55', '1', '37', '15', NULL, NULL, 'served', NULL, NULL, '2025-10-18 05:21:30', '2025-10-18 05:50:42'),
('35', '5', NULL, '57', NULL, '38', NULL, 'KIOSK_TXN_68f2d73349bab0.75415852', NULL, 'served', NULL, NULL, '2025-10-18 05:24:27', '2025-10-18 05:50:39'),
('36', '5', '5', '58', '1', '39', '13', NULL, NULL, 'served', NULL, NULL, '2025-10-18 05:35:52', '2025-10-18 05:50:33'),
('37', '5', '5', '59', '2', '40', '13', NULL, NULL, 'served', NULL, NULL, '2025-10-18 05:37:59', '2025-10-18 05:50:29'),
('38', '5', '5', '60', '3', '41', '13', NULL, NULL, 'served', NULL, NULL, '2025-10-18 05:39:19', '2025-10-18 05:50:26'),
('39', '5', '5', '61', '4', '42', '13', NULL, NULL, 'pending_confirmation', NULL, NULL, '2025-10-18 22:55:40', '2025-10-18 22:55:40'),
('40', '5', NULL, '63', '1', '43', NULL, 'KIOSK_TXN_68f3ce74859f57.71863120', NULL, 'pending_confirmation', NULL, NULL, '2025-10-18 22:59:24', '2025-10-18 22:59:24'),
('41', '5', '7', '64', '5', '44', '13', NULL, NULL, 'in_kitchen', NULL, NULL, '2025-10-18 23:15:50', '2025-10-18 23:15:50'),
('42', '5', NULL, '66', '6', '45', '13', 'TXN_68f3dc48227c63.69436210_587956', 'Make it spicy', 'in_kitchen', NULL, NULL, '2025-10-18 23:58:24', '2025-10-18 23:58:24'),
('43', '5', NULL, '68', '1', '46', '13', 'TXN_68fae377308866.64667514_242686', NULL, 'served', NULL, NULL, '2025-10-24 07:54:55', '2025-10-24 20:46:10'),
('44', '5', NULL, '70', '2', '47', '14', 'TXN_68fae4436c6376.32408368_690123', NULL, 'served', NULL, NULL, '2025-10-24 07:58:19', '2025-10-24 20:46:13'),
('45', '5', NULL, '72', '3', '48', '14', 'TXN_68fae4d68a5be2.70313865_172721', NULL, 'served', NULL, NULL, '2025-10-24 08:00:46', '2025-10-24 20:46:09'),
('46', '5', NULL, '74', '4', '49', '15', 'TXN_68fae5a469e1f0.38965568_491018', NULL, 'pending_confirmation', NULL, NULL, '2025-10-24 08:04:12', '2025-10-24 08:04:12'),
('47', '5', NULL, '76', '5', '50', NULL, 'KIOSK_TXN_68fae6f37dcbb1.17912335', NULL, 'served', NULL, NULL, '2025-10-24 08:09:47', '2025-10-24 20:46:09'),
('48', '5', NULL, '78', '6', '51', '13', 'TXN_68fb33264034c1.82188861_150016', NULL, 'served', NULL, NULL, '2025-10-24 13:34:54', '2025-10-24 20:46:07'),
('49', '5', NULL, '80', '7', '52', '13', 'TXN_68fb936144c5c0.85366552_757268', 'Give water with it', 'served', NULL, NULL, '2025-10-24 20:25:29', '2025-10-24 20:45:12'),
('50', '5', '7', '81', '8', '53', '13', NULL, NULL, 'served', NULL, NULL, '2025-10-24 20:33:18', '2025-10-24 20:45:17'),
('51', '5', '5', '82', '9', '53', '13', NULL, NULL, 'served', NULL, NULL, '2025-10-24 20:33:18', '2025-10-24 20:45:11'),
('52', '5', '7', '82', '10', '54', '13', NULL, NULL, 'served', NULL, NULL, '2025-10-24 20:42:01', '2025-10-24 20:45:09'),
('53', '5', '7', '83', '11', '55', '13', NULL, NULL, 'served', NULL, NULL, '2025-10-24 20:47:55', '2025-10-24 20:48:51'),
('54', '5', '5', '84', '12', '55', '13', NULL, NULL, 'served', NULL, NULL, '2025-10-24 20:47:55', '2025-10-24 20:48:50'),
('55', '5', NULL, '85', '13', '56', NULL, 'KIOSK_TXN_68fb990c30d636.60122123', NULL, 'served', NULL, NULL, '2025-10-24 20:49:40', '2025-10-24 20:51:02'),
('56', '3', NULL, '6', NULL, '57', '8', 'TXN_68fc57f0399db1.50117952_364289', NULL, 'pending_confirmation', NULL, NULL, '2025-10-25 10:24:08', '2025-10-25 10:24:08'),
('57', '5', NULL, '87', '1', '58', '14', 'TXN_68fc6d77230d03.96692444_378586', NULL, 'pending_confirmation', NULL, NULL, '2025-10-25 11:55:59', '2025-10-25 11:55:59'),
('58', '5', NULL, '89', '2', '59', '13', 'TXN_68fc6e5acfbd48.90231901_253331', NULL, 'pending_confirmation', NULL, NULL, '2025-10-25 11:59:46', '2025-10-25 11:59:46'),
('59', '5', NULL, '91', '3', '60', '14', 'TXN_68fc77830b1da2.56348875_457592', NULL, 'pending_confirmation', NULL, NULL, '2025-10-25 12:38:51', '2025-10-25 12:38:51'),
('60', '5', NULL, '93', '4', '61', '13', 'TXN_68fccb07228e12.18684759_803076', NULL, 'served', NULL, NULL, '2025-10-25 18:35:11', '2025-10-25 18:39:46'),
('61', '5', NULL, '95', '5', '62', '13', 'TXN_68fccb611eea08.93188830_842371', NULL, 'pending_confirmation', NULL, NULL, '2025-10-25 18:36:41', '2025-10-25 18:36:41'),
('62', '5', '5', '96', '6', '63', '13', NULL, NULL, 'served', NULL, NULL, '2025-10-25 18:52:55', '2025-10-25 18:53:33'),
('63', '5', NULL, '98', '7', '64', '13', 'TXN_68fcd0f94a08b4.58067945_556267', NULL, 'served', NULL, NULL, '2025-10-25 19:00:33', '2025-10-25 19:02:25'),
('64', '5', NULL, '100', '1', '65', '13', 'TXN_68ff2e669fdda2.19244022_537360', NULL, 'pending_confirmation', NULL, NULL, '2025-10-27 14:03:42', '2025-10-27 14:03:42'),
('65', '5', NULL, '102', '2', '66', '14', 'TXN_68ff3ee7afeeb1.84124161_154687', NULL, 'pending_confirmation', NULL, NULL, '2025-10-27 15:14:07', '2025-10-27 15:14:07'),
('66', '5', NULL, '104', '1', '67', '13', 'TXN_6904cd1be4d188.53805857_163380', NULL, 'served', NULL, NULL, '2025-10-31 20:22:11', '2025-10-31 20:24:07'),
('67', '5', NULL, '106', '1', '68', '14', 'TXN_690cb00a55da05.48803001_906465', NULL, 'pending_confirmation', NULL, NULL, '2025-11-06 19:56:18', '2025-11-06 19:56:18'),
('68', '5', NULL, '108', '1', '69', '14', 'TXN_690efbfc54c7b5.77165461_252028', NULL, 'pending_confirmation', NULL, NULL, '2025-11-08 13:44:52', '2025-11-08 13:44:52'),
('69', '5', NULL, '110', '1', '70', '14', 'TXN_6925767fc285f2.33668884_993165', NULL, 'food_ready', NULL, NULL, '2025-11-25 14:57:27', '2025-11-25 15:04:50'),
('70', '3', NULL, '8', NULL, '71', '8', 'TXN_692586a92d46a5.98952834_872162', NULL, 'pending_confirmation', NULL, NULL, '2025-11-25 16:06:25', '2025-11-25 16:06:25'),
('74', '5', NULL, '112', '1', '76', '14', 'TXN_6932ddefdc6243.09503516_260819', NULL, 'in_kitchen', NULL, NULL, '2025-12-05 18:58:15', '2025-12-05 18:58:15'),
('75', '5', NULL, '114', '2', '77', '14', 'TXN_6932dee63ca6d1.81565417_268981', NULL, 'in_kitchen', NULL, NULL, '2025-12-05 19:02:22', '2025-12-05 19:02:22'),
('76', '5', NULL, '116', '3', '78', '14', 'TXN_6932e1bc838794.33266014_816085', NULL, 'in_kitchen', NULL, NULL, '2025-12-05 19:14:28', '2025-12-05 19:14:28'),
('77', '5', NULL, '118', '4', '79', '14', 'TXN_6932e1bcc15960.50076823_199125', NULL, 'in_kitchen', NULL, NULL, '2025-12-05 19:14:28', '2025-12-05 19:14:28'),
('79', '5', NULL, '118', '5', '81', '14', 'TXN_6932e1ea993ab2.52034547_770551', NULL, 'in_kitchen', NULL, NULL, '2025-12-05 19:15:14', '2025-12-05 19:15:14'),
('80', '5', NULL, '120', '6', '82', '14', 'TXN_6932e3c7bd37c3.77506780_573790', NULL, 'in_kitchen', NULL, NULL, '2025-12-05 19:23:11', '2025-12-05 19:23:11'),
('81', '5', NULL, '122', '7', '83', '14', 'TXN_6932e3c8086be8.17034457_419098', NULL, 'in_kitchen', NULL, NULL, '2025-12-05 19:23:12', '2025-12-05 19:23:12'),
('83', '5', NULL, '124', '8', '85', '14', 'TXN_6932e43aa93f99.70125341_121227', NULL, 'in_kitchen', NULL, NULL, '2025-12-05 19:25:06', '2025-12-05 19:25:06'),
('84', '5', NULL, '126', '9', '86', '14', 'TXN_6932e54e363cc3.71918549_672572', NULL, 'in_kitchen', NULL, NULL, '2025-12-05 19:29:42', '2025-12-05 19:29:42'),
('85', '5', NULL, '128', '10', '87', '14', 'TXN_6932e75903bd25.69542716_485951', NULL, 'in_kitchen', NULL, NULL, '2025-12-05 19:38:25', '2025-12-05 19:38:25'),
('86', '5', NULL, '130', '11', '88', '14', 'TXN_6932e75941ecd8.86626353_840944', NULL, 'in_kitchen', NULL, NULL, '2025-12-05 19:38:25', '2025-12-05 19:38:25'),
('87', '5', NULL, '130', '12', '89', '14', 'TXN_6932e839295939.20248470_513786', NULL, 'in_kitchen', NULL, NULL, '2025-12-05 19:42:09', '2025-12-05 19:42:09'),
('88', '5', NULL, '132', '13', '90', '14', 'TXN_6932e91223ac85.62765883_529397', NULL, 'in_kitchen', NULL, NULL, '2025-12-05 19:45:46', '2025-12-05 19:45:46'),
('89', '5', NULL, '134', '14', '91', '14', 'TXN_6932e930a80770.71102940_641125', NULL, 'in_kitchen', NULL, NULL, '2025-12-05 19:46:16', '2025-12-05 19:46:16'),
('90', '5', NULL, '136', '15', '92', '14', 'TXN_6932ebafadfc47.36423330_330133', NULL, 'in_kitchen', NULL, NULL, '2025-12-05 19:56:55', '2025-12-05 19:56:55'),
('91', '5', NULL, '138', '16', '93', '14', 'TXN_6932ebff5f7142.07903884_241789', NULL, 'in_kitchen', NULL, NULL, '2025-12-05 19:58:15', '2025-12-05 19:58:15'),
('92', '5', NULL, '140', '17', '94', '14', 'TXN_6932ed348700a1.00568750_549817', NULL, 'in_kitchen', NULL, NULL, '2025-12-05 20:03:24', '2025-12-05 20:03:24'),
('93', '5', NULL, '142', '18', '95', '14', 'TXN_6932ed931dab68.69062563_299605', NULL, 'in_kitchen', NULL, NULL, '2025-12-05 20:04:59', '2025-12-05 20:04:59'),
('94', '5', NULL, '144', '19', '96', '14', 'TXN_6932f68edfdba3.02961654_626918', NULL, 'in_kitchen', NULL, NULL, '2025-12-05 20:43:18', '2025-12-05 20:43:18'),
('95', '5', NULL, '146', '20', '97', '14', 'TXN_6932f856ce0e08.41440604_534159', NULL, 'in_kitchen', NULL, NULL, '2025-12-05 20:50:54', '2025-12-05 20:50:54'),
('96', '5', NULL, '148', '21', '98', '14', 'TXN_6932f8571947e1.08012106_620541', NULL, 'in_kitchen', NULL, NULL, '2025-12-05 20:50:55', '2025-12-05 20:50:55'),
('97', '5', NULL, '150', '22', '99', '14', 'TXN_6932f877b24119.20091784_543037', NULL, 'in_kitchen', NULL, NULL, '2025-12-05 20:51:27', '2025-12-05 20:51:27'),
('99', '5', NULL, '152', '23', '101', '14', 'TXN_6932fb42046d82.32438552_190514', NULL, 'in_kitchen', NULL, NULL, '2025-12-05 21:03:22', '2025-12-05 21:03:22'),
('100', '5', NULL, '154', '24', '102', '14', 'TXN_6932fe62344de3.91701144_657477', NULL, 'in_kitchen', NULL, NULL, '2025-12-05 21:16:42', '2025-12-05 21:16:42'),
('101', '31', NULL, '2', NULL, '103', '91', 'TXN_69333d9e43b7d3.93513518_274673', NULL, 'served', NULL, NULL, '2025-12-06 01:46:30', '2025-12-06 01:48:28'),
('103', '5', NULL, '156', '1', '105', '14', 'TXN_6933d3c0863114.27345088_841267', NULL, 'in_kitchen', NULL, NULL, '2025-12-06 12:27:04', '2025-12-06 12:27:04'),
('104', '5', NULL, '158', '1', '106', '13', 'TXN_69356ebf48ce62.28860031_300199', NULL, 'in_kitchen', NULL, NULL, '2025-12-07 17:40:39', '2025-12-07 17:40:39'),
('105', '5', NULL, '160', '2', '107', '13', 'TXN_693571089715b0.09735579_106226', NULL, 'in_kitchen', NULL, NULL, '2025-12-07 17:50:24', '2025-12-07 17:50:24'),
('107', '5', NULL, '162', '3', '109', '13', 'TXN_693572940d33e4.96759398_811228', NULL, 'in_kitchen', NULL, NULL, '2025-12-07 17:57:00', '2025-12-07 17:57:00'),
('108', '5', NULL, '164', '4', '110', '14', 'TXN_6935779a9af5f5.91508397_340569', NULL, 'in_kitchen', NULL, NULL, '2025-12-07 18:18:26', '2025-12-07 18:18:26'),
('109', '5', NULL, '166', '5', '111', '14', 'TXN_69357a182a5757.46828756_724843', NULL, 'in_kitchen', NULL, NULL, '2025-12-07 18:29:04', '2025-12-07 18:29:04'),
('110', '5', NULL, '168', '1', '112', NULL, 'KIOSK_TXN_6939467dca55d0.49387041', NULL, 'in_kitchen', NULL, NULL, '2025-12-10 15:37:57', '2025-12-10 15:37:57'),
('111', '31', NULL, '4', NULL, '113', '91', 'TXN_6950b67e8f98b9.26106177_872438', NULL, 'pending_confirmation', NULL, NULL, '2025-12-28 10:17:58', '2025-12-28 10:17:58'),
('112', '32', NULL, '2', NULL, '115', '94', 'TXN_6954459c2765c3.74919714_805600', NULL, 'served', NULL, NULL, '2025-12-30 21:35:24', '2025-12-30 21:37:25'),
('113', '32', NULL, '4', NULL, '116', '94', 'TXN_69544b3c7e6f76.08062433_928911', NULL, 'served', NULL, NULL, '2025-12-30 21:59:24', '2025-12-30 22:00:50'),
('114', '32', NULL, '6', NULL, '117', '94', 'TXN_69544dfb8b74b0.32271351_146948', NULL, 'served', NULL, NULL, '2025-12-30 22:11:07', '2025-12-30 22:11:33'),
('115', '5', NULL, '170', '1', '118', '14', 'TXN_69578408a60f44.56323828_803184', NULL, 'in_kitchen', NULL, NULL, '2026-01-02 08:38:32', '2026-01-02 08:38:32'),
('116', '5', NULL, '172', '2', '119', '14', 'TXN_69578befb14bd9.19240809_586329', NULL, 'in_kitchen', NULL, NULL, '2026-01-02 09:12:15', '2026-01-02 09:12:15'),
('117', '5', NULL, '174', '3', '120', '14', 'TXN_69578c665d5788.22905129_745905', NULL, 'in_kitchen', NULL, NULL, '2026-01-02 09:14:14', '2026-01-02 09:14:14'),
('118', '32', NULL, '8', NULL, '121', '94', 'TXN_69590fb80fef78.59068867_911063', NULL, 'served', NULL, NULL, '2026-01-03 12:46:48', '2026-01-03 12:53:46'),
('119', '32', NULL, '10', NULL, '121', '94', 'TXN_695910a68ec1d3.15998519_637792', NULL, 'served', NULL, NULL, '2026-01-03 12:50:46', '2026-01-03 12:53:43'),
('120', '32', NULL, '12', NULL, '122', NULL, 'KIOSK_TXN_695911b4aa6260.00437592', NULL, 'pending_confirmation', NULL, NULL, '2026-01-03 12:55:16', '2026-01-03 12:55:16');


-- Table structure for table `language_pack_settings`
CREATE TABLE `language_pack_settings` (
  `id` bigint(20) unsigned NOT NULL AUTO_INCREMENT,
  `purchase_code` varchar(191) DEFAULT NULL,
  `supported_until` timestamp NULL DEFAULT NULL,
  `purchased_on` timestamp NULL DEFAULT NULL,
  `license_type` varchar(20) DEFAULT NULL,
  `notify_update` tinyint(1) NOT NULL DEFAULT 1,
  `created_at` timestamp NULL DEFAULT NULL,
  `updated_at` timestamp NULL DEFAULT NULL,
  PRIMARY KEY (`id`)
) ENGINE=InnoDB AUTO_INCREMENT=2 DEFAULT CHARSET=utf8mb4 COLLATE=utf8mb4_unicode_ci;

-- Dumping data for table `language_pack_settings`
INSERT INTO `language_pack_settings` VALUES
('1', '65100125-205d-420e-b03c-0faa1e6f02b9', '2026-04-16 08:37:13', NULL, NULL, '1', '2025-09-17 11:18:26', '2025-10-15 17:47:11');


-- Table structure for table `language_settings`
CREATE TABLE `language_settings` (
  `id` bigint(20) unsigned NOT NULL AUTO_INCREMENT,
  `language_code` varchar(191) NOT NULL,
  `language_name` varchar(191) NOT NULL,
  `flag_code` varchar(191) NOT NULL,
  `active` tinyint(1) NOT NULL DEFAULT 1,
  `is_rtl` tinyint(1) NOT NULL DEFAULT 0,
  `created_at` timestamp NULL DEFAULT NULL,
  `updated_at` timestamp NULL DEFAULT NULL,
  PRIMARY KEY (`id`)
) ENGINE=InnoDB AUTO_INCREMENT=20 DEFAULT CHARSET=utf8mb4 COLLATE=utf8mb4_unicode_ci;

-- Dumping data for table `language_settings`
INSERT INTO `language_settings` VALUES
('1', 'en', 'English', 'gb', '1', '0', NULL, '2025-11-15 16:13:17'),
('2', 'ar', 'Arabic', 'sa', '0', '1', NULL, '2025-11-15 16:13:17'),
('3', 'de', 'German', 'de', '0', '0', NULL, '2025-11-15 16:13:17'),
('4', 'es', 'Spanish', 'es', '1', '0', NULL, '2025-11-15 16:13:17'),
('5', 'et', 'Estonian', 'et', '0', '0', NULL, '2025-11-15 16:13:17'),
('6', 'fa', 'Farsi', 'ir', '0', '1', NULL, '2025-11-15 16:13:17'),
('7', 'fr', 'French', 'ca', '1', '0', NULL, '2025-11-15 16:13:17'),
('8', 'el', 'Greek', 'gr', '0', '0', NULL, '2025-11-15 16:13:17'),
('9', 'it', 'Italian', 'it', '0', '0', NULL, '2025-11-15 16:13:17'),
('10', 'nl', 'Dutch', 'nl', '0', '0', NULL, '2025-11-15 16:13:17'),
('11', 'pl', 'Polish', 'pl', '0', '0', NULL, '2025-11-15 16:13:17'),
('12', 'pt', 'Portuguese', 'pt', '0', '0', NULL, '2025-11-15 16:13:17'),
('13', 'pt-br', 'Portuguese (Brazil)', 'br', '0', '0', NULL, '2025-11-15 16:13:17'),
('14', 'ro', 'Romanian', 'ro', '0', '0', NULL, '2025-11-15 16:13:17'),
('15', 'ru', 'Russian', 'ru', '0', '0', NULL, '2025-11-15 16:13:17'),
('16', 'tr', 'Turkish', 'tr', '0', '0', NULL, '2025-11-15 16:13:17'),
('17', 'zh-CN', 'Chinese (S)', 'cn', '0', '0', NULL, '2025-11-15 16:13:17'),
('18', 'zh-TW', 'Chinese (T)', 'cn', '0', '0', NULL, '2025-11-15 16:13:17'),
('19', 'pa', 'ਪੰਜਾਬੀ', 'ca', '1', '0', '2025-10-25 14:11:54', '2025-11-15 16:13:17');


-- Table structure for table `ltm_translations`
CREATE TABLE `ltm_translations` (
  `id` bigint(20) unsigned NOT NULL AUTO_INCREMENT,
  `status` int(11) NOT NULL DEFAULT 0,
  `locale` varchar(191) NOT NULL,
  `group` varchar(191) NOT NULL,
  `key` text NOT NULL,
  `value` text DEFAULT NULL,
  `created_at` timestamp NULL DEFAULT NULL,
  `updated_at` timestamp NULL DEFAULT NULL,
  PRIMARY KEY (`id`)
) ENGINE=InnoDB AUTO_INCREMENT=26836 DEFAULT CHARSET=utf8mb4 COLLATE=utf8mb4_bin;

-- Dumping data for table `ltm_translations`
INSERT INTO `ltm_translations` VALUES
('1', '0', 'en', 'app', 'action', 'Action', '2025-12-02 19:21:39', '2025-12-02 19:37:32'),
('2', '0', 'en', 'app', 'print', 'PRINT', '2025-12-02 19:21:39', '2025-12-02 19:37:32'),
('3', '0', 'en', 'app', 'cancel', 'Cancel', '2025-12-02 19:21:39', '2025-12-02 19:37:32'),
('4', '0', 'en', 'app', 'date', 'Date', '2025-12-02 19:21:39', '2025-12-02 19:37:32'),
('5', '0', 'en', 'app', 'time', 'Time', '2025-12-02 19:21:39', '2025-12-02 19:37:32'),
('6', '0', 'en', 'app', 'reset', 'Reset', '2025-12-02 19:21:39', '2025-12-02 19:37:32'),
('7', '0', 'en', 'app', 'showAll', 'Show All', '2025-12-02 19:21:39', '2025-12-02 19:37:32'),
('8', '0', 'en', 'app', 'email', 'Enter your email', '2025-12-02 19:21:39', '2025-12-02 19:37:32'),
('9', '0', 'en', 'app', 'password', 'Password', '2025-12-02 19:21:39', '2025-12-02 19:37:32'),
('10', '0', 'en', 'app', 'forgotPasswordMessage', 'Forgot your password? No problem. Just let us know your email address and we will email you a password reset link that will allow you to choose a new one.', '2025-12-02 19:21:39', '2025-12-02 19:37:32'),
('11', '0', 'en', 'app', 'backToLogin', 'Back to Login', '2025-12-02 19:21:39', '2025-12-02 19:37:32'),
('12', '0', 'en', 'app', 'sendPasswordResetLink', 'Send Password Reset Link', '2025-12-02 19:21:39', '2025-12-02 19:37:32'),
('13', '0', 'en', 'app', 'loading', 'Loading...', '2025-12-02 19:21:39', '2025-12-02 19:37:32'),
('14', '0', 'en', 'app', 'name', 'Name', '2025-12-02 19:21:39', '2025-12-02 19:37:32'),
('15', '0', 'en', 'app', 'rememberMe', 'Remember me', '2025-12-02 19:21:39', '2025-12-02 19:37:32'),
('16', '0', 'en', 'app', 'forgotPassword', 'Forgot your password?', '2025-12-02 19:21:39', '2025-12-02 19:37:32'),
('17', '0', 'en', 'app', 'login', 'Login', '2025-12-02 19:21:39', '2025-12-02 19:37:32'),
('18', '0', 'en', 'app', 'allRightsReserved', 'All Rights Reserved.', '2025-12-02 19:21:39', '2025-12-02 19:37:32'),
('19', '0', 'en', 'app', 'clearFilter', 'Clear Filters', '2025-12-02 19:21:39', '2025-12-02 19:37:32'),
('20', '0', 'en', 'app', 'regards', 'Regards', '2025-12-02 19:21:39', '2025-12-02 19:37:32'),
('21', '0', 'en', 'app', 'hello', 'Hello', '2025-12-02 19:21:39', '2025-12-02 19:37:32'),
('22', '0', 'en', 'app', 'import', 'Import', '2025-12-02 19:21:39', '2025-12-02 19:37:32'),
('23', '0', 'en', 'app', 'export', 'Export', '2025-12-02 19:21:39', '2025-12-02 19:37:32'),
('24', '0', 'en', 'app', 'downloadSample', 'Download Sample File', '2025-12-02 19:21:39', '2025-12-02 19:37:32'),
('25', '0', 'en', 'app', 'phone', 'Enter your Whatsapp Number', '2025-12-02 19:21:39', '2025-12-02 19:37:32'),
('26', '0', 'en', 'app', 'verificationCode', 'Enter verification code', '2025-12-02 19:21:39', '2025-12-02 19:37:32'),
('27', '0', 'en', 'app', 'resendVerificatonCode', 'Resend Verificaton Code', '2025-12-02 19:21:39', '2025-12-02 19:37:32'),
('28', '0', 'en', 'app', 'update', 'Update', '2025-12-02 19:21:39', '2025-12-02 19:37:32'),
('29', '0', 'en', 'app', 'close', 'Close', '2025-12-02 19:21:39', '2025-12-02 19:37:32'),
('30', '0', 'en', 'app', 'delete', 'Delete', '2025-12-02 19:21:39', '2025-12-02 19:37:32'),
('31', '0', 'en', 'app', 'status', 'Status', '2025-12-02 19:21:39', '2025-12-02 19:37:32'),
('32', '0', 'en', 'app', 'saved', 'Saved', '2025-12-02 19:21:39', '2025-12-02 19:37:32'),
('33', '0', 'en', 'app', 'save', 'Save', '2025-12-02 19:21:39', '2025-12-02 19:37:32'),
('34', '0', 'en', 'app', 'enable', 'Enable', '2025-12-02 19:21:39', '2025-12-02 19:37:32'),
('35', '0', 'en', 'app', 'disable', 'Disable', '2025-12-02 19:21:39', '2025-12-02 19:37:32'),
('36', '0', 'en', 'app', 'addon', 'Addon', '2025-12-02 19:21:39', '2025-12-02 19:37:32'),
('37', '0', 'en', 'app', 'inactive', 'Inactive', '2025-12-02 19:21:39', '2025-12-02 19:37:32'),
('38', '0', 'en', 'app', 'error', 'Error', '2025-12-02 19:21:39', '2025-12-02 19:37:32'),
('39', '0', 'en', 'app', 'select', 'Select', '2025-12-02 19:21:39', '2025-12-02 19:37:32'),
('40', '0', 'en', 'app', 'example', 'Example', '2025-12-02 19:21:39', '2025-12-02 19:37:32'),
('41', '0', 'en', 'app', 'header', 'Header', '2025-12-02 19:21:39', '2025-12-02 19:37:32'),
('42', '0', 'en', 'app', 'footer', 'Footer', '2025-12-02 19:21:39', '2025-12-02 19:37:32'),
('43', '0', 'en', 'app', 'active', 'Active', '2025-12-02 19:21:39', '2025-12-02 19:37:32'),
('44', '0', 'en', 'app', 'specialRequest', 'Any special request?', '2025-12-02 19:21:39', '2025-12-02 19:37:32'),
('45', '0', 'en', 'app', 'position', 'Position', '2025-12-02 19:21:39', '2025-12-02 19:37:32'),
('46', '0', 'en', 'app', 'role', 'Role', '2025-12-02 19:21:39', '2025-12-02 19:37:32'),
('47', '0', 'en', 'app', 'yes', 'Yes', '2025-12-02 19:21:39', '2025-12-02 19:37:32'),
('48', '0', 'en', 'app', 'no', 'No', '2025-12-02 19:21:39', '2025-12-02 19:37:32'),
('49', '0', 'en', 'app', 'callWaiterNotification', 'Waiter has been notified!', '2025-12-02 19:21:39', '2025-12-02 19:37:32'),
('50', '0', 'en', 'app', 'fullName', 'Your Full Name', '2025-12-02 19:21:39', '2025-12-02 19:37:32'),
('51', '0', 'en', 'app', 'user', 'User', '2025-12-02 19:21:39', '2025-12-02 19:37:32'),
('52', '0', 'en', 'app', 'selectStartDate', 'Select Start Date', '2025-12-02 19:21:39', '2025-12-02 19:37:32'),
('53', '0', 'en', 'app', 'selectEndDate', 'Select End Date', '2025-12-02 19:21:39', '2025-12-02 19:37:32'),
('54', '0', 'en', 'app', 'showFilter', 'Show Filters', '2025-12-02 19:21:39', '2025-12-02 19:37:32'),
('55', '0', 'en', 'app', 'from', 'from', '2025-12-02 19:21:39', '2025-12-02 19:37:32'),
('56', '0', 'en', 'app', 'or', 'or', '2025-12-02 19:21:39', '2025-12-02 19:37:32'),
('57', '0', 'en', 'app', 'files', 'files', '2025-12-02 19:21:39', '2025-12-02 19:37:32'),
('58', '0', 'en', 'app', 'autoCreated', 'auto-created', '2025-12-02 19:21:39', '2025-12-02 19:37:32'),
('59', '0', 'en', 'app', 'optional', 'Optional', '2025-12-02 19:21:39', '2025-12-02 19:37:32'),
('60', '0', 'en', 'app', 'fileSelected', 'File Selected', '2025-12-02 19:21:39', '2025-12-02 19:37:32'),
('61', '0', 'en', 'app', 'selectFile', 'Select File', '2025-12-02 19:21:39', '2025-12-02 19:37:32'),
('62', '0', 'en', 'app', 'next', 'Next', '2025-12-02 19:21:39', '2025-12-02 19:37:32'),
('63', '0', 'en', 'app', 'completeAllSteps', 'Complete all steps', '2025-12-02 19:21:39', '2025-12-02 19:37:32'),
('64', '0', 'en', 'app', 'to', 'To', '2025-12-02 19:21:39', '2025-12-02 19:37:32'),
('65', '0', 'en', 'app', 'back', 'Back', '2025-12-02 19:21:39', '2025-12-02 19:37:32'),
('66', '0', 'en', 'app', 'rows', 'rows', '2025-12-02 19:21:39', '2025-12-02 19:37:32'),
('67', '0', 'en', 'app', 'ignore', 'Ignore', '2025-12-02 19:21:39', '2025-12-02 19:37:32'),
('68', '0', 'en', 'app', 'overallProgress', 'Overall Progress', '2025-12-02 19:21:39', '2025-12-02 19:37:32'),
('69', '0', 'en', 'app', 'currentStage', 'Current Stage', '2025-12-02 19:21:39', '2025-12-02 19:37:32'),
('70', '0', 'en', 'app', 'importSuccessful', 'Your menu items have been imported successfully.', '2025-12-02 19:21:39', '2025-12-02 19:37:32'),
('71', '0', 'en', 'app', 'skipped', 'Skipped', '2025-12-02 19:21:39', '2025-12-02 19:37:32'),
('72', '0', 'en', 'app', 'importError', 'There was an error processing your file.', '2025-12-02 19:21:39', '2025-12-02 19:37:32'),
('73', '0', 'en', 'app', 'errorDetails', 'Error Details', '2025-12-02 19:21:39', '2025-12-02 19:37:32'),
('74', '0', 'en', 'app', 'realTime', 'Real Time Update', '2025-12-02 19:21:39', '2025-12-02 19:37:32'),
('75', '0', 'en', 'app', 'seconds', 'Seconds', '2025-12-02 19:21:39', '2025-12-02 19:37:32'),
('76', '0', 'en', 'app', 'minute', 'Minute', '2025-12-02 19:21:39', '2025-12-02 19:37:32'),
('77', '0', 'en', 'app', 'minutes', 'Minutes', '2025-12-02 19:21:39', '2025-12-02 19:37:32'),
('78', '0', 'en', 'app', 'deactivate', 'Deactivate', '2025-12-02 19:21:39', '2025-12-02 19:37:32'),
('79', '0', 'en', 'app', 'activate', 'Activate', '2025-12-02 19:21:39', '2025-12-02 19:37:32'),
('80', '0', 'en', 'app', 'logo', 'Logo', '2025-12-02 19:21:39', '2025-12-02 19:37:32'),
('81', '0', 'en', 'app', 'upload', 'Upload', '2025-12-02 19:21:39', '2025-12-02 19:37:32'),
('82', '0', 'en', 'app', 'manage', 'Manage', '2025-12-02 19:21:39', '2025-12-02 19:37:32'),
('83', '0', 'en', 'app', 'addNew', 'Add New', '2025-12-02 19:21:39', '2025-12-02 19:37:32'),
('84', '0', 'en', 'app', 'displayName', 'Display Name', '2025-12-02 19:21:39', '2025-12-02 19:37:32'),
('85', '0', 'en', 'app', 'enter', 'Enter', '2025-12-02 19:21:39', '2025-12-02 19:37:32'),
('86', '0', 'en', 'app', 'create', 'Create', '2025-12-02 19:21:39', '2025-12-02 19:37:32'),
('87', '0', 'en', 'app', 'warning', 'Warning', '2025-12-02 19:21:39', '2025-12-02 19:37:32'),
('88', '0', 'en', 'app', 'roleDeleteWarning', 'Are you sure you want to delete this role? All users with this role will be reassigned to the selected role.', '2025-12-02 19:21:39', '2025-12-02 19:37:32'),
('89', '0', 'en', 'app', 'selectNewRoleForUsers', 'Please select which role you want to assign to users who currently have this role.', '2025-12-02 19:21:39', '2025-12-02 19:37:32'),
('90', '0', 'en', 'app', 'reassignUsersTo', 'Reassign users to', '2025-12-02 19:21:39', '2025-12-02 19:37:32'),
('91', '0', 'en', 'app', 'selectRole', 'Select Role', '2025-12-02 19:21:39', '2025-12-02 19:37:32'),
('92', '0', 'en', 'app', 'purchaseCode', 'Purchase Code', '2025-12-02 19:21:39', '2025-12-02 19:37:32'),
('93', '0', 'en', 'app', 'notify', 'Notify', '2025-12-02 19:21:39', '2025-12-02 19:37:32'),
('94', '0', 'en', 'app', 'noRecordsFound', 'No records found', '2025-12-02 19:21:39', '2025-12-02 19:37:32'),
('95', '0', 'en', 'app', 'dateTime', 'Date & Time', '2025-12-02 19:21:39', '2025-12-02 19:37:32'),
('96', '0', 'en', 'app', 'id', 'ID', '2025-12-02 19:21:39', '2025-12-02 19:37:32'),
('97', '0', 'en', 'app', 'createdAt', 'Created At', '2025-12-02 19:21:39', '2025-12-02 19:37:32'),
('98', '0', 'en', 'app', 'change', 'Change', '2025-12-02 19:21:39', '2025-12-02 19:37:32'),
('99', '0', 'en', 'app', 'approve', 'Approve', '2025-12-02 19:21:39', '2025-12-02 19:37:32'),
('100', '0', 'en', 'app', 'reject', 'Reject', '2025-12-02 19:21:39', '2025-12-02 19:37:32'),
('101', '0', 'en', 'app', 'impersonate', 'Impersonate', '2025-12-02 19:21:39', '2025-12-02 19:37:32'),
('102', '0', 'en', 'app', 'impersonateTooltip', 'Impersonate to this restaurant - Login as the restaurant owner to view and manage their account. This allows administrators to troubleshoot issues, provide support, and make changes on behalf of the restaurant without requiring their credentials.', '2025-12-02 19:21:39', '2025-12-02 19:37:32'),
('103', '0', 'en', 'app', 'stopImpersonation', 'Stop Impersonation', '2025-12-02 19:21:39', '2025-12-02 19:37:32'),
('104', '0', 'en', 'app', 'saving', 'Saving...', '2025-12-02 19:21:39', '2025-12-02 19:37:32'),
('105', '0', 'en', 'app', 'deleteUser', 'Delete User', '2025-12-02 19:21:39', '2025-12-02 19:37:32'),
('106', '0', 'en', 'app', 'accept', 'Accept', '2025-12-02 19:21:39', '2025-12-02 19:37:32'),
('107', '0', 'en', 'app', 'decline', 'Decline', '2025-12-02 19:21:39', '2025-12-02 19:37:32'),
('108', '0', 'en', 'app', 'view', 'View', '2025-12-02 19:21:39', '2025-12-02 19:37:32'),
('109', '0', 'en', 'app', 'download', 'Download', '2025-12-02 19:21:39', '2025-12-02 19:37:32'),
('110', '0', 'en', 'app', 'verified', 'Verified', '2025-12-02 19:21:39', '2025-12-02 19:37:32'),
('111', '0', 'en', 'app', 'pending', 'Pending', '2025-12-02 19:21:39', '2025-12-02 19:37:32'),
('112', '0', 'en', 'app', 'rejected', 'Rejected', '2025-12-02 19:21:39', '2025-12-02 19:37:32'),
('113', '0', 'en', 'app', 'submit', 'Submit', '2025-12-02 19:21:39', '2025-12-02 19:37:32'),
('114', '0', 'en', 'app', 'add', 'Add', '2025-12-02 19:21:39', '2025-12-02 19:37:32'),
('115', '0', 'en', 'app', 'reserveNow', 'Reserve Now', '2025-12-02 19:21:39', '2025-12-02 19:37:32'),
('116', '0', 'en', 'app', 'approx', 'Approx', '2025-12-02 19:21:39', '2025-12-02 19:37:32'),
('117', '0', 'en', 'app', 'searchIcon', 'Search Icon', '2025-12-02 19:21:39', '2025-12-02 19:37:32'),
('118', '0', 'en', 'app', 'list', 'List', '2025-12-02 19:21:39', '2025-12-02 19:37:32'),
('119', '0', 'en', 'app', 'grid', 'Grid', '2025-12-02 19:21:39', '2025-12-02 19:37:32'),
('120', '0', 'en', 'app', 'layout', 'Layout', '2025-12-02 19:21:39', '2025-12-02 19:37:32'),
('121', '0', 'en', 'app', 'today', 'Today', '2025-12-02 19:21:39', '2025-12-02 19:37:32'),
('122', '0', 'en', 'app', 'visitLink', 'Visit Link', '2025-12-02 19:21:39', '2025-12-02 19:37:32'),
('123', '0', 'en', 'app', 'verifyEnvato', 'Verify Purchase Code', '2025-12-02 19:21:39', '2025-12-02 19:37:32'),
('124', '0', 'en', 'app', 'moduleSwitchMessage', 'Activate or deactivate :name module', '2025-12-02 19:21:39', '2025-12-02 19:37:32'),
('125', '0', 'en', 'app', 'moduleUpdateMessage', 'New update available for :name module. Please update to version :version', '2025-12-02 19:21:39', '2025-12-02 19:37:32'),
('126', '0', 'en', 'app', 'clickToInstall', 'Click to Install', '2025-12-02 19:21:39', '2025-12-02 19:37:32'),
('127', '0', 'en', 'app', 'uploadDate', 'Upload Date', '2025-12-02 19:21:39', '2025-12-02 19:37:32'),
('128', '0', 'en', 'app', 'uploadedNow', 'Uploaded Now', '2025-12-02 19:21:39', '2025-12-02 19:37:32'),
('129', '0', 'en', 'app', 'uploadedAgo', 'Uploaded :time', '2025-12-02 19:21:39', '2025-12-02 19:37:32'),
('130', '0', 'en', 'app', 'removeFile', 'Remove File', '2025-12-02 19:21:39', '2025-12-02 19:37:32'),
('131', '0', 'en', 'app', 'dropFileToUpload', 'Drop file to upload', '2025-12-02 19:21:39', '2025-12-02 19:37:32'),
('132', '0', 'en', 'app', 'moduleSettingsInstall', 'Install/Update Module', '2025-12-02 19:21:39', '2025-12-02 19:37:32'),
('133', '0', 'en', 'app', 'moduleNotifySwitchMessage', 'This will hide/show new update message on dashboard for :name module', '2025-12-02 19:21:39', '2025-12-02 19:37:32'),
('134', '0', 'en', 'app', 'fileNotUploaded', 'File not uploaded', '2025-12-02 19:21:39', '2025-12-02 19:37:32'),
('135', '0', 'en', 'app', 'pleaseCompleteAllSteps', 'Please complete all steps before proceeding.', '2025-12-02 19:21:39', '2025-12-02 19:37:32'),
('136', '0', 'en', 'app', 'errorParsingFile', 'Error parsing file', '2025-12-02 19:21:39', '2025-12-02 19:37:32'),
('137', '0', 'en', 'app', 'required', 'Required', '2025-12-02 19:21:39', '2025-12-02 19:37:32'),
('138', '0', 'en', 'app', 'mustBe', 'must be', '2025-12-02 19:21:39', '2025-12-02 19:37:32'),
('139', '0', 'en', 'app', 'file', 'file', '2025-12-02 19:21:39', '2025-12-02 19:37:32'),
('140', '0', 'en', 'app', 'size', 'size', '2025-12-02 19:21:39', '2025-12-02 19:37:32'),
('141', '0', 'en', 'app', 'mustNotExceed', 'must not exceed', '2025-12-02 19:21:39', '2025-12-02 19:37:32'),
('142', '0', 'en', 'app', 'invalidStage', 'Invalid stage for this action.', '2025-12-02 19:21:39', '2025-12-02 19:37:32'),
('143', '0', 'en', 'app', 'requiredFieldNotMapped', 'Required field not mapped', '2025-12-02 19:21:39', '2025-12-02 19:37:32'),
('144', '0', 'en', 'app', 'added', 'added', '2025-12-02 19:21:39', '2025-12-02 19:37:32'),
('145', '0', 'en', 'app', 'createAccount', 'Create a Account', '2025-12-02 19:21:39', '2025-12-02 19:37:32'),
('146', '0', 'en', 'app', 'noResults', 'No results found', '2025-12-02 19:21:39', '2025-12-02 19:37:32'),
('147', '0', 'en', 'app', 'thanks', 'Thanks', '2025-12-02 19:21:39', '2025-12-02 19:37:32'),
('148', '0', 'en', 'app', 'saveTax', 'Save Tax', '2025-12-02 19:21:39', '2025-12-02 19:37:32'),
('149', '0', 'en', 'app', 'saveAndNew', 'Save and Add New', '2025-12-02 19:21:39', '2025-12-02 19:37:32'),
('150', '0', 'en', 'app', 'verify', 'Verify', '2025-12-02 19:21:39', '2025-12-02 19:37:32'),
('151', '0', 'en', 'app', 'updating', 'Updating...', '2025-12-02 19:21:39', '2025-12-02 19:37:32'),
('152', '0', 'en', 'app', 'approved', 'Approved', '2025-12-02 19:21:39', '2025-12-02 19:37:32'),
('153', '0', 'en', 'app', 'showing', 'Showing', '2025-12-02 19:21:39', '2025-12-02 19:37:32'),
('154', '0', 'en', 'app', 'of', 'of', '2025-12-02 19:21:39', '2025-12-02 19:37:32'),
('155', '0', 'en', 'app', 'results', 'results', '2025-12-02 19:21:39', '2025-12-02 19:37:32'),
('156', '0', 'en', 'app', 'hideFilter', 'Hide Filters', '2025-12-02 19:21:39', '2025-12-02 19:37:32'),
('157', '0', 'en', 'app', 'clear', 'Clear', '2025-12-02 19:21:39', '2025-12-02 19:37:32'),
('158', '0', 'en', 'app', 'changePassword', 'Change Password', '2025-12-02 19:21:39', '2025-12-02 19:37:32'),
('159', '0', 'en', 'app', 'menu', 'Menu', '2025-12-02 19:21:39', '2025-12-02 19:37:32'),
('160', '0', 'en', 'app', 'description', 'Description', '2025-12-02 19:21:39', '2025-12-02 19:37:32'),
('161', '0', 'en', 'app', 'continue', 'Continue', '2025-12-02 19:21:39', '2025-12-02 19:37:32'),
('162', '0', 'en', 'app', 'logout', 'Logout', '2025-12-02 19:21:39', '2025-12-02 19:37:32'),
('163', '0', 'en', 'app', 'dateRange', 'Date Range', '2025-12-02 19:21:39', '2025-12-02 19:37:32'),
('164', '0', 'en', 'app', 'customDateRange', 'Custom Date Range', '2025-12-02 19:21:39', '2025-12-02 19:37:32'),
('165', '0', 'en', 'app', 'yesterday', 'Yesterday', '2025-12-02 19:21:39', '2025-12-02 19:37:32'),
('166', '0', 'en', 'app', 'currentWeek', 'Current Week', '2025-12-02 19:21:39', '2025-12-02 19:37:32'),
('167', '0', 'en', 'app', 'lastWeek', 'Last Week', '2025-12-02 19:21:39', '2025-12-02 19:37:32'),
('168', '0', 'en', 'app', 'nextWeek', 'Next Week', '2025-12-02 19:21:39', '2025-12-02 19:37:32'),
('169', '0', 'en', 'app', 'last7Days', 'Last 7 Days', '2025-12-02 19:21:39', '2025-12-02 19:37:32'),
('170', '0', 'en', 'app', 'currentMonth', 'Current Month', '2025-12-02 19:21:39', '2025-12-02 19:37:32'),
('171', '0', 'en', 'app', 'lastMonth', 'Last Month', '2025-12-02 19:21:39', '2025-12-02 19:37:32'),
('172', '0', 'en', 'app', 'currentYear', 'Current Year', '2025-12-02 19:21:39', '2025-12-02 19:37:32'),
('173', '0', 'en', 'app', 'lastYear', 'Last Year', '2025-12-02 19:21:39', '2025-12-02 19:37:32'),
('174', '0', 'en', 'app', 'rightReserved', 'All rights reserved.', '2025-12-02 19:21:39', '2025-12-02 19:37:32'),
('175', '0', 'en', 'app', 'profileInfo', 'Profile Information', '2025-12-02 19:21:39', '2025-12-02 19:37:32'),
('176', '0', 'en', 'app', 'permission', 'Permission', '2025-12-02 19:21:39', '2025-12-02 19:37:32'),
('177', '0', 'en', 'app', 'addMore', 'Add +', '2025-12-02 19:21:39', '2025-12-02 19:37:32'),
('178', '0', 'en', 'app', 'test', 'TEST', '2025-12-02 19:21:39', '2025-12-02 19:37:32'),
('179', '0', 'en', 'app', 'live', 'LIVE', '2025-12-02 19:21:39', '2025-12-02 19:37:32'),
('180', '0', 'en', 'app', 'paidVia', 'Paid via', '2025-12-02 19:21:39', '2025-12-02 19:37:32'),
('181', '0', 'en', 'app', 'generateCredentials', 'Generate Credentials', '2025-12-02 19:21:39', '2025-12-02 19:37:32'),
('182', '0', 'en', 'app', 'Monday', 'Monday', '2025-12-02 19:21:39', '2025-12-02 19:37:32'),
('183', '0', 'en', 'app', 'Tuesday', 'Tuesday', '2025-12-02 19:21:39', '2025-12-02 19:37:32'),
('184', '0', 'en', 'app', 'Wednesday', 'Wednesday', '2025-12-02 19:21:39', '2025-12-02 19:37:32'),
('185', '0', 'en', 'app', 'Thursday', 'Thursday', '2025-12-02 19:21:39', '2025-12-02 19:37:32'),
('186', '0', 'en', 'app', 'Friday', 'Friday', '2025-12-02 19:21:39', '2025-12-02 19:37:32'),
('187', '0', 'en', 'app', 'Saturday', 'Saturday', '2025-12-02 19:21:39', '2025-12-02 19:37:32'),
('188', '0', 'en', 'app', 'Sunday', 'Sunday', '2025-12-02 19:21:39', '2025-12-02 19:37:32'),
('189', '0', 'en', 'app', 'callWaiterConfirmation', 'Do you want to notify a waiter?', '2025-12-02 19:21:39', '2025-12-02 19:37:32'),
('190', '0', 'en', 'app', 'callWaiter', 'Call Waiter', '2025-12-02 19:21:39', '2025-12-02 19:37:32'),
('191', '0', 'en', 'app', 'approvalStatus', 'Approval Status', '2025-12-02 19:21:39', '2025-12-02 19:37:32'),
('192', '0', 'en', 'app', 'moduleVersion', 'Version', '2025-12-02 19:21:39', '2025-12-02 19:37:32'),
('193', '0', 'en', 'app', 'newModuleUpdateMessage', 'New update available for <strong>:name</strong> module.', '2025-12-02 19:21:39', '2025-12-02 19:37:32'),
('194', '0', 'en', 'app', 'updateModule', 'Update Module', '2025-12-02 19:21:39', '2025-12-02 19:37:32'),
('195', '0', 'en', 'app', 'findPurchaseCode', 'Click this link to find your purchase code.', '2025-12-02 19:21:39', '2025-12-02 19:37:32'),
('196', '0', 'en', 'app', 'professional', 'Professional', '2025-12-02 19:21:39', '2025-12-02 19:37:32'),
('197', '0', 'en', 'app', 'pastel', 'Pastel', '2025-12-02 19:21:39', '2025-12-02 19:37:32'),
('198', '0', 'en', 'app', 'warm', 'Warm', '2025-12-02 19:21:39', '2025-12-02 19:37:32'),
('199', '0', 'en', 'app', 'uploadFavIconAndroidhCrome192', 'Upload Favicon for Android Chrome (192x192)', '2025-12-02 19:21:39', '2025-12-02 19:37:32'),
('200', '0', 'en', 'app', 'uploadFavIconAndroidhCrome512', 'Upload Favicon for Android Chrome (512x512)', '2025-12-02 19:21:39', '2025-12-02 19:37:32'),
('201', '0', 'en', 'app', 'uploadFavIconAppleTouchIcon', 'Upload Favicon for Apple Touch Icon', '2025-12-02 19:21:39', '2025-12-02 19:37:32'),
('202', '0', 'en', 'app', 'uploadFavicon16', 'Upload Favicon (16x16)', '2025-12-02 19:21:39', '2025-12-02 19:37:32'),
('203', '0', 'en', 'app', 'uploadFavicon32', 'Upload Favicon (32x32)', '2025-12-02 19:21:39', '2025-12-02 19:37:32'),
('204', '0', 'en', 'app', 'favicon', 'Upload Favicon', '2025-12-02 19:21:39', '2025-12-02 19:37:32'),
('205', '0', 'en', 'app', 'offlineMessage', 'You are currently offline.', '2025-12-02 19:21:39', '2025-12-02 19:37:32'),
('206', '0', 'en', 'app', 'loadPage', 'We couldn\'t load the next page on this connection. Please try again.', '2025-12-02 19:21:39', '2025-12-02 19:37:32'),
('207', '0', 'en', 'app', 'RetryConnection', 'Retry Connection', '2025-12-02 19:21:39', '2025-12-02 19:37:32'),
('208', '0', 'en', 'app', 'other', 'Other', '2025-12-02 19:21:39', '2025-12-02 19:37:32'),
('209', '0', 'en', 'app', 'selectLanguage', 'Select Language', '2025-12-02 19:21:39', '2025-12-02 19:37:32'),
('210', '0', 'en', 'app', 'selectIcon', 'Select Icon', '2025-12-02 19:21:39', '2025-12-02 19:37:32'),
('211', '0', 'en', 'app', 'autoRefresh', 'Auto Refresh', '2025-12-02 19:21:39', '2025-12-02 19:37:32'),
('212', '0', 'en', 'app', 'search', 'Search', '2025-12-02 19:21:39', '2025-12-02 19:37:32'),
('213', '0', 'en', 'app', 'noDescription', 'No description available', '2025-12-02 19:21:39', '2025-12-02 19:37:32'),
('214', '0', 'en', 'app', 'edit', 'Edit', '2025-12-02 19:21:39', '2025-12-02 19:37:32'),
('215', '0', 'en', 'app', 'reportByWaiter', 'Report By Waiter', '2025-12-02 19:21:39', '2025-12-02 19:37:32'),
('216', '0', 'en', 'app', 'printer', 'Printer', '2025-12-02 19:21:39', '2025-12-02 19:37:32'),
('217', '0', 'en', 'app', 'printedAt', 'Printed At', '2025-12-02 19:21:39', '2025-12-02 19:37:32'),
('218', '0', 'en', 'app', 'actions', 'Actions', '2025-12-02 19:21:39', '2025-12-02 19:37:32'),
('219', '0', 'en', 'app', 'viewDetails', 'View Details', '2025-12-02 19:21:39', '2025-12-02 19:37:32'),
('220', '0', 'en', 'app', 'searchPrintJobs', 'Search print jobs...', '2025-12-02 19:21:39', '2025-12-02 19:37:32'),
('221', '0', 'en', 'app', 'allStatuses', 'All Statuses', '2025-12-02 19:21:39', '2025-12-02 19:37:32'),
('222', '0', 'en', 'app', 'printing', 'Printing', '2025-12-02 19:21:39', '2025-12-02 19:37:32'),
('223', '0', 'en', 'app', 'done', 'Done', '2025-12-02 19:21:39', '2025-12-02 19:37:32'),
('224', '0', 'en', 'app', 'failed', 'Failed', '2025-12-02 19:21:39', '2025-12-02 19:37:32'),
('225', '0', 'en', 'app', 'allPrinters', 'All Printers', '2025-12-02 19:21:39', '2025-12-02 19:37:32'),
('226', '0', 'en', 'app', 'noPrintJobsFound', 'No print jobs found', '2025-12-02 19:21:39', '2025-12-02 19:37:32'),
('227', '0', 'en', 'app', 'serialNumber', 'Serial Number', '2025-12-02 19:21:39', '2025-12-02 19:37:32'),
('228', '0', 'en', 'app', 'existingRole', 'existing role', '2025-12-02 19:21:39', '2025-12-02 19:37:32'),
('229', '0', 'en', 'app', 'copyFrom', 'Copy from', '2025-12-02 19:21:39', '2025-12-02 19:37:32'),
('230', '0', 'en', 'app', 'dontCopyPermissions', 'Don\'t copy permissions', '2025-12-02 19:21:39', '2025-12-02 19:37:32'),
('231', '0', 'en', 'app', 'responsePrinter', 'Response Printer', '2025-12-02 19:21:39', '2025-12-02 19:37:32'),
('232', '0', 'en', 'app', 'protectedRole', 'Protected Role', '2025-12-02 19:21:39', '2025-12-02 19:37:32'),
('233', '0', 'en', 'app', 'if', 'if', '2025-12-02 19:21:39', '2025-12-02 19:37:32'),
('234', '0', 'en', 'app', 'missing', 'missing', '2025-12-02 19:21:39', '2025-12-02 19:37:32'),
('235', '0', 'en', 'app', 'needTemplate', 'Need a template', '2025-12-02 19:21:39', '2025-12-02 19:37:32'),
('236', '0', 'en', 'app', 'downloadSampleCsv', 'Download our sample CSV file with example data and proper formatting.', '2025-12-02 19:21:39', '2025-12-02 19:37:32'),
('237', '0', 'en', 'app', 'complete', 'Complete', '2025-12-02 19:21:39', '2025-12-02 19:37:32'),
('238', '0', 'en', 'app', 'shown', 'shown', '2025-12-02 19:21:39', '2025-12-02 19:37:32'),
('239', '0', 'en', 'app', 'open', 'Open', '2025-12-02 19:21:39', '2025-12-02 19:37:32'),
('240', '0', 'en', 'app', 'closed', 'Closed', '2025-12-02 19:21:39', '2025-12-02 19:37:32'),
('241', '0', 'en', 'app', 'pending_approval', 'Pending Approval', '2025-12-02 19:21:39', '2025-12-02 19:37:32'),
('242', '0', 'en', 'app', 'cash_in', 'Cash In', '2025-12-02 19:21:39', '2025-12-02 19:37:32'),
('243', '0', 'en', 'app', 'cash_out', 'Cash Out', '2025-12-02 19:21:39', '2025-12-02 19:37:32'),
('244', '0', 'en', 'app', 'safe_drop', 'Safe Drop', '2025-12-02 19:21:39', '2025-12-02 19:37:32'),
('245', '0', 'en', 'app', 'cash_sale', 'Cash Sale', '2025-12-02 19:21:39', '2025-12-02 19:37:32'),
('246', '0', 'en', 'app', 'change_given', 'Change Given', '2025-12-02 19:21:39', '2025-12-02 19:37:32'),
('247', '0', 'en', 'app', 'refund', 'Refund', '2025-12-02 19:21:39', '2025-12-02 19:37:32'),
('248', '0', 'en', 'app', 'via_pos', 'POS', '2025-12-02 19:21:39', '2025-12-02 19:37:32'),
('249', '0', 'en', 'app', 'via_shop', 'Shop', '2025-12-02 19:21:39', '2025-12-02 19:37:32'),
('250', '0', 'en', 'app', 'via_kiosk', 'Kiosk', '2025-12-02 19:21:39', '2025-12-02 19:37:32'),
('251', '0', 'en', 'auth', 'loginViaOneTimePassword', 'Login via One Time Password', '2025-12-02 19:21:39', '2025-12-02 19:37:33'),
('252', '0', 'en', 'auth', 'backToLogin', 'Back to Login', '2025-12-02 19:21:39', '2025-12-02 19:37:33'),
('253', '0', 'en', 'auth', 'sendOtp', 'Send OTP', '2025-12-02 19:21:39', '2025-12-02 19:37:33'),
('254', '0', 'en', 'auth', 'weveSentA6DigitCodeTo', 'We\'ve sent a 6-digit code to', '2025-12-02 19:21:39', '2025-12-02 19:37:33'),
('255', '0', 'en', 'auth', 'enter6DigitCode', 'Enter 6-digit code', '2025-12-02 19:21:39', '2025-12-02 19:37:33'),
('256', '0', 'en', 'auth', 'resendOtp', 'Resend OTP', '2025-12-02 19:21:39', '2025-12-02 19:37:33'),
('257', '0', 'en', 'auth', 'verifyOtp', 'Verify OTP', '2025-12-02 19:21:39', '2025-12-02 19:37:33'),
('258', '0', 'en', 'auth', 'goHome', 'Go To Home', '2025-12-02 19:21:39', '2025-12-02 19:37:33'),
('259', '0', 'en', 'auth', 'sending', 'Resend OTP successfully!', '2025-12-02 19:21:39', '2025-12-02 19:37:33'),
('260', '0', 'en', 'auth', 'newOtpSentSuccessfully', 'New OTP sent successfully!', '2025-12-02 19:21:39', '2025-12-02 19:37:33'),
('261', '0', 'en', 'auth', 'failedToResendOtp', 'Failed to resend OTP. Please try again.', '2025-12-02 19:21:39', '2025-12-02 19:37:33'),
('262', '0', 'en', 'auth', 'whoops', 'Whoops! Something went wrong.', '2025-12-02 19:21:39', '2025-12-02 19:37:33'),
('263', '0', 'en', 'auth', 'alreadyRegisteredLoginHere', 'Already registered? Login here', '2025-12-02 19:21:39', '2025-12-02 19:37:33'),
('264', '0', 'en', 'auth', 'signup', 'Signup', '2025-12-02 19:21:39', '2025-12-02 19:37:33'),
('265', '0', 'en', 'auth', 'loginVerificationCode', 'Login Verification Code', '2025-12-02 19:21:39', '2025-12-02 19:37:33'),
('266', '0', 'en', 'auth', 'youHaveRequestedToLogin', 'You have requested to login to your account. Please use the following verification code:', '2025-12-02 19:21:39', '2025-12-02 19:37:33'),
('267', '0', 'en', 'auth', 'thisCodeWillExpireIn', 'This code will expire in', '2025-12-02 19:21:39', '2025-12-02 19:37:33'),
('268', '0', 'en', 'auth', 'minutes', 'minutes', '2025-12-02 19:21:39', '2025-12-02 19:37:33'),
('269', '0', 'en', 'auth', 'ifYouDidNotRequestThisLoginCode', 'If you did not request this login code, please ignore this email and ensure your account is secure.', '2025-12-02 19:21:39', '2025-12-02 19:37:33'),
('270', '0', 'en', 'auth', 'bestRegards', 'Thank you', '2025-12-02 19:21:39', '2025-12-02 19:37:33'),
('271', '0', 'en', 'auth', 'failed', 'These credentials do not match our records.', '2025-12-02 19:21:39', '2025-12-02 19:37:33'),
('272', '0', 'en', 'auth', 'password', 'The provided password is incorrect.', '2025-12-02 19:21:39', '2025-12-02 19:37:33'),
('273', '0', 'en', 'auth', 'throttle', 'Too many login attempts. Please try again in :seconds seconds.', '2025-12-02 19:21:39', '2025-12-02 19:37:33'),
('274', '0', 'en', 'auth', 'areYouNew', 'Are you new here?', '2025-12-02 19:21:39', '2025-12-02 19:37:33'),
('275', '0', 'en', 'auth', 'createAccount', 'Create an account', '2025-12-02 19:21:39', '2025-12-02 19:37:33'),
('276', '0', 'en', 'auth', 'createAccountSignup', 'Create your :appName account', '2025-12-02 19:21:39', '2025-12-02 19:37:33'),
('277', '0', 'en', 'auth', 'team', 'Team', '2025-12-02 19:21:39', '2025-12-02 19:37:33'),
('278', '0', 'en', 'email', 'sendOrderBill', '{\"dear\":\"Dear\",\"thankYouForDining\":\"Thank you for dining with us at\",\"excitedToServe\":\"It was our pleasure to serve you!\",\"orderSummary\":\"Order Summary:\",\"order\":\"Order\",\"orderType\":\"Order Type\",\"satisfactionMessage\":\"We hope you enjoy your meal! If you have any questions or feedback, please do not hesitate to contact us.\",\"downloadReceipt\":\"Download Receipt PDF\",\"subject\":\"We Appreciate Your Order! Receipt #:order_number from :site_name\",\"itemName\":\"Item Name\",\"quantity\":\"Quantity\",\"price\":\"Price\",\"subtotal\":\"Subtotal\",\"total\":\"Total\",\"status\":\"Status\",\"branch\":\"Branch\"}', '2025-12-02 19:21:39', '2025-12-02 19:23:58'),
('279', '0', 'en', 'email', 'reservation', '{\"text4\":\"Your reservation has been submitted successfully.\",\"text2\":\"Reservation Details:\",\"action\":\"View Reservation\",\"reservationConfirmation\":\"Reservation Confirmation \",\"subject\":\"New Reservation Received: \",\"text1\":\"A new reservation has been made.\",\"text3\":\"Please prepare accordingly.\"}', '2025-12-02 19:21:39', '2025-12-02 19:23:58'),
('280', '0', 'en', 'email', 'newRestaurantSignup', '{\"subject\":\"New Restaurant Signup on :site_name! 🎉\",\"line1\":\"We\'re excited to inform you that a new restaurant has just signed up for :site_name! 🎉\",\"line2\":\"Restaurant Name: :restaurant_name\"}', '2025-12-02 19:21:39', '2025-12-02 19:23:58'),
('281', '0', 'en', 'email', 'testNotification', '{\"subject\":\"SMTP Test Email\",\"greeting\":\"Hello!\",\"line1\":\"This is a test email to verify your SMTP settings.\",\"line2\":\"If you received this email, your SMTP settings are configured correctly.\",\"line3\":\"Thank you for using our application!\"}', '2025-12-02 19:21:39', '2025-12-02 19:23:58'),
('282', '0', 'en', 'email', 'staffWelcome', '{\"subject\":\"Welcome to \",\"text1\":\"Your account is ready to go.\",\"text2\":\"Login Email: \",\"text3\":\"Password: \",\"action\":\"Click Here To Login\"}', '2025-12-02 19:21:39', '2025-12-02 19:23:58'),
('283', '0', 'en', 'email', 'subscriptionExpire', '{\"subject\":\"Subscription Expiration Notice\",\"greeting\":\"Hello :name!\",\"line1\":\"We are writing to inform you that your subscription for :restaurant_name has expired.\",\"line2\":\"The subscription expired on :date.\",\"action\":\"Renew Subscription\",\"line3\":\"Thank you for using our application!\"}', '2025-12-02 19:21:39', '2025-12-02 19:23:58'),
('284', '0', 'en', 'email', 'emailVerification', '{\"subject\":\"Email Verification Code\",\"text1\":\"Your email verification code is: \"}', '2025-12-02 19:21:39', '2025-12-02 19:23:58'),
('285', '0', 'en', 'email', 'trialLicenseExpPre', '{\"subject\":\"License Expiration Notice\",\"greeting\":\"Hello :name!\",\"line1\":\"Your trial license is about to expire on **:date**.\",\"line2\":\"Please take the necessary actions to renew it.\",\"action\":\"Go to Dashboard\",\"line3\":\"Thank you for using our application!\"}', '2025-12-02 19:21:39', '2025-12-02 19:23:58'),
('286', '0', 'en', 'email', 'offlineRequestReview', '{\"subject\":\"Request for Modification of Package - :site_name\",\"greeting\":\"Hello, :name!\",\"line1\":\"A request for an offline payment to change the package has been made.\",\"line2\":\"Restaurant name: **:restaurant_name**\",\"line3\":\"Package name: **:package_name**\",\"line4\":\"Package type: **:package_type**\",\"line5\":\"Please review the request and take the necessary action.\",\"line6\":\"Thank you for using our application!\"}', '2025-12-02 19:21:39', '2025-12-02 19:23:58'),
('287', '0', 'en', 'email', 'restaurantUpdatedPlan', '{\"subject\":\"Restaurant Plan Updated Successfully\",\"greeting\":\"Hello :name!\",\"line1\":\"A restaurant plan has been successfully updated.\",\"line2\":\"Here are the updated plan details:\",\"line4\":\"Thank you for using our service!\",\"action\":\"View Dashboard\"}', '2025-12-02 19:21:39', '2025-12-02 19:23:58'),
('288', '0', 'en', 'email', 'welcomeRestaurant', '{\"subject\":\"Welcome to :site_name! Let\'s Start Simplifying Your Restaurant Operations! 🍽️\",\"greeting\":\"Hello, :name!\",\"line1\":\"Congratulations and welcome to :site_name! We\'re thrilled to have your restaurant join our platform.\",\"line8\":\"Your login email is: :email\",\"line9\":\"Your password is: :password\",\"line10\":\"Your login URL is: :login_url\",\"line2\":\"What\'s next?\",\"line3\":\"Set Up Your Menu: Add your menu items, categories, and pricing with ease\",\"line4\":\"Create Your Profile: Share your restaurant\'s story, mission, and unique offerings\",\"line5\":\"Connect with Customers: Use our social media integration to boost your online presence\",\"line6\":\"Get Started Now: Start using :site_name today to streamline your operations and grow your business!\",\"line7\":\"Thank you for choosing :site_name! We\'re excited to be part of your success story.\"}', '2025-12-02 19:21:39', '2025-12-02 19:23:58'),
('289', '0', 'en', 'email', 'newOrder', '{\"subject\":\"New Order Received\",\"text1\":\"A new order has been placed. \",\"text2\":\"Order Details:\",\"text3\":\"Order Items: \",\"action\":\"View Order\",\"text4\":\"Please prepare the order accordingly.\"}', '2025-12-02 19:21:39', '2025-12-02 19:23:58'),
('290', '0', 'en', 'email', 'trialLicenseExp', '{\"subject\":\"Your Trial License Has Expired\",\"greeting\":\"Hello :name!\",\"line1\":\"We wanted to let you know that your trial license has expired.\",\"line2\":\"Restaurant Name: :restaurant_name\",\"action\":\"Go to Dashboard\"}', '2025-12-02 19:21:39', '2025-12-02 19:23:58'),
('291', '0', 'en', 'errors', '325', '{\"title\":\"Restaurant Not Found\",\"message\":\"We couldn\'t find a restaurant associated with this URL. The restaurant may have been removed or the URL might be incorrect.\",\"suggestion\":\"Please check the URL and try again, or use one of the options below to find what you\'re looking for.\",\"create_account\":\"Create New Restaurant Account\",\"find_url\":\"Find Your Restaurant URL\",\"need_help\":\"Need help? Contact our support team\"}', '2025-12-02 19:21:39', '2025-12-02 19:23:58'),
('292', '0', 'en', 'landing', 'getStarted', 'Get Started', '2025-12-02 19:21:39', '2025-12-02 19:23:59'),
('293', '0', 'en', 'landing', 'heroTitle', 'Restaurant POS software made simple!', '2025-12-02 19:21:39', '2025-12-02 19:23:59'),
('294', '0', 'en', 'landing', 'heroSubTitle', 'Easily manage orders, menus, and tables in one place. Save time, reduce errors, and grow your business faster', '2025-12-02 19:21:39', '2025-12-02 19:23:59'),
('295', '0', 'en', 'landing', 'startTrial', 'Start :days Days Trial', '2025-12-02 19:21:39', '2025-12-02 19:23:59'),
('296', '0', 'en', 'landing', 'getStartedFree', 'Get Started for Free', '2025-12-02 19:21:39', '2025-12-02 19:23:59'),
('297', '0', 'en', 'landing', 'featureSection1', 'Take Control of Your Restaurant', '2025-12-02 19:21:39', '2025-12-02 19:23:59'),
('298', '0', 'en', 'landing', 'featureTitle1', 'Streamline Order Management', '2025-12-02 19:21:39', '2025-12-02 19:23:59'),
('299', '0', 'en', 'landing', 'featureDescription1', 'Never lose track of an order again. All your customer orders—from dine-in to takeout—are organized and easily accessible in one place. Speed up service and keep your kitchen running smoothly.', '2025-12-02 19:21:39', '2025-12-02 19:23:59'),
('300', '0', 'en', 'landing', 'featureTitle2', 'Optimize Table Reservations', '2025-12-02 19:21:39', '2025-12-02 19:23:59'),
('301', '0', 'en', 'landing', 'featureDescription2', 'Maximize seating efficiency with real-time table tracking and reservations. Reduce wait times and ensure no table sits empty during peak hours, improving customer experience and turnover.', '2025-12-02 19:21:39', '2025-12-02 19:23:59'),
('302', '0', 'en', 'landing', 'featureTitle3', 'Effortless Menu Management', '2025-12-02 19:21:39', '2025-12-02 19:23:59'),
('303', '0', 'en', 'landing', 'featureDescription3', 'Easily add, edit, or remove items from your menu on the go. Highlight specials, update prices, and keep everything in sync across all platforms, so your staff and customers always see the latest offerings.', '2025-12-02 19:21:39', '2025-12-02 19:23:59'),
('304', '0', 'en', 'landing', 'featureSection2', 'Powerful Features Built to Elevate Your Restaurant Operations', '2025-12-02 19:21:39', '2025-12-02 19:23:59'),
('305', '0', 'en', 'landing', 'testimonialSection1', 'What Restaurant Owners Are Saying', '2025-12-02 19:21:39', '2025-12-02 19:23:59'),
('306', '0', 'en', 'landing', 'testimonial1', 'It has completely transformed how we operate. Managing orders, tables, and staff all from one platform has reduced our workload and made everything run more smoothly.', '2025-12-02 19:21:39', '2025-12-02 19:23:59'),
('307', '0', 'en', 'landing', 'testimonialName1', 'John Martin', '2025-12-02 19:21:39', '2025-12-02 19:23:59'),
('308', '0', 'en', 'landing', 'testimonialDesignation1', 'Owner of Riverbend Bistro', '2025-12-02 19:21:39', '2025-12-02 19:23:59'),
('309', '0', 'en', 'landing', 'testimonial2', 'The QR Code menu and payment integration have made a huge difference for us, especially after the pandemic. Customers love the ease, and we’ve seen faster table turnover.', '2025-12-02 19:21:39', '2025-12-02 19:23:59'),
('310', '0', 'en', 'landing', 'testimonialName2', 'Emily Thompson', '2025-12-02 19:21:39', '2025-12-02 19:23:59'),
('311', '0', 'en', 'landing', 'testimonialDesignation2', 'Manager at Lakeside Grill', '2025-12-02 19:21:39', '2025-12-02 19:23:59'),
('312', '0', 'en', 'landing', 'testimonial3', 'We\'re able to track every order in real time, keep our menu updated, and quickly manage payments. It\'s like having an extra set of hands in the restaurant.', '2025-12-02 19:21:39', '2025-12-02 19:23:59'),
('313', '0', 'en', 'landing', 'testimonialName3', 'Michael Scott', '2025-12-02 19:21:39', '2025-12-02 19:23:59'),
('314', '0', 'en', 'landing', 'testimonialDesignation3', 'Owner of Downtown Eats', '2025-12-02 19:21:39', '2025-12-02 19:23:59'),
('315', '0', 'en', 'landing', 'pricingTitle1', 'Simple, Transparent Pricing', '2025-12-02 19:21:39', '2025-12-02 19:23:59'),
('316', '0', 'en', 'landing', 'pricingSubTitle1', 'Get everything you need to manage your restaurant with one affordable plan.', '2025-12-02 19:21:39', '2025-12-02 19:23:59'),
('317', '0', 'en', 'landing', 'faqQues1', 'How can I contact customer support 1?', '2025-12-02 19:21:39', '2025-12-02 19:23:59'),
('318', '0', 'en', 'landing', 'faqAns1', 'Our dedicated support team is available via email to assist you with any questions or technical issues.', '2025-12-02 19:21:39', '2025-12-02 19:23:59'),
('319', '0', 'en', 'landing', 'faqQues2', 'How can I contact customer support?', '2025-12-02 19:21:39', '2025-12-02 19:23:59'),
('320', '0', 'en', 'landing', 'faqAns2', 'Our dedicated support team is available via email to assist you with any questions or technical issues.', '2025-12-02 19:21:39', '2025-12-02 19:23:59'),
('321', '0', 'en', 'landing', 'faqQues3', 'How can I contact customer support?', '2025-12-02 19:21:39', '2025-12-02 19:23:59'),
('322', '0', 'en', 'landing', 'faqAns3', 'Our dedicated support team is available via email to assist you with any questions or technical issues.', '2025-12-02 19:21:39', '2025-12-02 19:23:59'),
('323', '0', 'en', 'landing', 'faqQues4', 'How can I contact customer support?', '2025-12-02 19:21:39', '2025-12-02 19:23:59'),
('324', '0', 'en', 'landing', 'faqAns4', 'Our dedicated support team is available via email to assist you with any questions or technical issues.', '2025-12-02 19:21:39', '2025-12-02 19:23:59'),
('325', '0', 'en', 'landing', 'faqQues5', 'How can I contact customer support?', '2025-12-02 19:21:39', '2025-12-02 19:23:59'),
('326', '0', 'en', 'landing', 'faqAns5', 'Our dedicated support team is available via email to assist you with any questions or technical issues.', '2025-12-02 19:21:39', '2025-12-02 19:23:59'),
('327', '0', 'en', 'landing', 'faqQues6', 'How can I contact customer support?', '2025-12-02 19:21:39', '2025-12-02 19:23:59'),
('328', '0', 'en', 'landing', 'faqAns6', 'Our dedicated support team is available via email to assist you with any questions or technical issues.', '2025-12-02 19:21:39', '2025-12-02 19:23:59'),
('329', '0', 'en', 'landing', 'contactTitle', 'Contact', '2025-12-02 19:21:39', '2025-12-02 19:23:59'),
('330', '0', 'en', 'landing', 'addressTitle', 'Our address', '2025-12-02 19:21:39', '2025-12-02 19:23:59'),
('331', '0', 'en', 'landing', 'contactCompany', 'Bond Hobbs Inc', '2025-12-02 19:21:39', '2025-12-02 19:23:59'),
('332', '0', 'en', 'landing', 'contactAddress', '957 Jamie Station, Lamontborough, SD 27319-9459', '2025-12-02 19:21:39', '2025-12-02 19:23:59'),
('333', '0', 'en', 'landing', 'emailTitle', 'Our Email', '2025-12-02 19:21:39', '2025-12-02 19:23:59'),
('334', '0', 'en', 'landing', 'contactEmail', 'support@example.com', '2025-12-02 19:21:39', '2025-12-02 19:23:59'),
('335', '0', 'en', 'landing', 'faqTitle1', 'Your questions, answered', '2025-12-02 19:21:39', '2025-12-02 19:23:59'),
('336', '0', 'en', 'landing', 'faqSubTitle1', 'Answers to the most frequently asked questions.', '2025-12-02 19:21:39', '2025-12-02 19:23:59'),
('337', '0', 'en', 'landing', 'rightsReserved', 'All Rights Reserved.', '2025-12-02 19:21:39', '2025-12-02 19:23:59'),
('338', '0', 'en', 'landing', 'callTitle', 'Call Us', '2025-12-02 19:21:39', '2025-12-02 19:23:59'),
('339', '0', 'en', 'landing', 'features', 'Features', '2025-12-02 19:21:39', '2025-12-02 19:23:59'),
('340', '0', 'en', 'landing', 'pricing', 'Pricing', '2025-12-02 19:21:39', '2025-12-02 19:23:59'),
('341', '0', 'en', 'landing', 'faq', 'FAQs', '2025-12-02 19:21:39', '2025-12-02 19:23:59'),
('342', '0', 'en', 'landing', 'iconFeature1', 'QR Code Menu', '2025-12-02 19:21:39', '2025-12-02 19:23:59'),
('343', '0', 'en', 'landing', 'iconFeatureDesc1', 'Contactless Ordering Made Easy', '2025-12-02 19:21:39', '2025-12-02 19:23:59'),
('344', '0', 'en', 'landing', 'iconFeature2', 'Payment Gateway Integration', '2025-12-02 19:21:39', '2025-12-02 19:23:59'),
('345', '0', 'en', 'landing', 'iconFeatureDesc2', 'Fast, Secure, and Flexible Payments using Stripe and Razorpay', '2025-12-02 19:21:39', '2025-12-02 19:23:59'),
('346', '0', 'en', 'landing', 'iconFeature3', 'Staff Management', '2025-12-02 19:21:39', '2025-12-02 19:23:59'),
('347', '0', 'en', 'landing', 'iconFeatureDesc3', 'Separate login for every staff role with different permissions.', '2025-12-02 19:21:39', '2025-12-02 19:23:59'),
('348', '0', 'en', 'landing', 'iconFeature4', 'POS (Point of Sale)', '2025-12-02 19:21:39', '2025-12-02 19:23:59'),
('349', '0', 'en', 'landing', 'iconFeatureDesc4', 'Complete POS Integration', '2025-12-02 19:21:39', '2025-12-02 19:23:59'),
('350', '0', 'en', 'landing', 'iconFeature5', 'Custom Floor Plans', '2025-12-02 19:21:39', '2025-12-02 19:23:59'),
('351', '0', 'en', 'landing', 'iconFeatureDesc5', 'Design Your Restaurant\'s Layout', '2025-12-02 19:21:39', '2025-12-02 19:23:59'),
('352', '0', 'en', 'landing', 'iconFeature6', 'Kitchen Order Tickets (KOT)', '2025-12-02 19:21:39', '2025-12-02 19:23:59'),
('353', '0', 'en', 'landing', 'iconFeatureDesc6', 'Efficient Kitchen Workflow', '2025-12-02 19:21:39', '2025-12-02 19:23:59'),
('354', '0', 'en', 'landing', 'iconFeature7', 'Bill Printing', '2025-12-02 19:21:39', '2025-12-02 19:23:59'),
('355', '0', 'en', 'landing', 'iconFeatureDesc7', 'Quick and Accurate Billing', '2025-12-02 19:21:39', '2025-12-02 19:23:59'),
('356', '0', 'en', 'landing', 'iconFeature8', 'Reports', '2025-12-02 19:21:39', '2025-12-02 19:23:59'),
('357', '0', 'en', 'landing', 'iconFeatureDesc8', 'Data-Driven Decisions', '2025-12-02 19:21:39', '2025-12-02 19:23:59'),
('358', '0', 'en', 'landing', 'pricingHeading', 'All-in-One Plan', '2025-12-02 19:21:39', '2025-12-02 19:23:59'),
('359', '0', 'en', 'landing', 'pricingFeature1', 'Unlimited Orders & Reservations', '2025-12-02 19:21:39', '2025-12-02 19:23:59'),
('360', '0', 'en', 'landing', 'pricingFeature2', 'Menu Management', '2025-12-02 19:21:39', '2025-12-02 19:23:59'),
('361', '0', 'en', 'landing', 'pricingFeature3', 'QR Code Menu', '2025-12-02 19:21:39', '2025-12-02 19:23:59'),
('362', '0', 'en', 'landing', 'pricingFeature4', 'Payment Gateway Integration', '2025-12-02 19:21:39', '2025-12-02 19:23:59'),
('363', '0', 'en', 'landing', 'pricingFeature5', 'POS System', '2025-12-02 19:21:39', '2025-12-02 19:23:59'),
('364', '0', 'en', 'landing', 'pricingFeature6', 'Custom Floor Plans', '2025-12-02 19:21:39', '2025-12-02 19:23:59'),
('365', '0', 'en', 'landing', 'pricingFeature7', 'Staff Management', '2025-12-02 19:21:39', '2025-12-02 19:23:59'),
('366', '0', 'en', 'landing', 'pricingFeature8', 'Kitchen Order Tickets (KOT)', '2025-12-02 19:21:39', '2025-12-02 19:23:59'),
('367', '0', 'en', 'landing', 'pricingFeature9', 'Reports & Analytics', '2025-12-02 19:21:39', '2025-12-02 19:23:59'),
('368', '0', 'en', 'landing', 'pricingFeature10', 'Customer Support', '2025-12-02 19:21:39', '2025-12-02 19:23:59'),
('369', '0', 'en', 'landing', 'pricingFeature11', 'Multiple Branches', '2025-12-02 19:21:39', '2025-12-02 19:23:59'),
('370', '0', 'en', 'landing', 'pricingFeature12', 'Export to Excel', '2025-12-02 19:21:39', '2025-12-02 19:23:59'),
('371', '0', 'en', 'landing', 'pricingFeature13', 'Add Business Logo & Theme', '2025-12-02 19:21:39', '2025-12-02 19:23:59'),
('372', '0', 'en', 'landing', 'pricingFeature14', 'Table Reservations', '2025-12-02 19:21:39', '2025-12-02 19:23:59'),
('373', '0', 'en', 'landing', 'pricingFeature15', 'Payment Gateway Integration', '2025-12-02 19:21:39', '2025-12-02 19:23:59'),
('374', '0', 'en', 'menu', 'dashboard', 'Dashboard', '2025-12-02 19:21:39', '2025-12-02 19:23:59'),
('375', '0', 'en', 'menu', 'orders', 'Orders', '2025-12-02 19:21:39', '2025-12-02 19:23:59'),
('376', '0', 'en', 'menu', 'profile', 'Profile', '2025-12-02 19:21:39', '2025-12-02 19:23:59'),
('377', '0', 'en', 'menu', 'kot', 'KOT', '2025-12-02 19:21:39', '2025-12-02 19:23:59'),
('378', '0', 'en', 'menu', 'myAccount', 'My Account', '2025-12-02 19:21:39', '2025-12-02 19:23:59'),
('379', '0', 'en', 'menu', 'menu', 'Menu', '2025-12-02 19:21:39', '2025-12-02 19:23:59'),
('380', '0', 'en', 'menu', 'menus', 'Menus', '2025-12-02 19:21:39', '2025-12-02 19:23:59'),
('381', '0', 'en', 'menu', 'menuItem', 'Menu Items', '2025-12-02 19:21:39', '2025-12-02 19:23:59'),
('382', '0', 'en', 'menu', 'itemCategories', 'Item Categories', '2025-12-02 19:21:39', '2025-12-02 19:23:59'),
('383', '0', 'en', 'menu', 'modifierGroups', 'Modifier Groups', '2025-12-02 19:21:39', '2025-12-02 19:23:59'),
('384', '0', 'en', 'menu', 'itemModifiers', 'Item Modifiers', '2025-12-02 19:21:39', '2025-12-02 19:23:59'),
('385', '0', 'en', 'menu', 'tables', 'Tables', '2025-12-02 19:21:39', '2025-12-02 19:23:59'),
('386', '0', 'en', 'menu', 'areas', 'Areas', '2025-12-02 19:21:39', '2025-12-02 19:23:59'),
('387', '0', 'en', 'menu', 'qrCodes', 'QR Codes', '2025-12-02 19:21:39', '2025-12-02 19:23:59'),
('388', '0', 'en', 'menu', 'waiterRequest', 'Waiter Requests', '2025-12-02 19:21:39', '2025-12-02 19:23:59'),
('389', '0', 'en', 'menu', 'reservations', 'Reservations', '2025-12-02 19:21:39', '2025-12-02 19:23:59'),
('390', '0', 'en', 'menu', 'pos', 'POS', '2025-12-02 19:21:39', '2025-12-02 19:23:59'),
('391', '0', 'en', 'menu', 'customers', 'Customers', '2025-12-02 19:21:39', '2025-12-02 19:23:59'),
('392', '0', 'en', 'menu', 'staff', 'Staff', '2025-12-02 19:21:39', '2025-12-02 19:23:59'),
('393', '0', 'en', 'menu', 'deliveryExecutive', 'Delivery Executive', '2025-12-02 19:21:39', '2025-12-02 19:23:59'),
('394', '0', 'en', 'menu', 'expenses', 'Expenses', '2025-12-02 19:21:39', '2025-12-02 19:23:59'),
('395', '0', 'en', 'menu', 'expensesCategory', 'Expense Categories', '2025-12-02 19:21:39', '2025-12-02 19:23:59'),
('396', '0', 'en', 'menu', 'payments', 'Payments', '2025-12-02 19:21:39', '2025-12-02 19:23:59'),
('397', '0', 'en', 'menu', 'duePayments', 'Due Payments', '2025-12-02 19:21:39', '2025-12-02 19:23:59'),
('398', '0', 'en', 'menu', 'reports', 'Reports', '2025-12-02 19:21:39', '2025-12-02 19:23:59'),
('399', '0', 'en', 'menu', 'salesReport', 'Sales Report', '2025-12-02 19:21:39', '2025-12-02 19:23:59'),
('400', '0', 'en', 'menu', 'itemReport', 'Item Report', '2025-12-02 19:21:39', '2025-12-02 19:23:59'),
('401', '0', 'en', 'menu', 'categoryReport', 'Category Report', '2025-12-02 19:21:39', '2025-12-02 19:23:59'),
('402', '0', 'en', 'menu', 'deliveryAppReport', 'Delivery App Report', '2025-12-02 19:21:39', '2025-12-02 19:23:59'),
('403', '0', 'en', 'menu', 'expenseReports', 'Expense Reports', '2025-12-02 19:21:39', '2025-12-02 19:23:59'),
('404', '0', 'en', 'menu', 'settings', 'Settings', '2025-12-02 19:21:39', '2025-12-02 19:23:59'),
('405', '0', 'en', 'menu', 'customerSite', 'Customer Site', '2025-12-02 19:21:39', '2025-12-02 19:23:59'),
('406', '0', 'en', 'menu', 'packages', 'Packages', '2025-12-02 19:21:39', '2025-12-02 19:23:59'),
('407', '0', 'en', 'menu', 'billing', 'Billing', '2025-12-02 19:21:39', '2025-12-02 19:23:59'),
('408', '0', 'en', 'menu', 'offlineRequest', 'Offline Request', '2025-12-02 19:21:39', '2025-12-02 19:23:59'),
('409', '0', 'en', 'menu', 'landingSites', 'Landing Site', '2025-12-02 19:21:39', '2025-12-02 19:23:59'),
('410', '0', 'en', 'menu', 'myAddresses', 'My Addresses', '2025-12-02 19:21:39', '2025-12-02 19:23:59'),
('411', '0', 'en', 'menu', 'appUpdate', 'App Update', '2025-12-02 19:21:39', '2025-12-02 19:23:59'),
('412', '0', 'en', 'menu', 'goBackToCustomModules', 'Go Back to Custom Modules', '2025-12-02 19:21:39', '2025-12-02 19:23:59'),
('413', '0', 'en', 'menu', 'table', 'Table', '2025-12-02 19:21:39', '2025-12-02 19:23:59'),
('414', '0', 'en', 'menu', 'myOrders', 'My Orders', '2025-12-02 19:21:39', '2025-12-02 19:23:59'),
('415', '0', 'en', 'menu', 'newOrder', 'New Order', '2025-12-02 19:21:39', '2025-12-02 19:23:59'),
('416', '0', 'en', 'menu', 'signOut', 'Sign Out', '2025-12-02 19:21:39', '2025-12-02 19:23:59'),
('417', '0', 'en', 'menu', 'home', 'Home', '2025-12-02 19:21:39', '2025-12-02 19:23:59'),
('418', '0', 'en', 'menu', 'about', 'About', '2025-12-02 19:21:39', '2025-12-02 19:23:59'),
('419', '0', 'en', 'menu', 'contact', 'Contact', '2025-12-02 19:21:39', '2025-12-02 19:23:59'),
('420', '0', 'en', 'menu', 'bookTable', 'Book a Table', '2025-12-02 19:21:39', '2025-12-02 19:23:59'),
('421', '0', 'en', 'menu', 'myBookings', 'My Bookings', '2025-12-02 19:21:39', '2025-12-02 19:23:59'),
('422', '0', 'en', 'menu', 'users', 'Users', '2025-12-02 19:21:39', '2025-12-02 19:23:59'),
('423', '0', 'en', 'menu', 'vendor', 'Vendor', '2025-12-02 19:21:39', '2025-12-02 19:23:59'),
('424', '0', 'en', 'menu', 'openMainMenu', 'Open Main Menu', '2025-12-02 19:21:39', '2025-12-02 19:23:59'),
('425', '0', 'en', 'menu', 'superadminPaymentSetting', 'Payment Settings', '2025-12-02 19:21:39', '2025-12-02 19:23:59'),
('426', '0', 'en', 'menu', 'adminPaymentSetting', 'Restaurant Payment Settings', '2025-12-02 19:21:39', '2025-12-02 19:23:59'),
('427', '0', 'en', 'menu', 'customerDisplay', 'Customer Display', '2025-12-02 19:21:39', '2025-12-02 19:23:59'),
('428', '0', 'en', 'messages', 'noBranchFound', 'No branch found. Please create a branch first.', '2025-12-02 19:21:39', '2025-12-02 19:24:00'),
('429', '0', 'en', 'messages', 'noItemAdded', 'No record found', '2025-12-02 19:21:39', '2025-12-02 19:24:00'),
('430', '0', 'en', 'messages', 'resetPassword', 'Reset Password', '2025-12-02 19:21:39', '2025-12-02 19:24:00'),
('431', '0', 'en', 'messages', 'accountRecoveryAuthMessage', 'Please confirm access to your account by entering the authentication code provided by your authenticator application.', '2025-12-02 19:21:39', '2025-12-02 19:24:00'),
('432', '0', 'en', 'messages', 'accountRecoveryCode', 'Please confirm access to your account by entering one of your emergency recovery codes.', '2025-12-02 19:21:39', '2025-12-02 19:24:00'),
('433', '0', 'en', 'messages', 'addToHomeScreen', 'and then Add to Home Screen', '2025-12-02 19:21:39', '2025-12-02 19:24:00'),
('434', '0', 'en', 'messages', 'noCustomerFound', 'No Customer Found', '2025-12-02 19:21:39', '2025-12-02 19:24:00'),
('435', '0', 'en', 'messages', 'noOfflinePaymentRequestFound', 'No offline payment request found.', '2025-12-02 19:21:39', '2025-12-02 19:24:00'),
('436', '0', 'en', 'messages', 'noInvoiceFound', 'No invoice found.', '2025-12-02 19:21:39', '2025-12-02 19:24:00'),
('437', '0', 'en', 'messages', 'cronIsNotRunningOnboarding', 'Please check to ensure that it is properly configured. This message will automatically disappear once the cron job is functioning correctly again', '2025-12-02 19:21:39', '2025-12-02 19:24:00'),
('438', '0', 'en', 'messages', 'cronIsNotRunning', 'It appears that your cron job has not run in the last 48 hours. Please check to ensure that it is properly configured. This message will automatically disappear once the cron job is functioning correctly again', '2025-12-02 19:21:39', '2025-12-02 19:24:00'),
('439', '0', 'en', 'messages', 'cronJobSetting', 'Cron Job Setting', '2025-12-02 19:21:39', '2025-12-02 19:24:00'),
('440', '0', 'en', 'messages', 'noCustomMenu', 'No Custom Menu Found', '2025-12-02 19:21:39', '2025-12-02 19:24:00'),
('441', '0', 'en', 'messages', 'confrmDeleteDyanamicMenu', 'Are you sure you want to delete this Custom Menu', '2025-12-02 19:21:39', '2025-12-02 19:24:00'),
('442', '0', 'en', 'messages', 'transferProgress', 'Transfer Progress', '2025-12-02 19:21:39', '2025-12-02 19:24:00'),
('443', '0', 'en', 'messages', 'noTimeSlot', 'No time slot available. Choose a different date or meal time.', '2025-12-02 19:21:39', '2025-12-02 19:24:00'),
('444', '0', 'en', 'messages', 'fileUploaded', 'File uploaded successfully!', '2025-12-02 19:21:39', '2025-12-02 19:24:00'),
('445', '0', 'en', 'messages', 'phoneCodeDetected', 'Phone code :code detected based on your location', '2025-12-02 19:21:39', '2025-12-02 19:24:00'),
('446', '0', 'en', 'messages', 'noTableReserved', 'No table is reserved.', '2025-12-02 19:21:39', '2025-12-02 19:24:00'),
('447', '0', 'en', 'messages', 'noModifierGroupFound', 'No modifier group found.', '2025-12-02 19:21:39', '2025-12-02 19:24:00'),
('448', '0', 'en', 'messages', 'noItemCategoryAdded', 'No item category added', '2025-12-02 19:21:39', '2025-12-02 19:24:00'),
('449', '0', 'en', 'messages', 'noItemModifierFound', 'No item modifier found.', '2025-12-02 19:21:39', '2025-12-02 19:24:00'),
('450', '0', 'en', 'messages', 'smtpSuccess', 'Your SMTP details are correct', '2025-12-02 19:21:39', '2025-12-02 19:24:00'),
('451', '0', 'en', 'messages', 'smtpError', 'Your SMTP details are not correct. Please update to the correct one.<br><br>Proper SMTP configuration is essential for sending emails such as order confirmations, password resets, and notifications to customers and staff. Without correct SMTP settings, your restaurant management system cannot communicate via email.', '2025-12-02 19:21:39', '2025-12-02 19:24:00'),
('452', '0', 'en', 'messages', 'noCurrencyFound', 'No currency found.', '2025-12-02 19:21:39', '2025-12-02 19:24:00'),
('453', '0', 'en', 'messages', 'upgradeRequired', 'Upgrade Required.', '2025-12-02 19:21:39', '2025-12-02 19:24:00'),
('454', '0', 'en', 'messages', 'welcomeToUpgrade', 'Please upgrade your license to access premium features and enhance your restaurant management experience.', '2025-12-02 19:21:39', '2025-12-02 19:24:00'),
('455', '0', 'en', 'messages', 'protectedRole', 'Default role can not be deleted.', '2025-12-02 19:21:39', '2025-12-02 19:24:00'),
('456', '0', 'en', 'messages', 'copyPermissionsFrom', 'Copy permissions from role (optional)', '2025-12-02 19:21:39', '2025-12-02 19:24:00'),
('457', '0', 'en', 'messages', 'taxApplicableInfo', 'All taxes will be applicable on creating order.', '2025-12-02 19:21:39', '2025-12-02 19:24:00'),
('458', '0', 'en', 'messages', 'noChargeFound', 'No charge found.', '2025-12-02 19:21:39', '2025-12-02 19:24:00'),
('459', '0', 'en', 'messages', 'noRecordFound', 'No record found', '2025-12-02 19:21:39', '2025-12-02 19:24:00'),
('460', '0', 'en', 'messages', 'noRestaurantFound', 'No restaurant found.', '2025-12-02 19:21:39', '2025-12-02 19:24:00'),
('461', '0', 'en', 'messages', 'noPackageFound', 'No package found.', '2025-12-02 19:21:39', '2025-12-02 19:24:00'),
('462', '0', 'en', 'messages', 'sessionDriverTooltip', 'This option controls the session \"driver\" that will be used on requests. Database driver gives you more control. * Changing the driver will make you logout.', '2025-12-02 19:21:39', '2025-12-02 19:24:00'),
('463', '0', 'en', 'messages', 'noUserFound', 'No user found.', '2025-12-02 19:21:39', '2025-12-02 19:24:00'),
('464', '0', 'en', 'messages', 'areYouSureDeleteUser', 'Are you sure you want to delete this user?', '2025-12-02 19:21:39', '2025-12-02 19:24:00'),
('465', '0', 'en', 'messages', 'noPaymentFound', 'No Payment Found', '2025-12-02 19:21:39', '2025-12-02 19:24:00'),
('466', '0', 'en', 'messages', 'noOfflinePaymentMethodFound', 'No offline payment method found.', '2025-12-02 19:21:39', '2025-12-02 19:24:00'),
('467', '0', 'en', 'messages', 'noExpensesAdded', 'No Expenses Found', '2025-12-02 19:21:39', '2025-12-02 19:24:00'),
('468', '0', 'en', 'messages', 'frontHeroHeading', 'Ready to Satisfy Your Cravings? Place Your Order Now!', '2025-12-02 19:21:39', '2025-12-02 19:24:00'),
('469', '0', 'en', 'messages', 'noMenuAdded', 'No menu added!', '2025-12-02 19:21:39', '2025-12-02 19:24:00'),
('470', '0', 'en', 'messages', 'cartEmpty', 'Your cart is empty 🙁', '2025-12-02 19:21:39', '2025-12-02 19:24:00'),
('471', '0', 'en', 'messages', 'loginForReservation', 'Login to make reservation', '2025-12-02 19:21:39', '2025-12-02 19:24:00'),
('472', '0', 'en', 'messages', 'orderPlacedSuccess', 'Order placed successfully!', '2025-12-02 19:21:39', '2025-12-02 19:24:00'),
('473', '0', 'en', 'messages', 'noFeatures', 'No additional features found.', '2025-12-02 19:21:39', '2025-12-02 19:24:00'),
('474', '0', 'en', 'messages', 'noMemberFound', 'No member found.', '2025-12-02 19:21:39', '2025-12-02 19:24:00'),
('475', '0', 'en', 'messages', 'waitingTodayOrder', ' Waiting for today\'s first order &#x23F3;', '2025-12-02 19:21:39', '2025-12-02 19:24:00'),
('476', '0', 'en', 'messages', 'showHidePurchaseCode', 'Show/Hide Purchase Code', '2025-12-02 19:21:39', '2025-12-02 19:24:00'),
('477', '0', 'en', 'messages', 'changePurchaseCode', 'Change Purchase Code', '2025-12-02 19:21:39', '2025-12-02 19:24:00'),
('478', '0', 'en', 'messages', 'sweetAlertTitle', 'Are you sure?', '2025-12-02 19:21:39', '2025-12-02 19:24:00'),
('479', '0', 'en', 'messages', 'removeFileText', 'You will not be able to recover the deleted file!', '2025-12-02 19:21:39', '2025-12-02 19:24:00'),
('480', '0', 'en', 'messages', 'confirmDelete', 'Yes, delete it!', '2025-12-02 19:21:39', '2025-12-02 19:24:00'),
('481', '0', 'en', 'messages', 'noActiveKotPrinterConfigured', 'No active KOT printer configured.', '2025-12-02 19:21:39', '2025-12-02 19:24:00'),
('482', '0', 'en', 'messages', 'paymentDoneSuccessfully', 'Payment done successfully', '2025-12-02 19:21:39', '2025-12-02 19:24:00'),
('483', '0', 'en', 'messages', 'noUserFoundWithThisEmailAddress', 'No user found with this email address.', '2025-12-02 19:21:39', '2025-12-02 19:24:00'),
('484', '0', 'en', 'messages', 'otpSentToYourEmailAddress', 'OTP sent to your email address.', '2025-12-02 19:21:39', '2025-12-02 19:24:00'),
('485', '0', 'en', 'messages', 'otpSentToYourPhoneNumber', 'OTP sent to your email address and phone number: :phone', '2025-12-02 19:21:39', '2025-12-02 19:24:00'),
('486', '0', 'en', 'messages', 'invalidOrExpiredOtp', 'Invalid or expired OTP.', '2025-12-02 19:21:39', '2025-12-02 19:24:00'),
('487', '0', 'en', 'messages', 'userNotFound', 'User not found.', '2025-12-02 19:21:39', '2025-12-02 19:24:00'),
('488', '0', 'en', 'messages', 'otpResentSuccessfully', 'OTP resent successfully.', '2025-12-02 19:21:39', '2025-12-02 19:24:00'),
('489', '0', 'en', 'messages', 'planUpgraded', 'Plan upgraded successfully!', '2025-12-02 19:21:39', '2025-12-02 19:24:00'),
('490', '0', 'en', 'messages', 'paymentSuccess', 'Payment successful', '2025-12-02 19:21:39', '2025-12-02 19:24:00'),
('491', '0', 'en', 'messages', 'paymentError', 'Payment failed. Please try again.', '2025-12-02 19:21:39', '2025-12-02 19:24:00'),
('492', '0', 'en', 'messages', 'planNotFound', 'Plan not found.', '2025-12-02 19:21:39', '2025-12-02 19:24:00'),
('493', '0', 'en', 'messages', 'packageNotFound', 'Package not found.', '2025-12-02 19:21:39', '2025-12-02 19:24:00'),
('494', '0', 'en', 'messages', 'invalidFlutterwavePlan', 'Invalid Flutterwave plan ID.', '2025-12-02 19:21:39', '2025-12-02 19:24:00'),
('495', '0', 'en', 'messages', 'flutterwavePlanNotFound', 'Flutterwave plan not found.', '2025-12-02 19:21:39', '2025-12-02 19:24:00'),
('496', '0', 'en', 'messages', 'transactionReferenceMissing', 'Transaction reference is missing.', '2025-12-02 19:21:39', '2025-12-02 19:24:00'),
('497', '0', 'en', 'messages', 'invalidTransactionReference', 'Invalid transaction reference.', '2025-12-02 19:21:39', '2025-12-02 19:24:00'),
('498', '0', 'en', 'messages', 'paymentVerificationFailed', 'Payment verification failed.', '2025-12-02 19:21:39', '2025-12-02 19:24:00'),
('499', '0', 'en', 'messages', 'FlutterwavePaymentError', 'Flutterwave payment error: :message', '2025-12-02 19:21:39', '2025-12-02 19:24:00'),
('500', '0', 'en', 'messages', 'deleteSuccess', 'Deleted successfully.', '2025-12-02 19:21:39', '2025-12-02 19:24:00'),
('501', '0', 'en', 'messages', 'invalidStripePlan', 'Invalid Stripe Plan.', '2025-12-02 19:21:39', '2025-12-02 19:24:00'),
('502', '0', 'en', 'messages', 'paymentFailed', 'Payment failed, please try again', '2025-12-02 19:21:39', '2025-12-02 19:24:00'),
('503', '0', 'en', 'messages', 'profileUpdated', 'Profile Updated Successfully', '2025-12-02 19:21:39', '2025-12-02 19:24:00'),
('504', '0', 'en', 'messages', 'settingsUpdated', 'Settings updated successfully!', '2025-12-02 19:21:39', '2025-12-02 19:24:00'),
('505', '0', 'en', 'messages', 'smtpSecureEnabled', 'For Gmail SMTP configuration, please follow the following link ', '2025-12-02 19:21:39', '2025-12-02 19:24:00'),
('506', '0', 'en', 'messages', 'testEmailSuccess', 'Email sent successfully!', '2025-12-02 19:21:39', '2025-12-02 19:24:00'),
('507', '0', 'en', 'messages', 'noBranchCoordinates', 'Delivery settings require branch coordinates. Please update your branch location first.', '2025-12-02 19:21:39', '2025-12-02 19:24:00'),
('508', '0', 'en', 'messages', 'noSubscriptionFound', 'No subscription found.', '2025-12-02 19:21:39', '2025-12-02 19:24:00'),
('509', '0', 'en', 'messages', 'subscriptionCancelled', 'Subscription cancelled successfully!', '2025-12-02 19:21:39', '2025-12-02 19:24:00'),
('510', '0', 'en', 'messages', 'invalidLicenseDate', 'Invalid license date. Please check your purchase code.', '2025-12-02 19:21:39', '2025-12-02 19:24:00'),
('511', '0', 'en', 'messages', 'cancelFailed', 'Cancelation failed', '2025-12-02 19:21:39', '2025-12-02 19:24:00'),
('512', '0', 'en', 'messages', 'errorOccurred', 'An error occurred. Please try again later.', '2025-12-02 19:21:39', '2025-12-02 19:24:00'),
('513', '0', 'en', 'messages', 'subscriptionStatusUpdate', 'Subscription status updated in our system. Please log in to your PayFast account to complete the cancellation.', '2025-12-02 19:21:39', '2025-12-02 19:24:00'),
('514', '0', 'en', 'messages', 'roleCannotBeUpdated', 'This role cannot be updated.', '2025-12-02 19:21:39', '2025-12-02 19:24:00'),
('515', '0', 'en', 'messages', 'roleNotFound', 'Role not found.', '2025-12-02 19:21:39', '2025-12-02 19:24:00'),
('516', '0', 'en', 'messages', 'roleUpdatedSuccessfully', 'Role updated successfully.', '2025-12-02 19:21:39', '2025-12-02 19:24:00'),
('517', '0', 'en', 'messages', 'errorUpdatingRole', 'Error updating role: ', '2025-12-02 19:21:39', '2025-12-02 19:24:00'),
('518', '0', 'en', 'messages', 'roleCreatedSuccessfully', 'Role created successfully!', '2025-12-02 19:21:39', '2025-12-02 19:24:00'),
('519', '0', 'en', 'messages', 'errorCreatingRole', 'Error creating role: ', '2025-12-02 19:21:39', '2025-12-02 19:24:00'),
('520', '0', 'en', 'messages', 'roleCannotBeDeleted', 'This role cannot be deleted.', '2025-12-02 19:21:39', '2025-12-02 19:24:00'),
('521', '0', 'en', 'messages', 'roleDeletedAndUsersReassigned', 'Role deleted and users reassigned successfully.', '2025-12-02 19:21:39', '2025-12-02 19:24:00'),
('522', '0', 'en', 'messages', 'errorDeletingRole', 'Error deleting role: ', '2025-12-02 19:21:39', '2025-12-02 19:24:00'),
('523', '0', 'en', 'messages', 'taxDeleted', 'Tax deleted successfully.', '2025-12-02 19:21:39', '2025-12-02 19:24:00'),
('524', '0', 'en', 'messages', 'orderTypeDeleted', 'Order type deleted successfully!', '2025-12-02 19:21:39', '2025-12-02 19:24:00'),
('525', '0', 'en', 'messages', 'deliveryPlatformUpdated', 'Delivery platform updated successfully!', '2025-12-02 19:21:39', '2025-12-02 19:24:00'),
('526', '0', 'en', 'messages', 'deliveryPlatformAdded', 'Delivery platform added successfully!', '2025-12-02 19:21:39', '2025-12-02 19:24:00'),
('527', '0', 'en', 'messages', 'demoDataCannotBeDeleted', 'Demo data cannot be deleted.', '2025-12-02 19:21:39', '2025-12-02 19:24:00'),
('528', '0', 'en', 'messages', 'platformNotFound', 'Platform not found.', '2025-12-02 19:21:39', '2025-12-02 19:24:00'),
('529', '0', 'en', 'messages', 'deliveryPlatformDeleted', 'Delivery platform deleted successfully!', '2025-12-02 19:21:39', '2025-12-02 19:24:00'),
('530', '0', 'en', 'messages', 'activated', 'activated', '2025-12-02 19:21:39', '2025-12-02 19:24:00'),
('531', '0', 'en', 'messages', 'deactivated', 'deactivated', '2025-12-02 19:21:39', '2025-12-02 19:24:00'),
('532', '0', 'en', 'messages', 'deliveryPlatformStatusUpdated', 'Delivery platform :status successfully!', '2025-12-02 19:21:39', '2025-12-02 19:24:00'),
('533', '0', 'en', 'messages', 'logoRemoved', 'Image Removed Successfully', '2025-12-02 19:21:39', '2025-12-02 19:24:00'),
('534', '0', 'en', 'messages', 'defaultPrinterExists', 'Default printer already exists.', '2025-12-02 19:21:39', '2025-12-02 19:24:00'),
('535', '0', 'en', 'messages', 'kotConflict', 'The selected KOTs are already assigned to another printer. Please choose different KOTs.', '2025-12-02 19:21:39', '2025-12-02 19:24:00'),
('536', '0', 'en', 'messages', 'orderConflict', 'The selected orders are already assigned to another printer. Please choose different orders.', '2025-12-02 19:21:39', '2025-12-02 19:24:00'),
('537', '0', 'en', 'messages', 'printerAdded', 'Printer added successfully!', '2025-12-02 19:21:39', '2025-12-02 19:24:00'),
('538', '0', 'en', 'messages', 'printerUpdated', 'Printer updated successfully!', '2025-12-02 19:21:39', '2025-12-02 19:24:00'),
('539', '0', 'en', 'messages', 'cannotDeleteDefaultPrinter', 'You Cannot Delete Default Printer', '2025-12-02 19:21:39', '2025-12-02 19:24:00'),
('540', '0', 'en', 'messages', 'printerDeleted', 'Printer deleted successfully!', '2025-12-02 19:21:39', '2025-12-02 19:24:00'),
('541', '0', 'en', 'messages', 'cannotUpdateDefaultPrinterStatus', 'You cannot update the status of the default printer.', '2025-12-02 19:21:39', '2025-12-02 19:24:00'),
('542', '0', 'en', 'messages', 'printerStatusUpdated', 'Printer status updated successfully!', '2025-12-02 19:21:39', '2025-12-02 19:24:00'),
('543', '0', 'en', 'messages', 'branchKeyReset', 'Branch key reset successfully!', '2025-12-02 19:21:39', '2025-12-02 19:24:00'),
('544', '0', 'en', 'messages', 'currencyCannotBeDeleted', 'Currency cannot be deleted', '2025-12-02 19:21:39', '2025-12-02 19:24:00'),
('545', '0', 'en', 'messages', 'currencyIsUsedInPackages', 'Currency is used in some packages. First change the currency for those packages or delete the packages with this currency.', '2025-12-02 19:21:39', '2025-12-02 19:24:00'),
('546', '0', 'en', 'messages', 'currencyDeleted', 'Currency deleted successfully!', '2025-12-02 19:21:39', '2025-12-02 19:24:00'),
('547', '0', 'en', 'messages', 'reasonDeleted', 'Reason deleted successfully.', '2025-12-02 19:21:39', '2025-12-02 19:24:00'),
('548', '0', 'en', 'messages', 'paymentQrCodeRequired', 'Payment QR Code is required.', '2025-12-02 19:21:39', '2025-12-02 19:24:00'),
('549', '0', 'en', 'messages', 'chooseEndTimeLater', 'Choose and end time later than the start time.', '2025-12-02 19:21:39', '2025-12-02 19:24:00'),
('550', '0', 'en', 'messages', 'licenseUpgraded', 'License upgraded successfully.', '2025-12-02 19:21:39', '2025-12-02 19:24:00'),
('551', '0', 'en', 'messages', 'invalidRequest', 'Invalid Request', '2025-12-02 19:21:39', '2025-12-02 19:24:00'),
('552', '0', 'en', 'messages', 'branchLimitReached', 'Branch limit reached, can\'t add more with the current package.', '2025-12-02 19:21:39', '2025-12-02 19:24:00'),
('553', '0', 'en', 'messages', 'branchDeleted', 'Branch deleted successfully.', '2025-12-02 19:21:39', '2025-12-02 19:24:00'),
('554', '0', 'en', 'messages', 'cloneCategoriesRequired', 'Clone categories are required.', '2025-12-02 19:21:39', '2025-12-02 19:24:00'),
('555', '0', 'en', 'messages', 'cloneMenuRequired', 'Clone menu is required.', '2025-12-02 19:21:39', '2025-12-02 19:24:00'),
('556', '0', 'en', 'messages', 'cloneMenuItemRequired', 'Clone menu item is required.', '2025-12-02 19:21:39', '2025-12-02 19:24:00'),
('557', '0', 'en', 'messages', 'branchAdded', 'New branch added.', '2025-12-02 19:21:39', '2025-12-02 19:24:00'),
('558', '0', 'en', 'messages', 'branchUpdated', 'Branch updated successfully.', '2025-12-02 19:21:39', '2025-12-02 19:24:00'),
('559', '0', 'en', 'messages', 'chargeDeleted', 'Charge deleted successfully!', '2025-12-02 19:21:39', '2025-12-02 19:24:00'),
('560', '0', 'en', 'messages', 'minimumPartySizeRequired', 'Minimum reservation is for :size people.', '2025-12-02 19:21:39', '2025-12-02 19:24:00'),
('561', '0', 'en', 'messages', 'reservationConfirmed', 'Your reservation is confirmed.', '2025-12-02 19:21:39', '2025-12-02 19:24:00'),
('562', '0', 'en', 'messages', 'loginRequired', 'Login required, Please login to continue.', '2025-12-02 19:21:39', '2025-12-02 19:24:00'),
('563', '0', 'en', 'messages', 'addressUpdated', 'Address updated successfully!', '2025-12-02 19:21:39', '2025-12-02 19:24:00'),
('564', '0', 'en', 'messages', 'addressAdded', 'Address added successfully!', '2025-12-02 19:21:39', '2025-12-02 19:24:00'),
('565', '0', 'en', 'messages', 'addressDeleted', 'Address deleted successfully!', '2025-12-02 19:21:39', '2025-12-02 19:24:00'),
('566', '0', 'en', 'messages', 'CartAddPermissionDenied', 'Permission denied. Please contact the restaurant.', '2025-12-02 19:21:39', '2025-12-02 19:24:00'),
('567', '0', 'en', 'messages', 'orderSaved', 'Order placed successfully.', '2025-12-02 19:21:39', '2025-12-02 19:24:00'),
('568', '0', 'en', 'messages', 'printerNotConnected', ' Printer Not Connected', '2025-12-02 19:21:39', '2025-12-02 19:24:00'),
('569', '0', 'en', 'messages', 'invalidPaymentMethod', 'Invalid payment method', '2025-12-02 19:21:39', '2025-12-02 19:24:00'),
('570', '0', 'en', 'messages', 'notHavePermission', 'Access denied. Please reload page and try again.', '2025-12-02 19:21:39', '2025-12-02 19:24:00'),
('571', '0', 'en', 'messages', 'tipAddedSuccessfully', 'Tip added successfully', '2025-12-02 19:21:39', '2025-12-02 19:24:00'),
('572', '0', 'en', 'messages', 'tipRemovedSuccessfully', 'Tip removed successfully', '2025-12-02 19:21:39', '2025-12-02 19:24:00'),
('573', '0', 'en', 'messages', 'waiterRequestCompleted', 'Request completed successfully!', '2025-12-02 19:21:39', '2025-12-02 19:24:00'),
('574', '0', 'en', 'messages', 'orderCanceled', 'Order canceled successfully!', '2025-12-02 19:21:39', '2025-12-02 19:24:00'),
('575', '0', 'en', 'messages', 'orderItemDeleted', 'Order item deleted successfully!', '2025-12-02 19:21:39', '2025-12-02 19:24:00'),
('576', '0', 'en', 'messages', 'billedSuccess', 'Order Billed Successfully.', '2025-12-02 19:21:39', '2025-12-02 19:24:00'),
('577', '0', 'en', 'messages', 'orderNotFound', 'Order not found', '2025-12-02 19:21:39', '2025-12-02 19:24:00'),
('578', '0', 'en', 'messages', 'statusUpdated', 'Status updated successfully!', '2025-12-02 19:21:39', '2025-12-02 19:24:00'),
('579', '0', 'en', 'messages', 'orderDeleted', 'Order deleted successfully!', '2025-12-02 19:21:39', '2025-12-02 19:24:00'),
('580', '0', 'en', 'messages', 'deliveryExecutiveAssigned', 'Delivery executive assigned!', '2025-12-02 19:21:39', '2025-12-02 19:24:00'),
('581', '0', 'en', 'messages', 'waiterUpdated', 'Waiter Updated successfully!', '2025-12-02 19:21:39', '2025-12-02 19:24:00'),
('582', '0', 'en', 'messages', 'faqUpdated', 'FAQ updated successfully!', '2025-12-02 19:21:39', '2025-12-02 19:24:00'),
('583', '0', 'en', 'messages', 'featureDeleted', 'Feature deleted successfully!', '2025-12-02 19:21:39', '2025-12-02 19:24:00'),
('584', '0', 'en', 'messages', 'faqAdd', 'FAQ Add successfully!', '2025-12-02 19:21:39', '2025-12-02 19:24:00'),
('585', '0', 'en', 'messages', 'faqDeleted', 'FAQ deleted successfully!', '2025-12-02 19:21:39', '2025-12-02 19:24:00'),
('586', '0', 'en', 'messages', 'contactSetting', 'Contact setting updated successfully!', '2025-12-02 19:21:39', '2025-12-02 19:24:00'),
('587', '0', 'en', 'messages', 'headerSetting', 'Heading updated successfully!', '2025-12-02 19:21:39', '2025-12-02 19:24:00'),
('588', '0', 'en', 'messages', 'reviewDeleted', 'Review deleted successfully!', '2025-12-02 19:21:39', '2025-12-02 19:24:00'),
('589', '0', 'en', 'messages', 'OfflinePlanChangeDeclined', 'Offline plan change request declined successfully.', '2025-12-02 19:21:39', '2025-12-02 19:24:00'),
('590', '0', 'en', 'messages', 'offlinePaymentVerified', 'Offline payment verified successfully!', '2025-12-02 19:21:39', '2025-12-02 19:24:00'),
('591', '0', 'en', 'messages', 'offlinePaymentMethodUpdated', 'Offline payment method updated successfully!', '2025-12-02 19:21:39', '2025-12-02 19:24:00'),
('592', '0', 'en', 'messages', 'offlinePaymentMethodAdded', 'Offline payment method added successfully!', '2025-12-02 19:21:39', '2025-12-02 19:24:00'),
('593', '0', 'en', 'messages', 'offlinePaymentMethodDeleted', 'Offline payment method deleted successfully!', '2025-12-02 19:21:39', '2025-12-02 19:24:00'),
('594', '0', 'en', 'messages', 'customerDeleted', 'Customer deleted successfully!', '2025-12-02 19:21:39', '2025-12-02 19:24:00'),
('595', '0', 'en', 'messages', 'invalidVerificationCode', 'Invalid verification code.', '2025-12-02 19:21:39', '2025-12-02 19:24:00'),
('596', '0', 'en', 'messages', 'verificationCodeSent', 'Verification Code Sent', '2025-12-02 19:21:39', '2025-12-02 19:24:00'),
('597', '0', 'en', 'messages', 'customerImportStarted', 'Customer import started successfully! The import is being processed in the background.', '2025-12-02 19:21:39', '2025-12-02 19:24:00'),
('598', '0', 'en', 'messages', 'invalidCoordinates', 'Invalid coordinates provided.', '2025-12-02 19:21:39', '2025-12-02 19:24:00'),
('599', '0', 'en', 'messages', 'outOfDeliveryRange', 'The delivery address is out of the delivery range.', '2025-12-02 19:21:39', '2025-12-02 19:24:00'),
('600', '0', 'en', 'messages', 'restaurantDeleted', 'Restaurant deleted successfully!', '2025-12-02 19:21:39', '2025-12-02 19:24:00'),
('601', '0', 'en', 'messages', 'customerAdded', 'Customer added successfully!', '2025-12-02 19:21:39', '2025-12-02 19:24:00'),
('602', '0', 'en', 'messages', 'tableLockedByUser', 'This table is currently being handled by :user. Please try again later.', '2025-12-02 19:21:39', '2025-12-02 19:24:00'),
('603', '0', 'en', 'messages', 'tableNotFound', 'Table not found.', '2025-12-02 19:21:39', '2025-12-02 19:24:00'),
('604', '0', 'en', 'messages', 'tableUnlockFailed', 'Could not unlock table.', '2025-12-02 19:21:39', '2025-12-02 19:24:00'),
('605', '0', 'en', 'messages', 'tableUnlockedSuccess', 'Table :table unlocked.', '2025-12-02 19:21:39', '2025-12-02 19:24:00'),
('606', '0', 'en', 'messages', 'errorWantToCreateNewKot', 'To add an item, please create a new KOT by clicking the \"New KOT\" button.', '2025-12-02 19:21:39', '2025-12-02 19:24:00'),
('607', '0', 'en', 'messages', 'tableLockFailed', 'Could not lock table. Try again or choose another table.', '2025-12-02 19:21:39', '2025-12-02 19:24:00'),
('608', '0', 'en', 'messages', 'tableLocked', 'Table :table is currently being handled by you.', '2025-12-02 19:21:39', '2025-12-02 19:24:00'),
('609', '0', 'en', 'messages', 'discountPercentError', 'The discount percentage cannot exceed 100%.', '2025-12-02 19:21:39', '2025-12-02 19:24:00'),
('610', '0', 'en', 'messages', 'tableHandledByUser', 'Table :table is currently being handled by :user. Please select a different table.', '2025-12-02 19:21:39', '2025-12-02 19:24:00'),
('611', '0', 'en', 'messages', 'enterPax', 'Enter the no of Pax.', '2025-12-02 19:21:39', '2025-12-02 19:24:00'),
('612', '0', 'en', 'messages', 'setTableNo', 'You need to set the table number', '2025-12-02 19:21:39', '2025-12-02 19:24:00'),
('613', '0', 'en', 'messages', 'selectWaiter', 'Select the waiter who took the order.', '2025-12-02 19:21:39', '2025-12-02 19:24:00'),
('614', '0', 'en', 'messages', 'orderItemRequired', 'You need to add items to the order.', '2025-12-02 19:21:39', '2025-12-02 19:24:00'),
('615', '0', 'en', 'messages', 'kotGenerated', 'KOT Generated Successfully.', '2025-12-02 19:21:39', '2025-12-02 19:24:00'),
('616', '0', 'en', 'messages', 'menuDeleted', 'Menu deleted successfully!', '2025-12-02 19:21:39', '2025-12-02 19:24:00'),
('617', '0', 'en', 'messages', 'menuItemCategoryDeleted', 'Menu item category deleted successfully!', '2025-12-02 19:21:39', '2025-12-02 19:24:00'),
('618', '0', 'en', 'messages', 'menuItemDeleted', 'Menu item deleted successfully!', '2025-12-02 19:21:39', '2025-12-02 19:24:00'),
('619', '0', 'en', 'messages', 'menuItemUpdated', 'Menu item updated successfully!', '2025-12-02 19:21:39', '2025-12-02 19:24:00'),
('620', '0', 'en', 'messages', 'itemVariationDeleted', 'Item variation deleted successfully!', '2025-12-02 19:21:39', '2025-12-02 19:24:00'),
('621', '0', 'en', 'messages', 'itemModifierGroupDeleted', 'Item Modifier Group deleted successfully!', '2025-12-02 19:21:39', '2025-12-02 19:24:00'),
('622', '0', 'en', 'messages', 'memberDeleted', 'Member deleted successfully!', '2025-12-02 19:21:39', '2025-12-02 19:24:00'),
('623', '0', 'en', 'messages', 'packageIsUsed', 'Package is used by some restaurants. First change the package for those restaurants.', '2025-12-02 19:21:39', '2025-12-02 19:24:00'),
('624', '0', 'en', 'messages', 'packageDeleted', 'Package deleted successfully!', '2025-12-02 19:21:39', '2025-12-02 19:24:00'),
('625', '0', 'en', 'messages', 'areaAdded', 'Area added successfully!', '2025-12-02 19:21:39', '2025-12-02 19:24:00'),
('626', '0', 'en', 'messages', 'languageUpdated', 'Language updated successfully!', '2025-12-02 19:21:39', '2025-12-02 19:24:00'),
('627', '0', 'en', 'messages', 'ModifierGroupAdded', 'Modifier Group added successfully!', '2025-12-02 19:21:39', '2025-12-02 19:24:00'),
('628', '0', 'en', 'messages', 'areaUpdated', 'Area updated successfully!', '2025-12-02 19:21:39', '2025-12-02 19:24:00'),
('629', '0', 'en', 'messages', 'superadminUserAdded', 'Superadmin user added successfully!', '2025-12-02 19:21:39', '2025-12-02 19:24:00'),
('630', '0', 'en', 'messages', 'ModifierGroupUpdated', 'Modifier Group updated successfully!', '2025-12-02 19:21:39', '2025-12-02 19:24:00'),
('631', '0', 'en', 'messages', 'expenseUpdated', 'Expenses Updated ', '2025-12-02 19:21:39', '2025-12-02 19:24:00'),
('632', '0', 'en', 'messages', 'modifierGroupAlreadyAssociatedWithVariation', 'This modifier group is already associated with selected variation.', '2025-12-02 19:21:39', '2025-12-02 19:24:00'),
('633', '0', 'en', 'messages', 'itemModifierGroupUpdated', 'Item Modifier Group updated successfully!', '2025-12-02 19:21:39', '2025-12-02 19:24:00'),
('634', '0', 'en', 'messages', 'restaurantUpdated', 'Restaurant updated successfully!', '2025-12-02 19:21:39', '2025-12-02 19:24:00'),
('635', '0', 'en', 'messages', 'memberAdded', 'Member added successfully!', '2025-12-02 19:21:39', '2025-12-02 19:24:00'),
('636', '0', 'en', 'messages', 'expenseAdded', 'Expenses Added ', '2025-12-02 19:21:39', '2025-12-02 19:24:00'),
('637', '0', 'en', 'messages', 'expenseCategoryUpdated', 'Expense category updated successfully!', '2025-12-02 19:21:39', '2025-12-02 19:24:00'),
('638', '0', 'en', 'messages', 'categoryAdded', 'Item category added successfully!', '2025-12-02 19:21:39', '2025-12-02 19:24:00'),
('639', '0', 'en', 'messages', 'memberUpdated', 'Member updated successfully!', '2025-12-02 19:21:39', '2025-12-02 19:24:00'),
('640', '0', 'en', 'messages', 'expenseCategoryAdded', 'Expense category added successfully!', '2025-12-02 19:21:39', '2025-12-02 19:24:00'),
('641', '0', 'en', 'messages', 'cannotUseSelfDomain', 'You cannot use your own domain as the landing site URL.', '2025-12-02 19:21:39', '2025-12-02 19:24:00'),
('642', '0', 'en', 'messages', 'reasonAdded', 'Reason added successfully!', '2025-12-02 19:21:39', '2025-12-02 19:24:00'),
('643', '0', 'en', 'messages', 'packageUpdated', 'Package updated successfully!', '2025-12-02 19:21:39', '2025-12-02 19:24:00'),
('644', '0', 'en', 'messages', 'itemModifierGroupAdded', 'Item Modifier Group added successfully!', '2025-12-02 19:21:39', '2025-12-02 19:24:00'),
('645', '0', 'en', 'messages', 'tableUpdated', 'Table updated successfully!', '2025-12-02 19:21:39', '2025-12-02 19:24:00'),
('646', '0', 'en', 'messages', 'categoryUpdated', 'Item category updated successfully!', '2025-12-02 19:21:39', '2025-12-02 19:24:00'),
('647', '0', 'en', 'messages', 'superadminUserUpdated', 'Superadmin user updated successfully!', '2025-12-02 19:21:39', '2025-12-02 19:24:00'),
('648', '0', 'en', 'messages', 'packageRequired', 'Package ID is required.', '2025-12-02 19:21:39', '2025-12-02 19:24:00'),
('649', '0', 'en', 'messages', 'licenceExpireRequired', 'License expiration date is required.', '2025-12-02 19:21:39', '2025-12-02 19:24:00'),
('650', '0', 'en', 'messages', 'trialExpireOnRequired', 'Trial expiration date is required.', '2025-12-02 19:21:39', '2025-12-02 19:24:00'),
('651', '0', 'en', 'messages', 'amountRequired', 'Amount is required.', '2025-12-02 19:21:39', '2025-12-02 19:24:00'),
('652', '0', 'en', 'messages', 'amountNumeric', 'The amount must be a number.', '2025-12-02 19:21:39', '2025-12-02 19:24:00'),
('653', '0', 'en', 'messages', 'payDateRequired', 'Payment date is required.', '2025-12-02 19:21:39', '2025-12-02 19:24:00'),
('654', '0', 'en', 'messages', 'nextPayDateRequired', 'Next payment date is required.', '2025-12-02 19:21:39', '2025-12-02 19:24:00'),
('655', '0', 'en', 'messages', 'menuAdded', 'Menu added successfully!', '2025-12-02 19:21:39', '2025-12-02 19:24:00'),
('656', '0', 'en', 'messages', 'menuUpdated', 'Menu updated successfully!', '2025-12-02 19:21:39', '2025-12-02 19:24:00'),
('657', '0', 'en', 'messages', 'reasonUpdated', 'Reason updated successfully!', '2025-12-02 19:21:39', '2025-12-02 19:24:00'),
('658', '0', 'en', 'messages', 'menuUpdate', 'Menu updated successfully!', '2025-12-02 19:21:39', '2025-12-02 19:24:00'),
('659', '0', 'en', 'messages', 'menuItemCreationFailed', 'Failed to create menu item. Please fill in all required fields.', '2025-12-02 19:21:39', '2025-12-02 19:24:00'),
('660', '0', 'en', 'messages', 'menuItemAdded', 'Menu item added successfully!', '2025-12-02 19:21:39', '2025-12-02 19:24:00'),
('661', '0', 'en', 'messages', 'tableAdded', 'Table added successfully!', '2025-12-02 19:21:39', '2025-12-02 19:24:00'),
('662', '0', 'en', 'messages', 'packageAdded', 'Package added successfully!', '2025-12-02 19:21:39', '2025-12-02 19:24:00'),
('663', '0', 'en', 'messages', 'alreadyRequestPending', 'You have already raised a request.', '2025-12-02 19:21:39', '2025-12-02 19:24:00'),
('664', '0', 'en', 'messages', 'requestSubmittedSuccessfully', 'Request submitted successfully.', '2025-12-02 19:21:39', '2025-12-02 19:24:00'),
('665', '0', 'en', 'messages', 'noPlanIdFound', 'No plan id found.', '2025-12-02 19:21:39', '2025-12-02 19:24:00'),
('666', '0', 'en', 'messages', 'cannotDeleteOwnAccount', 'You cannot delete your own account.', '2025-12-02 19:21:39', '2025-12-02 19:24:00'),
('667', '0', 'en', 'messages', 'userDeleted', 'User deleted successfully!', '2025-12-02 19:21:39', '2025-12-02 19:24:00'),
('668', '0', 'en', 'messages', 'cannotEditOwnRole', 'You cannot change own role.', '2025-12-02 19:21:39', '2025-12-02 19:24:00'),
('669', '0', 'en', 'messages', 'userRoleUpdated', 'User role updated successfully!', '2025-12-02 19:21:39', '2025-12-02 19:24:00'),
('670', '0', 'en', 'messages', 'newOrderReceived', 'New Order Received.', '2025-12-02 19:21:39', '2025-12-02 19:24:00'),
('671', '0', 'en', 'messages', 'expenseDeleted', 'Expense Deleted', '2025-12-02 19:21:39', '2025-12-02 19:24:00'),
('672', '0', 'en', 'messages', 'expenseCategoryDeleted', 'Expense category deleted successfully!', '2025-12-02 19:21:39', '2025-12-02 19:24:00'),
('673', '0', 'en', 'messages', 'areaDeleted', 'Area deleted successfully!', '2025-12-02 19:21:39', '2025-12-02 19:24:00'),
('674', '0', 'en', 'messages', 'variationSaved', 'Variation saved successfully!', '2025-12-02 19:21:39', '2025-12-02 19:24:00'),
('675', '0', 'en', 'messages', 'noAreaAdded', 'No area is added.', '2025-12-02 19:21:39', '2025-12-02 19:24:00'),
('676', '0', 'en', 'messages', 'noTableadded', 'No table is added.', '2025-12-02 19:21:39', '2025-12-02 19:24:00'),
('677', '0', 'en', 'messages', 'tableDeleted', 'Table deleted successfully!', '2025-12-02 19:21:39', '2025-12-02 19:24:00'),
('678', '0', 'en', 'messages', 'addCustomerDetails', 'Add customer details.', '2025-12-02 19:21:39', '2025-12-02 19:24:00'),
('679', '0', 'en', 'messages', 'thankYouVisit', 'Thank you for your visit!', '2025-12-02 19:21:39', '2025-12-02 19:24:00'),
('680', '0', 'en', 'messages', 'emailVerificationCode', 'Email verification code.', '2025-12-02 19:21:39', '2025-12-02 19:24:00'),
('681', '0', 'en', 'messages', 'updateAlert', 'Do not click update now button if the application is customized. Your changes will be lost.', '2025-12-02 19:21:39', '2025-12-02 19:24:00'),
('682', '0', 'en', 'messages', 'updateBackupNotice', 'Take a backup of files and database before updating.', '2025-12-02 19:21:39', '2025-12-02 19:24:00'),
('683', '0', 'en', 'messages', 'noPhoneCodesFound', 'No phone codes found.', '2025-12-02 19:21:39', '2025-12-02 19:24:00'),
('684', '0', 'en', 'messages', 'cannotDeleteDefaultCurrency', 'Cannot Delete Default Currency.', '2025-12-02 19:21:39', '2025-12-02 19:24:00'),
('685', '0', 'en', 'messages', 'frontReservationHeading', 'Book a Table and Savor the Experience.', '2025-12-02 19:21:39', '2025-12-02 19:24:00'),
('686', '0', 'en', 'messages', 'selectBookingDetail', 'Select your booking details', '2025-12-02 19:21:39', '2025-12-02 19:24:00'),
('687', '0', 'en', 'messages', 'selectTimeSlot', 'Select Time Slot', '2025-12-02 19:21:39', '2025-12-02 19:24:00'),
('688', '0', 'en', 'messages', 'cannotDeleteCurrentBranch', 'Cannot delete current branch.', '2025-12-02 19:21:39', '2025-12-02 19:24:00'),
('689', '0', 'en', 'messages', 'smtpRecommendation', 'Recommendation for SMTP ', '2025-12-02 19:21:39', '2025-12-02 19:24:00'),
('690', '0', 'en', 'messages', 'loadingData', 'Loading Data...', '2025-12-02 19:21:39', '2025-12-02 19:24:00'),
('691', '0', 'en', 'messages', 'gatewayNotAdded', 'Payment gateway credentials not added by superadmin', '2025-12-02 19:21:39', '2025-12-02 19:24:00'),
('692', '0', 'en', 'messages', 'reservationsDisabled', 'Reservations are currently disabled.', '2025-12-02 19:21:39', '2025-12-02 19:24:00'),
('693', '0', 'en', 'messages', 'customerReservationsDisabled', 'Customer reservations are currently disabled.', '2025-12-02 19:21:39', '2025-12-02 19:24:00'),
('694', '0', 'en', 'messages', 'minimumRequired', 'Min :size', '2025-12-02 19:21:39', '2025-12-02 19:24:00'),
('695', '0', 'en', 'messages', 'disabledWhenMainReservationsOff', 'Disabled when main reservations are off', '2025-12-02 19:21:39', '2025-12-02 19:24:00'),
('696', '0', 'en', 'messages', 'startShoppingNow', 'Add items to your cart!', '2025-12-02 19:21:39', '2025-12-02 19:24:00'),
('697', '0', 'en', 'messages', 'testEmailError', 'Failed to send test email: :message', '2025-12-02 19:21:39', '2025-12-02 19:24:00'),
('698', '0', 'en', 'messages', 'noAdminFound', 'No Admin Found', '2025-12-02 19:21:39', '2025-12-02 19:24:00'),
('699', '0', 'en', 'messages', 'noFilesAvailable', 'No files available', '2025-12-02 19:21:39', '2025-12-02 19:24:00'),
('700', '0', 'en', 'messages', 'noFilesAvailableDescription', 'There are no files to display at the moment.', '2025-12-02 19:21:39', '2025-12-02 19:24:00'),
('701', '0', 'en', 'messages', 'cronJobSettingDescription', 'Click here to view the cron job setting.', '2025-12-02 19:21:39', '2025-12-02 19:24:00'),
('702', '0', 'en', 'messages', 'downloadFilefromCodecanyon', 'Download the zip file from codecanyon and upload it here. Only .zip file type is allowed for uploading.', '2025-12-02 19:21:39', '2025-12-02 19:24:00'),
('703', '0', 'en', 'messages', 'installingUpdateMessage', 'Installing...Please wait (This may take a few minutes.)', '2025-12-02 19:21:39', '2025-12-02 19:24:00'),
('704', '0', 'en', 'messages', 'installedUpdateMessage', 'Installed successfully. Reload the page to see the changes.', '2025-12-02 19:21:39', '2025-12-02 19:24:00'),
('705', '0', 'en', 'messages', 'customModuleInstalled', 'Module installed successfully. You will be redirected to the custom module page. Activate the module to use it.', '2025-12-02 19:21:39', '2025-12-02 19:24:00'),
('706', '0', 'en', 'messages', 'selectDeliveryExecutive', 'Please select a delivery executive.', '2025-12-02 19:21:39', '2025-12-02 19:24:00'),
('707', '0', 'en', 'messages', 'vendorUpdated', 'Vendor Updated', '2025-12-02 19:21:39', '2025-12-02 19:24:00'),
('708', '0', 'en', 'messages', 'vendorDeleted', 'Vendor Deleted', '2025-12-02 19:21:39', '2025-12-02 19:24:00'),
('709', '0', 'en', 'messages', 'noVendorsAdded', 'No Vendors Found', '2025-12-02 19:21:39', '2025-12-02 19:24:00'),
('710', '0', 'en', 'messages', 'moduleSettingsInstall', 'Install new modules to enhance your application\'s functionality', '2025-12-02 19:21:39', '2025-12-02 19:24:00'),
('711', '0', 'en', 'messages', 'addonDescription', 'This is an additional module that can be purchased separately.', '2025-12-02 19:21:39', '2025-12-02 19:24:00'),
('712', '0', 'en', 'messages', 'subscriptionUpdated', 'Subscription updated successfully!', '2025-12-02 19:21:39', '2025-12-02 19:24:00'),
('713', '0', 'en', 'messages', 'customerAlreadyExists', 'Customer with email :email already exists.', '2025-12-02 19:21:39', '2025-12-02 19:24:00'),
('714', '0', 'en', 'messages', 'customerImported', 'Customers imported successfully!', '2025-12-02 19:21:39', '2025-12-02 19:24:00'),
('715', '0', 'en', 'messages', 'paymentGatewayNotConfigured', 'Payment gateway not configured.', '2025-12-02 19:21:39', '2025-12-02 19:24:00'),
('716', '0', 'en', 'messages', 'tipUpdatedSuccessfully', 'Tip updated successfully', '2025-12-02 19:21:39', '2025-12-02 19:24:00'),
('717', '0', 'en', 'messages', 'installAppInstruction', 'To install this web app on your phone: tap  ', '2025-12-02 19:21:39', '2025-12-02 19:24:00'),
('718', '0', 'en', 'messages', 'troubleClickingButton', 'If you\'re having trouble clicking the \":actionText\" button, copy and paste the URL below into your web browser:', '2025-12-02 19:21:39', '2025-12-02 19:24:00'),
('719', '0', 'en', 'messages', 'charactersShowingPerLine', 'How many characters showing per line in your paper, eg: in 80mm characters per line is 46', '2025-12-02 19:21:39', '2025-12-02 19:24:00'),
('720', '0', 'en', 'messages', 'printerIPAddress', 'You may get Printer IP address from test print paper as per printer setting', '2025-12-02 19:21:39', '2025-12-02 19:24:00'),
('721', '0', 'en', 'messages', 'printerPortAddress', 'In maximum case the Printer Port Address is 9100 but in case it is different please do a test print from your printer after turning it on, you will get the Printer Port Address in that test print paper', '2025-12-02 19:21:39', '2025-12-02 19:24:00'),
('722', '0', 'en', 'messages', 'noPrinterAdded', 'No printer added yet', '2025-12-02 19:21:39', '2025-12-02 19:24:00'),
('723', '0', 'en', 'messages', 'deliverySettingInvalid', 'Delivery settings are invalid. Please contact the branch.', '2025-12-02 19:21:39', '2025-12-02 19:24:00'),
('724', '0', 'en', 'messages', 'noReservationsFound', 'No reservations found.', '2025-12-02 19:21:39', '2025-12-02 19:24:00'),
('725', '0', 'en', 'messages', 'atLeastTwoStatusesRequired', 'At least two statuses are required.', '2025-12-02 19:21:39', '2025-12-02 19:24:00'),
('726', '0', 'en', 'messages', 'paymentGatewaySettingsUpdated', 'Payment gateway settings updated successfully!', '2025-12-02 19:21:39', '2025-12-02 19:24:00'),
('727', '0', 'en', 'messages', 'noParkingManagementFound', 'No parking management found.', '2025-12-02 19:21:39', '2025-12-02 19:24:00'),
('728', '0', 'en', 'modules', 'order', '{\"updateCustomerDetails\":\"Update Customer Details\",\"addCustomerDetails\":\"Add Customer Details\",\"info_cancelled\":\"Order Cancelled\",\"orderStatus\":\"Set Order Status\",\"cancelOrder\":\"Cancel Order\",\"moveTo\":\"Move to\",\"qty\":\"Qty\",\"price\":\"Price\",\"amount\":\"Amount\",\"totalItem\":\"Item(s)\",\"subTotal\":\"Sub Total\",\"discount\":\"Discount\",\"tip\":\"Tip\",\"totalTax\":\"Total Tax\",\"total\":\"Total\",\"addPayment\":\"Add Payment\",\"orderNumber\":\"Order\",\"noOfPax\":\"Pax\",\"addNote\":\"Add Note\",\"selectWaiter\":\"Select Waiter\",\"pickUpDateTime\":\"Pickup Date & Time\",\"addDiscount\":\"Add Discount\",\"kot\":\"KOT\",\"kotAndPrint\":\"KOT & Print\",\"kotBillAndPayment\":\"KOT, Bill & Payment\",\"bill\":\"BILL\",\"billAndPayment\":\"Bill & Payment\",\"createBillAndPrintReceipt\":\"Bill & Print\",\"reservationConfirmation\":\"Reservation Confirmation\",\"tableHasReservation\":\"This table has an active reservation\",\"isThisSameCustomer\":\"Is this the same customer who made the reservation?\",\"differentCustomer\":\"Different Customer\",\"sameCustomer\":\"Same Customer\",\"kotTicket\":\"KOT Ticket\",\"tokenNumber\":\"Token #\",\"waiter\":\"Waiter\",\"pickupAt\":\"Pickup At\",\"newKot\":\"New KOT\",\"deleteOrder\":\"Delete Order\",\"deleteOrderMessage\":\"Are you sure you want to delete the order?\",\"note\":\"Note\",\"deliveryFee\":\"Delivery Fee\",\"totalOrder\":\"Total Orders\",\"specialInstructions\":\"Special Instructions\",\"pending_confirmation\":\"Pending Confirmation\",\"start_cooking\":\"Start Cooking\",\"markAsReady\":\"Mark Ready\",\"ready\":\"Food is Ready\",\"food_ready\":\"Food is Ready\",\"served\":\"Food is Served\",\"orderNote\":\"Order Note\",\"enterDiscountValue\":\"Enter Discount Value\",\"select\":\"Select\",\"changeTable\":\"Change Table\",\"setTable\":\"Assign Table\",\"order\":\"Order\",\"prefixSettings\":\"Prefix Settings\",\"menuItemImageSettings\":\"Menu Item Image Settings\",\"tokenNumberSettings\":\"Token Number Settings\",\"enableOrderPrefix\":\"Enable Order Prefix Settings\",\"customPrefix\":\"Custom Prefix\",\"separator\":\"Separator\",\"digits\":\"Number Digits\",\"dateParts\":\"Date Parts\",\"resetDaily\":\"Reset Sequence Daily\",\"previewHelp\":\"This is a live preview of how your next order ID will be generated.\",\"hideMenuItemImageOnPos\":\"Hide Menu Item Image on POS\",\"hideMenuItemImageOnCustomerSite\":\"Hide Menu Item Image on Customer Site\",\"tokenNumberSettingsDescription\":\"Enable token numbers for specific order types. Tokens reset daily and are unique per order type.\",\"payment\":\"Payment\",\"fullPayment\":\"Full Payment\",\"splitBill\":\"Split Bill\",\"addTip\":\"Add Tip\",\"returnAmount\":\"Amount to be returned\",\"tipAmount\":\"Tip Amount\",\"grandTotal\":\"Grand Total\",\"amountPaid\":\"Amount Paid\",\"payableAmount\":\"Payable Amount\",\"dueAmount\":\"Due Amount\",\"changeMethod\":\"Change Method\",\"equalSplit\":\"Equal Split\",\"splitEqually\":\"Split equally\",\"customSplit\":\"Custom Split\",\"splitByAmount\":\"Split by amount\",\"splitByItems\":\"Split by Items\",\"splitByDishes\":\"Split by dishes\",\"cash\":\"Cash\",\"card\":\"Card\",\"upi\":\"UPI\",\"bank_transfer\":\"Bank Transfer\",\"due\":\"Due\",\"newSplit\":\"New Split\",\"availableItems\":\"Available Items\",\"clickToAdd\":\"Click item to add to split\",\"base\":\"Base\",\"tax\":\"Tax\",\"extraCharges\":\"Charges\",\"all\":\"All\",\"itemsInSplit\":\"Items in Split\",\"noItemsInSplit\":\"No items added to this split yet\",\"decreaseQuantity\":\"Decrease Quantity\",\"increaseQuantity\":\"Increase Quantity\",\"remove\":\"Remove\",\"amountPerSplit\":\"Amount per split\",\"splitTotal\":\"Split Total\",\"remainingAmount\":\"Remaining Amount\",\"completePayment\":\"Complete Payment\",\"suggestedTip\":\"Suggested Tip\",\"customAmount\":\"Custom Amount\",\"tipNote\":\"Tip Note\",\"pickupDate\":\"Pickup Date:\",\"balanceReturn\":\"Balance Returned\",\"addItems\":\"Add Items\",\"paymentMethod\":\"Payment Method\",\"confirmPayment\":\"Confirm Payment\",\"reportUnpaid\":\"Report Unpaid\",\"deleteOrderItem\":\"Delete Order Item\",\"deleteOrderItemMessage\":\"Are you sure you want to delete this item from the order?\",\"preparing\":\"Preparing\",\"readyForPickup\":\"Ready for Pickup\",\"transactionId\":\"Transaction ID\",\"in_kitchen\":\"In Kitchen\",\"cancelled\":\"Cancelled\",\"cancelKot\":\"Cancel KOT\",\"placeOrder\":\"Place Order\",\"payment_due\":\"Payment Due\",\"taxes\":\"Taxes\",\"razorpay\":\"Razorpay\",\"stripe\":\"Stripe\",\"flutterwave\":\"Flutterwave\",\"totalExcludingTip\":\"(Excluding Tip)\",\"payNow\":\"Pay Now\",\"payLater\":\"Pay Later\",\"selectPickupDateTime\":\"Select Pickup Date - Time\",\"chooseGateway\":\"Choose payment gateway\",\"orderCancelledMessage\":\"This Order is cancelled and cannot be modified\",\"includeTax\":\"Includes Taxes\",\"paymentInformation\":\"Payment Information\",\"paid\":\"Paid\",\"newOrder\":\"New Order\",\"pendingPaymentVerification\":\"Payment Verification Pending\",\"paymentPending\":\"Payment Pending\",\"infokot\":\"Cooking Now\",\"todayOrder\":\"Today\'s Orders\",\"customPrefixFeatureDisabled\":\"Custom prefix off. Using default (e.g. #23).\",\"date\":\"Date\",\"showYear\":\"Show Year\",\"showMonth\":\"Show Month\",\"showDay\":\"Show Day\",\"showTime\":\"Show Time\",\"custom\":\"Custom\",\"selectDeliveryExecutive\":\"Select Delivery Executive\",\"prefixType\":\"Prefix Type\",\"resetDailyHelp\":\"If enabled, the order number sequence will reset every day.\",\"preview\":\"Preview\",\"print_kot\":\"Print KOT\",\"draft\":\"Waiting KOT\",\"billed\":\"Billed\",\"canceled\":\"Canceled\",\"infodraft\":\"Not sent to Kitchen\",\"infobilled\":\"Waiting for Payment\",\"infopaid\":\"Payment Done\",\"infopayment_due\":\"Payment is Pending\",\"infocanceled\":\"Order Canceled\",\"cancelKotMessage\":\"This will cancel the KOT.\",\"showOrder\":\"Show Order\",\"other\":\"Other\",\"payViaCash\":\"Pay via Cash\",\"payViacard\":\"Pay via Card\",\"payViaupi\":\"Pay via UPI\",\"method\":\"Method\",\"viewCart\":\"View Cart\",\"myOrders\":\"My Orders\",\"payViaQr\":\"Pay via QR Code\",\"offline\":\"Offline\",\"xendit\":\"Xendit\",\"cancelOrderMessage\":\"This will cancel the order and delete any associated payments. Are you sure you want to proceed?\",\"activeOrder\":\"Active Orders\",\"dine_in\":\"Dine In\",\"delivery\":\"Delivery\",\"pickup\":\"Pickup\",\"out_for_delivery\":\"Out For Delivery\",\"infoout_for_delivery\":\"Order is out for delivery\",\"delivered\":\"Delivered\",\"infodelivered\":\"Order is Delivered\",\"orderHash\":\"Order #\",\"totalBill\":\"Total Bill\",\"splitAmount\":\"Split Amount\",\"remaining\":\"Remaining\",\"quantity\":\"Quantity\",\"discountType\":\"Discount Type\",\"fixed\":\"Fixed\",\"percent\":\"Percent\",\"discountValue\":\"Discount Value\",\"calculatedDiscount\":\"Calculated Discount\",\"noOrderType\":\"Orders Disabled\",\"enableOrderType\":\"You need to enable orders in settings to start taking orders\",\"enableOrderTypeButton\":\"Enable Orders\",\"deliveryExecutive\":\"Delivery Executive\",\"selectOrderTypes\":\"Select Order Types\",\"orderItems\":\"Order Items\",\"priceDetails\":\"Price Details\",\"itemPaymentStatus\":\"Item Payment Status\",\"tipAdded\":\"Tip Added\",\"currentTotal\":\"Current Total\",\"newTotal\":\"New Total\",\"continueOrder\":\"Continue Ordering\",\"infoready\":\"Food is Ready\",\"infodefault\":\"Unknown Status\",\"selectStatus\":\"Select Status\",\"Delivered\":\"Delivered\",\"info_placed\":\"Order Placed\",\"info_confirmed\":\"Order Confirmed\",\"info_preparing\":\"Order Preparing\",\"info_ready_for_pickup\":\"Order is Ready for Pickup\",\"info_out_for_delivery\":\"Order is Out for Delivery\",\"info_served\":\"Order Served\",\"info_delivered\":\"Delivered\",\"others\":\"Others\",\"pending_verification\":\"Payment Verification\",\"viewOnMap\":\"View on Map\",\"estimatedDeliveryTime\":\"Estimated Delivery Time\",\"kitchenOrderTicket\":\"Kitchen Order Ticket\",\"paypal\":\"PayPal\",\"undo\":\"Undo\",\"itemReady\":\"Item Ready\",\"itemCooking\":\"Item Cooking\",\"payfast\":\"PayFast\",\"paymentDetails\":\"Payment Details\",\"paystack\":\"Paystack\",\"orderSettingsHelp\":\"Configure order settings to manage how orders are processed.\",\"itemTax\":\"Item Tax\",\"itemTaxBreakdown\":\"Item Tax Breakdown\",\"toggleTaxDetails\":\"Toggle Tax Details\",\"thankYouMessage\":\"Thank you for your order!\",\"pleaseProceedToPayment\":\"Please proceed to payment.\",\"amountDue\":\"Amount Due\",\"pleaseReviewOrder\":\"Please review your order and proceed to payment.\",\"orderDate\":\"Order Date:\",\"defineYourOwnPrefix\":\"Define your own prefix.\",\"useTheCurrentDate\":\"Use the current date.\",\"combineBranchIdWithDate\":\"Combine branch ID with date.\",\"thisIsALivePreview\":\"This is a live preview of how your next order ID will be generated.\",\"branchPrefix\":\"Branch Prefix\",\"branchPrefixHelp\":\"Prefix example: ODR, BR01, Taco Bell (TB). Use a short code to identify your orders.\",\"enableOrderPrefixDescription\":\"Enable this to use custom order number prefixes as per your settings. If disabled, the system will use default order numbering without any custom prefix.\",\"reservationFor\":\"Reservation for\",\"reservationTime\":\"Reservation time\",\"hideMenuItemImageOnPosDescription\":\"Hide the menu item image on the POS.\",\"hideMenuItemImageOnCustomerSiteDescription\":\"Hide the menu item image on the customer site.\",\"paddle\":\"Paddle\",\"customerOrderBoard\":\"Customer Order Board\",\"noOrders\":\"Waiting for orders...\"}', '2025-12-02 19:21:39', '2025-12-02 20:10:19'),
('729', '0', 'en', 'modules', 'menu', '{\"itemName\":\"Item Name\",\"showVariations\":\"Show Variations\",\"addMenu\":\"Add Menu\",\"filterCategory\":\"Filter by Category\",\"itemCategory\":\"Item Category\",\"filterType\":\"Filter by Type\",\"itemType\":\"Item Type\",\"typeVeg\":\"Veg\",\"typeNonVeg\":\"Non Veg\",\"typeEgg\":\"Egg\",\"filterAvailability\":\"Filter by Availability\",\"itemAvailability\":\"Item Availability\",\"available\":\"Available\",\"notAvailable\":\"Not Available\",\"item\":\"Item(s)\",\"itemVariations\":\"Item Variations\",\"setPrice\":\"Price\",\"selectLanguage\":\"Select Language\",\"itemDescription\":\"Item Description\",\"translations\":\"Translations\",\"chooseMenu\":\"Choose Menu\",\"typeDrink\":\"Drink\",\"typeHalal\":\"Halal\",\"typeOther\":\"Other\",\"preparationTime\":\"Preparation Time\",\"isAvailable\":\"Is Available\",\"kitchenType\":\"Kitchen Type\",\"itemImage\":\"Item Image\",\"selectTaxes\":\"Select Applicable Taxes\",\"hasVariations\":\"Has Variations\",\"variationName\":\"Variation Name\",\"taxBreakdown\":\"Tax Breakdown\",\"taxInclusiveInfo\":\"Price includes :percent% tax (:tax) on base amount :base.\",\"taxExclusiveInfo\":\"Price excludes :percent% tax (:tax) on base amount :base.\",\"taxAddedToPrice\":\"Tax will be added to this price (tax exclusive pricing)\",\"priceIncludesTax\":\"This price includes tax (tax inclusive pricing)\",\"inStock\":\"In Stock\",\"showOnCustomerSite\":\"Show on Customer Site\",\"addVariations\":\"Add Variations\",\"menuName\":\"Menu Name\",\"categoryName\":\"Item Category Name\",\"sortMenuItems\":\"Organize Menu Items\",\"bulkUpload\":\"Bulk Upload\",\"addMenuItem\":\"Add Menu Item\",\"allMenuItems\":\"Menu Items\",\"addItemCategory\":\"Add Item Category\",\"deleteItemCategory\":\"Delete Item Category\",\"deleteCategoryMessage\":\"Are you sure you want to delete the item category?\",\"bulkUploadMenuItems\":\"Bulk Upload Menu Items\",\"downloadSampleFile\":\"Download Sample File\",\"startNewUpload\":\"Start New Upload\",\"importInstructions\":\"Import Instructions\",\"requiredColumns\":\"Required Columns\",\"veg\":\"Veg\",\"non-veg\":\"Non Veg\",\"egg\":\"Contains Egg\",\"availableInSystem\":\"Available in Your System\",\"categories\":\"Categories\",\"menus\":\"Menus\",\"availableInSystemDescription\":\"Use these exact names in your CSV file, or create new ones - they will be auto-created if missing.\",\"uploadFile\":\"Upload File\",\"dragDropFile\":\"Drag and drop your CSV or Excel file here, or click to browse\",\"selectKitchen\":\"Select Kitchen\",\"selectKitchenDescription\":\"Choose which kitchen these menu items will be assigned to:\",\"kitchenSelected\":\"Kitchen Selected:\",\"startImport\":\"Start Import\",\"csvPreview\":\"CSV Preview\",\"reviewAndMapColumns\":\"Review your data and map CSV columns to database fields\",\"columnMapping\":\"Column Mapping\",\"type\":\"Type\",\"dataPreview\":\"Data Preview\",\"importInProgress\":\"Import in Progress\",\"totalRecords\":\"Total Records\",\"importingData\":\"Importing data\",\"importCompleted\":\"Import Completed\",\"kitchens\":\"Kitchens\",\"importSummary\":\"Import Summary\",\"successfulImports\":\"Successful Imports\",\"autoCreated\":\"Auto-Created\",\"categoriesCreated\":\"Categories Created\",\"menusCreated\":\"Menus Created\",\"failedImports\":\"Failed Imports\",\"backToMenuItems\":\"Back to Menu Items\",\"importFailed\":\"Import Failed\",\"tryAgain\":\"Try Again\",\"deleteMenuItem\":\"Delete Menu Item\",\"deleteMenuItemMessage\":\"Are you sure you want to delete the menu item?\",\"deleteVariant\":\"Delete Variant\",\"deleteVariantMessage\":\"Are you sure you want to delete the item variant?\",\"editMenuItem\":\"Edit Menu Item\",\"deleteMenu\":\"Delete Menu\",\"deleteMenuMessage\":\"Are you sure you want to delete the menu?\",\"showLess\":\"Show Less\",\"showMore\":\"Show More\",\"minutes\":\"Minutes\",\"browseMenu\":\"Browse Menu\",\"validatingFile\":\"Validating file...\",\"countingRows\":\"Counting rows\",\"processingData\":\"Processing data...\",\"finalizingImport\":\"Finalizing import\",\"allMenus\":\"Menus\",\"menuNameHelp\":\"Enter the menu name below to create a new menu.\",\"addItem\":\"Add Item\",\"menuItemHelp\":\"Fill in the details below to add a new menu item.\",\"drink\":\"Drink\",\"addCustomer\":\"Add Customer\",\"notTranslated\":\"Not Translated\",\"SelectKitchenType\":\"Select Kitchen Type\",\"sortManager\":\"Menu Organizer\",\"sortManagerInfoMessage\":\"Drag and drop to organize menus, items and categories. Click a menu or category to filter and focus your item list.\",\"fromActualBreakdown\":\"From Actual Breakdown\",\"basePrice\":\"Base Price\",\"tax\":\"Tax\",\"total\":\"Total\",\"chooseFile\":\"Choose file\",\"processingRow\":\"Processing row\",\"importErrors\":\"Import Errors\",\"requiredColumnsDescription\":\"Your CSV file must include these columns:\",\"importInstructionsDescription\":\"Follow these steps to bulk import your menu items:\",\"step1\":\"Step 1: Download the sample file to see the required format\",\"step2\":\"Step 2: Fill in your menu item data using the sample as a guide\",\"step3\":\"Step 3: Upload your completed file and select a kitchen\",\"step4\":\"Step 4: Click \\\"Start Import\\\" to begin the process\",\"done\":\"Done\",\"close\":\"Close\"}', '2025-12-02 19:21:39', '2025-12-02 20:10:19'),
('730', '0', 'en', 'modules', 'delivery', '{\"deliveryFee\":\"Delivery Fee\",\"freeDelivery\":\"Free Delivery\",\"branchLat\":\"Branch Latitude\",\"branchLng\":\"Branch Longitude\",\"pleaseSelectLocation\":\"Please select a location on the map\",\"shopLocation\":\"The restaurant location\",\"dragMarkerToAdjust\":\"Place the pin accurately on the map\",\"feeCalculationMethod\":\"Fee Calculation Method\",\"distanceUnit\":\"Distance Unit\",\"maxRadius\":\"Maximum Delivery Radius\",\"maxRadiusAutoSet\":\"Max Radius will be set automatically.\",\"fixedFee\":\"Fixed Fee\",\"feePerDistance\":\"Fee per :unit\",\"distanceTiersDescription\":\"Set different fees for different distance ranges\",\"minDistance\":\"Min Distance (:unit)\",\"maxDistance\":\"Max Distance (:unit)\",\"fee\":\"Fee\",\"addTier\":\"Add Tier\",\"freeDeliveryOverAmount\":\"Free Delivery Over Amount\",\"leaveEmptyToDisable\":\"Leave empty to disable this option\",\"freeDeliveryWithinRadius\":\"Free Delivery Within Radius\",\"deliveryHoursStart\":\"Delivery Hours Start\",\"leave247Delivery\":\"Leave both fields empty or 00:00 for 24\\/7 delivery\",\"deliveryHoursEnd\":\"Delivery Hours End\",\"avgDeliverySpeed\":\"Average Speed of Delivery Rider\",\"additionalEtaBufferTime\":\"Additional Time Buffer\",\"additionalEtaBufferTimeDescription\":\"Add optional buffer time (in minutes) to cover possible delays. Default is 0 if not specified.\",\"orderQualifiesForFreeDelivery\":\"Your order qualifies for free delivery\",\"locationOutOfRange\":\"Location is out of delivery range\",\"useSavedAddress\":\"Use Saved Address\",\"useDifferentLocation\":\"Use Different Location\",\"fullAddressPlaceholder\":\"Enter apartment, floor, landmark, etc.\",\"confirmLocation\":\"Confirm Location\",\"deliveryLocation\":\"Order will be delivered here\",\"showDeliveryRange\":\"Show Delivery Range\",\"hideDeliveryRange\":\"Hide Delivery Range\",\"useCurrentLocation\":\"Use Current Location\",\"locationPermissionDenied\":\"Location permission denied. Please enable location access and try again.\",\"mapApiKey\":\"Google Map API Key\",\"changeDeliveryAddress\":\"Change Delivery Address\",\"estimatedTimeUnavailable\":\"Estimated time unavailable. Please contact the restaurant for more details.\",\"editAddress\":\"Edit Address\",\"addNewAddress\":\"Add New Address\",\"addressLabel\":\"Address Label (e.g. Home, Office)\",\"fullAddress\":\"Complete Address\",\"updateAddress\":\"Update Address\",\"saveAddress\":\"Save Address\",\"confirmDeleteAddress\":\"Are you sure you want to delete this address?\",\"confirmDeleteAddressDescription\":\"This action cannot be undone.\",\"outsideDeliveryHours\":\"Delivery service available from :start to :end (:timezone). Please order during these hours.\",\"deliveryNotAvailable\":\"Delivery is not available at the moment. Please connect with the restaurant directly for assistance.\",\"deliverySettings\":\"Delivery Settings\",\"enableDelivery\":\"Enable Delivery\",\"kilometers\":\"Kilometers (km)\",\"miles\":\"Miles (mi)\",\"distanceTiers\":\"Distance Tiers\",\"freeDeliveryOptions\":\"Free Delivery Options\",\"deliverySchedule\":\"Delivery Schedule\",\"deliveryTimeEstimate\":\"Delivery Time Estimation\",\"avgPrepTime\":\"Average Preparation Time\",\"minutes\":\"Minutes\",\"feeDetails\":\"Fee Details\",\"privacyPolicyLink\":\"Privacy Policy Link\",\"addressLabelPlaceholder\":\"Home, Office, etc.\",\"searchLocation\":\"Search for your location\",\"searchLocationPlaceholder\":\"Enter your address or location\",\"noAddressesFound\":\"No addresses found\",\"addAddressDescription\":\"Add your delivery addresses to make ordering faster\",\"autoDetectMyLocation\":\"Detect My Location\",\"selectDeliveryLocation\":\"Select Delivery Location\",\"selectLocationDescription\":\"Choose a saved address or add a new delivery location\",\"addNewLocation\":\"Add New Location\",\"deliveryAreaMap\":\"Delivery Area Map\",\"showDeliveryArea\":\"Show Delivery Area\",\"hideDeliveryArea\":\"Hide Delivery Area\",\"orderWillBeDeliveredHere\":\"Your order will be delivered here\",\"placePinAccurately\":\"Place the pin accurately on the map\",\"detectLocation\":\"Detect My Location\",\"savedAddresses\":\"Saved Addresses\",\"noSavedAddresses\":\"No saved addresses found\",\"addressDetails\":\"Address Details\",\"deliveryAddress\":\"Delivery Address\",\"deliveryHours\":\"Delivery Hours\",\"nextDeliveryAt\":\"Next delivery available at :time\",\"deliveryScheduleStart\":\"Delivery Start Time\",\"deliveryScheduleEnd\":\"Delivery End Time\",\"currentlyOutsideHours\":\"Currently outside delivery hours\",\"24hDelivery\":\"24\\/7 Delivery Available\",\"deliveryTimeEstimation\":\"Estimated delivery time: :time minutes\"}', '2025-12-02 19:21:39', '2025-12-02 20:10:19'),
('731', '0', 'en', 'modules', 'settings', '{\"selectCancelReason\":\"Select Cancel Reason\",\"enterCancelReason\":\"Additional Comment (Optional)\",\"taxInclusive\":\"Inclusive Tax\",\"taxExclusive\":\"Exclusive Tax\",\"orderType\":\"Order Type\",\"upgradeLicense\":\"Upgrade Plan\",\"phoneNumber\":\"Phone Number\",\"select\":\"Select\",\"noPhoneCodesFound\":\"No phone codes found\",\"restaurantCurrency\":\"Currency\",\"currencySymbol\":\"Currency Symbol\",\"currencyCode\":\"Currency Code\",\"currencyPosition\":\"Currency Position\",\"left\":\"Left\",\"right\":\"Right\",\"leftWithSpace\":\"Left with Space\",\"rightWithSpace\":\"Right with Space\",\"thousandSeparator\":\"Thousand Separator\",\"decimalSeparator\":\"Decimal Separator\",\"numberOfdecimals\":\"Number of Decimals\",\"staticLandingPage\":\"Static Landing Page\",\"dynamicLandingPage\":\"Dynamic Landing Page\",\"disableLandingSite\":\"Disable Landing Site\",\"disableLandingSiteHelpDescription\":\"When enabled, this will disable the front website and redirect all visitors directly to the login page.\",\"landingSiteType\":\"Landing Site Type\",\"facebook_link\":\"Facebook Link\",\"instagram_link\":\"Instagram Link\",\"twitter_link\":\"Twitter Link\",\"yelp_link\":\"Yelp Link\",\"metaTitle\":\"Meta Title\",\"metaKeyword\":\"Meta Keyword\",\"metaDescription\":\"Meta Description\",\"addDyanamicMenu\":\"Add Dynamic Menu\",\"menuName\":\"Menu Name\",\"menuSlug\":\"Menu Slug\",\"isActive\":\"Active\",\"addDynamicMenu\":\"Add Dynamic Menu\",\"editDynamicMenu\":\"Edit Dynamic Menu\",\"deleteDyanamicMenu\":\"Delete Dynamic Menu\",\"moveFilesToCloud\":\"Move Files to Cloud\",\"addBranch\":\"Add Branch\",\"branchName\":\"Branch Name\",\"branchAddress\":\"Branch Address\",\"taxName\":\"Tax Name\",\"taxPercent\":\"Tax Percent\",\"reason\":\"Reason\",\"cancellationTypes\":\"Cancellation Types\",\"menuContent\":\"Menu Content\",\"restaurantPhoneNumber\":\"Restaurant Phone Number\",\"testStorageFile\":\"Upload file to test if it gets uploaded to bucket\",\"phone\":\"Phone\",\"restaurantCountry\":\"Country\",\"editCharge\":\"Edit Charge\",\"addCharge\":\"Add Charge\",\"chargeName\":\"Charge Name\",\"rate\":\"Rate\",\"chargeType\":\"Type\",\"restaurantAddress\":\"Restaurant Address\",\"restaurantSettings\":\"Restaurant Information\",\"printerSetting\":\"Printer Settings\",\"printerSettingDescription\":\"Configure printer settings for your restaurant.\",\"editPrinter\":\"Edit Printer\",\"addPrinter\":\"Add Printer\",\"whatsappNotificationSettings\":\"Whatsapp Notification Settings\",\"mailFromName\":\"Mail From Name\",\"mailFromEmail\":\"Mail From Email\",\"enableQueue\":\"Enable Email Queue\",\"mailDriver\":\"Mail Driver\",\"smtpHost\":\"SMTP Host\",\"smtpPort\":\"SMTP Port\",\"mailUsername\":\"Mail Username\",\"mailPassword\":\"Mail Password\",\"smtpEncryption\":\"SMTP Mail Encryption\",\"enableItemLevelStatus\":\"Enable Item Level Status\",\"enableItemLevelStatusDescription\":\"Enable this to allow statuses to be set at the item level.\",\"defaultKotStatus\":\"Default KOT Status\",\"currencyFormat\":\"Currency Format\",\"editCurrency\":\"Edit Currency\",\"addCurrency\":\"Add Currency\",\"deleteCurrency\":\"Delete Currency\",\"deleteCurrencyMessage\":\"Are you sure you want to delete the Currency?\",\"manageTranslations\":\"Manage Translations\",\"restaurantRequiresApproval\":\"Restaurant Requires Approval\",\"restaurantRequiresApprovalInfo\":\"Enable this to require admin approval for new restaurant registrations.\",\"themeUpgradeHeading\":\"Upgrade for a Personalized Brand Experience\",\"themeUpgradeInfo\":\"Stand out with your unique brand identity! Upgrade now to customize your Theme Colors and add your Business Logo, creating a seamless experience that reflects your restaurant\'s personality.\",\"logoDescription\":\"Upload a logo for your restaurant.\",\"uploadLogo\":\"Upload Logo\",\"removeLogo\":\"Remove Logo\",\"showLogoText\":\"Show Restaurant Name with Logo\",\"showLogoTextDescription\":\"Enable this to show the restaurant name with the logo.\",\"favicons\":\"Favicons\",\"faviconsDescription\":\"Upload a favicon for your site.\",\"generateFavicon\":\"Generate Favicon\",\"themeColor\":\"Theme Color\",\"themeColorDescription\":\"Select the theme color for your restaurant.\",\"uploadPaymentQrCode\":\"Upload Payment QR Code\",\"previewReceipt\":\"Preview Receipt\",\"paymentUpgradeHeading\":\"Upgrade to Accept Payments Seamlessly\",\"paymentUpgradeInfo\":\"Take your restaurant\'s efficiency to the next level by integrating Payment Gateways. Upgrade now to offer your customers secure, fast, and convenient payment options like Stripe and Razorpay\",\"enableRazorpay\":\"Enable Razorpay\",\"enableStripe\":\"Enable Stripe\",\"enableFlutterwave\":\"Enable Flutterwave\",\"selectEnvironment\":\"Select Environment\",\"flutterwaveKey\":\"Flutterwave Key\",\"flutterwaveSecret\":\"Flutterwave Secret\",\"flutterwaveEncryptionKey\":\"Flutterwave Encryption Key\",\"flutterwaveWebhookHash\":\"Flutterwave Webhook Secret Hash\",\"testFlutterwaveKey\":\"Test Flutterwave Key\",\"testFlutterwaveSecret\":\"Test Flutterwave Secret\",\"testFlutterwaveEncryptionKey\":\"Test Flutterwave Encryption Key\",\"testFlutterwaveWebhookHash\":\"Test Flutterwave Webhook Secret Hash\",\"webhookUrl\":\"Webhook URL\",\"copyWebhookUrl\":\"Copy\",\"enablePayPal\":\"Enable PayPal\",\"paypalLiveClientId\":\"PayPal Live Client ID\",\"paypalLiveSecret\":\"PayPal Live Secret\",\"paypalSandboxClientId\":\"PayPal Sandbox Client ID\",\"paypalSandboxSecret\":\"PayPal Sandbox Secret\",\"enablePayfast\":\"Enable Payfast\",\"enablePaystack\":\"Enable Paystack\",\"enableXendit\":\"Enable Xendit\",\"xenditLivePublicKey\":\"Xendit Live Public Key\",\"xenditLiveSecretKey\":\"Xendit Live Secret Key\",\"xenditLiveWebhookToken\":\"Xendit Live Webhook Token\",\"xenditTestPublicKey\":\"Xendit Test Public Key\",\"xenditTestSecretKey\":\"Xendit Test Secret Key\",\"xenditTestWebhookToken\":\"Xendit Test Webhook Token\",\"offlinePaymentDetails\":\"Offline Payment Details\",\"offlinePaymentDetailsDescription\":\"Enable this to allow customers to pay via offline payment methods.\",\"qrCodeImage\":\"Upload QR Code Image\",\"qrCodeRequirements\":\"Upload a QR code image for payment. The image should be a clear, high-quality image of the QR code.\",\"dineInOnlinePaymentRequired\":\"Dine-in: Online payment required\",\"deliveryOnlinePaymentRequired\":\"Delivery: Online payment required\",\"pickupOnlinePaymentRequired\":\"Pickup: Online payment required\",\"getDatafrom\":\"Import Data from\",\"cloneOptions\":\"Clone Options\",\"cloneSettings\":\"Clone Settings\",\"deleteBranch\":\"Delete Branch\",\"deleteBranchMessage\":\"Are you sure you want to delete the Branch? All the orders, staff members and payments related to this branch will be deleted.\",\"taxSetting\":\"Tax Settings\",\"taxTable\":\"All Taxes\",\"assignAllTaxesToItems\":\"Assign all taxes to items\",\"assignAllTaxesToItemsDescription\":\"Note: If enabled, taxes will be applied to items that do not already have any. Items with existing taxes will remain unchanged.\",\"addTax\":\"Add Tax\",\"deleteTax\":\"Are you Sure, you want to delete this Tax?\",\"deleteTaxMessage\":\"Delete tax permanently\",\"restaurantName\":\"Restaurant Name\",\"restaurantEmailAddress\":\"Restaurant Email Address\",\"showTax\":\"Show Tax Id on Orders\",\"taxId\":\"Tax ID\",\"addMore\":\"Add More\",\"noTaxFound\":\"No Tax Found\",\"enterAmount\":\"Enter Amount\",\"deleteCharge\":\"Delete Charge\",\"deleteChargeMessage\":\"Are you sure you want to delete the charge?\",\"customerSiteSettings\":\"Customer Site\",\"customerSiteSettingsDescription\":\"Configure settings related to the customer site.\",\"customizeHeader\":\"Customize Header\",\"orderSettings\":\"Order Settings\",\"allowCustomerOrders\":\"Allow Customer to place Orders\",\"customerLoginRequired\":\"Customer need to login to place order?\",\"allowDineIn\":\"Allow Dine-In\",\"allowCustomerDeliveryOrders\":\"Allow Customer to place Delivery Orders\",\"allowCustomerPickupOrders\":\"Allow Customer to place Pickup Orders\",\"pickupDaysRange\":\"Pickup Days Range\",\"enableTipShop\":\"Enable Tip Customer Site\",\"enableTipPos\":\"Enable Tip POS\",\"autoConfirmOrders\":\"Auto Confirm Order Status\",\"showVeg\":\"Show Veg\",\"showHalal\":\"Show Halal\",\"callWaiterSettings\":\"Call Waiter Settings\",\"isWaiterRequestEnabled\":\"Enable Waiter Request\",\"onDesktop\":\"On Desktop\",\"onMobile\":\"On Mobile\",\"openViaQrCode\":\"Only When Open via QR Code\",\"dineInSettings\":\"Dine-in Settings\",\"tableRequiredDineIn\":\"Table Required for Dine-In\",\"defaultReservationStatus\":\"Default Table Reservation Status\",\"pwaSettings\":\"PWA Settings\",\"enbalePwaApp\":\"Enable PWA App\",\"tableSettings\":\"Table Settings\",\"tableLockTimeoutMinutes\":\"Table Lock Timeout (Minutes)\",\"socialMediaLinks\":\"Social Media Links\",\"seo\":\"SEO\",\"headerCustomization\":\"Header Customization\",\"headerType\":\"Header Type\",\"headerText\":\"Header Text\",\"headerImages\":\"Header Images\",\"razorpayKey\":\"Razorpay KEY\",\"razorpaySecret\":\"Razorpay SECRET\",\"razorpayWebhookKey\":\"Razorpay Webhook Key\",\"testRazorpayKey\":\"Test Razorpay KEY\",\"testRazorpaySecret\":\"Test Razorpay SECRET\",\"testRazorpayWebhookKey\":\"Test Razorpay Webhook Key\",\"getStripeCredentials\":\"Get Stripe Credentials\",\"stripeKey\":\"Stripe KEY\",\"stripeSecret\":\"Stripe SECRET\",\"stripeWebhookKey\":\"Stripe Webhook Key\",\"getStripeTestCredentials\":\"Get Stripe Test Credentials\",\"testStripeKey\":\"Test Stripe KEY\",\"testStripeSecret\":\"Test Stripe SECRET\",\"testStripeWebhookKey\":\"Test Stripe Webhook Key\",\"enablePaypal\":\"Enable Paypal\",\"copied\":\"Copied!\",\"localStorageNote\":\"Local storage is the default storage option. It stores files on the server\'s local disk.\",\"storageSuggestion\":\"<b>Recommendation:<\\/b> Consider using <a href=\\\"https:\\/\\/digitalocean.pxf.io\\/froiden\\\" class=\\\"underline\\\" target=\\\"_blank\\\">DigitalOcean Spaces<\\/a>, <a href=\\\"https:\\/\\/aws.amazon.com\\/s3\\\" class=\\\"underline\\\" target=\\\"_blank\\\">AWS S3<\\/a>, <a href=\\\"https:\\/\\/wasabi.com\\\" class=\\\"underline\\\" target=\\\"_blank\\\">Wasabi<\\/a> or <a href=\\\"https:\\/\\/min.io\\/\\\" class=\\\"underline\\\" target=\\\"_blank\\\">MinIO<\\/a> Storage for an additional layer of security\",\"selectStorage\":\"Select Storage\",\"digitaloceanAccessKey\":\"DigitalOcean Access Key\",\"digitaloceanSecretKey\":\"DigitalOcean Secret Key\",\"digitaloceanBucket\":\"DigitalOcean Bucket\",\"digitaloceanRegion\":\"DigitalOcean Region\",\"awsAccessKey\":\"AWS Key ID\",\"awsSecretKey\":\"AWS Access Key\",\"awsBucket\":\"AWS Bucket\",\"awsRegion\":\"AWS Region\",\"wasabiAccessKey\":\"Wasabi Access Key\",\"wasabiSecretKey\":\"Wasabi Secret Key\",\"wasabiBucket\":\"Wasabi Bucket\",\"wasabiRegion\":\"Wasabi Region\",\"minioEndpoint\":\"Minio Endpoint\",\"minioAccessKey\":\"Minio Access Key\",\"minioSecretKey\":\"Minio Secret Key\",\"minioBucket\":\"Minio Bucket\",\"minioRegion\":\"Minio Region\",\"testStorage\":\"Test Storage\",\"allowCustomOrderTypeOptions\":\"Allow Custom Order Type Options\",\"orderTypeName\":\"Order Type Name\",\"enabled\":\"Enabled\",\"noOrderTypesFound\":\"Enable custom order type options to add order types.\",\"allowCustomOrderTypeOptionsDescription\":\"Enable this to allow customers to select custom order type options.\",\"deleteOrderType\":\"Delete Order Type\",\"deleteOrderTypeConfirm\":\"Are you sure you want to delete this order type?\",\"default\":\"Default\",\"addKotCancelReason\":\"Add Cancel Reason\",\"editKotCancelReason\":\"Edit Cancel Reason\",\"deleteReason\":\"Delete Reason\",\"deleteCancelReasonWarning\":\"Are you sure you want to delete this cancellation reason?\",\"enablePwadescription\":\"Enable this to allow customers to install your app on their devices.\",\"restaurantTimezone\":\"Time Zone\",\"selectTimezone\":\"Select Timezone\",\"customerSiteLanguage\":\"Customer Site Language\",\"customOrderTypes\":\"Custom Order Types\",\"save\":\"Save\",\"package\":\"Package\",\"branches\":\"Branches\",\"appName\":\"App Name\",\"defaultLanguage\":\"Default Language\",\"defaultCurrency\":\"Default Currency\",\"timezone\":\"Time Zone\",\"sessionDriver\":\"Session Driver\",\"getGoogleMapApiKeyHelp\":\"To get a Google Maps API key, you need to create a project in the Google Cloud Console and enable the Maps JavaScript API.\",\"learnMore\":\"Learn more\",\"showPrivacyConsentCheckbox\":\"Legal Consent Checkbox\",\"showPrivacyConsentCheckboxHelp\":\"Enable this to show a legal consent checkbox on the signup page. When enabled, you must provide a legal link.\",\"privacyPolicyLink\":\"Legal Consent Page Link (Privacy Policy)\",\"privacyPolicyLinkHelp\":\"Enter the URL to your legal consent page. This will be used for legal compliance and user consent.\",\"tableNumber\":\"Table no.\",\"selectLanguage\":\"Select Language\",\"featureHeading\":\"Feature Heading\",\"headerTitle\":\"Header Title\",\"headerDescription\":\"Header Description\",\"headerImage\":\"Header Image\",\"preview\":\"Preview\",\"priceTitle\":\"Price Title\",\"priceDescription\":\"Price Description\",\"lanuage\":\"Language\",\"reviewerName\":\"Reviewer Name\",\"reviewerDesignation\":\"Reviewer Designation\",\"editReview\":\"Edit Review\",\"language\":\"Language\",\"featureTitle\":\"Feature Title\",\"featureDescription\":\"Feature Description\",\"featureImage\":\"Feature Image\",\"title\":\"Title\",\"addContact\":\"Add Contact\",\"email\":\"Email\",\"contactCompany\":\"Contact Company\",\"address\":\"Address\",\"contactImage\":\"Contact Image\",\"featureIcon\":\"Feature Icon\",\"reviews\":\"Reviews\",\"addReview\":\"Add Review\",\"addFeature\":\"Add Feature\",\"question\":\"Question\",\"answer\":\"Answer\",\"description\":\"Description\",\"faq\":\"FAQ\",\"addFaq\":\"Add FAQ\",\"editFaq\":\"Edit FAQ\",\"addFeatureWithIcon\":\"Add Feature With Icon\",\"editFeatureWithicon\":\"Edit Feature With Icon\",\"customModules\":\"Custom Modules\",\"emailSettings\":\"Email Settings\",\"appSettings\":\"App Settings\",\"dineIn\":\"Dine In\",\"delivery\":\"Delivery\",\"pickup\":\"Pickup\",\"cannotDeleteDefaultOrderType\":\"Default order types cannot be deleted.\",\"cancelReasonRequired\":\"Please select a cancellation reason or provide a custom reason.\",\"languageSettings\":\"Language Settings\",\"restaurantInformation\":\"Restaurant Information\",\"generalHelp\":\"Enter the general information about your restaurant.\",\"countryTimezone\":\"Restaurant\'s Country, Timezone & Currency\",\"predefinedAmounts\":\"Preset Amounts\",\"editAmounts\":\"Edit Amounts\",\"editPredefinedAmounts\":\"Edit Preset Amounts\",\"addAmount\":\"Add Amount\",\"themeSettings\":\"Theme Settings\",\"restaurantLogo\":\"Show Restaurant Logo\",\"paymentgatewaySettings\":\"Payment Gateways\",\"paymentHelp\":\"Enter payment gateway credentials to receive order payments.\",\"paymentHelpSuperadmin\":\"Enter payment gateway credentials to receive subscription payments.\",\"enableOfflinePayment\":\"Pay Offline\",\"enableQrPayment\":\"Pay Via Qr Code\",\"taxSettings\":\"Taxes\",\"currencySettings\":\"Currencies\",\"offline_payment_status\":\"Enable Offline Payment\",\"roleSettings\":\"Staff Roles\",\"reservationSettings\":\"Reservation Settings\",\"editTax\":\"Edit Tax\",\"whatsappSettings\":\"Whatsapp Settings\",\"notificationSettings\":\"Notification Settings\",\"branchSettings\":\"Branch Settings\",\"editBranch\":\"Edit Branch\",\"licenseType\":\"License Type\",\"upgradeLicenseInfo\":\"Simple, transparent pricing with everything you need to run your restaurant smoothly.\",\"pricing\":\"Pricing\",\"payNow\":\"Pay Now\",\"paymentSource\":\"Payment Source\",\"customerName\":\"Show Customer Name\",\"customerAddress\":\"Show Customer Address\",\"paymentQrCode\":\"Show QR code    \",\"waiter\":\"Show Waiter Name\",\"totalGuest\":\"Show Total guest\",\"restaurantTax\":\"Show Restaurant Tax\",\"enablePushNotification\":\"Enable Push Notifications\",\"pushNotificationSettings\":\"Push Notification Settings\",\"aboutUsSettings\":\"About Us\",\"receiptSetting\":\"Receipt Settings\",\"disableLandingSiteHelp\":\"Disable the landing site or set your custom landing site.\",\"landingSiteUrl\":\"Landing Site URL\",\"theme\":\"Theme\",\"custom\":\"Custom\",\"billing\":\"Billing\",\"enablePaymentGateway\":\"Please enable at least one payment gateway (e.g., Razorpay, Stripe, Flutterwave, PayPal, Paystack, Payfast, Xendit) to configure online payment options.\",\"generalSettingsUseInfo\":\"Enabling this allows only online payments via the active gateway. If disabled, both online and cash payments are accepted with an active gateway.\",\"reservationStatusConfirmed\":\"Confirmed\",\"reservationStatusCheckedIn\":\"Checked In\",\"reservationStatusCancelled\":\"Cancelled\",\"reservationStatusPending\":\"Pending\",\"reservationStatusNoShow\":\"No Show\",\"receipt\":\"receipt Setting\",\"storageSettings\":\"Storage Settings\",\"local\":\"Local\",\"digitalocean\":\"DigitalOcean\",\"aws_s3\":\"AWS S3\",\"wasabi\":\"Wasabi\",\"minio\":\"MinIO\",\"facebook\":\"Facebook\",\"instagram\":\"Instagram\",\"twitter\":\"Twitter\",\"facebookPlaceHolder\":\"Enter your Facebook URL\",\"instagramPlaceHolder\":\"Enter your Instagram URL\",\"twitterPlaceHolder\":\"Enter your Twitter URL\",\"tableRequiredDineInDescription\":\"Enable this to require customers to select a table for dine-in orders.\",\"defaultReservationStatusDescription\":\"Select the default status for new reservations.\",\"allowCustomerPickupOrdersDescription\":\"Enable this to allow customers to place pickup orders.\",\"allowCustomerDeliveryOrdersDescription\":\"Enable this to allow customers to place delivery orders.\",\"allowCustomerDineInOrdersDescription\":\"Enable this to allow customers to place dine-in orders.\",\"allowCustomerOrdersDescription\":\"Enable this to allow customers to place orders.\",\"allowDineInDescription\":\"Enable this to allow dine-in orders.\",\"customerLoginRequiredDescription\":\"Enable this to require customers to login before placing orders.\",\"isWaiterRequestEnabledDescription\":\"Enable this to allow customers to call waiters for service.\",\"orderSettingsDescription\":\"Configure settings related to customer orders.\",\"qrPaymentDescription\":\"Enable this to allow customers to pay via QR code.\",\"uploadQrCode\":\"Upload QR Code\",\"customerInformation\":\"Customer Information\",\"receiptPreview\":\"Receipt Preview\",\"orderDetails\":\"Order Details\",\"cronJobSetting\":\"Cron Job Setting\",\"installCustomModule\":\"Install Custom Module\",\"enablePayViaCash\":\"Pay Via Cash\",\"offlinePaymentDescription\":\"Enable this to allow customers to pay via offline payment methods.\",\"cashPaymentDescription\":\"Enable this to allow customers to pay via cash payment methods.\",\"upload_fav_icon_android_chrome_192\":\"Upload Favicon for Android Chrome (192x192)px\",\"upload_fav_icon_android_chrome_512\":\"Upload Favicon for Android Chrome (512x512)px\",\"upload_fav_icon_apple_touch_icon\":\"Upload Favicon for Apple Touch Icon\",\"upload_favicon_16\":\"Upload Favicon (16x16)px\",\"upload_favicon_32\":\"Upload Favicon (32x32)px\",\"favicon\":\"Upload Favicon\",\"percent\":\"Percent\",\"fixed\":\"Fixed\",\"hideTodayOrders\":\"Hide Today\'s Orders\",\"hideNewReservation\":\"Hide New Reservation\",\"hideNewWaiterRequest\":\"Hide New Waiter Request\",\"hideTopNav\":\"Hide Top Navigation\",\"hideTodayOrdersDescription\":\"Enable this to hide today\'s orders widget from top navigation.\",\"hideNewReservationDescription\":\"Enable this to hide new reservation widget from top navigation.\",\"hideNewWaiterRequestDescription\":\"Enable this to hide new waiter request widget from top navigation.\",\"charges\":\"Additional Charges\",\"onDesktopDescription\":\"Enable this to allow customers to call waiters on desktop.\",\"onMobileDescription\":\"Enable this to allow customers to call waiters on mobile.\",\"openViaQrCodeDescription\":\"Enable this to allow customers to call waiters only when they open the app via QR code.\",\"siteWebManifest\":\"Site Web Manifest\",\"paymentDetails\":\"Payment Details\",\"paymentQrImage\":\"Payment QR Image\",\"showPaymetQrCode\":\"Show Payment QR Code\",\"payFromYourPhone\":\"PAY FROM YOUR PHONE\",\"scanQrCode\":\"Scan the QR code to pay Your Bill \",\"isChargeEnabled\":\"Apply Charge\",\"isChargeEnabledDescription\":\"Check to enable this charge.\",\"enableTipShopDescription\":\"Enable this to allow customers to add tips to their orders.\",\"enableTipPosDescription\":\"Enable this to allow adding tips to their orders in POS.\",\"addMoreWebPage\":\"Add More Web Page\",\"addMoreWebPageHelp\":\"Add a Dynamic web page to your site.\",\"showMoreWebPage\":\"Show More Web Page\",\"showPaymentDetails\":\"Show Payment Details\",\"autoConfirmOrdersDescription\":\"Enable this to automatically confirm orders status and send to KOT.\",\"deletePrinter\":\"Delete Printer\",\"printerName\":\"Printer Name\",\"printerType\":\"Printer Type\",\"printerStatus\":\"Printer Status\",\"headerPage\":\"Header Page\",\"featureWithImage\":\"Feature With Image\",\"editFeature\":\"Edit Feature\",\"deleteFeature\":\"Delete Feature\",\"feature\":\"Feature\",\"addFeatureWithicon\":\"Add Feature With Icon\",\"featureWithIcon\":\"Feature With Icon\",\"reviewSetting\":\"Review setting\",\"deleteReview\":\"Delete Review\",\"noReviews\":\"No Reviews\",\"faqSetting\":\"FAQ setting\",\"deleteFaq\":\"Delete FAQ\",\"contactSetting\":\"Contact setting\",\"contact\":\"Contact\",\"editContact\":\"Edit Contact\",\"deleteContact\":\"Delete Contact\",\"contactName\":\"Contact Name\",\"footerSetting\":\"Footer setting\",\"footerCopyrightText\":\"Footer Copyright Text\",\"noFaq\":\"No FAQ\",\"priceSetting\":\"Price setting\",\"flutterwaveSettings\":\"Flutterwave Settings\",\"flutterwavePublicKey\":\"Flutterwave Public Key\",\"flutterwaveSecretKey\":\"Flutterwave Secret Key\",\"deliverySettings\":\"Delivery Settings\",\"branchPhone\":\"Branch Phone \",\"sessionDriverFile\":\"File\",\"sessionDriverDatabase\":\"Database\",\"kotSettings\":\"KOT Settings\",\"kotStatusesPending\":\"Pending\",\"kotStatusesCooking\":\"Cooking\",\"defaultKotStatusDescription\":\"Set the default status for the KOT.\",\"kotStatusesPendingDescription\":\"Initial status when KOT is created and waiting to be processed\",\"kotStatusesCookingDescription\":\"Status when kitchen staff is preparing the order\",\"kotStatusesReadyDescription\":\"Status when the order is completed and ready for serving\",\"kotStatusesServedDescription\":\"Status when the order is served to the customer\",\"kotStatusesCancelledDescription\":\"Status when the order is cancelled\",\"menu\":\"Menu\",\"ItemCategories\":\"Item Categories\",\"menuItems\":\"Menu Items\",\"selectPhoneCode\":\"Select Phone Code\",\"searchPhoneCode\":\"Search phone code...\",\"adminSettings\":\"Enable payment gateways to show in restaurant panel\",\"customOrderTypesDescription\":\"Manage custom order types that customers can choose from.\",\"addFirstDeliveryType\":\"Add First Delivery Type\",\"deleteDeliveryType\":\"Delete Delivery Type\",\"deleteDeliveryTypeConfirm\":\"Are you sure you want to delete this delivery type?\",\"enterOrderTypeName\":\"Enter Order Type Name\",\"orderTypeDescription\":\"Order Type Description\",\"isDelivery\":\"Is Delivery\",\"defaultOrderTypeWarning\":\"This is a default order type and cannot be modified.\",\"cannotModifyDefaultOrderType\":\"Cannot modify default order type.\",\"cannotModifyDefaultOrderTypeName\":\"Cannot modify default order type name.\",\"orderTypeNameRequired\":\"Order type name is required.\",\"orderTypeRequired\":\"Order type is required.\",\"invalidOrderType\":\"Invalid order type selected.\",\"kotCancelReasons\":\"Cancel Reasons\",\"cancelSettings\":\"Cancellation Reasons\",\"deliveryType\":\"Delivery Type\",\"enterDeliveryTypeName\":\"Enter Delivery Type Name\",\"deliveryTypeDescription\":\"Delivery Type Description\",\"enterDeliveryTypeDescription\":\"Enter Delivery Type Description\",\"deliveryTypeEnabled\":\"Delivery Type Enabled\",\"enterDeliveryTypeEnabled\":\"Enter Delivery Type Enabled\",\"deliveryTypeName\":\"Delivery Type Name\",\"customOrderType\":\"Custom Order Type\",\"showOrderType\":\"Show Order Type\",\"taxMode\":\"Tax Mode\",\"taxModeOrder\":\"Order-Level Tax\",\"taxModeOrderHelp\":\"Apply tax on the total order amount.\",\"taxModeItem\":\"Item-Level Tax\",\"taxModeItemHelp\":\"Apply different tax rates to each item.\",\"defaultItemTaxType\":\"Item Tax Type\",\"taxInclusiveHelp\":\"If enabled, item prices include tax. Otherwise, tax is added at checkout.\",\"taxSettingsDescription\":\"Manage how taxes are applied to orders and items.\",\"orderSetting\":\"Order Settings\",\"orderSettingsHelp\":\"Configure order settings to manage how orders are processed.\",\"showVegDescription\":\"Show veg items in the menu.\",\"showHalalDescription\":\"Show halal items in the menu.\",\"headerTypeDescription\":\"Choose whether to display text or images in the cart page header.\",\"textHeader\":\"Text Header\",\"imageHeader\":\"Image Header\",\"headerTextDescription\":\"Enter the text to display in the cart page header.\",\"headerImagesDescription\":\"Upload multiple images to create a slider in the cart page header.\",\"existingImages\":\"Existing Images\",\"superAdminPhoneNumber\":\"Super Admin Phone Number\",\"tableLockTimeoutMinutesDescription\":\"Set how long a table remains locked when a staff member is working on it.\"}', '2025-12-02 19:21:39', '2025-12-02 20:10:19'),
('732', '0', 'en', 'modules', 'customer', '{\"address\":\"Address\",\"name\":\"Customer Name\",\"addCustomer\":\"Add Customer\",\"importCustomer\":\"Import Customer\",\"enterCustomerName\":\"Please enter customer name\",\"phone\":\"Phone\",\"email\":\"Email Address\",\"editCustomer\":\"Edit Customer\",\"deleteCustomer\":\"Delete Customer\",\"deleteCustomerMessage\":\"Are you sure you want to delete the customer?\",\"deleteWithOrder\":\"Delete with their Orders\",\"walkin\":\"Walkin\",\"searchPlaceholder\":\"Search by name, phone, or email...\",\"foundCustomers\":\"Found :count customer(s)\",\"createNewCustomer\":\"Create New Customer\",\"existingCustomer\":\"Existing Customer\",\"createNewInstead\":\"Create New Instead\",\"enterPhoneNumber\":\"Enter phone number\",\"enterEmailAddress\":\"Enter email address\",\"enterDeliveryAddress\":\"Enter delivery address\",\"enterName\":\"Please enter your name\",\"totalAmountReceived\":\"Total Amount Received\",\"customerAddress\":\"Customer Address\",\"customer\":\"Customer\",\"enterCustomerPhone\":\"You can search and insert customer phone number here\",\"searchOrCreate\":\"Search existing customers or create a new one\",\"searchCustomer\":\"Search Customer\",\"noCustomersFound\":\"No customers found\",\"noCustomersMatching\":\"We couldn\'t find any customers matching \\\":query\\\"\",\"customerDetails\":\"Customer Details\"}', '2025-12-02 19:21:39', '2025-12-02 20:10:19'),
('733', '0', 'en', 'modules', 'package', '{\"monthlyPlan\":\"Monthly Plan\",\"annualPlan\":\"Annual Plan\",\"monthlyPrice\":\"Monthly Plan Price\",\"annualPrice\":\"Annual Plan Price\",\"payOnce\":\"Pay One Time\",\"payMonthly\":\"Pay Monthly\",\"payAnnually\":\"Pay Annually\",\"lifetime\":\"Lifetime\",\"trial\":\"Trial\",\"editPackage\":\"Edit Package\",\"addPackage\":\"Add Package\",\"packageDetails\":\"Package Details\",\"packageType\":\"Package Type\",\"amount\":\"Amount\",\"paymentDate\":\"Payment Date\",\"nextPaymentDate\":\"Next Payment Date\",\"licenseExpiresOn\":\"License Expires On\",\"updatePackage\":\"Update Package\",\"selectPackage\":\"Select Package\",\"selectBillingCycle\":\"Select Billing Cycle\",\"active\":\"Active\",\"inactive\":\"Inactive\",\"free\":\"Free\",\"monthly\":\"Monthly\",\"annual\":\"Annual\",\"trialExpireOn\":\"Trial Expires On\",\"selectDate\":\"Select Date\",\"licenceExpiresOn\":\"License Expires On\",\"packageName\":\"Package Name\",\"choosePackageType\":\"Choose Package Type\",\"isRecommended\":\"Mark as Recommended\",\"isPrivate\":\"Make Private\",\"chooseCurrency\":\"Choose Currency\",\"monthlyStripeId\":\"Monthly Stripe Id\",\"monthlyRazorpayId\":\"Monthly Razorpay Id\",\"monthlyFlutterwaveId\":\"Monthly Flutterwave Id\",\"monthlyPaystackId\":\"Monthly Paystack Id\",\"annualStripeId\":\"Annual Stripe Id\",\"annualRazorpayId\":\"Annual Razorpay Id\",\"annualFlutterwaveId\":\"Annual Flutterwave Id\",\"annualPaystackId\":\"Annual Paystack Id\",\"trialStatus\":\"Trial Status\",\"NotificationBeforeDays\":\"Notification Before Days\",\"trialDays\":\"Trial Days\",\"trialMessage\":\"Trial Message\",\"selectModules\":\"Select Modules for this package\",\"selectAdditionalFeature\":\"Select Additional Feature\",\"branchLimitInfo\":\"The restaurant can create a specified number of branches. Enter -1 for unlimited branches.\",\"branchLimit\":\"Branch Limit\",\"description\":\"Description\",\"additionalFeatures\":\"Additional Features\",\"lifetimePrice\":\"Lifetime Price\",\"moduleInPackage\":\"Modules in Package\",\"recommended\":\"Recommended\",\"private\":\"Private\",\"trialPeriod\":\"Trial Period\",\"days\":\"Day(s)\",\"deletePackage\":\"Delete Package\",\"deletePackageMessage\":\"Are you sure you want to delete the package?\",\"currentPlan\":\"Current Plan\",\"choosePlan\":\"Choose Plan\",\"daysLeftTrial\":\"days left on trial\",\"trialExpired\":\"Trial expired\",\"annually\":\"Annually\",\"packagePrice\":\"Package Price\",\"default\":\"Default\",\"normal\":\"Normal\",\"freePlan\":\"Free Plan\",\"trialPackage\":\"Trial Package\",\"lifetimeRazorpayId\":\"Lifetime Razorpay Id\",\"lifetimeStripeId\":\"Lifetime Stripe Id\",\"trialPackageDetails\":\"If this package is active, then the restaurant which registers for the first time goes to this package.\",\"defaultPackage\":\"Default Package\",\"defaultPackageDetails\":\"When the trial package expires, the restaurant goes back to this plan.\",\"defaultPackageDetails2\":\"When the restaurant fails the payment of an upgraded package, the restaurant goes back to this plan.\",\"thisPackageCannotBeDeleted\":\"This package cannot be deleted\",\"planExpire\":\"Plan Expires On\",\"paidPlan\":\"Paid Plan\",\"choseFreePlan\":\"Choose Free Plan\",\"chooseDefaultPlan\":\"Choose Default Plan\",\"selectAll\":\"Select All\",\"restaurantCurrentPackage\":\"Restaurant\'s Current Package\",\"transactionId\":\"Transaction ID\",\"paymentGateway\":\"Payment Gateway\",\"noPaymentOptionEnable\":\"No payment options are enabled.\",\"choosePaymentMethod\":\"Choose Payment Method\",\"paymentBy\":\"Payment By\",\"created\":\"Created\",\"status\":\"Status\",\"receipt\":\"Receipt\",\"payOnline\":\"Pay Online\",\"billingCycle\":\"Billing Cycle\",\"payOffline\":\"Pay Offline\",\"purchaseHistory\":\"Purchase History\",\"offlineRequest\":\"Offline Request\",\"planDetails\":\"Plan Details\",\"offlineUploadFile\":\"Please attach a file of your offline payment receipt\",\"offlineDescriptionPlaceholder\":\"Provide details of your offline payment\",\"remark\":\"Remark\",\"defaultPlan\":\"Your default plan.\",\"noAdditionalFeatures\":\"No additional features available.\",\"currency\":\"Currency\",\"monthlyPaypalId\":\"Monthly Paypal Id\",\"annualPaypalId\":\"Annual Paypal Id\"}', '2025-12-02 19:21:39', '2025-12-02 20:10:19'),
('734', '0', 'en', 'modules', 'billing', '{\"offlineUploadFile\":\"Please attach a file of your offline payment receipt\",\"description\":\"Description\",\"stripe\":\"Stripe\",\"razorpay\":\"Razorpay\",\"flutterwave\":\"Flutterwave\",\"paypal\":\"Paypal\",\"payfast\":\"PayFast\",\"paystack\":\"Paystack\",\"xendit\":\"Xendit\",\"payOffline\":\"Pay Offline\",\"payOnline\":\"Pay Online\",\"paid\":\"Paid\",\"paidVia\":\"Paid Via\",\"planDetails\":\"Plan Details\",\"cancelImmediately\":\"Cancel Immediately\",\"endOfBillingCycle\":\"End of Billing Cycle\",\"noPlanAssigned\":\"No Plan Assigned\",\"nextPaymentDate\":\"Next Payment Date\",\"licenseExpireOn\":\"License Expire On\",\"daysLeft\":\":count Days Left\",\"expiringToday\":\"Expiring Today\",\"offlineRequest\":\"Offline Request\",\"packageDetails\":\"Package Details\",\"billingCycle\":\"Billing Cycle\",\"paymentBy\":\"Payment By\",\"created\":\"Created\",\"purchaseHistory\":\"Purchase History\",\"package\":\"Package\",\"paymentDate\":\"Payment Date\",\"transactionId\":\"Transaction ID\",\"paymentGateway\":\"Payment Gateway\",\"amount\":\"Amount\",\"offline\":\"Offline Payment\",\"qr_code\":\"QR Code Payment\",\"generalSettings\":\"General Settings\",\"payfastLiveId\":\"Payfast Live ID\",\"payfastLiveKey\":\"Payfast Live KEY\",\"payfastLivePassphrase\":\"Payfast Live Passphrase\",\"payfastTestId\":\"Test Payfast ID\",\"payfastTestKey\":\"Test Payfast KEY\",\"payfastTestPassphrase\":\"Test Payfast Passphrase\",\"offlinePaymentMethod\":\"Offline Payment Method\",\"restaurant\":\"Restaurant Name\",\"viewPaymentMethod\":\"View Payment Method\",\"acceptOfflineRequest\":\"Accept Offline Request\",\"rejectOfflineRequest\":\"Reject Offline Request\",\"remark\":\"Remark\",\"name\":\"Name\",\"deleteOfflinePaymentMethod\":\"Delete Offline Payment Method\",\"askDeleteOfflinePaymentMethod\":\"Are you sure you want to delete the offline payment method?\",\"monthly\":\"Monthly\",\"annually\":\"Annually\",\"noPaymentOptionEnable\":\"No payment options are enabled.\",\"choosePlan\":\"Choose Plan\",\"choosePaymentMethod\":\"Choose Payment Method\",\"total\":\"Total\",\"offlinePaymentMethodDeleted\":\"Offline Payment Method Deleted\",\"addPaymentMethod\":\"Add Payment Method\",\"paymentDone\":\"Payment Done\",\"status\":\"Status\",\"receipt\":\"Receipt\",\"paybyQr\":\"Pay by QR Code\",\"accountDetails\":\"Account Details :\",\"showOtherPaymentOption\":\"Show Other Payment Option\",\"bankTransfer\":\"Bank Transfer\",\"currentPlan\":\"Current Plan Name\",\"expired\":\"Expired\",\"currentPlanType\":\"Current Plan Type\",\"offlineDescriptionPlaceholder\":\"Provide details of your offline payment\",\"lifetimeAccess\":\"Lifetime Access\",\"billed\":\"Billed\",\"free\":\"Free\",\"billedTo\":\"Billed To\",\"pickYourPlan\":\"Pick Your Plan\",\"noPaymentMethodSelected\":\"No payment method selected.\",\"paymentReceipt\":\"Payment Receipt\",\"trial\":\"Trial\",\"default\":\"Default\",\"standard\":\"Standard\",\"lifetime\":\"Lifetime\",\"annual\":\"Annual\",\"popular\":\"Popular\"}', '2025-12-02 19:21:39', '2025-12-02 20:10:19'),
('735', '0', 'en', 'modules', 'profile', '{\"confirmPassword\":\"Confirm Password\",\"code\":\"Code\",\"recoveryCode\":\"Recovery Code\",\"useRecoveryCode\":\"Use a recovery code\",\"useAuthCode\":\"Use an authentication code\",\"login\":\"Log In\",\"updatePassword\":\"Update Password\",\"ensureAccountSecure\":\"Ensure your account is using a long, random password to stay secure.\",\"currentPassword\":\"Current Password\",\"newPassword\":\"New Password\",\"profileInfo\":\"Profile Information\",\"updateProfileInfo\":\"Update your account\'s profile information and email address.\",\"photo\":\"Photo\",\"selectNewPhoto\":\"Select A New Photo\",\"removePhoto\":\"Remove Photo\",\"name\":\"Name\",\"deleteAccount\":\"Delete Account\",\"permanentlyDeleteAccount\":\"Permanently delete your account.\",\"permanentlyDeleteAccountMessage\":\"Once your account is deleted, all of its resources and data will be permanently deleted. Before deleting your account, please download any data or information that you wish to retain.\",\"areYouSureDeleteAccount\":\"Are you sure you want to delete your account? Once your account is deleted, all of its resources and data will be permanently deleted. Please enter your password to confirm you would like to permanently delete your account.\",\"password\":\"Password\",\"twoFactorAuth\":\"Two Factor Authentication\",\"addSecurity\":\"Add additional security to your account using two factor authentication.\",\"finishEnablingTwoFactorAuth\":\"Finish enabling two factor authentication.\",\"enabledTwoFactorAuth\":\"You have enabled two factor authentication.\",\"notEnabledTwoFactorAuth\":\"You have not enabled two factor authentication.\",\"twoFactorAuthMessage\":\"When two factor authentication is enabled, you will be prompted for a secure, random token during authentication. You may retrieve this token from your phone\'s Google Authenticator application.\",\"finishEnablingTwoFactorAuthMessage\":\"To finish enabling two factor authentication, scan the following QR code using your phone\'s authenticator application or enter the setup key and provide the generated OTP code.\",\"setupKey\":\"Setup Key\",\"recoveryCodesMessage\":\"Store these recovery codes in a secure password manager. They can be used to recover access to your account if your two factor authentication device is lost.\",\"regenerateRecoveryCodes\":\"Regenerate Recovery Codes\",\"showRecoveryCodes\":\"Show Recovery Codes\",\"browserSessions\":\"Browser Sessions\",\"browserSessionsDescription\":\"Manage and log out your active sessions on other browsers and devices.\",\"browserSessionsContent\":\"If necessary, you may log out of all of your other browser sessions across all of your devices. Some of your recent sessions are listed below; however, this list may not be exhaustive. If you feel your account has been compromised, you should also update your password.\",\"unknown\":\"Unknown\",\"thisDevice\":\"This Device\",\"lastActive\":\"Last Active\",\"logOutOtherBrowserSessions\":\"Log Out Other Browser Sessions\",\"done\":\"Done.\",\"confirmLogoutContent\":\"Please enter your password to confirm you would like to log out of your other browser sessions across all of your devices.\",\"passwordConfirmationContent\":\"For your security, please confirm your password to continue.\",\"confirm\":\"Confirm\"}', '2025-12-02 19:21:39', '2025-12-02 20:10:19'),
('736', '0', 'en', 'modules', 'expenses', '{\"filterExpenseCategory\":\"Filter by Expense Category\",\"expensesCategory\":\"Expenses Category\",\"filterPaymentMethod\":\"Filter by Payment Method\",\"expensesPaymentMethod\":\"Payment Method\",\"filterDateRange\":\"Filter by Date Range\",\"expensesDateRange\":\"Date Range\",\"category\":\"Category\",\"description\":\"Description\",\"title\":\"Expenses\",\"amount\":\"Amount\",\"expenseDate\":\"Expense Date\",\"paymentDate\":\"Payment Date\",\"paymentDueDate\":\"Due Date\",\"paymentStatus\":\"Payment Status\",\"paymentMethod\":\"Payment Method\",\"receipt\":\"Receipt\",\"addCategory\":\"Add Category\",\"expenseTitle\":\"Expense Title\",\"expenseDetails\":\"Expense Details\",\"editExpense\":\"Edit Expense\",\"deleteExpense\":\"Delete Expense\",\"deleteExpensesMessage\":\"Are you sure you want to delete the expense?\",\"addExpense\":\"Add Expense\",\"editExpenseCategory\":\"Edit Expense Category\",\"addExpenseCategory\":\"Add Expense Category\",\"reports\":{\"NoReportsFound\":\"No reports Found\",\"outstandingPaymentReport\":\"Outstanding Payment Report\",\"expenseSummaryReport\":\"Expense Summary Report\",\"vendorWiseExpensePaymentReport\":\"Vendor Wise Expense Payment Report\",\"description\":\"Description\"},\"total_expense\":\"Total Expense\",\"percentage_of_total\":\"Percentage of Total\",\"totalPaymentDue\":\"Total Payment Due\",\"lastDueDate\":\"Last Due Date\",\"vendor\":\"Vendor\",\"selectCategory\":\"Select Category\",\"selectVendor\":\"Select Vendor\",\"pending\":\"Pending\",\"paid\":\"Paid\",\"addVendor\":\"Add Vendor\",\"expenses\":\"Expenses\",\"filterVendor\":\"Filter by Vendor\",\"expensesVendor\":\"Vendor\",\"startDate\":\"Start Date\",\"endDate\":\"End Date\",\"total_amount_spent\":\"Total Amount Spent\",\"no_of_transaction\":\"Number of Transaction\",\"receiptPreview\":\"Receipt Preview\",\"expenseCategory\":\"Expense Category\",\"expenseAmount\":\"Expense Amount\",\"expenseDescription\":\"Expense Description\",\"status\":{\"paid\":\"Paid\",\"pending\":\"Pending\",\"approved\":\"Approved\",\"rejected\":\"Rejected\"},\"methods\":{\"cash\":\"Cash\",\"bank_transfer\":\"Bank Transfer\",\"credit_card\":\"Credit Card\",\"debit_card\":\"Debit Card\",\"check\":\"Cheque\",\"digital_wallet\":\"Digital Wallet\"},\"noReceiptAvailable\":\"No receipt available.\"}', '2025-12-02 19:21:39', '2025-12-02 20:10:19'),
('737', '0', 'en', 'modules', 'reservation', '{\"guests\":\"Guests\",\"Breakfast\":\"Breakfast\",\"Lunch\":\"Lunch\",\"Dinner\":\"Dinner\",\"changeTable\":\"Change Table\",\"newReservation\":\"New Reservation\",\"slotType\":\"Slot Type\",\"timeStart\":\"Start Time\",\"timeEnd\":\"End Time\",\"timeSlotDifference\":\"Time Slot Difference\",\"available\":\"Available\",\"unavailable\":\"Unavailable\",\"reservationSettings\":\"Reservation Settings\",\"enableAdminReservation\":\"Enable Admin Reservations\",\"enableAdminReservationDescription\":\"Allow staff to create reservations through the admin panel\",\"enableCustomerReservation\":\"Enable Customer Reservations\",\"enableCustomerReservationDescription\":\"Allow customers to make reservations through the customer site\",\"minimumPartySize\":\"Minimum Party Size\",\"minimumPartySizeDescription\":\"Set the minimum number of guests required for a reservation\",\"disableSlotMinutes\":\"Disable Slot Minutes\",\"disableSlotMinutesInfo\":\"Set how many minutes before a time slot that bookings should be disabled. This only applies to reservations for today.\",\"generalSettings\":\"General Settings\",\"timeSlotsSettings\":\"Time Slots Settings\",\"Pending\":\"Pending\",\"reservationsDisabled\":\"Reservations are currently disabled.\",\"reservationsDisabledDescription\":\"Reservations are currently disabled. Please enable them in the settings to allow customers to make reservations.\",\"upgradeHeading\":\"Unlock Seamless Table Reservations Today!\",\"upgradeInfo\":\"Effortlessly manage customer reservations with Table Reservation feature. Upgrade now and give your guests the convenience they deserve, while streamlining your operations.\",\"newReservations\":\"New Reservations\",\"maxGuests\":\"Maximum Guests\",\"No_Show\":\"No Show\",\"Checked_In\":\"Checked In\",\"Confirmed\":\"Confirmed\",\"Cancelled\":\"Cancelled\",\"todayReservations\":\"Today Reservations\",\"selectDate\":\"Select Date of Booking\",\"reservedTables\":\"Reservations\",\"currentTable\":\"Current Table\",\"enterMinimumPartySize\":\"Enter minimum party size\",\"lastMinuteBookingSettings\":\"Last-Minute Booking Settings\"}', '2025-12-02 19:21:39', '2025-12-02 20:10:19'),
('738', '0', 'en', 'modules', 'modifier', '{\"editModifierGroup\":\"Edit Modifier Group\",\"addModifierGroup\":\"Add Modifier Group\",\"itemModifiers\":\"Item Modifiers\",\"optionName\":\"Option Name\",\"menuItemName\":\"Menu Item Name\",\"selectMenuItem\":\"Select Menu Item\",\"variationDescription\":\"Select Variation to which this modifier group should be applied\",\"modifierGroup\":\"Modifier Group\",\"selectModifierGroup\":\"Select Modifier Group\",\"allowMultipleSelectionDescription\":\"Allow users to select multiple options\",\"modifierName\":\"Modifier Name\",\"description\":\"Description\",\"modifierOptions\":\"Modifier Options\",\"name\":\"name\",\"price\":\"Price\",\"isAvailable\":\"Is Available\",\"addModifierOption\":\"Add Modifier Option\",\"locations\":\"Locations\",\"selectVariation\":\"Select Variation\",\"noMenuItemsFound\":\"No menu item found.\",\"selectMenuItemsHelpText\":\"Select menu items to which this modifier group should be applied\",\"updateModifierGroup\":\"Update Modifier Group\",\"deleteModifierGroup\":\"Delete Modifier Group\",\"deleteModifierGroupMessage\":\"Are you sure you want to delete the modifier group?\",\"addItemModifier\":\"Add Item Modifier\",\"updateItemModifier\":\"Update Item Modifier\",\"deleteItemModifier\":\"Delete Item Modifier\",\"deleteItemModifierMessage\":\"Are you sure you want to delete the item modifier?\",\"menuItems\":\"Menu Items\",\"menuCategories\":\"Menu Categories\",\"editItemModifier\":\"Edit Item Modifier\",\"isRequired\":\"Is Required\",\"sortOrder\":\"Sort Order\",\"modifierDescription\":\"Modifier Description\",\"modifierPrice\":\"Modifier Price\",\"modifierType\":\"Modifier Type\",\"chooseModifierType\":\"Choose Modifier Type\",\"modifierCategory\":\"Modifier Category\",\"addModifierCategory\":\"Add Modifier Category\",\"editModifierCategory\":\"Edit Modifier Category\",\"deleteModifierCategory\":\"Delete Modifier Category\",\"modifierCategoryName\":\"Modifier Category Name\",\"modifierCategoryDescription\":\"Modifier Category Description\",\"deleteModifierMessage\":\"Are you sure you want to delete the modifier?\",\"deleteModifierCategoryMessage\":\"Are you sure you want to delete the modifier category?\",\"modifierHelp\":\"Fill in the details below to add a new modifier.\",\"modifierCategoryHelp\":\"Fill in the details below to add a new modifier category.\",\"options\":\"Options\",\"addOn\":\"Add Modifiers\",\"groupName\":\"Group Name\",\"required\":\"Required\",\"optional\":\"Optional\",\"allowMultipleSelection\":\"Allow Multiple Selection\",\"variations\":\"Variations\",\"addOption\":\"Add Option\",\"variationOptions\":\"Variation Options\",\"showTranslations\":\"Show Translations\",\"applyToBaseItem\":\"Apply To Base Item\"}', '2025-12-02 19:21:39', '2025-12-02 20:10:19'),
('739', '0', 'en', 'modules', 'table', '{\"seats\":\"Seat(s)\",\"reserved\":\"Reserved\",\"table\":\"Table\",\"lockedByYou\":\"Locked by You\",\"forceUnlock\":\"Force Unlock\",\"locked\":\"Locked\",\"availableTables\":\"Available Tables\",\"chooseArea\":\"Choose Area\",\"tableCode\":\"Table Code\",\"seatingCapacity\":\"Seating Capacity\",\"tableAvailability\":\"Table Availability\",\"deleteTable\":\"Delete Table?\",\"deleteTableMessage\":\"Are you sure you want to delete the table?\",\"areaName\":\"Area Name\",\"noOfTables\":\"No Of Tables\",\"addArea\":\"Add Area\",\"editArea\":\"Edit Area\",\"deleteArea\":\"Delete Area\",\"deleteAreaMessage\":\"Are you sure you want to delete the area?\",\"addTable\":\"Add Table\",\"selectTable\":\"Select Table\",\"filterAvailable\":\"Filter by Availability\",\"available\":\"Available\",\"running\":\"Running\",\"editTable\":\"Edit Table\",\"generateQrCode\":\"Generate QR Code\",\"allAreas\":\"All Areas\",\"tableView\":\"Table View\",\"tableLockManager\":\"Table Lock Manager\",\"totalLocked\":\"Total Locked\",\"expiredLocks\":\"Expired Locks\",\"lockTimeout\":\"Lock Timeout\",\"cleanupExpiredLocks\":\"Cleanup Expired Locks\",\"currentlyLockedTables\":\"Currently Locked Tables\",\"noLockedTables\":\"No tables are currently locked\",\"lockedBy\":\"Locked by\",\"lockedAt\":\"Locked at\",\"area\":\"Area\",\"confirmForceUnlock\":\"Are you sure you want to force unlock this table?\",\"tableLocked\":\"Table Locked\",\"tableUnlocked\":\"Table Unlocked\",\"lockExpired\":\"Lock Expired\",\"lockTooltip\":\"Hover for details\",\"realTimeUpdates\":\"Real-time Updates\",\"refreshInterval\":\"Refresh Interval\",\"refresh\":\"Refresh\"}', '2025-12-02 19:21:39', '2025-12-02 20:10:19'),
('740', '0', 'en', 'modules', 'language', '{\"languageCode\":\"Language Code\",\"languageName\":\"Language Name\",\"flagCode\":\"Flag Code\",\"flagCodeHelp\":\"Click here to get the flag code\",\"rtl\":\"RTL\",\"active\":\"Active\",\"defaultLanguage\":\"Default Language\",\"currentLanguageDefault\":\"The current language is set as the default.\",\"addLanguage\":\"Add Language\",\"editLanguage\":\"Edit Language\",\"deleteLanguage\":\"Delete Language\",\"deleteLanguageMessage\":\"Are you sure you want to delete the language?\",\"modifyDefaultLanguage\":\"To modify the default language, please navigate to the\"}', '2025-12-02 19:21:39', '2025-12-02 20:10:19'),
('741', '0', 'en', 'modules', 'staff', '{\"name\":\"Member Name\",\"email\":\"Email Address\",\"password\":\"Password\",\"addStaff\":\"Add Member\",\"editExecutive\":\"Edit Executive\",\"deleteMember\":\"Delete Member\",\"deleteMemberMessage\":\"Are you sure you want to delete the member?\",\"addExecutive\":\"Add Executive\",\"editMember\":\"Edit Member\",\"enterName\":\"Please enter your name\",\"photo\":\"Photo\",\"available\":\"Available\",\"on_delivery\":\"On Delivery\",\"inactive\":\"Inactive\",\"Waiter\":\"Waiter\",\"Chef\":\"Chef\",\"Admin\":\"Admin\",\"passwordUpdateNote\":\"Leave blank to keep the current password.\"}', '2025-12-02 19:21:39', '2025-12-02 20:10:19'),
('742', '0', 'en', 'modules', 'restaurant', '{\"phone\":\"Phone\",\"name\":\"Restaurant Name\",\"nextBranchDetails\":\"Next: Branch Details\",\"resetFilter\":\"Reset Filter\",\"editRestaurant\":\"Edit Restaurant\",\"deleteRestaurant\":\"Delete Restaurant\",\"deleteRestaurantMessage\":\"Are you sure you want to delete the restaurant?\",\"updatePackage\":\"Update Package\",\"rejectionReason\":\"Rejection Reason\",\"rejectionReasonPlaceholder\":\"Provide a reason for rejection\",\"needApproval\":\"Need Approval\",\"addRestaurant\":\"Add Restaurant\",\"restaurantDetails\":\"Restaurant Details\",\"changePassword\":\"Change Password\",\"email\":\"Email Address\",\"address\":\"Address\",\"logo\":\"Logo\",\"restaurantBranchDetails\":\"Add Restaurant Branch Details\",\"firstAdmin\":\"First Admin\",\"currentPackage\":\"Current Package\"}', '2025-12-02 19:21:39', '2025-12-02 20:10:19'),
('743', '0', 'en', 'modules', 'waiterRequest', '{\"markCompleted\":\"Mark Attended\",\"newWaiterRequests\":\"New Waiter Request\",\"newWaiterRequestForTable\":\"New Waiter Request for Table - :name\",\"doItLater\":\"Do it Later\",\"activeWaiterRequests\":\"Active Waiter Requests\",\"activeWaiterRequestsCount\":\"Active Waiter Requests\",\"noWaiterRequest\":\"No waiter request found in this area.\"}', '2025-12-02 19:21:39', '2025-12-02 20:10:19'),
('744', '0', 'en', 'modules', 'printerSetting', '{\"desktopAppRequired\":\"Desktop App Required\",\"directPrintDesktopAppNote\":\"For direct printing to work, you need to have the desktop app running in the background on your computer. The desktop app acts as a bridge between your web application and the physical printer.\",\"connected\":\"Connected\",\"disconnected\":\"Disconnected\",\"directPrint\":\"Direct Print\",\"browserPopupPrint\":\"Browser Popup Print\",\"desktopAppConnection\":\"Desktop App Connection\",\"domainUrl\":\"Domain URL\",\"branchKey\":\"API Key\",\"downloadDesktopApp\":\"Download Desktop App\",\"downloadForWindows\":\"Download for Windows\",\"downloadForMac\":\"Download for macOS\",\"title\":\"Title (To identify printer easily)\",\"kotSelection\":\"Select Kitchen\",\"selectIdleKitchens\":\"Select only idle (unassigned) kitchens to assign to this printer\",\"selectKitchensForPrinter\":\"Select kitchens to assign to this printer (currently assigned ones are pre-selected)\",\"currentlyAssigned\":\"Currently Assigned\",\"assigned\":\"Assigned\",\"idle\":\"Idle\",\"orderSelection\":\"Select Pos Terminal\",\"selectIdlePosTerminals\":\"Select only idle (unassigned) POS terminals to assign to this printer\",\"selectPosTerminalsForPrinter\":\"Select POS terminals to assign to this printer (currently assigned ones are pre-selected)\",\"printChoice\":\"Printing Choice\",\"printFormat\":\"Print Format\",\"noAutoKotPrint\":\"No Auto KOT Print\",\"thermal56mm\":\"Thermal 56mm\",\"thermal80mm\":\"Thermal 80mm\",\"invoiceQrCode\":\"Invoice QR Code\",\"disable\":\"Disable\",\"regularQrCode\":\"Regular QR Code\",\"printerType\":\"Printer Type\",\"networkPrinter\":\"Network Printer\",\"usbPrinter\":\"USB Printer\",\"charactersPerLine\":\"Characters Per Line\",\"printerIPAddress\":\"Printer IP Address\",\"printerPortAddress\":\"Printer Port Address\",\"shareName\":\"Printer Name\",\"openCashDrawerWhenPrintingInvoice\":\"Open Cash Drawer When Printing Invoice\",\"yes\":\"Yes\",\"no\":\"No\",\"ipv4Address\":\"IPv4 Address\",\"thermalPrinter\":\"Thermal Printer\",\"nonThermalPrinter\":\"Non Thermal Printer\",\"name\":\"Printer Name\",\"printingChoice\":\"Printing Choice\",\"ipAddress\":\"IP Address\",\"port\":\"Port\",\"action\":\"Actions\",\"deletePritnerConfirm\":\"Are you sure you want to delete this printer?\",\"deletePrinter\":\"Delete Printer\",\"isThermal\":\"Is Thermal\",\"printer_offline\":\"Printer is offline\",\"printer_online\":\"Printer is online\",\"printer_not_found\":\"Printer not found\",\"selectedKitchens\":\"Selected Kitchens\",\"selectedPosTerminal\":\"Selected Pos Terminal\",\"addPrinter\":\"Add Printer\",\"isDefault\":\"Is Default\",\"paymentGateways\":\"Payment Gateways\",\"additionalAmounts\":\"Additional Amounts\",\"network\":\"Network\",\"windows\":\"Windows\",\"kitchens\":\"Kitchens\",\"orders\":\"Orders\",\"default\":\"Default\",\"select\":\"Select\",\"isActive\":\"Is Active\",\"thermal112mm\":\"Thermal 112mm\",\"traditionalPayments\":\"Traditional Payments\",\"salesDataFor\":\"Data for\",\"timePeriod\":\"Time period:\",\"salesDataFrom\":\"Data from\",\"timePeriodEachDay\":\"Time period each day:\",\"instructions\":\"Instructions\",\"instruction1\":\"Download and install the desktop app on your computer\",\"instruction2\":\"Open the desktop app and go to settings\",\"instruction3\":\"Enter the Domain URL and Branch Key shown above\",\"instruction4\":\"Click connect to establish the connection\",\"shareNameDescription\":\"Please enter the exact printer name showing on your Desktop\",\"details\":\"Details\",\"downloadNow\":\"Download Now\",\"downloadDesktopAppWindows\":\"Download the desktop app for Windows to enable direct printing\",\"downloadDesktopAppMac\":\"Download the desktop app for macOS to enable direct printing\"}', '2025-12-02 19:21:39', '2025-12-02 20:10:19'),
('745', '0', 'en', 'modules', 'onboarding', '{\"completeSteps\":\"Complete following steps to get started\",\"addBranchHeading\":\"Add Branch Information\",\"addBranchInfo\":\"Provide the essential details of your restaurant branch.\",\"addAreaInfo\":\"Create distinct areas like dining rooms, patios, or bars to organize your tables.\",\"addTableInfo\":\"Assign and name the tables in each area for easy tracking during reservations and orders.\",\"addMenuInfo\":\"Let\'s build your menu! First add a name to your menu like Drinks, Breakfast etc.\",\"addMenuItemInfo\":\"Add individual dishes with their descriptions and prices to complete your menu.\",\"addOrderHeading\":\"Test Your Order Process\",\"addOrderInfo\":\"Make sure everything works by placing a test order for your setup.\",\"markComplete\":\"Mark Complete\",\"addAreaHeading\":\"Set Up Your Restaurant Areas\",\"addTableHeading\":\"Add a Table to the Area\",\"addMenuHeading\":\"Build Your Menu\",\"addMenuItemHeading\":\"Add Items to Your Menu\"}', '2025-12-02 19:21:39', '2025-12-02 20:10:19'),
('746', '0', 'en', 'modules', 'report', '{\"categoryReportMessage\":\"See sales by category to understand performance\",\"salesDataFor\":\"Sales Data For\",\"timePeriod\":\"Time Period\",\"salesDataFrom\":\"Sales Data From\",\"timePeriodEachDay\":\"Time Period Each Day\",\"quantitySold\":\"Quantity Sold\",\"salesReportMessage\":\"Check and track your restaurant\'s earnings\",\"orders\":\"Orders\",\"taxMode\":\"Tax Mode\",\"totalTaxCollection\":\"Total Tax Collection\",\"outstandingOrders\":\"Outstanding Orders\",\"totalOrders\":\"Total Orders\",\"fromActualBreakdown\":\"From Actual Breakdown\",\"paymentMethods\":\"Payment Methods\",\"totalTaxAmount\":\"Total Tax Amount\",\"totalRevenue\":\"Total Revenue\",\"itemReportMessage\":\"View detailed sales and performance of items\",\"sellingPrice\":\"Selling Price\",\"totalSales\":\"Total Sales\",\"cashPayments\":\"Cash Payments\",\"digitalPayments\":\"Digital Payments\",\"averageOrderValue\":\"Average Order Value\",\"imSales\":\"Item Sales\",\"topSellingItems\":\"Top Selling Items\",\"salesByCategory\":\"Sales By Category\",\"salesByPaymentMethod\":\"Sales By Payment Method\",\"orderType\":\"Order Type\",\"salesByTime\":\"Sales By Time\",\"salesByDay\":\"Sales By Day\",\"salesByMonth\":\"Sales By Month\",\"salesByYear\":\"Sales By Year\",\"totalTaxes\":\"Total Taxes\",\"totalDiscounts\":\"Total Discounts\",\"averageItems\":\"Average Items Per Order\",\"grossSales\":\"Gross Sales\",\"netSales\":\"Net Sales\",\"totalRefunds\":\"Total Refunds\",\"pendingPayments\":\"Pending Payments\",\"canceledOrders\":\"Canceled Orders\",\"totalQuantitySold\":\"Total Quantity Sold\",\"sumOfTotalRevenue\":\"Sum of Total Revenue\",\"totalCharges\":\"Total Charges\",\"printLogMessage\":\"View print job history and status from :startDate to :endDate\",\"totalPrintJobs\":\"Total Print Jobs\",\"pendingJobs\":\"Pending Jobs\",\"completedJobs\":\"Completed Jobs\",\"failedJobs\":\"Failed Jobs\",\"printerStatistics\":\"Printer Statistics\",\"printJobDetails\":\"Print Job Details\",\"basicInformation\":\"Basic Information\",\"printContent\":\"Print Content\",\"noContentAvailable\":\"No content available\",\"retryPrint\":\"Retry Print\",\"printJobNotFound\":\"Print Job Not Found\",\"printJobNotFoundMessage\":\"The requested print job could not be found or you do not have permission to view it.\",\"traditionalPayments\":\"Traditional Payments\",\"paymentGateways\":\"Payment Gateways\",\"additionalAmounts\":\"Additional Amounts\",\"salesDataTo\":\"Sales Data To\",\"timePeriodEachMonth\":\"Time Period Each Month\",\"timePeriodEachYear\":\"Time Period Each Year\",\"taxDetails\":\"Tax Details\",\"activeTaxes\":\"Active Taxes\",\"mode\":\"Mode\",\"taxBreakdownFor\":\"Tax Breakdown For\",\"itemLevelTaxBreakdown\":\"Item Level Tax Breakdown\",\"orderLevelTaxBreakdown\":\"Order Level Tax Breakdown\",\"taxBreakdown\":\"Tax Breakdown\",\"taxRate\":\"Tax Rate\",\"taxAmount\":\"Tax Amount\",\"taxPercentage\":\"Tax Percentage\",\"ordersWithTax\":\"Orders with Tax\",\"viewTaxDetails\":\"View Tax Details\",\"viewItemTaxBreakdown\":\"View Item Tax Breakdown\",\"outstandingPayments\":\"Outstanding Payments\",\"averageOutstanding\":\"Average Outstanding\"}', '2025-12-02 19:21:39', '2025-12-02 20:10:19'),
('747', '0', 'en', 'modules', 'dashboard', '{\"total\":\"Total\",\"earnings\":\"Earnings\",\"sinceYesterday\":\"Since yesterday\",\"recentActivity\":\"Recent Activity\",\"latestPlatformActivities\":\"Latest platform activities and updates\",\"newRestaurants\":\"New Restaurants\",\"recentPayments\":\"Recent Payments\",\"subscriptionUpdates\":\"Subscription Updates\",\"newUsers\":\"New Users\",\"platformOverview\":\"Platform Overview\",\"comprehensivePlatformMetrics\":\"Comprehensive platform metrics and insights\",\"totalRevenue\":\"Total Revenue\",\"totalRestaurants\":\"Total Restaurants\",\"totalSubscriptions\":\"Total Subscriptions\",\"totalUsers\":\"Total Users\",\"subscriptionStatus\":\"Subscription Status\",\"active\":\"Active\",\"trial\":\"Trial\",\"inactive\":\"Inactive\",\"restaurantStatus\":\"Restaurant Status\",\"monthlyGrowth\":\"Monthly Growth\",\"newThisMonth\":\"New This Month\",\"growthRate\":\"Growth Rate\",\"recentRestaurants\":\"Recent Restaurants\",\"sincePreviousMonth\":\"Since Previous Month\",\"platformRevenueThisMonth\":\"Platform Revenue This Month\",\"activeSubscriptions\":\"Active Subscriptions\",\"trialSubscriptions\":\"Trial Subscriptions\",\"inactiveSubscriptions\":\"Inactive Subscriptions\",\"topPayingRestaurants\":\"Top Paying Restaurants\",\"payments\":\"Payments\",\"platformRevenue\":\"Platform Revenue\",\"verificationPendingInfo\":\"Your restaurant is pending verification. Please wait for admin approval.\",\"verificationRejectedInfo\":\"Your restaurant verification has been rejected. Please contact admin for more details.\",\"verificationPending\":\"Verification Pending\",\"verificationPendingDescription\":\"Restaurant is waiting for approval\",\"onboardingDescription\":\"Complete these steps to set up your application properly before using it.\",\"installation\":\"Installation\",\"installationCompleted\":\"The application has been successfully installed.\",\"smtpConfiguration\":\"SMTP Configuration\",\"smtpConfigurationDescription\":\"Configure your email settings to ensure all email notifications work properly.\",\"cronJobConfiguration\":\"CRON Job Configuration\",\"cronJobConfigurationDescription\":\"Set up CRON jobs to ensure automated tasks run correctly.\",\"applicationNameChange\":\"Application Name Change\",\"applicationNameChangeDescription\":\"Customize your application name to match your brand.\",\"todayOrderCount\":\"Today\'s Orders\",\"todayEarnings\":\"Today\'s Earnings\",\"todayStats\":\"Statistics\",\"todayCustomerCount\":\"Today\'s Customer\",\"averageDailyEarning\":\"Average Daily Earnings\",\"salesThisMonth\":\"Sales This Month\",\"topTables\":\"Top Selling Tables\",\"topDish\":\"Top Selling Dish\",\"todayRestaurantCount\":\"Today\'s Restaurant Count\",\"totalRestaurantCount\":\"Total Restaurant Count\",\"totalFreeRestaurantCount\":\"Total Free Restaurant Count\",\"totalPaidRestaurantCount\":\"Total Paid Restaurant Count\",\"approvalStatus\":\"Approval Status\",\"onboarding\":\"Onboarding\",\"topPerformingRestaurants\":\"Top Performing Restaurants\",\"orders\":\"Orders\",\"totalOrders\":\"Total Orders\",\"totalCustomers\":\"Total Customers\",\"todayActivity\":\"Today\'s Activity\",\"revenue\":\"Revenue\",\"recentOrders\":\"Recent Orders\",\"expiredSubscriptions\":\"Expired Subscriptions\",\"expired\":\"Expired\"}', '2025-12-02 19:21:39', '2025-12-02 20:10:19'),
('748', '0', 'en', 'modules', 'update', '{\"newUpdate\":\"New update available\",\"updateNow\":\"Update Now\",\"install\":\"Install\",\"systemDetails\":\"System Details\",\"updateTitle\":\"Update To New Version\",\"updateDatabase\":\"Update Database\",\"fileReplaceAlert\":\"To update the TableTrack to the new version check documentation for the instructions.\",\"updateDatabaseButton\":\"Click to update database\",\"updateAlternate\":\"If the <b>Update Now<\\/b> button does not work then follow the <b> <a href=\\\"https:\\/\\/froiden.freshdesk.com\\/support\\/solutions\\/articles\\/43000554421-update-application-manually\\\" target=\\\"_blank\\\">Manual update<\\/a><\\/b> instructions as mentioned in the documentation.\",\"updateManual\":\"Update Alternate Method\",\"updateFiles\":\"Update Files\",\"downloadUpdateFile\":\"Download Update File\",\"moduleFile\":\"Once the zip file is uploaded, you will see a list of modules available for installation or update. To proceed with the installation or update, simply click on the \\\"install\\\" button for the respective module. Please note that after clicking the \\\"install\\\" button, you will be logged out. Once the installation is complete, you will be able to see the module on the module list. You can activate or deactivate the module from the list at any time.\",\"customModules\":\"Custom Modules\",\"customModulesDescription\":\"Custom modules are additional features that can be added to your restaurant. They are installed as separate modules and can be activated or deactivated at any time.\",\"customModulesList\":\"Custom Modules List\",\"installCustomModule\":\"Install Custom Module\",\"uploadModule\":\"Upload Module\",\"downloadFilefromCodecanyon\":\"Download file from Codecanyon\",\"moduleFileItem\":\"Module File Item\",\"moduleFileItemDescription\":\"Module File Item Description\"}', '2025-12-02 19:21:39', '2025-12-02 20:10:19'),
('749', '0', 'en', 'modules', 'moduleLicenseStatus', '{\"verificationRequired\":\"Verification Required\",\"notActivated\":\"Not Activated\",\"supportExpired\":\"Support Expired\",\"supportUntil\":\"Support Until\",\"moduleLicenseStatus\":\"Module License Status\",\"licensed\":\"Licensed\",\"supportExpiredMessage\":\"Support expired on\",\"supportUntilMessage\":\"Support until\"}', '2025-12-02 19:21:39', '2025-12-02 20:10:19'),
('750', '0', 'en', 'modules', 'kot', '{\"print_success\":\"Printed Successfully!\",\"print_failed\":\"Print Failed! :error\",\"kitchen_order_ticket\":\"KITCHEN ORDER TICKET\",\"order_number\":\"Order # :number\",\"kot_number\":\"KOT # :number\",\"date\":\"Date: :date\",\"time\":\"Time: :time\",\"item\":\"Item\",\"qty\":\"Qty\",\"special_instructions\":\"Special Instructions:\"}', '2025-12-02 19:21:39', '2025-12-02 20:10:19'),
('751', '0', 'en', 'modules', 'order.Order Placed', 'Order Placed', '2025-12-02 19:21:39', '2025-12-02 20:10:19'),
('752', '0', 'en', 'modules', 'order.Order Confirmed', 'Order Confirmed', '2025-12-02 19:21:39', '2025-12-02 20:10:19'),
('753', '0', 'en', 'modules', 'order.Order Preparing', 'Order Preparing', '2025-12-02 19:21:39', '2025-12-02 20:10:19'),
('754', '0', 'en', 'modules', 'order.Order is Ready for Pickup', 'Order is Ready for Pickup', '2025-12-02 19:21:39', '2025-12-02 20:10:19'),
('755', '0', 'en', 'modules', 'order.Order is Out for Delivery', 'Order is Out for Delivery', '2025-12-02 19:21:39', '2025-12-02 20:10:19'),
('756', '0', 'en', 'modules', 'order.Order Served', 'Order Served', '2025-12-02 19:21:39', '2025-12-02 20:10:19'),
('757', '0', 'en', 'modules', 'staff.Branch Head', 'Branch Head', '2025-12-02 19:21:39', '2025-12-02 20:10:19'),
('758', '0', 'en', 'modules', 'staff.Super Admin', 'Super Admin', '2025-12-02 19:21:39', '2025-12-02 20:10:19'),
('759', '0', 'en', 'modules', 'notifications', '{\"order_received\":\"New Order Received\",\"order_received_info\":\"Restaurant admin will receive an email when a new order is placed by the customer.\",\"reservation_confirmed\":\"Reservation Confirmation\",\"reservation_confirmed_info\":\"Customer will receive an email after making the reservation.\",\"new_reservation\":\"New Reservation Received\",\"new_reservation_info\":\"Restaurant admin will receive an email when a new reservation is made by the customer.\",\"order_bill_sent\":\"Order Bill\",\"order_bill_sent_info\":\"Customer will receive the order bill via email.\",\"staff_welcome\":\"Staff Welcome Email\",\"staff_welcome_info\":\"Staff Member will welcome email when you add a new staff member.\",\"send_otp\":\"Send OTP\",\"send_otp_info\":\"Customer will receive an OTP to login to the restaurant.\"}', '2025-12-02 19:21:39', '2025-12-02 20:10:19'),
('760', '0', 'en', 'modules', 'vendors', '{\"vendorName\":\"Vendor Name\",\"vendors\":\"Vendors\",\"addVendor\":\"Add Vendor\",\"editVendor\":\"Edit Vendor\",\"deleteVendor\":\"Delete Vendor\",\"id\":\"Id\",\"name\":\"Name\",\"email\":\"Email\",\"phone\":\"Phone\",\"address\":\"Address\",\"contactPerson\":\"Contact Person\",\"actions\":\"Actions\",\"deleteVendorMessage\":\"Are you sure you want to delete Vendor ?\"}', '2025-12-02 19:21:39', '2025-12-02 20:10:19'),
('761', '0', 'en', 'pagination', 'previous', '&laquo; Previous', '2025-12-02 19:21:39', '2025-12-02 19:24:01'),
('762', '0', 'en', 'pagination', 'next', 'Next &raquo;', '2025-12-02 19:21:39', '2025-12-02 19:24:01'),
('763', '0', 'en', 'passwords', 'reset_subject', 'Reset Password Notification - :app_name', '2025-12-02 19:21:39', '2025-12-02 19:24:01'),
('764', '0', 'en', 'passwords', 'reset_line1', 'You are receiving this email because we received a password reset request for your account.', '2025-12-02 19:21:39', '2025-12-02 19:24:01'),
('765', '0', 'en', 'passwords', 'reset_line2', 'Click the button below to reset your password:', '2025-12-02 19:21:39', '2025-12-02 19:24:01'),
('766', '0', 'en', 'passwords', 'reset_action', 'Reset Password', '2025-12-02 19:21:39', '2025-12-02 19:24:01'),
('767', '0', 'en', 'passwords', 'reset_line3', 'This password reset link will expire in :count minutes.', '2025-12-02 19:21:39', '2025-12-02 19:24:01'),
('768', '0', 'en', 'passwords', 'reset_line4', 'If you did not request a password reset, no further action is required.', '2025-12-02 19:21:39', '2025-12-02 19:24:01'),
('769', '0', 'en', 'passwords', 'reset', 'Your password has been reset.', '2025-12-02 19:21:39', '2025-12-02 19:24:01'),
('770', '0', 'en', 'passwords', 'sent', 'We have emailed your password reset link.', '2025-12-02 19:21:39', '2025-12-02 19:24:01'),
('771', '0', 'en', 'passwords', 'throttled', 'Please wait before retrying.', '2025-12-02 19:21:39', '2025-12-02 19:24:01'),
('772', '0', 'en', 'passwords', 'token', 'This password reset token is invalid.', '2025-12-02 19:21:39', '2025-12-02 19:24:01'),
('773', '0', 'en', 'passwords', 'user', 'We can\'t find a user with that email address.', '2025-12-02 19:21:39', '2025-12-02 19:24:01'),
('774', '0', 'en', 'permissions', 'permissions.Create Menu', 'Create Menu', '2025-12-02 19:21:39', '2025-12-02 19:24:01'),
('775', '0', 'en', 'permissions', 'permissions.Show Menu', 'Show Menu', '2025-12-02 19:21:39', '2025-12-02 19:24:01'),
('776', '0', 'en', 'permissions', 'permissions.Update Menu', 'Update Menu', '2025-12-02 19:21:39', '2025-12-02 19:24:01'),
('777', '0', 'en', 'permissions', 'permissions.Delete Menu', 'Delete Menu', '2025-12-02 19:21:39', '2025-12-02 19:24:01'),
('778', '0', 'en', 'permissions', 'permissions.Create Menu Item', 'Create Menu Item', '2025-12-02 19:21:39', '2025-12-02 19:24:01'),
('779', '0', 'en', 'permissions', 'permissions.Show Menu Item', 'Show Menu Item', '2025-12-02 19:21:39', '2025-12-02 19:24:01'),
('780', '0', 'en', 'permissions', 'permissions.Update Menu Item', 'Update Menu Item', '2025-12-02 19:21:39', '2025-12-02 19:24:01'),
('781', '0', 'en', 'permissions', 'permissions.Delete Menu Item', 'Delete Menu Item', '2025-12-02 19:21:39', '2025-12-02 19:24:01'),
('782', '0', 'en', 'permissions', 'permissions.Create Item Category', 'Create Item Category', '2025-12-02 19:21:39', '2025-12-02 19:24:01'),
('783', '0', 'en', 'permissions', 'permissions.Show Item Category', 'Show Item Category', '2025-12-02 19:21:39', '2025-12-02 19:24:01'),
('784', '0', 'en', 'permissions', 'permissions.Update Item Category', 'Update Item Category', '2025-12-02 19:21:39', '2025-12-02 19:24:01'),
('785', '0', 'en', 'permissions', 'permissions.Delete Item Category', 'Delete Item Category', '2025-12-02 19:21:39', '2025-12-02 19:24:01'),
('786', '0', 'en', 'permissions', 'permissions.Create Area', 'Create Area', '2025-12-02 19:21:39', '2025-12-02 19:24:01'),
('787', '0', 'en', 'permissions', 'permissions.Show Area', 'Show Area', '2025-12-02 19:21:39', '2025-12-02 19:24:01'),
('788', '0', 'en', 'permissions', 'permissions.Update Area', 'Update Area', '2025-12-02 19:21:39', '2025-12-02 19:24:01'),
('789', '0', 'en', 'permissions', 'permissions.Delete Area', 'Delete Area', '2025-12-02 19:21:39', '2025-12-02 19:24:01'),
('790', '0', 'en', 'permissions', 'permissions.Create Table', 'Create Table', '2025-12-02 19:21:39', '2025-12-02 19:24:01'),
('791', '0', 'en', 'permissions', 'permissions.Show Table', 'Show Table', '2025-12-02 19:21:39', '2025-12-02 19:24:01'),
('792', '0', 'en', 'permissions', 'permissions.Update Table', 'Update Table', '2025-12-02 19:21:39', '2025-12-02 19:24:01'),
('793', '0', 'en', 'permissions', 'permissions.Delete Table', 'Delete Table', '2025-12-02 19:21:39', '2025-12-02 19:24:01'),
('794', '0', 'en', 'permissions', 'permissions.Create Reservation', 'Create Reservation', '2025-12-02 19:21:39', '2025-12-02 19:24:01'),
('795', '0', 'en', 'permissions', 'permissions.Show Reservation', 'Show Reservation', '2025-12-02 19:21:39', '2025-12-02 19:24:01'),
('796', '0', 'en', 'permissions', 'permissions.Update Reservation', 'Update Reservation', '2025-12-02 19:21:39', '2025-12-02 19:24:01'),
('797', '0', 'en', 'permissions', 'permissions.Delete Reservation', 'Delete Reservation', '2025-12-02 19:21:39', '2025-12-02 19:24:01'),
('798', '0', 'en', 'permissions', 'permissions.Manage KOT', 'Manage KOT', '2025-12-02 19:21:39', '2025-12-02 19:24:01'),
('799', '0', 'en', 'permissions', 'permissions.Create Order', 'Create Order', '2025-12-02 19:21:39', '2025-12-02 19:24:01'),
('800', '0', 'en', 'permissions', 'permissions.Show Order', 'Show Order', '2025-12-02 19:21:39', '2025-12-02 19:24:01'),
('801', '0', 'en', 'permissions', 'permissions.Update Order', 'Update Order', '2025-12-02 19:21:39', '2025-12-02 19:24:01'),
('802', '0', 'en', 'permissions', 'permissions.Delete Order', 'Delete Order', '2025-12-02 19:21:39', '2025-12-02 19:24:01'),
('803', '0', 'en', 'permissions', 'permissions.Create Customer', 'Create Customer', '2025-12-02 19:21:39', '2025-12-02 19:24:01'),
('804', '0', 'en', 'permissions', 'permissions.Show Customer', 'Show Customer', '2025-12-02 19:21:39', '2025-12-02 19:24:01'),
('805', '0', 'en', 'permissions', 'permissions.Update Customer', 'Update Customer', '2025-12-02 19:21:39', '2025-12-02 19:24:01'),
('806', '0', 'en', 'permissions', 'permissions.Delete Customer', 'Delete Customer', '2025-12-02 19:21:39', '2025-12-02 19:24:01'),
('807', '0', 'en', 'permissions', 'permissions.Create Staff Member', 'Create Staff Member', '2025-12-02 19:21:39', '2025-12-02 19:24:01'),
('808', '0', 'en', 'permissions', 'permissions.Show Staff Member', 'Show Staff Member', '2025-12-02 19:21:39', '2025-12-02 19:24:01'),
('809', '0', 'en', 'permissions', 'permissions.Update Staff Member', 'Update Staff Member', '2025-12-02 19:21:39', '2025-12-02 19:24:01'),
('810', '0', 'en', 'permissions', 'permissions.Delete Staff Member', 'Delete Staff Member', '2025-12-02 19:21:39', '2025-12-02 19:24:01'),
('811', '0', 'en', 'permissions', 'permissions.Create Delivery Executive', 'Create Delivery Executive', '2025-12-02 19:21:39', '2025-12-02 19:24:01'),
('812', '0', 'en', 'permissions', 'permissions.Show Delivery Executive', 'Show Delivery Executive', '2025-12-02 19:21:39', '2025-12-02 19:24:01'),
('813', '0', 'en', 'permissions', 'permissions.Update Delivery Executive', 'Update Delivery Executive', '2025-12-02 19:21:39', '2025-12-02 19:24:01'),
('814', '0', 'en', 'permissions', 'permissions.Delete Delivery Executive', 'Delete Delivery Executive', '2025-12-02 19:21:39', '2025-12-02 19:24:01'),
('815', '0', 'en', 'permissions', 'permissions.Show Payments', 'Show Payments', '2025-12-02 19:21:39', '2025-12-02 19:24:01'),
('816', '0', 'en', 'permissions', 'permissions.Show Reports', 'Show Reports', '2025-12-02 19:21:39', '2025-12-02 19:24:01'),
('817', '0', 'en', 'permissions', 'permissions.Manage Settings', 'Manage Settings', '2025-12-02 19:21:39', '2025-12-02 19:24:01'),
('818', '0', 'en', 'permissions', 'permissions.Manage Waiter Request', 'Manage Waiter Request', '2025-12-02 19:21:39', '2025-12-02 19:24:01'),
('819', '0', 'en', 'permissions', 'permissions.Create Expense', 'Create Expenses', '2025-12-02 19:21:39', '2025-12-02 19:24:01'),
('820', '0', 'en', 'permissions', 'permissions.Show Expense', 'Show Expenses', '2025-12-02 19:21:39', '2025-12-02 19:24:01'),
('821', '0', 'en', 'permissions', 'permissions.Update Expense', 'Update Expenses', '2025-12-02 19:21:39', '2025-12-02 19:24:01'),
('822', '0', 'en', 'permissions', 'permissions.Delete Expense', 'Delete Expenses', '2025-12-02 19:21:39', '2025-12-02 19:24:01'),
('823', '0', 'en', 'permissions', 'permissions.Create Vendor', 'Create Vendor', '2025-12-02 19:21:39', '2025-12-02 19:24:01'),
('824', '0', 'en', 'permissions', 'permissions.Show Vendor', 'Show Vendor', '2025-12-02 19:21:39', '2025-12-02 19:24:01'),
('825', '0', 'en', 'permissions', 'permissions.Update Vendor', 'Update Vendor', '2025-12-02 19:21:39', '2025-12-02 19:24:01'),
('826', '0', 'en', 'permissions', 'permissions.Delete Vendor', 'Delete Vendor', '2025-12-02 19:21:39', '2025-12-02 19:24:01'),
('827', '0', 'en', 'permissions', 'permissions.Create Inventory Item', 'Create Inventory Item', '2025-12-02 19:21:39', '2025-12-02 19:24:01'),
('828', '0', 'en', 'permissions', 'permissions.Show Inventory Item', 'Show Inventory Item', '2025-12-02 19:21:39', '2025-12-02 19:24:01'),
('829', '0', 'en', 'permissions', 'permissions.Update Inventory Item', 'Update Inventory Item', '2025-12-02 19:21:39', '2025-12-02 19:24:01'),
('830', '0', 'en', 'permissions', 'permissions.Delete Inventory Item', 'Delete Inventory Item', '2025-12-02 19:21:39', '2025-12-02 19:24:01'),
('831', '0', 'en', 'permissions', 'permissions.Create Inventory Movement', 'Create Inventory Movement', '2025-12-02 19:21:39', '2025-12-02 19:24:01'),
('832', '0', 'en', 'permissions', 'permissions.Show Inventory Movement', 'Show Inventory Movement', '2025-12-02 19:21:39', '2025-12-02 19:24:01'),
('833', '0', 'en', 'permissions', 'permissions.Update Inventory Movement', 'Update Inventory Movement', '2025-12-02 19:21:39', '2025-12-02 19:24:01'),
('834', '0', 'en', 'permissions', 'permissions.Delete Inventory Movement', 'Delete Inventory Movement', '2025-12-02 19:21:39', '2025-12-02 19:24:01'),
('835', '0', 'en', 'permissions', 'permissions.Create Unit', 'Create Unit', '2025-12-02 19:21:39', '2025-12-02 19:24:01'),
('836', '0', 'en', 'permissions', 'permissions.Show Unit', 'Show Unit', '2025-12-02 19:21:39', '2025-12-02 19:24:01'),
('837', '0', 'en', 'permissions', 'permissions.Update Unit', 'Update Unit', '2025-12-02 19:21:39', '2025-12-02 19:24:01'),
('838', '0', 'en', 'permissions', 'permissions.Delete Unit', 'Delete Unit', '2025-12-02 19:21:39', '2025-12-02 19:24:01'),
('839', '0', 'en', 'permissions', 'permissions.Create Recipe', 'Create Recipe', '2025-12-02 19:21:39', '2025-12-02 19:24:01'),
('840', '0', 'en', 'permissions', 'permissions.Show Recipe', 'Show Recipe', '2025-12-02 19:21:39', '2025-12-02 19:24:01'),
('841', '0', 'en', 'permissions', 'permissions.Update Recipe', 'Update Recipe', '2025-12-02 19:21:39', '2025-12-02 19:24:01'),
('842', '0', 'en', 'permissions', 'permissions.Delete Recipe', 'Delete Recipe', '2025-12-02 19:21:39', '2025-12-02 19:24:01'),
('843', '0', 'en', 'permissions', 'permissions.Create Purchase Order', 'Create Purchase Order', '2025-12-02 19:21:39', '2025-12-02 19:24:01'),
('844', '0', 'en', 'permissions', 'permissions.Show Purchase Order', 'Show Purchase Order', '2025-12-02 19:21:39', '2025-12-02 19:24:01'),
('845', '0', 'en', 'permissions', 'permissions.Update Purchase Order', 'Update Purchase Order', '2025-12-02 19:21:39', '2025-12-02 19:24:01'),
('846', '0', 'en', 'permissions', 'permissions.Delete Purchase Order', 'Delete Purchase Order', '2025-12-02 19:21:39', '2025-12-02 19:24:01'),
('847', '0', 'en', 'permissions', 'permissions.Show Report', 'Show Report', '2025-12-02 19:21:39', '2025-12-02 19:24:01'),
('848', '0', 'en', 'permissions', 'permissions.Update Settings', 'Update Settings', '2025-12-02 19:21:39', '2025-12-02 19:24:01'),
('849', '0', 'en', 'permissions', 'permissions.Show Inventory Stock', 'Show Inventory Stock', '2025-12-02 19:21:39', '2025-12-02 19:24:01'),
('850', '0', 'en', 'permissions', 'permissions.Show Inventory Report', 'Show Inventory Report', '2025-12-02 19:21:39', '2025-12-02 19:24:01'),
('851', '0', 'en', 'permissions', 'permissions.Update Inventory Settings', 'Update Inventory Settings', '2025-12-02 19:21:39', '2025-12-02 19:24:01'),
('852', '0', 'en', 'permissions', 'permissions.Show Supplier', 'Show Supplier', '2025-12-02 19:21:39', '2025-12-02 19:24:01'),
('853', '0', 'en', 'permissions', 'permissions.Create Supplier', 'Create Supplier', '2025-12-02 19:21:39', '2025-12-02 19:24:01'),
('854', '0', 'en', 'permissions', 'permissions.Update Supplier', 'Update Supplier', '2025-12-02 19:21:39', '2025-12-02 19:24:01'),
('855', '0', 'en', 'permissions', 'permissions.Delete Supplier', 'Delete Supplier', '2025-12-02 19:21:39', '2025-12-02 19:24:01'),
('856', '0', 'en', 'permissions', 'permissions.Create Expense Category', 'Create Expense Category', '2025-12-02 19:21:39', '2025-12-02 19:24:01'),
('857', '0', 'en', 'permissions', 'permissions.Show Expense Category', 'Show Expense Category', '2025-12-02 19:21:39', '2025-12-02 19:24:01'),
('858', '0', 'en', 'permissions', 'permissions.Update Expense Category', 'Update Expense Category', '2025-12-02 19:21:39', '2025-12-02 19:24:01'),
('859', '0', 'en', 'permissions', 'permissions.Delete Expense Category', 'Delete Expense Category', '2025-12-02 19:21:39', '2025-12-02 19:24:01'),
('860', '0', 'en', 'permissions', 'permissions.Show Kitchen Place', 'Show Kitchen Place', '2025-12-02 19:21:39', '2025-12-02 19:24:01'),
('861', '0', 'en', 'permissions', 'permissions.Create Kitchen Place', 'Create Kitchen Place', '2025-12-02 19:21:39', '2025-12-02 19:24:01'),
('862', '0', 'en', 'permissions', 'permissions.Update Kitchen Place', 'Update Kitchen Place', '2025-12-02 19:21:39', '2025-12-02 19:24:01'),
('863', '0', 'en', 'permissions', 'permissions.Delete Kitchen Place', 'Delete Kitchen Place', '2025-12-02 19:21:39', '2025-12-02 19:24:01'),
('864', '0', 'en', 'permissions', 'permissions.Update Sms Settings', 'Update Sms Settings', '2025-12-02 19:21:39', '2025-12-02 19:24:01'),
('865', '0', 'en', 'permissions', 'permissions.Log Cash Register', 'Log Cash Register', '2025-12-02 19:21:39', '2025-12-02 19:24:01'),
('866', '0', 'en', 'permissions', 'permissions.Approve Cash Register', 'Approve Cash Register', '2025-12-02 19:21:39', '2025-12-02 19:24:01'),
('867', '0', 'en', 'permissions', 'permissions.Manage Cash Register Settings', 'Manage Cash Register Settings', '2025-12-02 19:21:39', '2025-12-02 19:24:01'),
('868', '0', 'en', 'permissions', 'permissions.View Cash Register Reports', 'View Cash Register Reports', '2025-12-02 19:21:39', '2025-12-02 19:24:01'),
('869', '0', 'en', 'permissions', 'permissions.Manage Cash Denominations', 'Manage Cash Denominations', '2025-12-02 19:21:39', '2025-12-02 19:24:01'),
('870', '0', 'en', 'permissions', 'permissions.Manage Cash Register', 'Manage Cash Register Settings', '2025-12-02 19:21:39', '2025-12-02 19:24:01'),
('871', '0', 'en', 'permissions', 'permissions.Manage Denominations', 'Manage Cash Denominations', '2025-12-02 19:21:39', '2025-12-02 19:24:01'),
('872', '0', 'en', 'permissions', 'permissions.Open Register', 'Open Cash Register', '2025-12-02 19:21:39', '2025-12-02 19:24:01'),
('873', '0', 'en', 'permissions', 'permissions.View Cash Register Sessions', 'View Cash Register Sessions', '2025-12-02 19:21:39', '2025-12-02 19:24:01'),
('874', '0', 'en', 'permissions', 'permissions.Close Cash Register', 'Close Cash Register', '2025-12-02 19:21:39', '2025-12-02 19:24:01'),
('875', '0', 'en', 'permissions', 'permissions.Open Cash Register', 'Open Cash Register', '2025-12-02 19:21:39', '2025-12-02 19:24:01'),
('876', '0', 'en', 'permissions', 'permissions.Add Discount on POS', 'Add Discount on POS', '2025-12-02 19:21:39', '2025-12-02 19:24:01'),
('877', '0', 'en', 'permissions', 'modules', '{\"Menu\":\"Menu\",\"Area\":\"Area\",\"Table\":\"Table\",\"Reservation\":\"Reservation\",\"KOT\":\"KOT\",\"Order\":\"Order\",\"Customer\":\"Customer\",\"Staff\":\"Staff\",\"Payment\":\"Payment\",\"Report\":\"Report\",\"Settings\":\"Settings\",\"Expense\":\"Expenses\",\"Vendor\":\"Vendor\",\"Inventory\":\"Inventory\",\"Sms\":\"Sms\",\"Kitchen\":\"Multiple Kitchen\",\"Kiosk\":\"Kiosk\"}', '2025-12-02 19:21:39', '2025-12-02 19:24:01'),
('878', '0', 'en', 'permissions', 'modules.Menu Item', 'Menu Item', '2025-12-02 19:21:39', '2025-12-02 19:24:01'),
('879', '0', 'en', 'permissions', 'modules.Item Category', 'Item Category', '2025-12-02 19:21:39', '2025-12-02 19:24:01'),
('880', '0', 'en', 'permissions', 'modules.Delivery Executive', 'Delivery Executive', '2025-12-02 19:21:39', '2025-12-02 19:24:01'),
('881', '0', 'en', 'permissions', 'modules.Waiter Request', 'Waiter Request', '2025-12-02 19:21:39', '2025-12-02 19:24:01'),
('882', '0', 'en', 'permissions', 'modules.Change Branch', 'Change Branch', '2025-12-02 19:21:39', '2025-12-02 19:24:01'),
('883', '0', 'en', 'permissions', 'modules.Export Report', 'Export Report', '2025-12-02 19:21:39', '2025-12-02 19:24:01'),
('884', '0', 'en', 'permissions', 'modules.Table Reservation', 'Table Reservation', '2025-12-02 19:21:39', '2025-12-02 19:24:01'),
('885', '0', 'en', 'permissions', 'modules.Payment Gateway Integration', 'Payment Gateway Integration', '2025-12-02 19:21:39', '2025-12-02 19:24:01'),
('886', '0', 'en', 'permissions', 'modules.Theme Setting', 'Theme Setting', '2025-12-02 19:21:39', '2025-12-02 19:24:01'),
('887', '0', 'en', 'permissions', 'modules.Customer Display', 'Customer Display', '2025-12-02 19:21:39', '2025-12-02 19:24:01'),
('888', '0', 'en', 'permissions', 'modules.Open Register', 'Open Register', '2025-12-02 19:21:39', '2025-12-02 19:24:01'),
('889', '0', 'en', 'permissions', 'modules.Cash Register', 'Cash Register', '2025-12-02 19:21:39', '2025-12-02 19:24:01'),
('890', '0', 'en', 'placeholders', 'searchMenuItems', 'Search your menu item here', '2025-12-02 19:21:39', '2025-12-02 19:24:02'),
('891', '0', 'en', 'placeholders', 'searchCustomers', 'Search by name, email or phone number', '2025-12-02 19:21:39', '2025-12-02 19:24:02'),
('892', '0', 'en', 'placeholders', 'search', 'Search', '2025-12-02 19:21:39', '2025-12-02 19:24:02'),
('893', '0', 'en', 'placeholders', 'addItemNotesPlaceholder', 'Special Instructions? (e.g., no onions, extra spicy)', '2025-12-02 19:21:39', '2025-12-02 19:24:02'),
('894', '0', 'en', 'placeholders', 'languageCodePlaceholder', 'e.g., en, ar, fr, etc.', '2025-12-02 19:21:39', '2025-12-02 19:24:02'),
('895', '0', 'en', 'placeholders', 'languageNamePlaceholder', 'e.g., English, Arabic, French, etc.', '2025-12-02 19:21:39', '2025-12-02 19:24:02'),
('896', '0', 'en', 'placeholders', 'flagCodePlaceholder', 'e.g., us, gb, sa, etc.', '2025-12-02 19:21:39', '2025-12-02 19:24:02'),
('897', '0', 'en', 'placeholders', 'facebookPlaceHolder', 'Enter your Facebook URL', '2025-12-02 19:21:39', '2025-12-02 19:24:02'),
('898', '0', 'en', 'placeholders', 'instagramPlaceHolder', 'Enter your Instagram URL', '2025-12-02 19:21:39', '2025-12-02 19:24:02'),
('899', '0', 'en', 'placeholders', 'twitterPlaceHolder', 'Enter your Twitter handle', '2025-12-02 19:21:39', '2025-12-02 19:24:02'),
('900', '0', 'en', 'placeholders', 'yelpPlaceHolder', 'Enter your Yelp URL', '2025-12-02 19:21:39', '2025-12-02 19:24:02'),
('901', '0', 'en', 'placeholders', 'metaTtilePlaceHolder', 'Enter Meta Title', '2025-12-02 19:21:39', '2025-12-02 19:24:02'),
('902', '0', 'en', 'placeholders', 'metaKeywordPlaceHolder', 'Enter Comma Saperated keyword', '2025-12-02 19:21:39', '2025-12-02 19:24:02'),
('903', '0', 'en', 'placeholders', 'metaDescriptionPlaceHolder', 'Enter Meta Description', '2025-12-02 19:21:39', '2025-12-02 19:24:02'),
('904', '0', 'en', 'placeholders', 'menuItemNamePlaceholder', 'e.g., Margherita Pizza', '2025-12-02 19:21:39', '2025-12-02 19:24:02'),
('905', '0', 'en', 'placeholders', 'itemDescriptionPlaceholder', 'e.g., A classic Italian pizza with fresh tomatoes and basil.', '2025-12-02 19:21:39', '2025-12-02 19:24:02'),
('906', '0', 'en', 'placeholders', 'itemVariationPlaceholder', 'e.g., Small, Medium, Large', '2025-12-02 19:21:39', '2025-12-02 19:24:02'),
('907', '0', 'en', 'placeholders', 'searchModifierGroups', 'Search Modifier Groups...', '2025-12-02 19:21:39', '2025-12-02 19:24:02'),
('908', '0', 'en', 'placeholders', 'menuNamePlaceHolder', 'Add Menu Name', '2025-12-02 19:21:39', '2025-12-02 19:24:02'),
('909', '0', 'en', 'placeholders', 'menuSlugPlaceHolder', 'Add Menu Slug', '2025-12-02 19:21:39', '2025-12-02 19:24:02'),
('910', '0', 'en', 'placeholders', 'menuContentPlaceHolder', 'Add Menu Content', '2025-12-02 19:21:39', '2025-12-02 19:24:02'),
('911', '0', 'en', 'placeholders', 'enterExpenseCategoryName', 'Enter Category Name', '2025-12-02 19:21:39', '2025-12-02 19:24:02'),
('912', '0', 'en', 'placeholders', 'enterExpenseCategoryDescription', 'Enter Category Description', '2025-12-02 19:21:39', '2025-12-02 19:24:02'),
('913', '0', 'en', 'placeholders', 'customerName', 'Add Customer Name', '2025-12-02 19:21:39', '2025-12-02 19:24:02'),
('914', '0', 'en', 'placeholders', 'customerEmail', 'Add Customer Email', '2025-12-02 19:21:39', '2025-12-02 19:24:02'),
('915', '0', 'en', 'placeholders', 'customerAddress', 'Add Customer Address', '2025-12-02 19:21:39', '2025-12-02 19:24:02'),
('916', '0', 'en', 'placeholders', 'menuNamePlaceholder', 'e.g. Breakfast', '2025-12-02 19:21:39', '2025-12-02 19:24:02'),
('917', '0', 'en', 'placeholders', 'modifierGroupNamePlaceholder', 'e.g., Toppings', '2025-12-02 19:21:39', '2025-12-02 19:24:02'),
('918', '0', 'en', 'placeholders', 'modifierGroupDescriptionPlaceholder', 'e.g., Additional toppings for your pizza.', '2025-12-02 19:21:39', '2025-12-02 19:24:02'),
('919', '0', 'en', 'placeholders', 'modifierOptionNamePlaceholder', 'e.g., Extra Cheese', '2025-12-02 19:21:39', '2025-12-02 19:24:02'),
('920', '0', 'en', 'placeholders', 'modifierOptionPricePlaceholder', 'e.g., 1.50', '2025-12-02 19:21:39', '2025-12-02 19:24:02'),
('921', '0', 'en', 'placeholders', 'searchMenuItem', 'Search Menu Item', '2025-12-02 19:21:39', '2025-12-02 19:24:02'),
('922', '0', 'en', 'placeholders', 'addTitle', 'Add Expense Title', '2025-12-02 19:21:39', '2025-12-02 19:24:02'),
('923', '0', 'en', 'placeholders', 'addAmount', 'Add Amount', '2025-12-02 19:21:39', '2025-12-02 19:24:02'),
('924', '0', 'en', 'placeholders', 'addDescription', 'Add Expense Description', '2025-12-02 19:21:39', '2025-12-02 19:24:02'),
('925', '0', 'en', 'placeholders', 'tableCodePlaceholder', 'e.g. T01', '2025-12-02 19:21:39', '2025-12-02 19:24:02'),
('926', '0', 'en', 'placeholders', 'tableSeatPlaceholder', 'Enter number of seats (e.g., 4)', '2025-12-02 19:21:39', '2025-12-02 19:24:02'),
('927', '0', 'en', 'placeholders', 'categoryNamePlaceholder', 'e.g., Desserts', '2025-12-02 19:21:39', '2025-12-02 19:24:02'),
('928', '0', 'en', 'placeholders', 'areaNamePlaceholder', 'e.g. Rooftop', '2025-12-02 19:21:39', '2025-12-02 19:24:02'),
('929', '0', 'en', 'placeholders', 'searchItemCategory', 'Search your item category here', '2025-12-02 19:21:39', '2025-12-02 19:24:02'),
('930', '0', 'en', 'placeholders', 'searchMenuOrCategory', 'Search menu or category here', '2025-12-02 19:21:39', '2025-12-02 19:24:02'),
('931', '0', 'en', 'placeholders', 'searchMenus', 'Search your menu here', '2025-12-02 19:21:39', '2025-12-02 19:24:02'),
('932', '0', 'en', 'placeholders', 'addPrinterName', 'Add Printer Name', '2025-12-02 19:21:39', '2025-12-02 19:24:02'),
('933', '0', 'en', 'placeholders', 'restaurantNamePlaceHolder', 'e.g., The Midtown Cafe', '2025-12-02 19:21:39', '2025-12-02 19:24:02'),
('934', '0', 'en', 'placeholders', 'tableLockTimeoutPlaceholder', 'Enter timeout in minutes. Default is 10 minutes.', '2025-12-02 19:21:39', '2025-12-02 19:24:02'),
('935', '0', 'en', 'placeholders', 'headerTextPlaceHolder', 'Enter your custom header text here...', '2025-12-02 19:21:39', '2025-12-02 19:24:02'),
('936', '0', 'en', 'placeholders', 'enterCustomAmountPlaceholder', 'Enter custom amount', '2025-12-02 19:21:39', '2025-12-02 19:24:02'),
('937', '0', 'en', 'placeholders', 'addNotePlaceholder', 'Add a note with your tip...', '2025-12-02 19:21:39', '2025-12-02 19:24:02'),
('938', '0', 'en', 'placeholders', 'searchStaffmember', 'Search by name or email', '2025-12-02 19:21:39', '2025-12-02 19:24:02'),
('939', '0', 'en', 'placeholders', 'appNamePlaceHolder', 'e.g., Swiggy', '2025-12-02 19:21:39', '2025-12-02 19:24:02'),
('940', '0', 'en', 'placeholders', 'enterGoogleMapApiKey', 'Enter Google Map API Key e.g., AIzaSyD-xxxxxxxxxxxxxxxxx', '2025-12-02 19:21:39', '2025-12-02 19:24:02'),
('941', '0', 'en', 'placeholders', 'enterPrivacyPolicyLink', 'Enter privacy policy URL e.g., https://yoursite.com/privacy-policy', '2025-12-02 19:21:39', '2025-12-02 19:24:02'),
('942', '0', 'en', 'placeholders', 'searchPayments', 'Search payments by amount, method, TX ID', '2025-12-02 19:21:39', '2025-12-02 19:24:02'),
('943', '0', 'en', 'placeholders', 'methodExamples', 'e.g., Cash, Cheque, Bank Transfer, etc.', '2025-12-02 19:21:39', '2025-12-02 19:24:02'),
('944', '0', 'en', 'placeholders', 'methodDescription', 'e.g., via USD dollar, etc.', '2025-12-02 19:21:39', '2025-12-02 19:24:02'),
('945', '0', 'en', 'placeholders', 'expense', 'Expense', '2025-12-02 19:21:39', '2025-12-02 19:24:02'),
('946', '0', 'en', 'placeholders', 'expensesCategory', 'Expenses Category', '2025-12-02 19:21:39', '2025-12-02 19:24:02'),
('947', '0', 'en', 'placeholders', 'searchDuePayments', 'Search payments by amount or order #', '2025-12-02 19:21:39', '2025-12-02 19:24:02'),
('948', '0', 'en', 'placeholders', 'addOrderNotesPlaceholder', 'Add order notes here...', '2025-12-02 19:21:39', '2025-12-02 19:24:02'),
('949', '0', 'en', 'placeholders', 'addressLabelPlaceholder', 'e.g., home, office, etc.', '2025-12-02 19:21:39', '2025-12-02 19:24:02'),
('950', '0', 'en', 'placeholders', 'addressPlaceholder', 'e.g., 123 Main St, City, Country', '2025-12-02 19:21:39', '2025-12-02 19:24:02'),
('951', '0', 'en', 'placeholders', 'featureDescriptionPlaceHolder', 'Enter feature description here...', '2025-12-02 19:21:39', '2025-12-02 19:24:02'),
('952', '0', 'en', 'placeholders', 'searchPackages', 'Search your package here', '2025-12-02 19:21:39', '2025-12-02 19:24:02'),
('953', '0', 'en', 'placeholders', 'purchaseCode', 'e.g. 147778a2-dfa2-424e-a29f-xxxxxxxxx', '2025-12-02 19:21:39', '2025-12-02 19:24:02'),
('954', '0', 'en', 'placeholders', 'modifierOptionSortOrderPlaceholder', 'e.g., 1', '2025-12-02 19:21:39', '2025-12-02 19:24:02'),
('955', '0', 'en', 'placeholders', 'vendors', 'Vendors', '2025-12-02 19:21:39', '2025-12-02 19:24:02'),
('956', '0', 'en', 'placeholders', 'vendorName', 'Vendor Name', '2025-12-02 19:21:39', '2025-12-02 19:24:02'),
('957', '0', 'en', 'placeholders', 'vendorEmail', 'Vendor Email', '2025-12-02 19:21:39', '2025-12-02 19:24:02'),
('958', '0', 'en', 'placeholders', 'vendorPhone', 'Vendor Phone', '2025-12-02 19:21:39', '2025-12-02 19:24:02'),
('959', '0', 'en', 'placeholders', 'vendorAddress', 'Vendor Address', '2025-12-02 19:21:39', '2025-12-02 19:24:02'),
('960', '0', 'en', 'placeholders', 'contactPerson', 'Contact Person', '2025-12-02 19:21:39', '2025-12-02 19:24:02'),
('961', '0', 'en', 'placeholders', 'customerPhone', 'Add Customer Phone', '2025-12-02 19:21:39', '2025-12-02 19:24:02'),
('962', '0', 'en', 'placeholders', 'addPrinterSharedName', 'Add Printer Name', '2025-12-02 19:21:39', '2025-12-02 19:24:02'),
('963', '0', 'en', 'placeholders', 'IpAddress', 'Add Printer IP Address', '2025-12-02 19:21:39', '2025-12-02 19:24:02'),
('964', '0', 'en', 'placeholders', 'portAddress', 'Add Printer Port Address', '2025-12-02 19:21:39', '2025-12-02 19:24:02'),
('965', '0', 'en', 'placeholders', 'ipv4Addres', 'Add Printer IPv4 Address', '2025-12-02 19:21:39', '2025-12-02 19:24:02'),
('966', '0', 'en', 'placeholders', 'addDeliveryTypeName', 'e.g., Express Delivery', '2025-12-02 19:21:39', '2025-12-02 19:24:02'),
('967', '0', 'en', 'placeholders', 'addDeliveryTypeDescription', 'e.g., Fast delivery within 30 minutes', '2025-12-02 19:21:39', '2025-12-02 19:24:02'),
('968', '0', 'en', 'sidebar', 'dashboard', 'Dashboard', '2025-12-02 19:21:39', '2025-12-02 19:24:02'),
('969', '0', 'en', 'sidebar', 'menu', 'Menu', '2025-12-02 19:21:39', '2025-12-02 19:24:02'),
('970', '0', 'en', 'superadmin', 'downloadNow', 'Download Now', '2025-12-02 19:21:39', '2025-12-02 19:24:03'),
('971', '0', 'en', 'superadmin', 'saving', 'Saving...', '2025-12-02 19:21:39', '2025-12-02 19:24:03'),
('972', '0', 'en', 'superadmin', 'whiteLabelFeature1', 'Custom branding with your company name and logo', '2025-12-02 19:21:39', '2025-12-02 19:24:03'),
('973', '0', 'en', 'superadmin', 'whiteLabelFeature2', 'Personalized installer and application icons', '2025-12-02 19:21:39', '2025-12-02 19:24:03'),
('974', '0', 'en', 'superadmin', 'whiteLabelFeature3', 'Custom splash screen and about dialog', '2025-12-02 19:21:39', '2025-12-02 19:24:03'),
('975', '0', 'en', 'superadmin', 'whiteLabelFeature4', 'Dedicated support and updates', '2025-12-02 19:21:39', '2025-12-02 19:24:03'),
('976', '0', 'en', 'superadmin', 'orderWhiteLabelApp', 'Order White Label Printing App', '2025-12-02 19:21:39', '2025-12-02 19:24:03'),
('977', '0', 'en', 'superadmin', 'pusherBeams', 'Pusher Beams (Browser Push Notification)', '2025-12-02 19:21:39', '2025-12-02 19:24:03'),
('978', '0', 'en', 'superadmin', 'menu', '{\"restaurants\":\"Restaurants\",\"superadmin\":\"SuperAdmin\"}', '2025-12-02 19:21:39', '2025-12-02 19:24:03'),
('979', '0', 'en', 'superadmin', 'qrCodesRegenerated', 'QR Codes Regenerated for new domain', '2025-12-02 19:21:39', '2025-12-02 19:24:03'),
('980', '0', 'en', 'superadmin', 'regenerateQrCode', 'Regenerate QR Codes', '2025-12-02 19:21:39', '2025-12-02 19:24:03'),
('981', '0', 'en', 'superadmin', 'domainChanged', 'It seems you have changed the domain. You need to regenerate the qr codes so that qr codes can have new url', '2025-12-02 19:21:39', '2025-12-02 19:24:03'),
('982', '0', 'en', 'superadmin', 'raiseSupportTicket', 'Raise Support Ticket', '2025-12-02 19:21:39', '2025-12-02 19:24:03'),
('983', '0', 'en', 'superadmin', 'generateCredentials', 'Generate Credentials', '2025-12-02 19:21:39', '2025-12-02 19:24:03'),
('984', '0', 'en', 'superadmin', 'pusherChannels', 'Pusher Channels (Live Page Update)', '2025-12-02 19:21:39', '2025-12-02 19:24:03'),
('985', '0', 'en', 'superadmin', 'pusherDashboard', 'Pusher Dashboard', '2025-12-02 19:21:39', '2025-12-02 19:24:03'),
('986', '0', 'en', 'superadmin', 'pusherChannelsDescription', 'Configure Pusher Channels for real-time page updates (Laravel broadcasting).', '2025-12-02 19:21:39', '2025-12-02 19:24:03'),
('987', '0', 'en', 'superadmin', 'pusherBeamsDescription', 'Configure Pusher Beams for browser push notifications.', '2025-12-02 19:21:39', '2025-12-02 19:24:03'),
('988', '0', 'en', 'superadmin', 'desktopApplicationSettings', 'Desktop Application Settings', '2025-12-02 19:21:39', '2025-12-02 19:24:03'),
('989', '0', 'en', 'superadmin', 'desktopApplicationSettingsDescription', 'Provide download URLs for Windows and Mac desktop applications.', '2025-12-02 19:21:39', '2025-12-02 19:24:03'),
('990', '0', 'en', 'superadmin', 'desktopApplicationSettingsDescription2', '1. Empty the download field if you do not want your customers to download the application.', '2025-12-02 19:21:39', '2025-12-02 19:24:03'),
('991', '0', 'en', 'superadmin', 'windowsApplication', 'Windows Application', '2025-12-02 19:21:39', '2025-12-02 19:24:03'),
('992', '0', 'en', 'superadmin', 'downloadUrl', 'Download URL', '2025-12-02 19:21:39', '2025-12-02 19:24:03'),
('993', '0', 'en', 'superadmin', 'resetToDefault', 'Reset to Default', '2025-12-02 19:21:39', '2025-12-02 19:24:03'),
('994', '0', 'en', 'superadmin', 'macApplication', 'Mac Application', '2025-12-02 19:21:39', '2025-12-02 19:24:03'),
('995', '0', 'en', 'superadmin', 'linuxApplication', 'Linux Application', '2025-12-02 19:21:39', '2025-12-02 19:24:03'),
('996', '0', 'en', 'superadmin', 'saveAllSettings', 'Save All Settings', '2025-12-02 19:21:39', '2025-12-02 19:24:03'),
('997', '0', 'en', 'superadmin', 'desktopApplicationSettingsNote', 'Please note that the desktop application is currently in beta. Some features may not function as intended, and you may encounter unexpected issues or bugs. We appreciate your patience and feedback as we continue to improve the application. Feel free to try it out and let us know about your experience.', '2025-12-02 19:21:39', '2025-12-02 19:24:03'),
('998', '0', 'en', 'superadmin', 'whiteLabelDesktopApp', 'White Label Desktop App (Printing App)', '2025-12-02 19:21:39', '2025-12-02 19:24:03'),
('999', '0', 'en', 'superadmin', 'whiteLabelDesktopAppDescription', 'Get your own branded desktop printing application with your company name and logo.', '2025-12-02 19:21:39', '2025-12-02 19:24:03'),
('1000', '0', 'en', 'superadmin', 'whiteLabelFeatures', 'Features', '2025-12-02 19:21:39', '2025-12-02 19:24:03');

INSERT INTO `ltm_translations` VALUES
('1001', '0', 'en', 'superadmin', 'whiteLabelPricing', 'Pricing', '2025-12-02 19:21:39', '2025-12-02 19:24:03'),
('1002', '0', 'en', 'superadmin', 'whiteLabelPricingDescription', 'One-time payment includes customization, testing, and delivery', '2025-12-02 19:21:39', '2025-12-02 19:24:03'),
('1003', '0', 'en', 'superadmin', 'whiteLabelDelivery', 'Delivery', '2025-12-02 19:21:39', '2025-12-02 19:24:03'),
('1004', '0', 'en', 'superadmin', 'whiteLabelDeliveryDescription', 'Custom app delivered within 3-5 business days after approval', '2025-12-02 19:21:39', '2025-12-02 19:24:03'),
('1005', '0', 'en', 'superadmin', 'desktopAppRequired', 'Desktop Application Required', '2025-12-02 19:21:39', '2025-12-02 19:24:03'),
('1006', '0', 'en', 'superadmin', 'desktopAppRequiredDescription', 'The desktop application is required for direct printing functionality. Users must download and install the desktop app to enable thermal printer support.', '2025-12-02 19:21:39', '2025-12-02 19:24:03'),
('1007', '0', 'en', 'superadmin', 'desktopAppDemo', 'Desktop App Demo', '2025-12-02 19:21:39', '2025-12-02 19:24:03'),
('1008', '0', 'en', 'superadmin', 'desktopAppDemoDescription', 'Watch how the TableTrack desktop application works', '2025-12-02 19:21:39', '2025-12-02 19:24:03'),
('1009', '0', 'en', 'superadmin', 'desktopAppDemoLink', 'https://www.youtube.com/watch?v=KKla4E_e_tY', '2025-12-02 19:21:39', '2025-12-02 19:24:03'),
('1010', '0', 'en', 'superadmin', 'desktopAppDemoLinkText', 'Watch Demo on YouTube', '2025-12-02 19:21:39', '2025-12-02 19:24:03'),
('1011', '0', 'en', 'validation', 'tiers', '{\"required\":\"The tiers field is required.\"}', '2025-12-02 19:21:39', '2025-12-02 19:24:03'),
('1012', '0', 'en', 'validation', 'greaterThanPrevious', 'This field must be greater than the previous tier\'s maximum distance.', '2025-12-02 19:21:39', '2025-12-02 19:24:03'),
('1013', '0', 'en', 'validation', 'orderTypeNameRequired', 'Order type name is required.', '2025-12-02 19:21:39', '2025-12-02 19:24:03'),
('1014', '0', 'en', 'validation', 'orderTypeRequired', 'Order type is required.', '2025-12-02 19:21:39', '2025-12-02 19:24:03'),
('1015', '0', 'en', 'validation', 'invalidOrderType', 'The selected order type is invalid.', '2025-12-02 19:21:39', '2025-12-02 19:24:03'),
('1016', '0', 'en', 'validation', 'flutterwaveStatusRequired', 'Flutterwave status is required.', '2025-12-02 19:21:39', '2025-12-02 19:24:03'),
('1017', '0', 'en', 'validation', 'flutterwaveModeRequired', 'Flutterwave mode is required.', '2025-12-02 19:21:39', '2025-12-02 19:24:03'),
('1018', '0', 'en', 'validation', 'liveFlutterwaveKeyRequired', 'Live Flutterwave key is required.', '2025-12-02 19:21:39', '2025-12-02 19:24:03'),
('1019', '0', 'en', 'validation', 'liveFlutterwaveSecretRequired', 'Live Flutterwave secret is required.', '2025-12-02 19:21:39', '2025-12-02 19:24:03'),
('1020', '0', 'en', 'validation', 'liveFlutterwaveHashRequired', 'Live Flutterwave hash is required.', '2025-12-02 19:21:39', '2025-12-02 19:24:03'),
('1021', '0', 'en', 'validation', 'testFlutterwaveKeyRequired', 'Test Flutterwave key is required.', '2025-12-02 19:21:39', '2025-12-02 19:24:03'),
('1022', '0', 'en', 'validation', 'testFlutterwaveSecretRequired', 'Test Flutterwave secret is required.', '2025-12-02 19:21:39', '2025-12-02 19:24:03'),
('1023', '0', 'en', 'validation', 'testFlutterwaveHashRequired', 'Test Flutterwave hash is required.', '2025-12-02 19:21:39', '2025-12-02 19:24:03'),
('1024', '0', 'en', 'validation', 'InvalidFlutterwaveKeyOrSecret', 'Invalid Flutterwave key or secret.', '2025-12-02 19:21:39', '2025-12-02 19:24:03'),
('1025', '0', 'en', 'validation', 'requiredModifierGroup', 'The \':name\' modifier group is required. Please select at least one option.', '2025-12-02 19:21:39', '2025-12-02 19:24:03'),
('1026', '0', 'en', 'validation', 'modifierGroupNameRequired', 'Modifier group name is required for the :language language.', '2025-12-02 19:21:39', '2025-12-02 19:24:03'),
('1027', '0', 'en', 'validation', 'modifierOptionNameRequired', 'Option name is required for the :language language.', '2025-12-02 19:21:39', '2025-12-02 19:24:03'),
('1028', '0', 'en', 'validation', 'categoryNameRequired', 'The category name is required for the :language language.', '2025-12-02 19:21:39', '2025-12-02 19:24:03'),
('1029', '0', 'en', 'validation', 'categoryNameUnique', 'The category name for the :language language has already been taken.', '2025-12-02 19:21:39', '2025-12-02 19:24:03'),
('1030', '0', 'en', 'validation', 'atLeastOneVariationRequired', 'At least one variation with name and price is required.', '2025-12-02 19:21:39', '2025-12-02 19:24:03'),
('1031', '0', 'en', 'validation', 'itemNameRequired', 'The item name is required for the :language language.', '2025-12-02 19:21:39', '2025-12-02 19:24:03'),
('1032', '0', 'en', 'validation', 'baseDeliveryPriceMustBeNumeric', 'The base delivery price must be a valid number.', '2025-12-02 19:21:39', '2025-12-02 19:24:03'),
('1033', '0', 'en', 'validation', 'baseDeliveryPriceMustBePositive', 'The base delivery price must be at least 0.', '2025-12-02 19:21:39', '2025-12-02 19:24:03'),
('1034', '0', 'en', 'validation', 'itemPriceRequired', 'The item price is required.', '2025-12-02 19:21:39', '2025-12-02 19:24:03'),
('1035', '0', 'en', 'validation', 'itemPriceMustBeNumeric', 'The item price must be a valid number.', '2025-12-02 19:21:39', '2025-12-02 19:24:03'),
('1036', '0', 'en', 'validation', 'itemPriceMustBePositive', 'The item price must be at least 0.', '2025-12-02 19:21:39', '2025-12-02 19:24:03'),
('1037', '0', 'en', 'validation', 'categoryRequired', 'The category is required.', '2025-12-02 19:21:39', '2025-12-02 19:24:03'),
('1038', '0', 'en', 'validation', 'menuRequired', 'The menu is required.', '2025-12-02 19:21:39', '2025-12-02 19:24:03'),
('1039', '0', 'en', 'validation', 'availabilityRequired', 'The availability status is required.', '2025-12-02 19:21:39', '2025-12-02 19:24:03'),
('1040', '0', 'en', 'validation', 'availabilityMustBeBoolean', 'The availability status must be true or false.', '2025-12-02 19:21:39', '2025-12-02 19:24:03'),
('1041', '0', 'en', 'validation', 'showOnCustomerSiteRequired', 'The show on customer site status is required.', '2025-12-02 19:21:39', '2025-12-02 19:24:03'),
('1042', '0', 'en', 'validation', 'showOnCustomerSiteMustBeBoolean', 'The show on customer site status must be true or false.', '2025-12-02 19:21:39', '2025-12-02 19:24:03'),
('1043', '0', 'en', 'validation', 'orderTypePriceRequired', 'The price for :orderType is required.', '2025-12-02 19:21:39', '2025-12-02 19:24:03'),
('1044', '0', 'en', 'validation', 'priceMustBeNumeric', 'The price must be a valid number.', '2025-12-02 19:21:39', '2025-12-02 19:24:03'),
('1045', '0', 'en', 'validation', 'priceMinZero', 'The price must be at least 0.', '2025-12-02 19:21:39', '2025-12-02 19:24:03'),
('1046', '0', 'en', 'validation', 'variationNameRequired', 'The variation name is required.', '2025-12-02 19:21:39', '2025-12-02 19:24:03'),
('1047', '0', 'en', 'validation', 'variationNameMustBeString', 'The variation name must be a valid text.', '2025-12-02 19:21:39', '2025-12-02 19:24:03'),
('1048', '0', 'en', 'validation', 'variationNameMaxLength', 'The variation name must not exceed 255 characters.', '2025-12-02 19:21:39', '2025-12-02 19:24:03'),
('1049', '0', 'en', 'validation', 'variationPriceRequired', 'The variation price is required.', '2025-12-02 19:21:39', '2025-12-02 19:24:03'),
('1050', '0', 'en', 'validation', 'variationPriceMustBeNumeric', 'The variation price must be a valid number.', '2025-12-02 19:21:39', '2025-12-02 19:24:03'),
('1051', '0', 'en', 'validation', 'variationPriceMustBePositive', 'The variation price must be at least 0.', '2025-12-02 19:21:39', '2025-12-02 19:24:03'),
('1052', '0', 'en', 'validation', 'cannotRemoveTranslation', 'Cannot remove the :language translation as it is required.', '2025-12-02 19:21:39', '2025-12-02 19:24:03'),
('1053', '0', 'en', 'validation', 'menuNameRequired', 'The menu name is required for the :language language.', '2025-12-02 19:21:39', '2025-12-02 19:24:03'),
('1054', '0', 'en', 'validation', 'accepted', 'The :attribute field must be accepted.', '2025-12-02 19:21:39', '2025-12-02 19:24:03'),
('1055', '0', 'en', 'validation', 'accepted_if', 'The :attribute field must be accepted when :other is :value.', '2025-12-02 19:21:39', '2025-12-02 19:24:03'),
('1056', '0', 'en', 'validation', 'active_url', 'The :attribute field must be a valid URL.', '2025-12-02 19:21:39', '2025-12-02 19:24:03'),
('1057', '0', 'en', 'validation', 'after', 'The :attribute field must be a date after :date.', '2025-12-02 19:21:39', '2025-12-02 19:24:03'),
('1058', '0', 'en', 'validation', 'after_or_equal', 'The :attribute field must be a date after or equal to :date.', '2025-12-02 19:21:39', '2025-12-02 19:24:03'),
('1059', '0', 'en', 'validation', 'alpha', 'The :attribute field must only contain letters.', '2025-12-02 19:21:39', '2025-12-02 19:24:03'),
('1060', '0', 'en', 'validation', 'alpha_dash', 'The :attribute field must only contain letters, numbers, dashes, and underscores.', '2025-12-02 19:21:39', '2025-12-02 19:24:03'),
('1061', '0', 'en', 'validation', 'alpha_num', 'The :attribute field must only contain letters and numbers.', '2025-12-02 19:21:39', '2025-12-02 19:24:03'),
('1062', '0', 'en', 'validation', 'array', 'The :attribute field must be an array.', '2025-12-02 19:21:39', '2025-12-02 19:24:03'),
('1063', '0', 'en', 'validation', 'ascii', 'The :attribute field must only contain single-byte alphanumeric characters and symbols.', '2025-12-02 19:21:39', '2025-12-02 19:24:03'),
('1064', '0', 'en', 'validation', 'before', 'The :attribute field must be a date before :date.', '2025-12-02 19:21:39', '2025-12-02 19:24:03'),
('1065', '0', 'en', 'validation', 'before_or_equal', 'The :attribute field must be a date before or equal to :date.', '2025-12-02 19:21:39', '2025-12-02 19:24:03'),
('1066', '0', 'en', 'validation', 'between', '{\"array\":\"The :attribute field must have between :min and :max items.\",\"file\":\"The :attribute field must be between :min and :max kilobytes.\",\"numeric\":\"The :attribute field must be between :min and :max.\",\"string\":\"The :attribute field must be between :min and :max characters.\"}', '2025-12-02 19:21:39', '2025-12-02 19:24:03'),
('1067', '0', 'en', 'validation', 'boolean', 'The :attribute field must be true or false.', '2025-12-02 19:21:39', '2025-12-02 19:24:03'),
('1068', '0', 'en', 'validation', 'can', 'The :attribute field contains an unauthorized value.', '2025-12-02 19:21:39', '2025-12-02 19:24:03'),
('1069', '0', 'en', 'validation', 'confirmed', 'The :attribute field confirmation does not match.', '2025-12-02 19:21:39', '2025-12-02 19:24:03'),
('1070', '0', 'en', 'validation', 'contains', 'The :attribute field is missing a required value.', '2025-12-02 19:21:39', '2025-12-02 19:24:03'),
('1071', '0', 'en', 'validation', 'current_password', 'The password is incorrect.', '2025-12-02 19:21:39', '2025-12-02 19:24:03'),
('1072', '0', 'en', 'validation', 'date', 'The :attribute field must be a valid date.', '2025-12-02 19:21:39', '2025-12-02 19:24:03'),
('1073', '0', 'en', 'validation', 'date_equals', 'The :attribute field must be a date equal to :date.', '2025-12-02 19:21:39', '2025-12-02 19:24:03'),
('1074', '0', 'en', 'validation', 'date_format', 'The :attribute field must match the format :format.', '2025-12-02 19:21:39', '2025-12-02 19:24:03'),
('1075', '0', 'en', 'validation', 'decimal', 'The :attribute field must have :decimal decimal places.', '2025-12-02 19:21:39', '2025-12-02 19:24:03'),
('1076', '0', 'en', 'validation', 'declined', 'The :attribute field must be declined.', '2025-12-02 19:21:39', '2025-12-02 19:24:03'),
('1077', '0', 'en', 'validation', 'declined_if', 'The :attribute field must be declined when :other is :value.', '2025-12-02 19:21:39', '2025-12-02 19:24:03'),
('1078', '0', 'en', 'validation', 'different', 'The :attribute field and :other must be different.', '2025-12-02 19:21:39', '2025-12-02 19:24:03'),
('1079', '0', 'en', 'validation', 'digits', 'The :attribute field must be :digits digits.', '2025-12-02 19:21:39', '2025-12-02 19:24:03'),
('1080', '0', 'en', 'validation', 'digits_between', 'The :attribute field must be between :min and :max digits.', '2025-12-02 19:21:39', '2025-12-02 19:24:03'),
('1081', '0', 'en', 'validation', 'dimensions', 'The :attribute field has invalid image dimensions.', '2025-12-02 19:21:39', '2025-12-02 19:24:03'),
('1082', '0', 'en', 'validation', 'distinct', 'The :attribute field has a duplicate value.', '2025-12-02 19:21:39', '2025-12-02 19:24:03'),
('1083', '0', 'en', 'validation', 'doesnt_end_with', 'The :attribute field must not end with one of the following: :values.', '2025-12-02 19:21:39', '2025-12-02 19:24:03'),
('1084', '0', 'en', 'validation', 'doesnt_start_with', 'The :attribute field must not start with one of the following: :values.', '2025-12-02 19:21:39', '2025-12-02 19:24:03'),
('1085', '0', 'en', 'validation', 'email', 'The :attribute field must be a valid email address.', '2025-12-02 19:21:39', '2025-12-02 19:24:03'),
('1086', '0', 'en', 'validation', 'ends_with', 'The :attribute field must end with one of the following: :values.', '2025-12-02 19:21:39', '2025-12-02 19:24:03'),
('1087', '0', 'en', 'validation', 'enum', 'The selected :attribute is invalid.', '2025-12-02 19:21:39', '2025-12-02 19:24:03'),
('1088', '0', 'en', 'validation', 'exists', 'The selected :attribute is invalid.', '2025-12-02 19:21:39', '2025-12-02 19:24:03'),
('1089', '0', 'en', 'validation', 'extensions', 'The :attribute field must have one of the following extensions: :values.', '2025-12-02 19:21:39', '2025-12-02 19:24:03'),
('1090', '0', 'en', 'validation', 'file', 'The :attribute field must be a file.', '2025-12-02 19:21:39', '2025-12-02 19:24:03'),
('1091', '0', 'en', 'validation', 'filled', 'The :attribute field must have a value.', '2025-12-02 19:21:39', '2025-12-02 19:24:03'),
('1092', '0', 'en', 'validation', 'gt', '{\"array\":\"The :attribute field must have more than :value items.\",\"file\":\"The :attribute field must be greater than :value kilobytes.\",\"numeric\":\"The :attribute field must be greater than :value.\",\"string\":\"The :attribute field must be greater than :value characters.\"}', '2025-12-02 19:21:39', '2025-12-02 19:24:03'),
('1093', '0', 'en', 'validation', 'gte', '{\"array\":\"The :attribute field must have :value items or more.\",\"file\":\"The :attribute field must be greater than or equal to :value kilobytes.\",\"numeric\":\"The :attribute field must be greater than or equal to :value.\",\"string\":\"The :attribute field must be greater than or equal to :value characters.\"}', '2025-12-02 19:21:39', '2025-12-02 19:24:03'),
('1094', '0', 'en', 'validation', 'hex_color', 'The :attribute field must be a valid hexadecimal color.', '2025-12-02 19:21:39', '2025-12-02 19:24:03'),
('1095', '0', 'en', 'validation', 'image', 'The :attribute field must be an image.', '2025-12-02 19:21:39', '2025-12-02 19:24:03'),
('1096', '0', 'en', 'validation', 'in', 'The selected :attribute is invalid.', '2025-12-02 19:21:39', '2025-12-02 19:24:03'),
('1097', '0', 'en', 'validation', 'in_array', 'The :attribute field must exist in :other.', '2025-12-02 19:21:39', '2025-12-02 19:24:03'),
('1098', '0', 'en', 'validation', 'integer', 'The :attribute field must be an integer.', '2025-12-02 19:21:39', '2025-12-02 19:24:03'),
('1099', '0', 'en', 'validation', 'ip', 'The :attribute field must be a valid IP address.', '2025-12-02 19:21:39', '2025-12-02 19:24:03'),
('1100', '0', 'en', 'validation', 'ipv4', 'The :attribute field must be a valid IPv4 address.', '2025-12-02 19:21:39', '2025-12-02 19:24:03'),
('1101', '0', 'en', 'validation', 'ipv6', 'The :attribute field must be a valid IPv6 address.', '2025-12-02 19:21:39', '2025-12-02 19:24:03'),
('1102', '0', 'en', 'validation', 'json', 'The :attribute field must be a valid JSON string.', '2025-12-02 19:21:39', '2025-12-02 19:24:03'),
('1103', '0', 'en', 'validation', 'list', 'The :attribute field must be a list.', '2025-12-02 19:21:39', '2025-12-02 19:24:03'),
('1104', '0', 'en', 'validation', 'lowercase', 'The :attribute field must be lowercase.', '2025-12-02 19:21:39', '2025-12-02 19:24:03'),
('1105', '0', 'en', 'validation', 'lt', '{\"array\":\"The :attribute field must have less than :value items.\",\"file\":\"The :attribute field must be less than :value kilobytes.\",\"numeric\":\"The :attribute field must be less than :value.\",\"string\":\"The :attribute field must be less than :value characters.\"}', '2025-12-02 19:21:39', '2025-12-02 19:24:03'),
('1106', '0', 'en', 'validation', 'lte', '{\"array\":\"The :attribute field must not have more than :value items.\",\"file\":\"The :attribute field must be less than or equal to :value kilobytes.\",\"numeric\":\"The :attribute field must be less than or equal to :value.\",\"string\":\"The :attribute field must be less than or equal to :value characters.\"}', '2025-12-02 19:21:39', '2025-12-02 19:24:03'),
('1107', '0', 'en', 'validation', 'mac_address', 'The :attribute field must be a valid MAC address.', '2025-12-02 19:21:39', '2025-12-02 19:24:03'),
('1108', '0', 'en', 'validation', 'max', '{\"array\":\"The :attribute field must not have more than :max items.\",\"file\":\"The :attribute field must not be greater than :max kilobytes.\",\"numeric\":\"The :attribute field must not be greater than :max.\",\"string\":\"The :attribute field must not be greater than :max characters.\"}', '2025-12-02 19:21:39', '2025-12-02 19:24:03'),
('1109', '0', 'en', 'validation', 'max_digits', 'The :attribute field must not have more than :max digits.', '2025-12-02 19:21:39', '2025-12-02 19:24:03'),
('1110', '0', 'en', 'validation', 'mimes', 'The :attribute field must be a file of type: :values.', '2025-12-02 19:21:39', '2025-12-02 19:24:03'),
('1111', '0', 'en', 'validation', 'mimetypes', 'The :attribute field must be a file of type: :values.', '2025-12-02 19:21:39', '2025-12-02 19:24:03'),
('1112', '0', 'en', 'validation', 'min', '{\"array\":\"The :attribute field must have at least :min items.\",\"file\":\"The :attribute field must be at least :min kilobytes.\",\"numeric\":\"The :attribute field must be at least :min.\",\"string\":\"The :attribute field must be at least :min characters.\"}', '2025-12-02 19:21:39', '2025-12-02 19:24:03'),
('1113', '0', 'en', 'validation', 'min_digits', 'The :attribute field must have at least :min digits.', '2025-12-02 19:21:39', '2025-12-02 19:24:03'),
('1114', '0', 'en', 'validation', 'missing', 'The :attribute field must be missing.', '2025-12-02 19:21:39', '2025-12-02 19:24:03'),
('1115', '0', 'en', 'validation', 'missing_if', 'The :attribute field must be missing when :other is :value.', '2025-12-02 19:21:39', '2025-12-02 19:24:03'),
('1116', '0', 'en', 'validation', 'missing_unless', 'The :attribute field must be missing unless :other is :value.', '2025-12-02 19:21:39', '2025-12-02 19:24:03'),
('1117', '0', 'en', 'validation', 'missing_with', 'The :attribute field must be missing when :values is present.', '2025-12-02 19:21:39', '2025-12-02 19:24:03'),
('1118', '0', 'en', 'validation', 'missing_with_all', 'The :attribute field must be missing when :values are present.', '2025-12-02 19:21:39', '2025-12-02 19:24:03'),
('1119', '0', 'en', 'validation', 'multiple_of', 'The :attribute field must be a multiple of :value.', '2025-12-02 19:21:39', '2025-12-02 19:24:03'),
('1120', '0', 'en', 'validation', 'not_in', 'The selected :attribute is invalid.', '2025-12-02 19:21:39', '2025-12-02 19:24:03'),
('1121', '0', 'en', 'validation', 'not_regex', 'The :attribute field format is invalid.', '2025-12-02 19:21:39', '2025-12-02 19:24:03'),
('1122', '0', 'en', 'validation', 'numeric', 'The :attribute field must be a number.', '2025-12-02 19:21:39', '2025-12-02 19:24:03'),
('1123', '0', 'en', 'validation', 'password', '{\"letters\":\"The :attribute field must contain at least one letter.\",\"mixed\":\"The :attribute field must contain at least one uppercase and one lowercase letter.\",\"numbers\":\"The :attribute field must contain at least one number.\",\"symbols\":\"The :attribute field must contain at least one symbol.\",\"uncompromised\":\"The given :attribute has appeared in a data leak. Please choose a different :attribute.\"}', '2025-12-02 19:21:39', '2025-12-02 19:24:03'),
('1124', '0', 'en', 'validation', 'present', 'The :attribute field must be present.', '2025-12-02 19:21:39', '2025-12-02 19:24:03'),
('1125', '0', 'en', 'validation', 'present_if', 'The :attribute field must be present when :other is :value.', '2025-12-02 19:21:39', '2025-12-02 19:24:03'),
('1126', '0', 'en', 'validation', 'present_unless', 'The :attribute field must be present unless :other is :value.', '2025-12-02 19:21:39', '2025-12-02 19:24:03'),
('1127', '0', 'en', 'validation', 'present_with', 'The :attribute field must be present when :values is present.', '2025-12-02 19:21:39', '2025-12-02 19:24:03'),
('1128', '0', 'en', 'validation', 'present_with_all', 'The :attribute field must be present when :values are present.', '2025-12-02 19:21:39', '2025-12-02 19:24:03'),
('1129', '0', 'en', 'validation', 'prohibited', 'The :attribute field is prohibited.', '2025-12-02 19:21:39', '2025-12-02 19:24:03'),
('1130', '0', 'en', 'validation', 'prohibited_if', 'The :attribute field is prohibited when :other is :value.', '2025-12-02 19:21:39', '2025-12-02 19:24:03'),
('1131', '0', 'en', 'validation', 'prohibited_unless', 'The :attribute field is prohibited unless :other is in :values.', '2025-12-02 19:21:39', '2025-12-02 19:24:03'),
('1132', '0', 'en', 'validation', 'prohibits', 'The :attribute field prohibits :other from being present.', '2025-12-02 19:21:39', '2025-12-02 19:24:03'),
('1133', '0', 'en', 'validation', 'regex', 'The :attribute field format is invalid.', '2025-12-02 19:21:39', '2025-12-02 19:24:03'),
('1134', '0', 'en', 'validation', 'required', 'The :attribute field is required.', '2025-12-02 19:21:39', '2025-12-02 19:24:03'),
('1135', '0', 'en', 'validation', 'required_array_keys', 'The :attribute field must contain entries for: :values.', '2025-12-02 19:21:39', '2025-12-02 19:24:03'),
('1136', '0', 'en', 'validation', 'required_if', 'The :attribute field is required when :other is :value.', '2025-12-02 19:21:39', '2025-12-02 19:24:03'),
('1137', '0', 'en', 'validation', 'required_if_accepted', 'The :attribute field is required when :other is accepted.', '2025-12-02 19:21:39', '2025-12-02 19:24:03'),
('1138', '0', 'en', 'validation', 'required_if_declined', 'The :attribute field is required when :other is declined.', '2025-12-02 19:21:39', '2025-12-02 19:24:03'),
('1139', '0', 'en', 'validation', 'required_unless', 'The :attribute field is required unless :other is in :values.', '2025-12-02 19:21:39', '2025-12-02 19:24:03'),
('1140', '0', 'en', 'validation', 'required_with', 'The :attribute field is required when :values is present.', '2025-12-02 19:21:39', '2025-12-02 19:24:03'),
('1141', '0', 'en', 'validation', 'required_with_all', 'The :attribute field is required when :values are present.', '2025-12-02 19:21:39', '2025-12-02 19:24:03'),
('1142', '0', 'en', 'validation', 'required_without', 'The :attribute field is required when :values is not present.', '2025-12-02 19:21:39', '2025-12-02 19:24:03'),
('1143', '0', 'en', 'validation', 'required_without_all', 'The :attribute field is required when none of :values are present.', '2025-12-02 19:21:39', '2025-12-02 19:24:03'),
('1144', '0', 'en', 'validation', 'same', 'The :attribute field must match :other.', '2025-12-02 19:21:39', '2025-12-02 19:24:03'),
('1145', '0', 'en', 'validation', 'size', '{\"array\":\"The :attribute field must contain :size items.\",\"file\":\"The :attribute field must be :size kilobytes.\",\"numeric\":\"The :attribute field must be :size.\",\"string\":\"The :attribute field must be :size characters.\"}', '2025-12-02 19:21:39', '2025-12-02 19:24:03'),
('1146', '0', 'en', 'validation', 'starts_with', 'The :attribute field must start with one of the following: :values.', '2025-12-02 19:21:39', '2025-12-02 19:24:03'),
('1147', '0', 'en', 'validation', 'string', 'The :attribute field must be a string.', '2025-12-02 19:21:39', '2025-12-02 19:24:03'),
('1148', '0', 'en', 'validation', 'timezone', 'The :attribute field must be a valid timezone.', '2025-12-02 19:21:39', '2025-12-02 19:24:03'),
('1149', '0', 'en', 'validation', 'unique', 'The :attribute has already been taken.', '2025-12-02 19:21:39', '2025-12-02 19:24:03'),
('1150', '0', 'en', 'validation', 'uploaded', 'The :attribute failed to upload.', '2025-12-02 19:21:39', '2025-12-02 19:24:03'),
('1151', '0', 'en', 'validation', 'uppercase', 'The :attribute field must be uppercase.', '2025-12-02 19:21:39', '2025-12-02 19:24:03'),
('1152', '0', 'en', 'validation', 'url', 'The :attribute field must be a valid URL.', '2025-12-02 19:21:39', '2025-12-02 19:24:03'),
('1153', '0', 'en', 'validation', 'ulid', 'The :attribute field must be a valid ULID.', '2025-12-02 19:21:39', '2025-12-02 19:24:03'),
('1154', '0', 'en', 'validation', 'uuid', 'The :attribute field must be a valid UUID.', '2025-12-02 19:21:39', '2025-12-02 19:24:03'),
('1155', '0', 'en', 'validation', 'custom', '{\"attribute-name\":{\"rule-name\":\"custom-message\"}}', '2025-12-02 19:21:39', '2025-12-02 19:24:03'),
('1156', '0', 'en', 'validation', 'variationPriceNumeric', 'The variation price must be a number.', '2025-12-02 19:21:39', '2025-12-02 19:24:03'),
('1157', '0', 'en', 'validation', 'priceRequired', 'The price is required.', '2025-12-02 19:21:39', '2025-12-02 19:24:03'),
('1158', '0', 'en', 'validation', 'alreadyAssociatedGroup', 'The selected modifier group is already associated with this menu item.', '2025-12-02 19:21:39', '2025-12-02 19:24:03'),
('1159', '0', 'en_old', 'modules', 'settings', '{\"metaTitle\":\"Meta Title\",\"addMoreWebPage\":\"Add More Web Page\",\"addMoreWebPageHelp\":\"Add a Dynamic web page to your site.\",\"menuName\":\"Menu Name\",\"menuSlug\":\"Menu Slug\",\"menuContent\":\"Menu Content\",\"showMoreWebPage\":\"Show More Web Page\",\"addDyanamicMenu\":\"Add Dynamic Menu\",\"deleteDyanamicMenu\":\"Delete Dynamic Menu\",\"editDynamicMenu\":\"Edit Dynamic Menu\",\"addDynamicMenu\":\"Add Dynamic Menu\",\"isActive\":\"Active\",\"showPaymentDetails\":\"Show Payment Details\",\"autoConfirmOrders\":\"Auto Confirm Order Status\",\"autoConfirmOrdersDescription\":\"Enable this to automatically confirm orders status and send to KOT.\",\"printerSetting\":\"Printer Settings\",\"printerSettingDescription\":\"Configure printer settings for your restaurant.\",\"addPrinter\":\"Add Printer\",\"editPrinter\":\"Edit Printer\",\"deletePrinter\":\"Delete Printer\",\"printerName\":\"Printer Name\",\"printerType\":\"Printer Type\",\"printerStatus\":\"Printer Status\",\"headerPage\":\"Header Page\",\"headerTitle\":\"Header Title\",\"headerDescription\":\"Header Description\",\"headerImage\":\"Header Image\",\"preview\":\"Preview\",\"featureWithImage\":\"Feature With Image\",\"addFeature\":\"Add Feature\",\"editFeature\":\"Edit Feature\",\"deleteFeature\":\"Delete Feature\",\"featureTitle\":\"Feature Title\",\"featureDescription\":\"Feature Description\",\"featureImage\":\"Feature Image\",\"lanuage\":\"Language\",\"selectLanguage\":\"Select Language\",\"feature\":\"Feature\",\"featureIcon\":\"Feature Icon\",\"featureHeading\":\"Feature Heading\",\"addFeatureWithicon\":\"Add Feature With Icon\",\"editFeatureWithicon\":\"Edit Feature With Icon\",\"language\":\"Language\",\"featureWithIcon\":\"Feature With Icon\",\"reviewSetting\":\"Review setting\",\"addReview\":\"Add Review\",\"editReview\":\"Edit Review\",\"deleteReview\":\"Delete Review\",\"reviewerName\":\"Reviewer Name\",\"reviewerDesignation\":\"Reviewer Designation\",\"reviews\":\"Reviews\",\"noReviews\":\"No Reviews\",\"faqSetting\":\"FAQ setting\",\"addFaq\":\"Add FAQ\",\"editFaq\":\"Edit FAQ\",\"deleteFaq\":\"Delete FAQ\",\"title\":\"Title\",\"description\":\"Description\",\"question\":\"Question\",\"answer\":\"Answer\",\"contactSetting\":\"Contact setting\",\"contact\":\"Contact\",\"contactCompany\":\"Contact Company\",\"contactImage\":\"Contact Image\",\"addContact\":\"Add Contact\",\"editContact\":\"Edit Contact\",\"deleteContact\":\"Delete Contact\",\"contactName\":\"Contact Name\",\"email\":\"Email\",\"address\":\"Address\",\"footerSetting\":\"Footer setting\",\"footerCopyrightText\":\"Footer Copyright Text\",\"addFeatureWithIcon\":\"Add Feature With Icon\",\"faq\":\"FAQ\",\"noFaq\":\"No FAQ\",\"priceSetting\":\"Price setting\",\"priceTitle\":\"Price Title\",\"priceDescription\":\"Price Description\",\"staticLandingPage\":\"Static Landing Page\",\"dynamicLandingPage\":\"Dynamic Landing Page\",\"flutterwaveSettings\":\"Flutterwave Settings\",\"flutterwaveKey\":\"Flutterwave Key\",\"flutterwaveSecret\":\"Flutterwave Secret\",\"flutterwaveEncryptionKey\":\"Flutterwave Encryption Key\",\"flutterwaveWebhookHash\":\"Flutterwave Webhook Secret Hash\",\"testFlutterwaveKey\":\"Test Flutterwave Key\",\"testFlutterwaveSecret\":\"Test Flutterwave Secret\",\"testFlutterwaveEncryptionKey\":\"Test Flutterwave Encryption Key\",\"testFlutterwaveWebhookHash\":\"Test Flutterwave Webhook Secret Hash\",\"webhookUrl\":\"Webhook URL\",\"copyWebhookUrl\":\"Copy\",\"copied\":\"Copied!\",\"save\":\"Save\",\"razorpayKey\":\"Razorpay KEY\",\"razorpaySecret\":\"Razorpay SECRET\",\"razorpayWebhookKey\":\"Razorpay Webhook Key\",\"testRazorpayKey\":\"Test Razorpay KEY\",\"testRazorpaySecret\":\"Test Razorpay SECRET\",\"testRazorpayWebhookKey\":\"Test Razorpay Webhook Key\",\"stripeKey\":\"Stripe KEY\",\"stripeSecret\":\"Stripe SECRET\",\"stripeWebhookKey\":\"Stripe Webhook Key\",\"getStripeCredentials\":\"Get Stripe Credentials\",\"getStripeTestCredentials\":\"Get Stripe Test Credentials\",\"testStripeKey\":\"Test Stripe KEY\",\"testStripeSecret\":\"Test Stripe SECRET\",\"testStripeWebhookKey\":\"Test Stripe Webhook Key\",\"flutterwavePublicKey\":\"Flutterwave Public Key\",\"flutterwaveSecretKey\":\"Flutterwave Secret Key\",\"deliverySettings\":\"Delivery Settings\",\"getGoogleMapApiKeyHelp\":\"To get a Google Maps API key, you need to create a project in the Google Cloud Console and enable the Maps JavaScript API.\",\"learnMore\":\"Learn more\",\"enablePayPal\":\"Enable PayPal\",\"enablePayfast\":\"Enable Payfast\",\"branchPhone\":\"Branch Phone \",\"sessionDriver\":\"Session Driver\",\"sessionDriverFile\":\"File\",\"sessionDriverDatabase\":\"Database\",\"paypalSandboxClientId\":\"PayPal Sandbox Client ID\",\"paypalSandboxSecret\":\"PayPal Sandbox Secret\",\"paypalLiveClientId\":\"PayPal Live Client ID\",\"paypalLiveSecret\":\"PayPal Live Secret\",\"xenditTestPublicKey\":\"Xendit Test Public Key\",\"xenditTestSecretKey\":\"Xendit Test Secret Key\",\"xenditLivePublicKey\":\"Xendit Live Public Key\",\"xenditLiveSecretKey\":\"Xendit Live Secret Key\",\"xenditTestWebhookToken\":\"Xendit Test Webhook Token\",\"xenditLiveWebhookToken\":\"Xendit Live Webhook Token\",\"kotSettings\":\"KOT Settings\",\"kotStatusesPending\":\"Pending\",\"kotStatusesCooking\":\"Cooking\",\"enableItemLevelStatus\":\"Enable Item Level Status\",\"enableItemLevelStatusDescription\":\"Enable this to allow statuses to be set at the item level.\",\"defaultKotStatus\":\"Default KOT Status\",\"defaultKotStatusDescription\":\"Set the default status for the KOT.\",\"kotStatusesPendingDescription\":\"Initial status when KOT is created and waiting to be processed\",\"kotStatusesCookingDescription\":\"Status when kitchen staff is preparing the order\",\"kotStatusesReadyDescription\":\"Status when the order is completed and ready for serving\",\"kotStatusesServedDescription\":\"Status when the order is served to the customer\",\"kotStatusesCancelledDescription\":\"Status when the order is cancelled\",\"cloneOptions\":\"Clone Options\",\"getDatafrom\":\"Import Data from\",\"menu\":\"Menu\",\"ItemCategories\":\"Item Categories\",\"menuItems\":\"Menu Items\",\"cloneSettings\":\"Clone Settings\",\"phone\":\"Phone\",\"selectPhoneCode\":\"Select Phone Code\",\"searchPhoneCode\":\"Search phone code...\",\"adminSettings\":\"Enable payment gateways to show in restaurant panel\",\"allowCustomOrderTypeOptions\":\"Allow Custom Order Type Options\",\"allowCustomOrderTypeOptionsDescription\":\"Enable this to allow customers to select custom order type options.\",\"customOrderTypes\":\"Custom Order Types\",\"customOrderTypesDescription\":\"Manage custom order types that customers can choose from.\",\"addFirstDeliveryType\":\"Add First Delivery Type\",\"deleteDeliveryType\":\"Delete Delivery Type\",\"deleteDeliveryTypeConfirm\":\"Are you sure you want to delete this delivery type?\",\"deleteOrderType\":\"Delete Order Type\",\"deleteOrderTypeConfirm\":\"Are you sure you want to delete this order type?\",\"noOrderTypesFound\":\"Enable custom order type options to add order types.\",\"orderTypeName\":\"Order Type Name\",\"enterOrderTypeName\":\"Enter Order Type Name\",\"orderTypeDescription\":\"Order Type Description\",\"dineIn\":\"Dine In\",\"cannotDeleteDefaultOrderType\":\"Default order types cannot be deleted.\",\"pickup\":\"Pickup\",\"delivery\":\"Delivery\",\"isDelivery\":\"Is Delivery\",\"defaultOrderTypeWarning\":\"This is a default order type and cannot be modified.\",\"cannotModifyDefaultOrderType\":\"Cannot modify default order type.\",\"cannotModifyDefaultOrderTypeName\":\"Cannot modify default order type name.\",\"orderTypeNameRequired\":\"Order type name is required.\",\"orderTypeRequired\":\"Order type is required.\",\"invalidOrderType\":\"Invalid order type selected.\",\"enabled\":\"Enabled\",\"kotCancelReasons\":\"Cancel Reasons\",\"addKotCancelReason\":\"Add Cancel Reason\",\"reason\":\"Reason\",\"enterCancelReason\":\"Additional Comment (Optional)\",\"cancelSettings\":\"Cancellation Reasons\",\"cancellationTypes\":\"Cancellation Types\",\"deleteCancelReasonWarning\":\"Are you sure you want to delete this cancellation reason?\",\"deleteReason\":\"Delete Reason\",\"editKotCancelReason\":\"Edit Cancel Reason\",\"default\":\"Default\",\"select\":\"Select\",\"selectCancelReason\":\"Select Cancel Reason\",\"cancelReasonRequired\":\"Please select a cancellation reason or provide a custom reason.\",\"deliveryType\":\"Delivery Type\",\"enterDeliveryTypeName\":\"Enter Delivery Type Name\",\"deliveryTypeDescription\":\"Delivery Type Description\",\"enterDeliveryTypeDescription\":\"Enter Delivery Type Description\",\"deliveryTypeEnabled\":\"Delivery Type Enabled\",\"enterDeliveryTypeEnabled\":\"Enter Delivery Type Enabled\",\"deliveryTypeName\":\"Delivery Type Name\",\"customOrderType\":\"Custom Order Type\",\"phoneNumber\":\"Phone Number\",\"customerSiteLanguage\":\"Customer Site Language\",\"pickupDaysRange\":\"Pickup Days Range\",\"showOrderType\":\"Show Order Type\",\"taxMode\":\"Tax Mode\",\"taxModeOrder\":\"Order-Level Tax\",\"taxModeOrderHelp\":\"Apply tax on the total order amount.\",\"taxModeItem\":\"Item-Level Tax\",\"taxModeItemHelp\":\"Apply different tax rates to each item.\",\"defaultItemTaxType\":\"Item Tax Type\",\"taxInclusive\":\"Inclusive Tax\",\"taxExclusive\":\"Exclusive Tax\",\"taxInclusiveHelp\":\"If enabled, item prices include tax. Otherwise, tax is added at checkout.\",\"taxSettingsDescription\":\"Manage how taxes are applied to orders and items.\",\"taxSetting\":\"Tax Settings\",\"taxTable\":\"All Taxes\",\"orderSetting\":\"Order Settings\",\"orderSettingsHelp\":\"Configure order settings to manage how orders are processed.\",\"assignAllTaxesToItems\":\"Assign all taxes to items\",\"assignAllTaxesToItemsDescription\":\"Note: If enabled, taxes will be applied to items that do not already have any. Items with existing taxes will remain unchanged.\",\"showVeg\":\"Show Veg\",\"showVegDescription\":\"Show veg items in the menu.\",\"showHalal\":\"Show Halal\",\"showHalalDescription\":\"Show halal items in the menu.\",\"customizeHeader\":\"Customize Header\",\"headerCustomization\":\"Header Customization\",\"headerType\":\"Header Type\",\"headerTypeDescription\":\"Choose whether to display text or images in the cart page header.\",\"textHeader\":\"Text Header\",\"imageHeader\":\"Image Header\",\"headerText\":\"Header Text\",\"headerTextDescription\":\"Enter the text to display in the cart page header.\",\"headerImages\":\"Header Images\",\"headerImagesDescription\":\"Upload multiple images to create a slider in the cart page header.\",\"existingImages\":\"Existing Images\",\"noPhoneCodesFound\":\"No phone codes found\",\"superAdminPhoneNumber\":\"Super Admin Phone Number\",\"tableSettings\":\"Table Settings\",\"tableLockTimeoutMinutes\":\"Table Lock Timeout (Minutes)\",\"tableLockTimeoutMinutesDescription\":\"Set how long a table remains locked when a staff member is working on it.\",\"privacyPolicyLink\":\"Legal Consent Page Link (Privacy Policy)\",\"privacyPolicyLinkHelp\":\"Enter the URL to your legal consent page. This will be used for legal compliance and user consent.\",\"showPrivacyConsentCheckbox\":\"Legal Consent Checkbox\",\"showPrivacyConsentCheckboxHelp\":\"Enable this to show a legal consent checkbox on the signup page. When enabled, you must provide a legal link.\"}', '2025-12-02 19:21:39', '2025-12-02 20:10:19'),
('1160', '0', 'en_old', 'modules', 'delivery', '{\"useDifferentLocation\":\"Use Different Location\",\"deliverySettings\":\"Delivery Settings\",\"enableDelivery\":\"Enable Delivery\",\"maxRadius\":\"Maximum Delivery Radius\",\"kilometers\":\"Kilometers (km)\",\"miles\":\"Miles (mi)\",\"feeCalculationMethod\":\"Fee Calculation Method\",\"fixedFee\":\"Fixed Fee\",\"feePerDistance\":\"Fee per :unit\",\"distanceTiers\":\"Distance Tiers\",\"distanceTiersDescription\":\"Set different fees for different distance ranges\",\"minDistance\":\"Min Distance (:unit)\",\"maxDistance\":\"Max Distance (:unit)\",\"fee\":\"Fee\",\"addTier\":\"Add Tier\",\"freeDeliveryOptions\":\"Free Delivery Options\",\"freeDeliveryOverAmount\":\"Free Delivery Over Amount\",\"freeDeliveryWithinRadius\":\"Free Delivery Within Radius\",\"leaveEmptyToDisable\":\"Leave empty to disable this option\",\"deliverySchedule\":\"Delivery Schedule\",\"deliveryHoursStart\":\"Delivery Hours Start\",\"deliveryHoursEnd\":\"Delivery Hours End\",\"leave247Delivery\":\"Leave both fields empty or 00:00 for 24\\/7 delivery\",\"deliveryTimeEstimate\":\"Delivery Time Estimation\",\"avgPrepTime\":\"Average Preparation Time\",\"avgDeliverySpeed\":\"Average Speed of Delivery Rider\",\"minutes\":\"Minutes\",\"feeDetails\":\"Fee Details\",\"distanceUnit\":\"Distance Unit\",\"mapApiKey\":\"Google Map API Key\",\"privacyPolicyLink\":\"Privacy Policy Link\",\"branchLat\":\"Branch Latitude\",\"branchLng\":\"Branch Longitude\",\"addNewAddress\":\"Add New Address\",\"editAddress\":\"Edit Address\",\"addressLabel\":\"Address Label (e.g. Home, Office)\",\"addressLabelPlaceholder\":\"Home, Office, etc.\",\"searchLocation\":\"Search for your location\",\"searchLocationPlaceholder\":\"Enter your address or location\",\"fullAddress\":\"Complete Address\",\"fullAddressPlaceholder\":\"Enter apartment, floor, landmark, etc.\",\"noAddressesFound\":\"No addresses found\",\"addAddressDescription\":\"Add your delivery addresses to make ordering faster\",\"saveAddress\":\"Save Address\",\"updateAddress\":\"Update Address\",\"confirmDeleteAddress\":\"Are you sure you want to delete this address?\",\"confirmDeleteAddressDescription\":\"This action cannot be undone.\",\"pleaseSelectLocation\":\"Please select a location on the map\",\"autoDetectMyLocation\":\"Detect My Location\",\"selectDeliveryLocation\":\"Select Delivery Location\",\"selectLocationDescription\":\"Choose a saved address or add a new delivery location\",\"useSavedAddress\":\"Use Saved Address\",\"addNewLocation\":\"Add New Location\",\"confirmLocation\":\"Confirm Location\",\"locationOutOfRange\":\"Location is out of delivery range\",\"deliveryAreaMap\":\"Delivery Area Map\",\"showDeliveryArea\":\"Show Delivery Area\",\"hideDeliveryArea\":\"Hide Delivery Area\",\"orderWillBeDeliveredHere\":\"Your order will be delivered here\",\"placePinAccurately\":\"Place the pin accurately on the map\",\"detectLocation\":\"Detect My Location\",\"savedAddresses\":\"Saved Addresses\",\"noSavedAddresses\":\"No saved addresses found\",\"addressDetails\":\"Address Details\",\"showDeliveryRange\":\"Show Delivery Range\",\"hideDeliveryRange\":\"Hide Delivery Range\",\"dragMarkerToAdjust\":\"Place the pin accurately on the map\",\"deliveryLocation\":\"Order will be delivered here\",\"deliveryFee\":\"Delivery Fee\",\"maxRadiusAutoSet\":\"Max Radius will be set automatically.\",\"shopLocation\":\"The restaurant location\",\"orderQualifiesForFreeDelivery\":\"Your order qualifies for free delivery\",\"freeDelivery\":\"Free Delivery\",\"changeDeliveryAddress\":\"Change Delivery Address\",\"deliveryAddress\":\"Delivery Address\",\"useCurrentLocation\":\"Use Current Location\",\"deliveryNotAvailable\":\"Delivery is not available at the moment. Please connect with the restaurant directly for assistance.\",\"deliveryHours\":\"Delivery Hours\",\"nextDeliveryAt\":\"Next delivery available at :time\",\"deliveryScheduleStart\":\"Delivery Start Time\",\"deliveryScheduleEnd\":\"Delivery End Time\",\"locationPermissionDenied\":\"Location permission denied. Please enable location access and try again.\",\"outsideDeliveryHours\":\"Delivery service available from :start to :end (:timezone). Please order during these hours.\",\"currentlyOutsideHours\":\"Currently outside delivery hours\",\"24hDelivery\":\"24\\/7 Delivery Available\",\"deliveryTimeEstimation\":\"Estimated delivery time: :time minutes\",\"estimatedTimeUnavailable\":\"Estimated time unavailable. Please contact the restaurant for more details.\",\"additionalEtaBufferTime\":\"Additional Time Buffer\",\"additionalEtaBufferTimeDescription\":\"Add optional buffer time (in minutes) to cover possible delays. Default is 0 if not specified.\"}', '2025-12-02 19:21:39', '2025-12-02 20:10:19'),
('1161', '0', 'en_old', 'modules', 'dashboard', '{\"todayOrderCount\":\"Today\'s Orders\",\"todayEarnings\":\"Today\'s Earnings\",\"sinceYesterday\":\"Since yesterday\",\"todayStats\":\"Statistics\",\"todayCustomerCount\":\"Today\'s Customer\",\"averageDailyEarning\":\"Average Daily Earnings\",\"sincePreviousMonth\":\"Since Previous Month\",\"earnings\":\"Earnings\",\"salesThisMonth\":\"Sales This Month\",\"topTables\":\"Top Selling Tables\",\"topDish\":\"Top Selling Dish\",\"todayRestaurantCount\":\"Today\'s Restaurant Count\",\"totalRestaurantCount\":\"Total Restaurant Count\",\"totalFreeRestaurantCount\":\"Total Free Restaurant Count\",\"totalPaidRestaurantCount\":\"Total Paid Restaurant Count\",\"verificationPendingInfo\":\"Your restaurant is pending verification. Please wait for admin approval.\",\"verificationPending\":\"Verification Pending\",\"verificationPendingDescription\":\"Restaurant is waiting for approval\",\"verificationRejectedInfo\":\"Your restaurant verification has been rejected. Please contact admin for more details.\",\"approvalStatus\":\"Approval Status\",\"onboarding\":\"Onboarding\",\"onboardingDescription\":\"Complete these steps to set up your application properly before using it.\",\"installation\":\"Installation\",\"installationCompleted\":\"The application has been successfully installed.\",\"smtpConfiguration\":\"SMTP Configuration\",\"smtpConfigurationDescription\":\"Configure your email settings to ensure all email notifications work properly.\",\"cronJobConfiguration\":\"CRON Job Configuration\",\"cronJobConfigurationDescription\":\"Set up CRON jobs to ensure automated tasks run correctly.\",\"applicationNameChange\":\"Application Name Change\",\"applicationNameChangeDescription\":\"Customize your application name to match your brand.\",\"platformRevenueThisMonth\":\"Platform Revenue This Month\",\"platformRevenue\":\"Platform Revenue\",\"topPerformingRestaurants\":\"Top Performing Restaurants\",\"orders\":\"Orders\",\"newThisMonth\":\"New This Month\",\"growthRate\":\"Growth Rate\",\"newRestaurants\":\"New Restaurants\",\"recentRestaurants\":\"Recent Restaurants\",\"active\":\"Active\",\"inactive\":\"Inactive\",\"total\":\"Total\",\"platformOverview\":\"Platform Overview\",\"comprehensivePlatformMetrics\":\"Comprehensive platform metrics and insights\",\"totalRevenue\":\"Total Revenue\",\"totalOrders\":\"Total Orders\",\"totalCustomers\":\"Total Customers\",\"totalUsers\":\"Total Users\",\"totalRestaurants\":\"Total Restaurants\",\"todayActivity\":\"Today\'s Activity\",\"revenue\":\"Revenue\",\"monthlyGrowth\":\"Monthly Growth\",\"restaurantStatus\":\"Restaurant Status\",\"recentActivity\":\"Recent Activity\",\"latestPlatformActivities\":\"Latest platform activities and updates\",\"recentOrders\":\"Recent Orders\",\"recentPayments\":\"Recent Payments\",\"topPayingRestaurants\":\"Top Paying Restaurants\",\"payments\":\"Payments\",\"totalSubscriptions\":\"Total Subscriptions\",\"activeSubscriptions\":\"Active Subscriptions\",\"trialSubscriptions\":\"Trial Subscriptions\",\"expiredSubscriptions\":\"Expired Subscriptions\",\"inactiveSubscriptions\":\"Inactive Subscriptions\",\"subscriptionStatus\":\"Subscription Status\",\"trial\":\"Trial\",\"expired\":\"Expired\",\"subscriptionUpdates\":\"Subscription Updates\",\"newUsers\":\"New Users\"}', '2025-12-02 19:21:39', '2025-12-02 20:10:19'),
('1162', '0', 'en_old', 'modules', 'update', '{\"systemDetails\":\"System Details\",\"updateTitle\":\"Update To New Version\",\"updateDatabase\":\"Update Database\",\"fileReplaceAlert\":\"To update the TableTrack to the new version check documentation for the instructions.\",\"updateDatabaseButton\":\"Click to update database\",\"newUpdate\":\"New update available\",\"updateNow\":\"Update Now\",\"updateAlternate\":\"If the <b>Update Now<\\/b> button does not work then follow the <b> <a href=\\\"https:\\/\\/froiden.freshdesk.com\\/support\\/solutions\\/articles\\/43000554421-update-application-manually\\\" target=\\\"_blank\\\">Manual update<\\/a><\\/b> instructions as mentioned in the documentation.\",\"updateManual\":\"Update Alternate Method\",\"updateFiles\":\"Update Files\",\"install\":\"Install\",\"downloadUpdateFile\":\"Download Update File\",\"moduleFile\":\"Once the zip file is uploaded, you will see a list of modules available for installation or update. To proceed with the installation or update, simply click on the \\\"install\\\" button for the respective module. Please note that after clicking the \\\"install\\\" button, you will be logged out. Once the installation is complete, you will be able to see the module on the module list. You can activate or deactivate the module from the list at any time.\",\"customModules\":\"Custom Modules\",\"customModulesDescription\":\"Custom modules are additional features that can be added to your restaurant. They are installed as separate modules and can be activated or deactivated at any time.\",\"customModulesList\":\"Custom Modules List\",\"installCustomModule\":\"Install Custom Module\",\"uploadModule\":\"Upload Module\",\"downloadFilefromCodecanyon\":\"Download file from Codecanyon\",\"moduleFileItem\":\"Module File Item\",\"moduleFileItemDescription\":\"Module File Item Description\"}', '2025-12-02 19:21:39', '2025-12-02 20:10:19'),
('1163', '0', 'en_old', 'modules', 'staff', '{\"addStaff\":\"Add Member\",\"name\":\"Member Name\",\"email\":\"Email Address\",\"enterName\":\"Please enter your name\",\"editMember\":\"Edit Member\",\"deleteMember\":\"Delete Member\",\"deleteMemberMessage\":\"Are you sure you want to delete the member?\",\"photo\":\"Photo\",\"addExecutive\":\"Add Executive\",\"available\":\"Available\",\"on_delivery\":\"On Delivery\",\"inactive\":\"Inactive\",\"editExecutive\":\"Edit Executive\",\"password\":\"Password\",\"Waiter\":\"Waiter\",\"Chef\":\"Chef\",\"Admin\":\"Admin\",\"passwordUpdateNote\":\"Leave blank to keep the current password.\"}', '2025-12-02 19:21:39', '2025-12-02 20:10:19'),
('1164', '0', 'en_old', 'modules', 'staff.Branch Head', 'Branch Head', '2025-12-02 19:21:39', '2025-12-02 20:10:19'),
('1165', '0', 'en_old', 'modules', 'staff.Super Admin', 'Super Admin', '2025-12-02 19:21:39', '2025-12-02 20:10:19'),
('1166', '0', 'en_old', 'modules', 'reservation', '{\"slotType\":\"Slot Type\",\"timeStart\":\"Start Time\",\"timeEnd\":\"End Time\",\"timeSlotDifference\":\"Time Slot Difference\",\"available\":\"Available\",\"unavailable\":\"Unavailable\",\"maxGuests\":\"Maximum Guests\",\"guests\":\"Guests\",\"Lunch\":\"Lunch\",\"Breakfast\":\"Breakfast\",\"Dinner\":\"Dinner\",\"No_Show\":\"No Show\",\"Checked_In\":\"Checked In\",\"Confirmed\":\"Confirmed\",\"Cancelled\":\"Cancelled\",\"Pending\":\"Pending\",\"todayReservations\":\"Today Reservations\",\"newReservations\":\"New Reservations\",\"newReservation\":\"New Reservation\",\"selectDate\":\"Select Date of Booking\",\"upgradeHeading\":\"Unlock Seamless Table Reservations Today!\",\"upgradeInfo\":\"Effortlessly manage customer reservations with Table Reservation feature. Upgrade now and give your guests the convenience they deserve, while streamlining your operations.\",\"reservedTables\":\"Reservations\",\"currentTable\":\"Current Table\",\"changeTable\":\"Change Table\",\"reservationSettings\":\"Reservation Settings\",\"enableAdminReservation\":\"Enable Admin Reservations\",\"enableAdminReservationDescription\":\"Allow staff to create reservations through the admin panel\",\"enableCustomerReservation\":\"Enable Customer Reservations\",\"enableCustomerReservationDescription\":\"Allow customers to make reservations through the customer site\",\"minimumPartySize\":\"Minimum Party Size\",\"minimumPartySizeDescription\":\"Set the minimum number of guests required for a reservation\",\"enterMinimumPartySize\":\"Enter minimum party size\",\"generalSettings\":\"General Settings\",\"timeSlotsSettings\":\"Time Slots Settings\",\"reservationsDisabled\":\"Reservations are currently disabled.\",\"reservationsDisabledDescription\":\"Reservations are currently disabled. Please enable them in the settings to allow customers to make reservations.\",\"lastMinuteBookingSettings\":\"Last-Minute Booking Settings\",\"disableSlotMinutes\":\"Disable Slot Minutes\",\"disableSlotMinutesInfo\":\"Set how many minutes before a time slot that bookings should be disabled. This only applies to reservations for today.\"}', '2025-12-02 19:21:39', '2025-12-02 20:10:19'),
('1167', '0', 'en_old', 'modules', 'notifications', '{\"order_received\":\"New Order Received\",\"order_received_info\":\"Restaurant admin will receive an email when a new order is placed by the customer.\",\"reservation_confirmed\":\"Reservation Confirmation\",\"reservation_confirmed_info\":\"Customer will receive an email after making the reservation.\",\"new_reservation\":\"New Reservation Received\",\"new_reservation_info\":\"Restaurant admin will receive an email when a new reservation is made by the customer.\",\"order_bill_sent\":\"Order Bill\",\"order_bill_sent_info\":\"Customer will receive the order bill via email.\",\"staff_welcome\":\"Staff Welcome Email\",\"staff_welcome_info\":\"Staff Member will welcome email when you add a new staff member.\",\"send_otp\":\"Send OTP\",\"send_otp_info\":\"Customer will receive an OTP to login to the restaurant.\"}', '2025-12-02 19:21:39', '2025-12-02 20:10:19'),
('1168', '0', 'en_old', 'modules', 'onboarding', '{\"completeSteps\":\"Complete following steps to get started\",\"markComplete\":\"Mark Complete\",\"addBranchHeading\":\"Add Branch Information\",\"addBranchInfo\":\"Provide the essential details of your restaurant branch.\",\"addAreaHeading\":\"Set Up Your Restaurant Areas\",\"addAreaInfo\":\"Create distinct areas like dining rooms, patios, or bars to organize your tables.\",\"addTableHeading\":\"Add a Table to the Area\",\"addTableInfo\":\"Assign and name the tables in each area for easy tracking during reservations and orders.\",\"addMenuHeading\":\"Build Your Menu\",\"addMenuInfo\":\"Let\'s build your menu! First add a name to your menu like Drinks, Breakfast etc.\",\"addMenuItemHeading\":\"Add Items to Your Menu\",\"addMenuItemInfo\":\"Add individual dishes with their descriptions and prices to complete your menu.\",\"addOrderHeading\":\"Test Your Order Process\",\"addOrderInfo\":\"Make sure everything works by placing a test order for your setup.\"}', '2025-12-02 19:21:39', '2025-12-02 20:10:19'),
('1169', '0', 'en_old', 'modules', 'restaurant', '{\"addRestaurant\":\"Add Restaurant\",\"name\":\"Restaurant Name\",\"email\":\"Email Address\",\"address\":\"Address\",\"editRestaurant\":\"Edit Restaurant\",\"deleteRestaurant\":\"Delete Restaurant\",\"deleteRestaurantMessage\":\"Are you sure you want to delete the restaurant?\",\"logo\":\"Logo\",\"phone\":\"Phone\",\"restaurantDetails\":\"Restaurant Details\",\"restaurantBranchDetails\":\"Add Restaurant Branch Details\",\"changePassword\":\"Change Password\",\"firstAdmin\":\"First Admin\",\"nextBranchDetails\":\"Next: Branch Details\",\"updatePackage\":\"Update Package\",\"needApproval\":\"Need Approval\",\"resetFilter\":\"Reset Filter\",\"rejectionReason\":\"Rejection Reason\",\"currentPackage\":\"Current Package\",\"rejectionReasonPlaceholder\":\"Provide a reason for rejection\"}', '2025-12-02 19:21:39', '2025-12-02 20:10:19'),
('1170', '0', 'en_old', 'modules', 'package', '{\"packageName\":\"Package Name\",\"description\":\"Description\",\"monthlyPrice\":\"Monthly Plan Price\",\"annualPrice\":\"Annual Plan Price\",\"annually\":\"Annually\",\"monthly\":\"Monthly\",\"trialDays\":\"Trial Days\",\"trialStatus\":\"Trial Status\",\"NotificationBeforeDays\":\"Notification Before Days\",\"trialMessage\":\"Trial Message\",\"lifetimePrice\":\"Lifetime Price\",\"packagePrice\":\"Package Price\",\"selectBillingCycle\":\"Select Billing Cycle\",\"packageType\":\"Package Type\",\"annual\":\"Annual\",\"free\":\"Free\",\"default\":\"Default\",\"private\":\"Private\",\"trial\":\"Trial\",\"lifetime\":\"Lifetime\",\"moduleInPackage\":\"Modules in Package\",\"daysLeftTrial\":\"days left on trial\",\"trialExpired\":\"Trial expired\",\"selectPackage\":\"Select Package\",\"normal\":\"Normal\",\"addPackage\":\"Add Package\",\"editPackage\":\"Edit Package\",\"freePlan\":\"Free Plan\",\"recommended\":\"Recommended\",\"trialPackage\":\"Trial Package\",\"monthlyRazorpayId\":\"Monthly Razorpay Id\",\"annualRazorpayId\":\"Annual Razorpay Id\",\"lifetimeRazorpayId\":\"Lifetime Razorpay Id\",\"lifetimeStripeId\":\"Lifetime Stripe Id\",\"monthlyStripeId\":\"Monthly Stripe Id\",\"annualStripeId\":\"Annual Stripe Id\",\"selectAdditionalFeature\":\"Select Additional Feature\",\"trialPackageDetails\":\"If this package is active, then the restaurant which registers for the first time goes to this package.\",\"defaultPackage\":\"Default Package\",\"defaultPackageDetails\":\"When the trial package expires, the restaurant goes back to this plan.\",\"defaultPackageDetails2\":\"When the restaurant fails the payment of an upgraded package, the restaurant goes back to this plan.\",\"thisPackageCannotBeDeleted\":\"This package cannot be deleted\",\"planExpire\":\"Plan Expires On\",\"trialPeriod\":\"Trial Period\",\"days\":\"Day(s)\",\"paidPlan\":\"Paid Plan\",\"choosePackageType\":\"Choose Package Type\",\"monthlyPlan\":\"Monthly Plan\",\"choseFreePlan\":\"Choose Free Plan\",\"currentPlan\":\"Current Plan\",\"chooseDefaultPlan\":\"Choose Default Plan\",\"active\":\"Active\",\"inactive\":\"Inactive\",\"annualPlan\":\"Annual Plan\",\"isPrivate\":\"Make Private\",\"selectModules\":\"Select Modules for this package\",\"selectAll\":\"Select All\",\"deletePackage\":\"Delete Package\",\"deletePackageMessage\":\"Are you sure you want to delete the package?\",\"isRecommended\":\"Mark as Recommended\",\"restaurantCurrentPackage\":\"Restaurant\'s Current Package\",\"updatePackage\":\"Update Package\",\"packageDetails\":\"Package Details\",\"transactionId\":\"Transaction ID\",\"paymentGateway\":\"Payment Gateway\",\"choosePlan\":\"Choose Plan\",\"noPaymentOptionEnable\":\"No payment options are enabled.\",\"choosePaymentMethod\":\"Choose Payment Method\",\"amount\":\"Amount\",\"paymentBy\":\"Payment By\",\"created\":\"Created\",\"status\":\"Status\",\"receipt\":\"Receipt\",\"paymentDate\":\"Payment Date\",\"payOnline\":\"Pay Online\",\"billingCycle\":\"Billing Cycle\",\"payOffline\":\"Pay Offline\",\"purchaseHistory\":\"Purchase History\",\"offlineRequest\":\"Offline Request\",\"planDetails\":\"Plan Details\",\"offlineUploadFile\":\"Please attach a file of your offline payment receipt\",\"offlineDescriptionPlaceholder\":\"Provide details of your offline payment\",\"remark\":\"Remark\",\"trialExpireOn\":\"Trial Expires On\",\"selectDate\":\"Select Date\",\"nextPaymentDate\":\"Next Payment Date\",\"licenceExpiresOn\":\"License Expires On\",\"defaultPlan\":\"Your default plan.\",\"payOnce\":\"Pay One Time\",\"payMonthly\":\"Pay Monthly\",\"payAnnually\":\"Pay Annually\",\"branchLimit\":\"Branch Limit\",\"branchLimitInfo\":\"The restaurant can create a specified number of branches. Enter -1 for unlimited branches.\",\"licenseExpiresOn\":\"License Expires On\",\"additionalFeatures\":\"Additional Features\",\"noAdditionalFeatures\":\"No additional features available.\",\"currency\":\"Currency\",\"chooseCurrency\":\"Choose Currency\",\"monthlyFlutterwaveId\":\"Monthly Flutterwave Id\",\"annualFlutterwaveId\":\"Annual Flutterwave Id\",\"monthlyPaypalId\":\"Monthly Paypal Id\",\"annualPaypalId\":\"Annual Paypal Id\",\"monthlyPaystackId\":\"Monthly Paystack Id\",\"annualPaystackId\":\"Annual Paystack Id\"}', '2025-12-02 19:21:39', '2025-12-02 20:10:19'),
('1171', '0', 'en_old', 'modules', 'billing', '{\"name\":\"Name\",\"description\":\"Description\",\"deleteOfflinePaymentMethod\":\"Delete Offline Payment Method\",\"askDeleteOfflinePaymentMethod\":\"Are you sure you want to delete the offline payment method?\",\"offlinePaymentMethodDeleted\":\"Offline Payment Method Deleted\",\"addPaymentMethod\":\"Add Payment Method\",\"razorpay\":\"Razorpay\",\"stripe\":\"Stripe\",\"flutterwave\":\"Flutterwave\",\"offline\":\"Offline Payment\",\"qr_code\":\"QR Code Payment\",\"paypal\":\"Paypal\",\"viewPaymentMethod\":\"View Payment Method\",\"offlinePaymentMethod\":\"Offline Payment Method\",\"restaurant\":\"Restaurant Name\",\"paymentDate\":\"Payment Date\",\"packageDetails\":\"Package Details\",\"transactionId\":\"Transaction ID\",\"paymentGateway\":\"Payment Gateway\",\"choosePlan\":\"Choose Plan\",\"noPaymentOptionEnable\":\"No payment options are enabled.\",\"choosePaymentMethod\":\"Choose Payment Method\",\"amount\":\"Amount\",\"package\":\"Package\",\"paymentBy\":\"Payment By\",\"paymentDone\":\"Payment Done\",\"created\":\"Created\",\"status\":\"Status\",\"receipt\":\"Receipt\",\"payOnline\":\"Pay Online\",\"billingCycle\":\"Billing Cycle\",\"paybyQr\":\"Pay by QR Code\",\"accountDetails\":\"Account Details :\",\"showOtherPaymentOption\":\"Show Other Payment Option\",\"bankTransfer\":\"Bank Transfer\",\"payOffline\":\"Pay Offline\",\"purchaseHistory\":\"Purchase History\",\"offlineRequest\":\"Offline Request\",\"generalSettings\":\"General Settings\",\"planDetails\":\"Plan Details\",\"currentPlan\":\"Current Plan Name\",\"daysLeft\":\":count Days Left\",\"licenseExpireOn\":\"License Expire On\",\"noPlanAssigned\":\"No Plan Assigned\",\"expired\":\"Expired\",\"currentPlanType\":\"Current Plan Type\",\"offlineUploadFile\":\"Please attach a file of your offline payment receipt\",\"offlineDescriptionPlaceholder\":\"Provide details of your offline payment\",\"nextPaymentDate\":\"Next Payment Date\",\"remark\":\"Remark\",\"monthly\":\"Monthly\",\"annually\":\"Annually\",\"lifetimeAccess\":\"Lifetime Access\",\"billed\":\"Billed\",\"free\":\"Free\",\"billedTo\":\"Billed To\",\"paid\":\"Paid\",\"total\":\"Total\",\"paidVia\":\"Paid Via\",\"acceptOfflineRequest\":\"Accept Offline Request\",\"rejectOfflineRequest\":\"Reject Offline Request\",\"pickYourPlan\":\"Pick Your Plan\",\"noPaymentMethodSelected\":\"No payment method selected.\",\"cancelImmediately\":\"Cancel Immediately\",\"endOfBillingCycle\":\"End of Billing Cycle\",\"expiringToday\":\"Expiring Today\",\"paymentReceipt\":\"Payment Receipt\",\"trial\":\"Trial\",\"default\":\"Default\",\"standard\":\"Standard\",\"lifetime\":\"Lifetime\",\"annual\":\"Annual\",\"payfast\":\"PayFast\",\"payfastLiveId\":\"Payfast Live ID\",\"payfastLiveKey\":\"Payfast Live KEY\",\"payfastLivePassphrase\":\"Payfast Live Passphrase\",\"payfastTestId\":\"Test Payfast ID\",\"payfastTestKey\":\"Test Payfast KEY\",\"payfastTestPassphrase\":\"Test Payfast Passphrase\",\"paystack\":\"Paystack\",\"popular\":\"Popular\",\"xendit\":\"Xendit\"}', '2025-12-02 19:21:39', '2025-12-02 20:10:19'),
('1172', '0', 'en_old', 'modules', 'language', '{\"languageCode\":\"Language Code\",\"languageName\":\"Language Name\",\"active\":\"Active\",\"rtl\":\"RTL\",\"addLanguage\":\"Add Language\",\"flagCode\":\"Flag Code\",\"flagCodeHelp\":\"Click here to get the flag code\",\"editLanguage\":\"Edit Language\",\"deleteLanguage\":\"Delete Language\",\"deleteLanguageMessage\":\"Are you sure you want to delete the language?\",\"defaultLanguage\":\"Default Language\",\"modifyDefaultLanguage\":\"To modify the default language, please navigate to the\",\"currentLanguageDefault\":\"The current language is set as the default.\"}', '2025-12-02 19:21:39', '2025-12-02 20:10:19'),
('1173', '0', 'en_old', 'modules', 'waiterRequest', '{\"markCompleted\":\"Mark Attended\",\"doItLater\":\"Do it Later\",\"activeWaiterRequests\":\"Active Waiter Requests\",\"newWaiterRequests\":\"New Waiter Request\",\"newWaiterRequestForTable\":\"New Waiter Request for Table - :name\",\"activeWaiterRequestsCount\":\"Active Waiter Requests\",\"noWaiterRequest\":\"No waiter request found in this area.\"}', '2025-12-02 19:21:39', '2025-12-02 20:10:19'),
('1174', '0', 'en_old', 'modules', 'profile', '{\"profileInfo\":\"Profile Information\",\"updateProfileInfo\":\"Update your account\'s profile information and email address.\",\"photo\":\"Photo\",\"selectNewPhoto\":\"Select A New Photo\",\"removePhoto\":\"Remove Photo\",\"name\":\"Name\",\"currentPassword\":\"Current Password\",\"newPassword\":\"New Password\",\"confirmPassword\":\"Confirm Password\",\"ensureAccountSecure\":\"Ensure your account is using a long, random password to stay secure.\",\"updatePassword\":\"Update Password\",\"twoFactorAuth\":\"Two Factor Authentication\",\"addSecurity\":\"Add additional security to your account using two factor authentication.\",\"finishEnablingTwoFactorAuth\":\"Finish enabling two factor authentication.\",\"notEnabledTwoFactorAuth\":\"You have not enabled two factor authentication.\",\"enabledTwoFactorAuth\":\"You have enabled two factor authentication.\",\"twoFactorAuthMessage\":\"When two factor authentication is enabled, you will be prompted for a secure, random token during authentication. You may retrieve this token from your phone\'s Google Authenticator application.\",\"finishEnablingTwoFactorAuthMessage\":\"To finish enabling two factor authentication, scan the following QR code using your phone\'s authenticator application or enter the setup key and provide the generated OTP code.\",\"setupKey\":\"Setup Key\",\"recoveryCodesMessage\":\"Store these recovery codes in a secure password manager. They can be used to recover access to your account if your two factor authentication device is lost.\",\"regenerateRecoveryCodes\":\"Regenerate Recovery Codes\",\"showRecoveryCodes\":\"Show Recovery Codes\",\"deleteAccount\":\"Delete Account\",\"permanentlyDeleteAccount\":\"Permanently delete your account.\",\"permanentlyDeleteAccountMessage\":\"Once your account is deleted, all of its resources and data will be permanently deleted. Before deleting your account, please download any data or information that you wish to retain.\",\"areYouSureDeleteAccount\":\"Are you sure you want to delete your account? Once your account is deleted, all of its resources and data will be permanently deleted. Please enter your password to confirm you would like to permanently delete your account.\",\"password\":\"Password\",\"browserSessions\":\"Browser Sessions\",\"browserSessionsDescription\":\"Manage and log out your active sessions on other browsers and devices.\",\"browserSessionsContent\":\"If necessary, you may log out of all of your other browser sessions across all of your devices. Some of your recent sessions are listed below; however, this list may not be exhaustive. If you feel your account has been compromised, you should also update your password.\",\"unknown\":\"Unknown\",\"thisDevice\":\"This Device\",\"lastActive\":\"Last Active\",\"logOutOtherBrowserSessions\":\"Log Out Other Browser Sessions\",\"done\":\"Done.\",\"confirmLogoutContent\":\"Please enter your password to confirm you would like to log out of your other browser sessions across all of your devices.\",\"passwordConfirmationContent\":\"For your security, please confirm your password to continue.\",\"confirm\":\"Confirm\",\"code\":\"Code\",\"recoveryCode\":\"Recovery Code\",\"useRecoveryCode\":\"Use a recovery code\",\"useAuthCode\":\"Use an authentication code\",\"login\":\"Log In\"}', '2025-12-02 19:21:39', '2025-12-02 20:10:19'),
('1175', '0', 'en_old', 'modules', 'expenses', '{\"title\":\"Expenses\",\"amount\":\"Amount\",\"category\":\"Category\",\"vendor\":\"Vendor\",\"expenseDate\":\"Expense Date\",\"paymentDate\":\"Payment Date\",\"paymentDueDate\":\"Due Date\",\"paymentMethod\":\"Payment Method\",\"paymentStatus\":\"Payment Status\",\"description\":\"Description\",\"receipt\":\"Receipt\",\"addExpense\":\"Add Expense\",\"editExpense\":\"Edit Expense\",\"deleteExpense\":\"Delete Expense\",\"selectCategory\":\"Select Category\",\"selectVendor\":\"Select Vendor\",\"pending\":\"Pending\",\"paid\":\"Paid\",\"addCategory\":\"Add Category\",\"addVendor\":\"Add Vendor\",\"expenses\":\"Expenses\",\"filterExpenseCategory\":\"Filter by Expense Category\",\"filterPaymentMethod\":\"Filter by Payment Method\",\"expensesCategory\":\"Expenses Category\",\"expensesPaymentMethod\":\"Payment Method\",\"filterVendor\":\"Filter by Vendor\",\"expensesVendor\":\"Vendor\",\"filterDateRange\":\"Filter by Date Range\",\"expensesDateRange\":\"Date Range\",\"startDate\":\"Start Date\",\"endDate\":\"End Date\",\"deleteExpensesMessage\":\"Are you sure you want to delete the expense?\",\"total_amount_spent\":\"Total Amount Spent\",\"no_of_transaction\":\"Number of Transaction\",\"total_expense\":\"Total Expense\",\"percentage_of_total\":\"Percentage of Total\",\"addExpenseCategory\":\"Add Expense Category\",\"receiptPreview\":\"Receipt Preview\",\"expenseDetails\":\"Expense Details\",\"expenseTitle\":\"Expense Title\",\"expenseCategory\":\"Expense Category\",\"expenseAmount\":\"Expense Amount\",\"expenseDescription\":\"Expense Description\",\"totalPaymentDue\":\"Total Payment Due\",\"lastDueDate\":\"Last Due Date\",\"status\":{\"paid\":\"Paid\",\"pending\":\"Pending\",\"approved\":\"Approved\",\"rejected\":\"Rejected\"},\"methods\":{\"cash\":\"Cash\",\"bank_transfer\":\"Bank Transfer\",\"credit_card\":\"Credit Card\",\"debit_card\":\"Debit Card\",\"check\":\"Cheque\",\"digital_wallet\":\"Digital Wallet\"},\"reports\":{\"outstandingPaymentReport\":\"Outstanding Payment Report\",\"vendorWiseExpensePaymentReport\":\"Vendor Wise Expense Payment Report\",\"expenseSummaryReport\":\"Expense Summary Report\",\"NoReportsFound\":\"No reports Found\",\"description\":\"Description\"},\"noReceiptAvailable\":\"No receipt available.\",\"editExpenseCategory\":\"Edit Expense Category\"}', '2025-12-02 19:21:39', '2025-12-02 20:10:19'),
('1176', '0', 'en_old', 'modules', 'vendors', '{\"vendorName\":\"Vendor Name\",\"vendors\":\"Vendors\",\"addVendor\":\"Add Vendor\",\"editVendor\":\"Edit Vendor\",\"deleteVendor\":\"Delete Vendor\",\"id\":\"Id\",\"name\":\"Name\",\"email\":\"Email\",\"phone\":\"Phone\",\"address\":\"Address\",\"contactPerson\":\"Contact Person\",\"actions\":\"Actions\",\"deleteVendorMessage\":\"Are you sure you want to delete Vendor ?\"}', '2025-12-02 19:21:39', '2025-12-02 20:10:19'),
('1177', '0', 'en_old', 'modules', 'modifier', '{\"menuItems\":\"Menu Items\",\"menuCategories\":\"Menu Categories\",\"addItemModifier\":\"Add Item Modifier\",\"editItemModifier\":\"Edit Item Modifier\",\"isRequired\":\"Is Required\",\"sortOrder\":\"Sort Order\",\"addModifierGroup\":\"Add Modifier Group\",\"menuItemName\":\"Menu Item Name\",\"modifierName\":\"Modifier Name\",\"modifierDescription\":\"Modifier Description\",\"modifierPrice\":\"Modifier Price\",\"modifierType\":\"Modifier Type\",\"chooseModifierType\":\"Choose Modifier Type\",\"modifierCategory\":\"Modifier Category\",\"addModifierCategory\":\"Add Modifier Category\",\"editModifierCategory\":\"Edit Modifier Category\",\"deleteModifierCategory\":\"Delete Modifier Category\",\"modifierCategoryName\":\"Modifier Category Name\",\"modifierCategoryDescription\":\"Modifier Category Description\",\"deleteModifierMessage\":\"Are you sure you want to delete the modifier?\",\"deleteModifierCategoryMessage\":\"Are you sure you want to delete the modifier category?\",\"modifierHelp\":\"Fill in the details below to add a new modifier.\",\"modifierCategoryHelp\":\"Fill in the details below to add a new modifier category.\",\"deleteModifierGroup\":\"Delete Modifier Group\",\"deleteModifierGroupMessage\":\"Are you sure you want to delete the modifier group?\",\"updateItemModifier\":\"Update Item Modifier\",\"deleteItemModifier\":\"Delete Item Modifier\",\"deleteItemModifierMessage\":\"Are you sure you want to delete the item modifier?\",\"updateModifierGroup\":\"Update Modifier Group\",\"editModifierGroup\":\"Edit Modifier Group\",\"addModifierOption\":\"Add Modifier Option\",\"modifierGroup\":\"Modifier Group\",\"options\":\"Options\",\"name\":\"name\",\"description\":\"Description\",\"isAvailable\":\"Is Available\",\"selectMenuItem\":\"Select Menu Item\",\"modifierOptions\":\"Modifier Options\",\"price\":\"Price\",\"locations\":\"Locations\",\"addOn\":\"Add Modifiers\",\"optionName\":\"Option Name\",\"groupName\":\"Group Name\",\"required\":\"Required\",\"optional\":\"Optional\",\"itemModifiers\":\"Item Modifiers\",\"noMenuItemsFound\":\"No menu item found.\",\"allowMultipleSelection\":\"Allow Multiple Selection\",\"allowMultipleSelectionDescription\":\"Allow users to select multiple options\",\"selectModifierGroup\":\"Select Modifier Group\",\"variations\":\"Variations\",\"addOption\":\"Add Option\",\"variationOptions\":\"Variation Options\",\"selectMenuItemsHelpText\":\"Select menu items to which this modifier group should be applied\",\"showTranslations\":\"Show Translations\",\"selectVariation\":\"Select Variation\",\"applyToBaseItem\":\"Apply To Base Item\",\"variationDescription\":\"Select Variation to which this modifier group should be applied\"}', '2025-12-02 19:21:39', '2025-12-02 20:10:19'),
('1178', '0', 'en_old', 'modules', 'report', '{\"totalSales\":\"Total Sales\",\"orders\":\"Orders\",\"cashPayments\":\"Cash Payments\",\"digitalPayments\":\"Digital Payments\",\"averageOrderValue\":\"Average Order Value\",\"totalRevenue\":\"Total Revenue\",\"imSales\":\"Item Sales\",\"quantitySold\":\"Quantity Sold\",\"topSellingItems\":\"Top Selling Items\",\"sellingPrice\":\"Selling Price\",\"salesByCategory\":\"Sales By Category\",\"salesByPaymentMethod\":\"Sales By Payment Method\",\"orderType\":\"Order Type\",\"salesByTime\":\"Sales By Time\",\"salesByDay\":\"Sales By Day\",\"salesByMonth\":\"Sales By Month\",\"salesByYear\":\"Sales By Year\",\"totalTaxes\":\"Total Taxes\",\"totalDiscounts\":\"Total Discounts\",\"averageItems\":\"Average Items Per Order\",\"grossSales\":\"Gross Sales\",\"netSales\":\"Net Sales\",\"totalRefunds\":\"Total Refunds\",\"pendingPayments\":\"Pending Payments\",\"canceledOrders\":\"Canceled Orders\",\"totalOrders\":\"Total Orders\",\"totalQuantitySold\":\"Total Quantity Sold\",\"sumOfTotalRevenue\":\"Sum of Total Revenue\",\"totalCharges\":\"Total Charges\",\"itemReportMessage\":\"View detailed sales and performance of items\",\"salesReportMessage\":\"Check and track your restaurant\'s earnings\",\"categoryReportMessage\":\"See sales by category to understand performance\",\"printLogMessage\":\"View print job history and status from :startDate to :endDate\",\"totalPrintJobs\":\"Total Print Jobs\",\"pendingJobs\":\"Pending Jobs\",\"completedJobs\":\"Completed Jobs\",\"failedJobs\":\"Failed Jobs\",\"printerStatistics\":\"Printer Statistics\",\"printJobDetails\":\"Print Job Details\",\"basicInformation\":\"Basic Information\",\"printContent\":\"Print Content\",\"noContentAvailable\":\"No content available\",\"retryPrint\":\"Retry Print\",\"printJobNotFound\":\"Print Job Not Found\",\"printJobNotFoundMessage\":\"The requested print job could not be found or you do not have permission to view it.\",\"paymentMethods\":\"Payment Methods\",\"traditionalPayments\":\"Traditional Payments\",\"paymentGateways\":\"Payment Gateways\",\"additionalAmounts\":\"Additional Amounts\",\"salesDataFor\":\"Sales Data For\",\"timePeriod\":\"Time Period\",\"timePeriodEachDay\":\"Time Period Each Day\",\"salesDataFrom\":\"Sales Data From\",\"salesDataTo\":\"Sales Data To\",\"timePeriodEachMonth\":\"Time Period Each Month\",\"timePeriodEachYear\":\"Time Period Each Year\",\"taxDetails\":\"Tax Details\",\"taxMode\":\"Tax Mode\",\"totalTaxCollection\":\"Total Tax Collection\",\"activeTaxes\":\"Active Taxes\",\"mode\":\"Mode\",\"taxBreakdownFor\":\"Tax Breakdown For\",\"itemLevelTaxBreakdown\":\"Item Level Tax Breakdown\",\"orderLevelTaxBreakdown\":\"Order Level Tax Breakdown\",\"fromActualBreakdown\":\"From Actual Breakdown\",\"taxBreakdown\":\"Tax Breakdown\",\"taxRate\":\"Tax Rate\",\"taxAmount\":\"Tax Amount\",\"taxPercentage\":\"Tax Percentage\",\"ordersWithTax\":\"Orders with Tax\",\"viewTaxDetails\":\"View Tax Details\",\"viewItemTaxBreakdown\":\"View Item Tax Breakdown\",\"totalTaxAmount\":\"Total Tax Amount\",\"outstandingPayments\":\"Outstanding Payments\",\"outstandingOrders\":\"Outstanding Orders\",\"averageOutstanding\":\"Average Outstanding\"}', '2025-12-02 19:21:39', '2025-12-02 20:10:19'),
('1179', '0', 'en_old', 'modules', 'kot', '{\"kitchen_order_ticket\":\"KITCHEN ORDER TICKET\",\"order_number\":\"Order # :number\",\"kot_number\":\"KOT # :number\",\"date\":\"Date: :date\",\"time\":\"Time: :time\",\"item\":\"Item\",\"qty\":\"Qty\",\"special_instructions\":\"Special Instructions:\",\"print_success\":\"Printed Successfully!\",\"print_failed\":\"Print Failed! :error\"}', '2025-12-02 19:21:39', '2025-12-02 20:10:19'),
('1180', '0', 'en_old', 'modules', 'printerSetting', '{\"browserPopupPrint\":\"Browser Popup Print\",\"directPrint\":\"Direct Print\",\"title\":\"Title (To identify printer easily)\",\"printChoice\":\"Printing Choice\",\"printFormat\":\"Print Format\",\"noAutoKotPrint\":\"No Auto KOT Print\",\"thermal56mm\":\"Thermal 56mm\",\"thermal80mm\":\"Thermal 80mm\",\"invoiceQrCode\":\"Invoice QR Code\",\"disable\":\"Disable\",\"regularQrCode\":\"Regular QR Code\",\"printerType\":\"Printer Type\",\"networkPrinter\":\"Network Printer\",\"usbPrinter\":\"USB Printer\",\"charactersPerLine\":\"Characters Per Line\",\"printerIPAddress\":\"Printer IP Address\",\"printerPortAddress\":\"Printer Port Address\",\"shareName\":\"Printer Name\",\"openCashDrawerWhenPrintingInvoice\":\"Open Cash Drawer When Printing Invoice\",\"yes\":\"Yes\",\"no\":\"No\",\"ipv4Address\":\"IPv4 Address\",\"thermalPrinter\":\"Thermal Printer\",\"nonThermalPrinter\":\"Non Thermal Printer\",\"name\":\"Printer Name\",\"printingChoice\":\"Printing Choice\",\"ipAddress\":\"IP Address\",\"port\":\"Port\",\"action\":\"Actions\",\"deletePritnerConfirm\":\"Are you sure you want to delete this printer?\",\"deletePrinter\":\"Delete Printer\",\"isThermal\":\"Is Thermal\",\"printer_offline\":\"Printer is offline\",\"printer_online\":\"Printer is online\",\"printer_not_found\":\"Printer not found\",\"kotSelection\":\"Select Kitchen\",\"orderSelection\":\"Select Pos Terminal\",\"selectedKitchens\":\"Selected Kitchens\",\"selectedPosTerminal\":\"Selected Pos Terminal\",\"addPrinter\":\"Add Printer\",\"isDefault\":\"Is Default\",\"paymentGateways\":\"Payment Gateways\",\"additionalAmounts\":\"Additional Amounts\",\"network\":\"Network\",\"windows\":\"Windows\",\"kitchens\":\"Kitchens\",\"orders\":\"Orders\",\"default\":\"Default\",\"select\":\"Select\",\"isActive\":\"Is Active\",\"thermal112mm\":\"Thermal 112mm\",\"traditionalPayments\":\"Traditional Payments\",\"salesDataFor\":\"Data for\",\"timePeriod\":\"Time period:\",\"salesDataFrom\":\"Data from\",\"timePeriodEachDay\":\"Time period each day:\",\"connected\":\"Connected\",\"disconnected\":\"Disconnected\",\"desktopAppConnection\":\"Desktop App Connection\",\"domainUrl\":\"Domain URL\",\"branchKey\":\"API Key\",\"instructions\":\"Instructions\",\"instruction1\":\"Download and install the desktop app on your computer\",\"instruction2\":\"Open the desktop app and go to settings\",\"instruction3\":\"Enter the Domain URL and Branch Key shown above\",\"instruction4\":\"Click connect to establish the connection\",\"assigned\":\"Assigned\",\"idle\":\"Idle\",\"selectIdleKitchens\":\"Select only idle (unassigned) kitchens to assign to this printer\",\"selectIdlePosTerminals\":\"Select only idle (unassigned) POS terminals to assign to this printer\",\"currentlyAssigned\":\"Currently Assigned\",\"selectKitchensForPrinter\":\"Select kitchens to assign to this printer (currently assigned ones are pre-selected)\",\"selectPosTerminalsForPrinter\":\"Select POS terminals to assign to this printer (currently assigned ones are pre-selected)\",\"shareNameDescription\":\"Please enter the exact printer name showing on your Desktop\",\"details\":\"Details\",\"downloadDesktopApp\":\"Download Desktop App\",\"downloadNow\":\"Download Now\",\"desktopAppRequired\":\"Desktop App Required\",\"directPrintDesktopAppNote\":\"For direct printing to work, you need to have the desktop app running in the background on your computer. The desktop app acts as a bridge between your web application and the physical printer.\",\"downloadDesktopAppWindows\":\"Download the desktop app for Windows to enable direct printing\",\"downloadDesktopAppMac\":\"Download the desktop app for macOS to enable direct printing\",\"downloadForWindows\":\"Download for Windows\",\"downloadForMac\":\"Download for macOS\"}', '2025-12-02 19:21:39', '2025-12-02 20:10:19'),
('1181', '0', 'en_old', 'modules', 'moduleLicenseStatus', '{\"moduleLicenseStatus\":\"Module License Status\",\"licensed\":\"Licensed\",\"verificationRequired\":\"Verification Required\",\"notActivated\":\"Not Activated\",\"supportExpired\":\"Support Expired\",\"supportUntil\":\"Support Until\",\"supportExpiredMessage\":\"Support expired on\",\"supportUntilMessage\":\"Support until\"}', '2025-12-02 19:21:39', '2025-12-02 20:10:19'),
('1182', '0', 'en_old', 'pagination', 'previous', '&laquo; Previous', '2025-12-02 19:21:39', '2025-12-02 19:24:01'),
('1183', '0', 'en_old', 'pagination', 'next', 'Next &raquo;', '2025-12-02 19:21:39', '2025-12-02 19:24:01'),
('1184', '0', 'en_old', 'passwords', 'reset', 'Your password has been reset.', '2025-12-02 19:21:39', '2025-12-02 19:24:01'),
('1185', '0', 'en_old', 'passwords', 'sent', 'We have emailed your password reset link.', '2025-12-02 19:21:39', '2025-12-02 19:24:01'),
('1186', '0', 'en_old', 'passwords', 'throttled', 'Please wait before retrying.', '2025-12-02 19:21:39', '2025-12-02 19:24:01'),
('1187', '0', 'en_old', 'passwords', 'token', 'This password reset token is invalid.', '2025-12-02 19:21:39', '2025-12-02 19:24:01'),
('1188', '0', 'en_old', 'passwords', 'user', 'We can\'t find a user with that email address.', '2025-12-02 19:21:39', '2025-12-02 19:24:01'),
('1189', '0', 'en_old', 'passwords', 'reset_subject', 'Reset Password Notification - :app_name', '2025-12-02 19:21:39', '2025-12-02 19:24:01'),
('1190', '0', 'en_old', 'passwords', 'reset_line1', 'You are receiving this email because we received a password reset request for your account.', '2025-12-02 19:21:39', '2025-12-02 19:24:01'),
('1191', '0', 'en_old', 'passwords', 'reset_line2', 'Click the button below to reset your password:', '2025-12-02 19:21:39', '2025-12-02 19:24:01'),
('1192', '0', 'en_old', 'passwords', 'reset_action', 'Reset Password', '2025-12-02 19:21:39', '2025-12-02 19:24:01'),
('1193', '0', 'en_old', 'passwords', 'reset_line3', 'This password reset link will expire in :count minutes.', '2025-12-02 19:21:39', '2025-12-02 19:24:01'),
('1194', '0', 'en_old', 'passwords', 'reset_line4', 'If you did not request a password reset, no further action is required.', '2025-12-02 19:21:39', '2025-12-02 19:24:01'),
('1195', '0', 'en_old', 'permissions', 'permissions.Create Menu', 'Create Menu', '2025-12-02 19:21:39', '2025-12-02 19:24:01'),
('1196', '0', 'en_old', 'permissions', 'permissions.Show Menu', 'Show Menu', '2025-12-02 19:21:39', '2025-12-02 19:24:01'),
('1197', '0', 'en_old', 'permissions', 'permissions.Update Menu', 'Update Menu', '2025-12-02 19:21:39', '2025-12-02 19:24:01'),
('1198', '0', 'en_old', 'permissions', 'permissions.Delete Menu', 'Delete Menu', '2025-12-02 19:21:39', '2025-12-02 19:24:01'),
('1199', '0', 'en_old', 'permissions', 'permissions.Create Menu Item', 'Create Menu Item', '2025-12-02 19:21:39', '2025-12-02 19:24:01'),
('1200', '0', 'en_old', 'permissions', 'permissions.Show Menu Item', 'Show Menu Item', '2025-12-02 19:21:39', '2025-12-02 19:24:01'),
('1201', '0', 'en_old', 'permissions', 'permissions.Update Menu Item', 'Update Menu Item', '2025-12-02 19:21:39', '2025-12-02 19:24:01'),
('1202', '0', 'en_old', 'permissions', 'permissions.Delete Menu Item', 'Delete Menu Item', '2025-12-02 19:21:39', '2025-12-02 19:24:01'),
('1203', '0', 'en_old', 'permissions', 'permissions.Create Item Category', 'Create Item Category', '2025-12-02 19:21:39', '2025-12-02 19:24:01'),
('1204', '0', 'en_old', 'permissions', 'permissions.Show Item Category', 'Show Item Category', '2025-12-02 19:21:39', '2025-12-02 19:24:01'),
('1205', '0', 'en_old', 'permissions', 'permissions.Update Item Category', 'Update Item Category', '2025-12-02 19:21:39', '2025-12-02 19:24:01'),
('1206', '0', 'en_old', 'permissions', 'permissions.Delete Item Category', 'Delete Item Category', '2025-12-02 19:21:39', '2025-12-02 19:24:01'),
('1207', '0', 'en_old', 'permissions', 'permissions.Create Area', 'Create Area', '2025-12-02 19:21:39', '2025-12-02 19:24:01'),
('1208', '0', 'en_old', 'permissions', 'permissions.Show Area', 'Show Area', '2025-12-02 19:21:39', '2025-12-02 19:24:01'),
('1209', '0', 'en_old', 'permissions', 'permissions.Update Area', 'Update Area', '2025-12-02 19:21:39', '2025-12-02 19:24:01'),
('1210', '0', 'en_old', 'permissions', 'permissions.Delete Area', 'Delete Area', '2025-12-02 19:21:39', '2025-12-02 19:24:01'),
('1211', '0', 'en_old', 'permissions', 'permissions.Create Table', 'Create Table', '2025-12-02 19:21:39', '2025-12-02 19:24:01'),
('1212', '0', 'en_old', 'permissions', 'permissions.Show Table', 'Show Table', '2025-12-02 19:21:39', '2025-12-02 19:24:01'),
('1213', '0', 'en_old', 'permissions', 'permissions.Update Table', 'Update Table', '2025-12-02 19:21:39', '2025-12-02 19:24:01'),
('1214', '0', 'en_old', 'permissions', 'permissions.Delete Table', 'Delete Table', '2025-12-02 19:21:39', '2025-12-02 19:24:01'),
('1215', '0', 'en_old', 'permissions', 'permissions.Create Reservation', 'Create Reservation', '2025-12-02 19:21:39', '2025-12-02 19:24:01'),
('1216', '0', 'en_old', 'permissions', 'permissions.Show Reservation', 'Show Reservation', '2025-12-02 19:21:39', '2025-12-02 19:24:01'),
('1217', '0', 'en_old', 'permissions', 'permissions.Update Reservation', 'Update Reservation', '2025-12-02 19:21:39', '2025-12-02 19:24:01'),
('1218', '0', 'en_old', 'permissions', 'permissions.Delete Reservation', 'Delete Reservation', '2025-12-02 19:21:39', '2025-12-02 19:24:01'),
('1219', '0', 'en_old', 'permissions', 'permissions.Manage KOT', 'Manage KOT', '2025-12-02 19:21:39', '2025-12-02 19:24:01'),
('1220', '0', 'en_old', 'permissions', 'permissions.Create Order', 'Create Order', '2025-12-02 19:21:39', '2025-12-02 19:24:01'),
('1221', '0', 'en_old', 'permissions', 'permissions.Show Order', 'Show Order', '2025-12-02 19:21:39', '2025-12-02 19:24:01'),
('1222', '0', 'en_old', 'permissions', 'permissions.Update Order', 'Update Order', '2025-12-02 19:21:39', '2025-12-02 19:24:01'),
('1223', '0', 'en_old', 'permissions', 'permissions.Delete Order', 'Delete Order', '2025-12-02 19:21:39', '2025-12-02 19:24:01'),
('1224', '0', 'en_old', 'permissions', 'permissions.Create Customer', 'Create Customer', '2025-12-02 19:21:39', '2025-12-02 19:24:01'),
('1225', '0', 'en_old', 'permissions', 'permissions.Show Customer', 'Show Customer', '2025-12-02 19:21:39', '2025-12-02 19:24:01'),
('1226', '0', 'en_old', 'permissions', 'permissions.Update Customer', 'Update Customer', '2025-12-02 19:21:39', '2025-12-02 19:24:01'),
('1227', '0', 'en_old', 'permissions', 'permissions.Delete Customer', 'Delete Customer', '2025-12-02 19:21:39', '2025-12-02 19:24:01'),
('1228', '0', 'en_old', 'permissions', 'permissions.Create Staff Member', 'Create Staff Member', '2025-12-02 19:21:39', '2025-12-02 19:24:01'),
('1229', '0', 'en_old', 'permissions', 'permissions.Show Staff Member', 'Show Staff Member', '2025-12-02 19:21:39', '2025-12-02 19:24:01'),
('1230', '0', 'en_old', 'permissions', 'permissions.Update Staff Member', 'Update Staff Member', '2025-12-02 19:21:39', '2025-12-02 19:24:01'),
('1231', '0', 'en_old', 'permissions', 'permissions.Delete Staff Member', 'Delete Staff Member', '2025-12-02 19:21:39', '2025-12-02 19:24:01'),
('1232', '0', 'en_old', 'permissions', 'permissions.Create Delivery Executive', 'Create Delivery Executive', '2025-12-02 19:21:39', '2025-12-02 19:24:01'),
('1233', '0', 'en_old', 'permissions', 'permissions.Show Delivery Executive', 'Show Delivery Executive', '2025-12-02 19:21:39', '2025-12-02 19:24:01'),
('1234', '0', 'en_old', 'permissions', 'permissions.Update Delivery Executive', 'Update Delivery Executive', '2025-12-02 19:21:39', '2025-12-02 19:24:01'),
('1235', '0', 'en_old', 'permissions', 'permissions.Delete Delivery Executive', 'Delete Delivery Executive', '2025-12-02 19:21:39', '2025-12-02 19:24:01'),
('1236', '0', 'en_old', 'permissions', 'permissions.Show Payments', 'Show Payments', '2025-12-02 19:21:39', '2025-12-02 19:24:01'),
('1237', '0', 'en_old', 'permissions', 'permissions.Show Reports', 'Show Reports', '2025-12-02 19:21:39', '2025-12-02 19:24:01'),
('1238', '0', 'en_old', 'permissions', 'permissions.Manage Settings', 'Manage Settings', '2025-12-02 19:21:39', '2025-12-02 19:24:01'),
('1239', '0', 'en_old', 'permissions', 'permissions.Manage Waiter Request', 'Manage Waiter Request', '2025-12-02 19:21:39', '2025-12-02 19:24:01'),
('1240', '0', 'en_old', 'permissions', 'permissions.Create Expense', 'Create Expenses', '2025-12-02 19:21:39', '2025-12-02 19:24:01'),
('1241', '0', 'en_old', 'permissions', 'permissions.Show Expense', 'Show Expenses', '2025-12-02 19:21:39', '2025-12-02 19:24:01'),
('1242', '0', 'en_old', 'permissions', 'permissions.Update Expense', 'Update Expenses', '2025-12-02 19:21:39', '2025-12-02 19:24:01'),
('1243', '0', 'en_old', 'permissions', 'permissions.Delete Expense', 'Delete Expenses', '2025-12-02 19:21:39', '2025-12-02 19:24:01'),
('1244', '0', 'en_old', 'permissions', 'permissions.Create Vendor', 'Create Vendor', '2025-12-02 19:21:39', '2025-12-02 19:24:01'),
('1245', '0', 'en_old', 'permissions', 'permissions.Show Vendor', 'Show Vendor', '2025-12-02 19:21:39', '2025-12-02 19:24:01'),
('1246', '0', 'en_old', 'permissions', 'permissions.Update Vendor', 'Update Vendor', '2025-12-02 19:21:39', '2025-12-02 19:24:01'),
('1247', '0', 'en_old', 'permissions', 'permissions.Delete Vendor', 'Delete Vendor', '2025-12-02 19:21:39', '2025-12-02 19:24:01'),
('1248', '0', 'en_old', 'permissions', 'permissions.Create Inventory Item', 'Create Inventory Item', '2025-12-02 19:21:39', '2025-12-02 19:24:01'),
('1249', '0', 'en_old', 'permissions', 'permissions.Show Inventory Item', 'Show Inventory Item', '2025-12-02 19:21:39', '2025-12-02 19:24:01'),
('1250', '0', 'en_old', 'permissions', 'permissions.Update Inventory Item', 'Update Inventory Item', '2025-12-02 19:21:39', '2025-12-02 19:24:01'),
('1251', '0', 'en_old', 'permissions', 'permissions.Delete Inventory Item', 'Delete Inventory Item', '2025-12-02 19:21:39', '2025-12-02 19:24:01'),
('1252', '0', 'en_old', 'permissions', 'permissions.Create Inventory Movement', 'Create Inventory Movement', '2025-12-02 19:21:39', '2025-12-02 19:24:01'),
('1253', '0', 'en_old', 'permissions', 'permissions.Show Inventory Movement', 'Show Inventory Movement', '2025-12-02 19:21:39', '2025-12-02 19:24:01'),
('1254', '0', 'en_old', 'permissions', 'permissions.Update Inventory Movement', 'Update Inventory Movement', '2025-12-02 19:21:39', '2025-12-02 19:24:01'),
('1255', '0', 'en_old', 'permissions', 'permissions.Delete Inventory Movement', 'Delete Inventory Movement', '2025-12-02 19:21:39', '2025-12-02 19:24:01'),
('1256', '0', 'en_old', 'permissions', 'permissions.Create Unit', 'Create Unit', '2025-12-02 19:21:39', '2025-12-02 19:24:01'),
('1257', '0', 'en_old', 'permissions', 'permissions.Show Unit', 'Show Unit', '2025-12-02 19:21:39', '2025-12-02 19:24:01'),
('1258', '0', 'en_old', 'permissions', 'permissions.Update Unit', 'Update Unit', '2025-12-02 19:21:39', '2025-12-02 19:24:01'),
('1259', '0', 'en_old', 'permissions', 'permissions.Delete Unit', 'Delete Unit', '2025-12-02 19:21:39', '2025-12-02 19:24:01'),
('1260', '0', 'en_old', 'permissions', 'permissions.Create Recipe', 'Create Recipe', '2025-12-02 19:21:39', '2025-12-02 19:24:01'),
('1261', '0', 'en_old', 'permissions', 'permissions.Show Recipe', 'Show Recipe', '2025-12-02 19:21:39', '2025-12-02 19:24:01'),
('1262', '0', 'en_old', 'permissions', 'permissions.Update Recipe', 'Update Recipe', '2025-12-02 19:21:39', '2025-12-02 19:24:01'),
('1263', '0', 'en_old', 'permissions', 'permissions.Delete Recipe', 'Delete Recipe', '2025-12-02 19:21:39', '2025-12-02 19:24:01'),
('1264', '0', 'en_old', 'permissions', 'permissions.Create Purchase Order', 'Create Purchase Order', '2025-12-02 19:21:39', '2025-12-02 19:24:01'),
('1265', '0', 'en_old', 'permissions', 'permissions.Show Purchase Order', 'Show Purchase Order', '2025-12-02 19:21:39', '2025-12-02 19:24:01'),
('1266', '0', 'en_old', 'permissions', 'permissions.Update Purchase Order', 'Update Purchase Order', '2025-12-02 19:21:39', '2025-12-02 19:24:01'),
('1267', '0', 'en_old', 'permissions', 'permissions.Delete Purchase Order', 'Delete Purchase Order', '2025-12-02 19:21:39', '2025-12-02 19:24:01'),
('1268', '0', 'en_old', 'permissions', 'permissions.Show Report', 'Show Report', '2025-12-02 19:21:39', '2025-12-02 19:24:01'),
('1269', '0', 'en_old', 'permissions', 'permissions.Update Settings', 'Update Settings', '2025-12-02 19:21:39', '2025-12-02 19:24:01'),
('1270', '0', 'en_old', 'permissions', 'permissions.Show Inventory Stock', 'Show Inventory Stock', '2025-12-02 19:21:39', '2025-12-02 19:24:01'),
('1271', '0', 'en_old', 'permissions', 'permissions.Show Inventory Report', 'Show Inventory Report', '2025-12-02 19:21:39', '2025-12-02 19:24:01'),
('1272', '0', 'en_old', 'permissions', 'permissions.Update Inventory Settings', 'Update Inventory Settings', '2025-12-02 19:21:39', '2025-12-02 19:24:01'),
('1273', '0', 'en_old', 'permissions', 'permissions.Show Supplier', 'Show Supplier', '2025-12-02 19:21:39', '2025-12-02 19:24:01'),
('1274', '0', 'en_old', 'permissions', 'permissions.Create Supplier', 'Create Supplier', '2025-12-02 19:21:39', '2025-12-02 19:24:01'),
('1275', '0', 'en_old', 'permissions', 'permissions.Update Supplier', 'Update Supplier', '2025-12-02 19:21:39', '2025-12-02 19:24:01'),
('1276', '0', 'en_old', 'permissions', 'permissions.Delete Supplier', 'Delete Supplier', '2025-12-02 19:21:39', '2025-12-02 19:24:01'),
('1277', '0', 'en_old', 'permissions', 'permissions.Create Expense Category', 'Create Expense Category', '2025-12-02 19:21:39', '2025-12-02 19:24:01'),
('1278', '0', 'en_old', 'permissions', 'permissions.Show Expense Category', 'Show Expense Category', '2025-12-02 19:21:39', '2025-12-02 19:24:01'),
('1279', '0', 'en_old', 'permissions', 'permissions.Update Expense Category', 'Update Expense Category', '2025-12-02 19:21:39', '2025-12-02 19:24:01'),
('1280', '0', 'en_old', 'permissions', 'permissions.Delete Expense Category', 'Delete Expense Category', '2025-12-02 19:21:39', '2025-12-02 19:24:01'),
('1281', '0', 'en_old', 'permissions', 'permissions.Show Kitchen Place', 'Show Kitchen Place', '2025-12-02 19:21:39', '2025-12-02 19:24:01'),
('1282', '0', 'en_old', 'permissions', 'permissions.Create Kitchen Place', 'Create Kitchen Place', '2025-12-02 19:21:39', '2025-12-02 19:24:01'),
('1283', '0', 'en_old', 'permissions', 'permissions.Update Kitchen Place', 'Update Kitchen Place', '2025-12-02 19:21:39', '2025-12-02 19:24:01'),
('1284', '0', 'en_old', 'permissions', 'permissions.Delete Kitchen Place', 'Delete Kitchen Place', '2025-12-02 19:21:39', '2025-12-02 19:24:01'),
('1285', '0', 'en_old', 'permissions', 'permissions.Update Sms Settings', 'Update Sms Settings', '2025-12-02 19:21:39', '2025-12-02 19:24:01'),
('1286', '0', 'en_old', 'permissions', 'permissions.Log Cash Register', 'Log Cash Register', '2025-12-02 19:21:39', '2025-12-02 19:24:01'),
('1287', '0', 'en_old', 'permissions', 'permissions.Approve Cash Register', 'Approve Cash Register', '2025-12-02 19:21:39', '2025-12-02 19:24:01'),
('1288', '0', 'en_old', 'permissions', 'permissions.Manage Cash Register Settings', 'Manage Cash Register Settings', '2025-12-02 19:21:39', '2025-12-02 19:24:01'),
('1289', '0', 'en_old', 'permissions', 'permissions.View Cash Register Reports', 'View Cash Register Reports', '2025-12-02 19:21:39', '2025-12-02 19:24:01'),
('1290', '0', 'en_old', 'permissions', 'permissions.Manage Cash Denominations', 'Manage Cash Denominations', '2025-12-02 19:21:39', '2025-12-02 19:24:01'),
('1291', '0', 'en_old', 'permissions', 'permissions.Manage Cash Register', 'Manage Cash Register Settings', '2025-12-02 19:21:39', '2025-12-02 19:24:01'),
('1292', '0', 'en_old', 'permissions', 'permissions.Manage Denominations', 'Manage Cash Denominations', '2025-12-02 19:21:39', '2025-12-02 19:24:01'),
('1293', '0', 'en_old', 'permissions', 'permissions.Open Register', 'Open Cash Register', '2025-12-02 19:21:39', '2025-12-02 19:24:01'),
('1294', '0', 'en_old', 'permissions', 'permissions.View Cash Register Sessions', 'View Cash Register Sessions', '2025-12-02 19:21:39', '2025-12-02 19:24:01'),
('1295', '0', 'en_old', 'permissions', 'permissions.Close Cash Register', 'Close Cash Register', '2025-12-02 19:21:39', '2025-12-02 19:24:01'),
('1296', '0', 'en_old', 'permissions', 'permissions.Open Cash Register', 'Open Cash Register', '2025-12-02 19:21:39', '2025-12-02 19:24:01'),
('1297', '0', 'en_old', 'permissions', 'permissions.Add Discount on POS', 'Add Discount on POS', '2025-12-02 19:21:39', '2025-12-02 19:24:01'),
('1298', '0', 'en_old', 'permissions', 'modules', '{\"Menu\":\"Menu\",\"Area\":\"Area\",\"Table\":\"Table\",\"Reservation\":\"Reservation\",\"KOT\":\"KOT\",\"Order\":\"Order\",\"Customer\":\"Customer\",\"Staff\":\"Staff\",\"Payment\":\"Payment\",\"Report\":\"Report\",\"Settings\":\"Settings\",\"Expense\":\"Expenses\",\"Vendor\":\"Vendor\",\"Inventory\":\"Inventory\",\"Sms\":\"Sms\",\"Kitchen\":\"Multiple Kitchen\",\"Kiosk\":\"Kiosk\"}', '2025-12-02 19:21:39', '2025-12-02 19:24:01'),
('1299', '0', 'en_old', 'permissions', 'modules.Menu Item', 'Menu Item', '2025-12-02 19:21:39', '2025-12-02 19:24:01'),
('1300', '0', 'en_old', 'permissions', 'modules.Item Category', 'Item Category', '2025-12-02 19:21:39', '2025-12-02 19:24:01'),
('1301', '0', 'en_old', 'permissions', 'modules.Delivery Executive', 'Delivery Executive', '2025-12-02 19:21:39', '2025-12-02 19:24:01'),
('1302', '0', 'en_old', 'permissions', 'modules.Waiter Request', 'Waiter Request', '2025-12-02 19:21:39', '2025-12-02 19:24:01'),
('1303', '0', 'en_old', 'permissions', 'modules.Change Branch', 'Change Branch', '2025-12-02 19:21:39', '2025-12-02 19:24:01'),
('1304', '0', 'en_old', 'permissions', 'modules.Export Report', 'Export Report', '2025-12-02 19:21:39', '2025-12-02 19:24:01'),
('1305', '0', 'en_old', 'permissions', 'modules.Table Reservation', 'Table Reservation', '2025-12-02 19:21:39', '2025-12-02 19:24:01'),
('1306', '0', 'en_old', 'permissions', 'modules.Payment Gateway Integration', 'Payment Gateway Integration', '2025-12-02 19:21:39', '2025-12-02 19:24:01'),
('1307', '0', 'en_old', 'permissions', 'modules.Theme Setting', 'Theme Setting', '2025-12-02 19:21:39', '2025-12-02 19:24:01'),
('1308', '0', 'en_old', 'permissions', 'modules.Customer Display', 'Customer Display', '2025-12-02 19:21:39', '2025-12-02 19:24:01'),
('1309', '0', 'en_old', 'permissions', 'modules.Open Register', 'Open Register', '2025-12-02 19:21:39', '2025-12-02 19:24:01'),
('1310', '0', 'en_old', 'permissions', 'modules.Cash Register', 'Cash Register', '2025-12-02 19:21:39', '2025-12-02 19:24:01'),
('1311', '0', 'en_old', 'placeholders', 'menuNamePlaceholder', 'e.g. Breakfast', '2025-12-02 19:21:39', '2025-12-02 19:24:02'),
('1312', '0', 'en_old', 'placeholders', 'searchMenus', 'Search your menu here', '2025-12-02 19:21:39', '2025-12-02 19:24:02'),
('1313', '0', 'en_old', 'placeholders', 'searchMenuItems', 'Search your menu item here', '2025-12-02 19:21:39', '2025-12-02 19:24:02'),
('1314', '0', 'en_old', 'placeholders', 'menuItemNamePlaceholder', 'e.g., Margherita Pizza', '2025-12-02 19:21:39', '2025-12-02 19:24:02'),
('1315', '0', 'en_old', 'placeholders', 'itemVariationPlaceholder', 'e.g., Small, Medium, Large', '2025-12-02 19:21:39', '2025-12-02 19:24:02'),
('1316', '0', 'en_old', 'placeholders', 'itemDescriptionPlaceholder', 'e.g., A classic Italian pizza with fresh tomatoes and basil.', '2025-12-02 19:21:39', '2025-12-02 19:24:02'),
('1317', '0', 'en_old', 'placeholders', 'categoryNamePlaceholder', 'e.g., Desserts', '2025-12-02 19:21:39', '2025-12-02 19:24:02'),
('1318', '0', 'en_old', 'placeholders', 'searchItemCategory', 'Search your item category here', '2025-12-02 19:21:39', '2025-12-02 19:24:02'),
('1319', '0', 'en_old', 'placeholders', 'areaNamePlaceholder', 'e.g. Rooftop', '2025-12-02 19:21:39', '2025-12-02 19:24:02'),
('1320', '0', 'en_old', 'placeholders', 'tableCodePlaceholder', 'e.g. T01', '2025-12-02 19:21:39', '2025-12-02 19:24:02'),
('1321', '0', 'en_old', 'placeholders', 'tableSeatPlaceholder', 'Enter number of seats (e.g., 4)', '2025-12-02 19:21:39', '2025-12-02 19:24:02'),
('1322', '0', 'en_old', 'placeholders', 'searchCustomers', 'Search by name, email or phone number', '2025-12-02 19:21:39', '2025-12-02 19:24:02'),
('1323', '0', 'en_old', 'placeholders', 'searchStaffmember', 'Search by name or email', '2025-12-02 19:21:39', '2025-12-02 19:24:02'),
('1324', '0', 'en_old', 'placeholders', 'searchPackages', 'Search your package here', '2025-12-02 19:21:39', '2025-12-02 19:24:02'),
('1325', '0', 'en_old', 'placeholders', 'restaurantNamePlaceHolder', 'e.g., The Midtown Cafe', '2025-12-02 19:21:39', '2025-12-02 19:24:02'),
('1326', '0', 'en_old', 'placeholders', 'searchPayments', 'Search payments by amount, method, TX ID', '2025-12-02 19:21:39', '2025-12-02 19:24:02'),
('1327', '0', 'en_old', 'placeholders', 'searchDuePayments', 'Search payments by amount or order #', '2025-12-02 19:21:39', '2025-12-02 19:24:02'),
('1328', '0', 'en_old', 'placeholders', 'methodExamples', 'e.g., Cash, Cheque, Bank Transfer, etc.', '2025-12-02 19:21:39', '2025-12-02 19:24:02'),
('1329', '0', 'en_old', 'placeholders', 'methodDescription', 'e.g., via USD dollar, etc.', '2025-12-02 19:21:39', '2025-12-02 19:24:02'),
('1330', '0', 'en_old', 'placeholders', 'facebookPlaceHolder', 'Enter your Facebook URL', '2025-12-02 19:21:39', '2025-12-02 19:24:02'),
('1331', '0', 'en_old', 'placeholders', 'instagramPlaceHolder', 'Enter your Instagram URL', '2025-12-02 19:21:39', '2025-12-02 19:24:02'),
('1332', '0', 'en_old', 'placeholders', 'twitterPlaceHolder', 'Enter your Twitter handle', '2025-12-02 19:21:39', '2025-12-02 19:24:02'),
('1333', '0', 'en_old', 'placeholders', 'yelpPlaceHolder', 'Enter your Yelp URL', '2025-12-02 19:21:39', '2025-12-02 19:24:02'),
('1334', '0', 'en_old', 'placeholders', 'metaKeywordPlaceHolder', 'Enter Comma Saperated keyword', '2025-12-02 19:21:39', '2025-12-02 19:24:02'),
('1335', '0', 'en_old', 'placeholders', 'metaDescriptionPlaceHolder', 'Enter Meta Description', '2025-12-02 19:21:39', '2025-12-02 19:24:02'),
('1336', '0', 'en_old', 'placeholders', 'languageCodePlaceholder', 'e.g., en, ar, fr, etc.', '2025-12-02 19:21:39', '2025-12-02 19:24:02'),
('1337', '0', 'en_old', 'placeholders', 'languageNamePlaceholder', 'e.g., English, Arabic, French, etc.', '2025-12-02 19:21:39', '2025-12-02 19:24:02'),
('1338', '0', 'en_old', 'placeholders', 'flagCodePlaceholder', 'e.g., us, gb, sa, etc.', '2025-12-02 19:21:39', '2025-12-02 19:24:02'),
('1339', '0', 'en_old', 'placeholders', 'modifierOptionNamePlaceholder', 'e.g., Extra Cheese', '2025-12-02 19:21:39', '2025-12-02 19:24:02'),
('1340', '0', 'en_old', 'placeholders', 'modifierOptionPricePlaceholder', 'e.g., 1.50', '2025-12-02 19:21:39', '2025-12-02 19:24:02'),
('1341', '0', 'en_old', 'placeholders', 'modifierOptionSortOrderPlaceholder', 'e.g., 1', '2025-12-02 19:21:39', '2025-12-02 19:24:02'),
('1342', '0', 'en_old', 'placeholders', 'modifierGroupNamePlaceholder', 'e.g., Toppings', '2025-12-02 19:21:39', '2025-12-02 19:24:02'),
('1343', '0', 'en_old', 'placeholders', 'modifierGroupDescriptionPlaceholder', 'e.g., Additional toppings for your pizza.', '2025-12-02 19:21:39', '2025-12-02 19:24:02'),
('1344', '0', 'en_old', 'placeholders', 'purchaseCode', 'e.g. 147778a2-dfa2-424e-a29f-xxxxxxxxx', '2025-12-02 19:21:39', '2025-12-02 19:24:02'),
('1345', '0', 'en_old', 'placeholders', 'addTitle', 'Add Expense Title', '2025-12-02 19:21:39', '2025-12-02 19:24:02'),
('1346', '0', 'en_old', 'placeholders', 'addDescription', 'Add Expense Description', '2025-12-02 19:21:39', '2025-12-02 19:24:02'),
('1347', '0', 'en_old', 'placeholders', 'addAmount', 'Add Amount', '2025-12-02 19:21:39', '2025-12-02 19:24:02'),
('1348', '0', 'en_old', 'placeholders', 'expense', 'Expense', '2025-12-02 19:21:39', '2025-12-02 19:24:02'),
('1349', '0', 'en_old', 'placeholders', 'vendors', 'Vendors', '2025-12-02 19:21:39', '2025-12-02 19:24:02'),
('1350', '0', 'en_old', 'placeholders', 'vendorName', 'Vendor Name', '2025-12-02 19:21:39', '2025-12-02 19:24:02'),
('1351', '0', 'en_old', 'placeholders', 'vendorEmail', 'Vendor Email', '2025-12-02 19:21:39', '2025-12-02 19:24:02'),
('1352', '0', 'en_old', 'placeholders', 'vendorPhone', 'Vendor Phone', '2025-12-02 19:21:39', '2025-12-02 19:24:02'),
('1353', '0', 'en_old', 'placeholders', 'vendorAddress', 'Vendor Address', '2025-12-02 19:21:39', '2025-12-02 19:24:02'),
('1354', '0', 'en_old', 'placeholders', 'contactPerson', 'Contact Person', '2025-12-02 19:21:39', '2025-12-02 19:24:02'),
('1355', '0', 'en_old', 'placeholders', 'expensesCategory', 'Expenses Category', '2025-12-02 19:21:39', '2025-12-02 19:24:02'),
('1356', '0', 'en_old', 'placeholders', 'searchMenuItem', 'Search Menu Item', '2025-12-02 19:21:39', '2025-12-02 19:24:02'),
('1357', '0', 'en_old', 'placeholders', 'customerName', 'Add Customer Name', '2025-12-02 19:21:39', '2025-12-02 19:24:02'),
('1358', '0', 'en_old', 'placeholders', 'customerEmail', 'Add Customer Email', '2025-12-02 19:21:39', '2025-12-02 19:24:02'),
('1359', '0', 'en_old', 'placeholders', 'customerPhone', 'Add Customer Phone', '2025-12-02 19:21:39', '2025-12-02 19:24:02'),
('1360', '0', 'en_old', 'placeholders', 'customerAddress', 'Add Customer Address', '2025-12-02 19:21:39', '2025-12-02 19:24:02'),
('1361', '0', 'en_old', 'placeholders', 'metaTtilePlaceHolder', 'Enter Meta Title', '2025-12-02 19:21:39', '2025-12-02 19:24:02'),
('1362', '0', 'en_old', 'placeholders', 'menuNamePlaceHolder', 'Add Menu Name', '2025-12-02 19:21:39', '2025-12-02 19:24:02'),
('1363', '0', 'en_old', 'placeholders', 'menuSlugPlaceHolder', 'Add Menu Slug', '2025-12-02 19:21:39', '2025-12-02 19:24:02'),
('1364', '0', 'en_old', 'placeholders', 'menuContentPlaceHolder', 'Add Menu Content', '2025-12-02 19:21:39', '2025-12-02 19:24:02'),
('1365', '0', 'en_old', 'placeholders', 'enterCustomAmountPlaceholder', 'Enter custom amount', '2025-12-02 19:21:39', '2025-12-02 19:24:02'),
('1366', '0', 'en_old', 'placeholders', 'addNotePlaceholder', 'Add a note with your tip...', '2025-12-02 19:21:39', '2025-12-02 19:24:02'),
('1367', '0', 'en_old', 'placeholders', 'addOrderNotesPlaceholder', 'Add order notes here...', '2025-12-02 19:21:39', '2025-12-02 19:24:02'),
('1368', '0', 'en_old', 'placeholders', 'enterExpenseCategoryName', 'Enter Category Name', '2025-12-02 19:21:39', '2025-12-02 19:24:02'),
('1369', '0', 'en_old', 'placeholders', 'enterExpenseCategoryDescription', 'Enter Category Description', '2025-12-02 19:21:39', '2025-12-02 19:24:02'),
('1370', '0', 'en_old', 'placeholders', 'addPrinterName', 'Add Printer Name', '2025-12-02 19:21:39', '2025-12-02 19:24:02'),
('1371', '0', 'en_old', 'placeholders', 'addPrinterSharedName', 'Add Printer Name', '2025-12-02 19:21:39', '2025-12-02 19:24:02'),
('1372', '0', 'en_old', 'placeholders', 'IpAddress', 'Add Printer IP Address', '2025-12-02 19:21:39', '2025-12-02 19:24:02'),
('1373', '0', 'en_old', 'placeholders', 'portAddress', 'Add Printer Port Address', '2025-12-02 19:21:39', '2025-12-02 19:24:02'),
('1374', '0', 'en_old', 'placeholders', 'ipv4Addres', 'Add Printer IPv4 Address', '2025-12-02 19:21:39', '2025-12-02 19:24:02'),
('1375', '0', 'en_old', 'placeholders', 'enterGoogleMapApiKey', 'Enter Google Map API Key e.g., AIzaSyD-xxxxxxxxxxxxxxxxx', '2025-12-02 19:21:39', '2025-12-02 19:24:02'),
('1376', '0', 'en_old', 'placeholders', 'enterPrivacyPolicyLink', 'Enter privacy policy URL e.g., https://yoursite.com/privacy-policy', '2025-12-02 19:21:39', '2025-12-02 19:24:02'),
('1377', '0', 'en_old', 'placeholders', 'addressLabelPlaceholder', 'e.g., home, office, etc.', '2025-12-02 19:21:39', '2025-12-02 19:24:02'),
('1378', '0', 'en_old', 'placeholders', 'addressPlaceholder', 'e.g., 123 Main St, City, Country', '2025-12-02 19:21:39', '2025-12-02 19:24:02'),
('1379', '0', 'en_old', 'placeholders', 'addItemNotesPlaceholder', 'Special Instructions? (e.g., no onions, extra spicy)', '2025-12-02 19:21:39', '2025-12-02 19:24:02'),
('1380', '0', 'en_old', 'placeholders', 'searchMenuOrCategory', 'Search menu or category here', '2025-12-02 19:21:39', '2025-12-02 19:24:02'),
('1381', '0', 'en_old', 'placeholders', 'addDeliveryTypeName', 'e.g., Express Delivery', '2025-12-02 19:21:39', '2025-12-02 19:24:02'),
('1382', '0', 'en_old', 'placeholders', 'addDeliveryTypeDescription', 'e.g., Fast delivery within 30 minutes', '2025-12-02 19:21:39', '2025-12-02 19:24:02'),
('1383', '0', 'en_old', 'placeholders', 'search', 'Search', '2025-12-02 19:21:39', '2025-12-02 19:24:02'),
('1384', '0', 'en_old', 'placeholders', 'searchModifierGroups', 'Search Modifier Groups...', '2025-12-02 19:21:39', '2025-12-02 19:24:02'),
('1385', '0', 'en_old', 'placeholders', 'headerTextPlaceHolder', 'Enter your custom header text here...', '2025-12-02 19:21:39', '2025-12-02 19:24:02'),
('1386', '0', 'en_old', 'placeholders', 'tableLockTimeoutPlaceholder', 'Enter timeout in minutes. Default is 10 minutes.', '2025-12-02 19:21:39', '2025-12-02 19:24:02'),
('1387', '0', 'en_old', 'placeholders', 'featureDescriptionPlaceHolder', 'Enter feature description here...', '2025-12-02 19:21:39', '2025-12-02 19:24:02'),
('1388', '0', 'en_old', 'placeholders', 'appNamePlaceHolder', 'e.g., Swiggy', '2025-12-02 19:21:39', '2025-12-02 19:24:02'),
('1389', '0', 'en_old', 'sidebar', 'dashboard', 'Dashboard', '2025-12-02 19:21:39', '2025-12-02 19:24:02'),
('1390', '0', 'en_old', 'sidebar', 'menu', 'Menu', '2025-12-02 19:21:39', '2025-12-02 19:24:02'),
('1391', '0', 'en_old', 'superadmin', 'menu', '{\"restaurants\":\"Restaurants\",\"superadmin\":\"SuperAdmin\"}', '2025-12-02 19:21:39', '2025-12-02 19:24:03'),
('1392', '0', 'en_old', 'superadmin', 'regenerateQrCode', 'Regenerate QR Codes', '2025-12-02 19:21:39', '2025-12-02 19:24:03'),
('1393', '0', 'en_old', 'superadmin', 'domainChanged', 'It seems you have changed the domain. You need to regenerate the qr codes so that qr codes can have new url', '2025-12-02 19:21:39', '2025-12-02 19:24:03'),
('1394', '0', 'en_old', 'superadmin', 'qrCodesRegenerated', 'QR Codes Regenerated for new domain', '2025-12-02 19:21:39', '2025-12-02 19:24:03'),
('1395', '0', 'en_old', 'superadmin', 'raiseSupportTicket', 'Raise Support Ticket', '2025-12-02 19:21:39', '2025-12-02 19:24:03'),
('1396', '0', 'en_old', 'superadmin', 'generateCredentials', 'Generate Credentials', '2025-12-02 19:21:39', '2025-12-02 19:24:03'),
('1397', '0', 'en_old', 'superadmin', 'pusherBeams', 'Pusher Beams (Browser Push Notification)', '2025-12-02 19:21:39', '2025-12-02 19:24:03'),
('1398', '0', 'en_old', 'superadmin', 'pusherChannels', 'Pusher Channels (Live Page Update)', '2025-12-02 19:21:39', '2025-12-02 19:24:03'),
('1399', '0', 'en_old', 'superadmin', 'pusherDashboard', 'Pusher Dashboard', '2025-12-02 19:21:39', '2025-12-02 19:24:03'),
('1400', '0', 'en_old', 'superadmin', 'pusherChannelsDescription', 'Configure Pusher Channels for real-time page updates (Laravel broadcasting).', '2025-12-02 19:21:39', '2025-12-02 19:24:03'),
('1401', '0', 'en_old', 'superadmin', 'pusherBeamsDescription', 'Configure Pusher Beams for browser push notifications.', '2025-12-02 19:21:39', '2025-12-02 19:24:03'),
('1402', '0', 'en_old', 'superadmin', 'desktopApplicationSettings', 'Desktop Application Settings', '2025-12-02 19:21:39', '2025-12-02 19:24:03'),
('1403', '0', 'en_old', 'superadmin', 'desktopApplicationSettingsDescription', 'Provide download URLs for Windows and Mac desktop applications.', '2025-12-02 19:21:39', '2025-12-02 19:24:03'),
('1404', '0', 'en_old', 'superadmin', 'desktopApplicationSettingsDescription2', '1. Empty the download field if you do not want your customers to download the application.', '2025-12-02 19:21:39', '2025-12-02 19:24:03'),
('1405', '0', 'en_old', 'superadmin', 'windowsApplication', 'Windows Application', '2025-12-02 19:21:39', '2025-12-02 19:24:03'),
('1406', '0', 'en_old', 'superadmin', 'downloadUrl', 'Download URL', '2025-12-02 19:21:39', '2025-12-02 19:24:03'),
('1407', '0', 'en_old', 'superadmin', 'resetToDefault', 'Reset to Default', '2025-12-02 19:21:39', '2025-12-02 19:24:03'),
('1408', '0', 'en_old', 'superadmin', 'downloadNow', 'Download Now', '2025-12-02 19:21:39', '2025-12-02 19:24:03'),
('1409', '0', 'en_old', 'superadmin', 'macApplication', 'Mac Application', '2025-12-02 19:21:39', '2025-12-02 19:24:03'),
('1410', '0', 'en_old', 'superadmin', 'linuxApplication', 'Linux Application', '2025-12-02 19:21:39', '2025-12-02 19:24:03'),
('1411', '0', 'en_old', 'superadmin', 'saveAllSettings', 'Save All Settings', '2025-12-02 19:21:39', '2025-12-02 19:24:03'),
('1412', '0', 'en_old', 'superadmin', 'saving', 'Saving...', '2025-12-02 19:21:39', '2025-12-02 19:24:03'),
('1413', '0', 'en_old', 'superadmin', 'desktopApplicationSettingsNote', 'Please note that the desktop application is currently in beta. Some features may not function as intended, and you may encounter unexpected issues or bugs. We appreciate your patience and feedback as we continue to improve the application. Feel free to try it out and let us know about your experience.', '2025-12-02 19:21:39', '2025-12-02 19:24:03'),
('1414', '0', 'en_old', 'superadmin', 'whiteLabelDesktopApp', 'White Label Desktop App (Printing App)', '2025-12-02 19:21:39', '2025-12-02 19:24:03'),
('1415', '0', 'en_old', 'superadmin', 'whiteLabelDesktopAppDescription', 'Get your own branded desktop printing application with your company name and logo.', '2025-12-02 19:21:39', '2025-12-02 19:24:03'),
('1416', '0', 'en_old', 'superadmin', 'whiteLabelFeatures', 'Features', '2025-12-02 19:21:39', '2025-12-02 19:24:03'),
('1417', '0', 'en_old', 'superadmin', 'whiteLabelFeature1', 'Custom branding with your company name and logo', '2025-12-02 19:21:39', '2025-12-02 19:24:03'),
('1418', '0', 'en_old', 'superadmin', 'whiteLabelFeature2', 'Personalized installer and application icons', '2025-12-02 19:21:39', '2025-12-02 19:24:03'),
('1419', '0', 'en_old', 'superadmin', 'whiteLabelFeature3', 'Custom splash screen and about dialog', '2025-12-02 19:21:39', '2025-12-02 19:24:03'),
('1420', '0', 'en_old', 'superadmin', 'whiteLabelFeature4', 'Dedicated support and updates', '2025-12-02 19:21:39', '2025-12-02 19:24:03'),
('1421', '0', 'en_old', 'superadmin', 'whiteLabelPricing', 'Pricing', '2025-12-02 19:21:39', '2025-12-02 19:24:03'),
('1422', '0', 'en_old', 'superadmin', 'whiteLabelPricingDescription', 'One-time payment includes customization, testing, and delivery', '2025-12-02 19:21:39', '2025-12-02 19:24:03'),
('1423', '0', 'en_old', 'superadmin', 'whiteLabelDelivery', 'Delivery', '2025-12-02 19:21:39', '2025-12-02 19:24:03'),
('1424', '0', 'en_old', 'superadmin', 'whiteLabelDeliveryDescription', 'Custom app delivered within 3-5 business days after approval', '2025-12-02 19:21:39', '2025-12-02 19:24:03'),
('1425', '0', 'en_old', 'superadmin', 'orderWhiteLabelApp', 'Order White Label Printing App', '2025-12-02 19:21:39', '2025-12-02 19:24:03'),
('1426', '0', 'en_old', 'superadmin', 'desktopAppRequired', 'Desktop Application Required', '2025-12-02 19:21:39', '2025-12-02 19:24:03'),
('1427', '0', 'en_old', 'superadmin', 'desktopAppRequiredDescription', 'The desktop application is required for direct printing functionality. Users must download and install the desktop app to enable thermal printer support.', '2025-12-02 19:21:39', '2025-12-02 19:24:03'),
('1428', '0', 'en_old', 'superadmin', 'desktopAppDemo', 'Desktop App Demo', '2025-12-02 19:21:39', '2025-12-02 19:24:03'),
('1429', '0', 'en_old', 'superadmin', 'desktopAppDemoDescription', 'Watch how the TableTrack desktop application works', '2025-12-02 19:21:39', '2025-12-02 19:24:03'),
('1430', '0', 'en_old', 'superadmin', 'desktopAppDemoLink', 'https://www.youtube.com/watch?v=KKla4E_e_tY', '2025-12-02 19:21:39', '2025-12-02 19:24:03'),
('1431', '0', 'en_old', 'superadmin', 'desktopAppDemoLinkText', 'Watch Demo on YouTube', '2025-12-02 19:21:39', '2025-12-02 19:24:03'),
('1432', '0', 'en_old', 'validation', 'accepted', 'The :attribute field must be accepted.', '2025-12-02 19:21:39', '2025-12-02 19:24:03'),
('1433', '0', 'en_old', 'validation', 'accepted_if', 'The :attribute field must be accepted when :other is :value.', '2025-12-02 19:21:39', '2025-12-02 19:24:03'),
('1434', '0', 'en_old', 'validation', 'active_url', 'The :attribute field must be a valid URL.', '2025-12-02 19:21:39', '2025-12-02 19:24:03'),
('1435', '0', 'en_old', 'validation', 'after', 'The :attribute field must be a date after :date.', '2025-12-02 19:21:39', '2025-12-02 19:24:03'),
('1436', '0', 'en_old', 'validation', 'after_or_equal', 'The :attribute field must be a date after or equal to :date.', '2025-12-02 19:21:39', '2025-12-02 19:24:03'),
('1437', '0', 'en_old', 'validation', 'alpha', 'The :attribute field must only contain letters.', '2025-12-02 19:21:39', '2025-12-02 19:24:03'),
('1438', '0', 'en_old', 'validation', 'alpha_dash', 'The :attribute field must only contain letters, numbers, dashes, and underscores.', '2025-12-02 19:21:39', '2025-12-02 19:24:03'),
('1439', '0', 'en_old', 'validation', 'alpha_num', 'The :attribute field must only contain letters and numbers.', '2025-12-02 19:21:39', '2025-12-02 19:24:03'),
('1440', '0', 'en_old', 'validation', 'array', 'The :attribute field must be an array.', '2025-12-02 19:21:39', '2025-12-02 19:24:03'),
('1441', '0', 'en_old', 'validation', 'ascii', 'The :attribute field must only contain single-byte alphanumeric characters and symbols.', '2025-12-02 19:21:39', '2025-12-02 19:24:03'),
('1442', '0', 'en_old', 'validation', 'before', 'The :attribute field must be a date before :date.', '2025-12-02 19:21:39', '2025-12-02 19:24:03'),
('1443', '0', 'en_old', 'validation', 'before_or_equal', 'The :attribute field must be a date before or equal to :date.', '2025-12-02 19:21:39', '2025-12-02 19:24:03'),
('1444', '0', 'en_old', 'validation', 'between', '{\"array\":\"The :attribute field must have between :min and :max items.\",\"file\":\"The :attribute field must be between :min and :max kilobytes.\",\"numeric\":\"The :attribute field must be between :min and :max.\",\"string\":\"The :attribute field must be between :min and :max characters.\"}', '2025-12-02 19:21:39', '2025-12-02 19:24:03'),
('1445', '0', 'en_old', 'validation', 'boolean', 'The :attribute field must be true or false.', '2025-12-02 19:21:39', '2025-12-02 19:24:03'),
('1446', '0', 'en_old', 'validation', 'can', 'The :attribute field contains an unauthorized value.', '2025-12-02 19:21:39', '2025-12-02 19:24:03'),
('1447', '0', 'en_old', 'validation', 'confirmed', 'The :attribute field confirmation does not match.', '2025-12-02 19:21:39', '2025-12-02 19:24:03'),
('1448', '0', 'en_old', 'validation', 'contains', 'The :attribute field is missing a required value.', '2025-12-02 19:21:39', '2025-12-02 19:24:03'),
('1449', '0', 'en_old', 'validation', 'current_password', 'The password is incorrect.', '2025-12-02 19:21:39', '2025-12-02 19:24:03'),
('1450', '0', 'en_old', 'validation', 'date', 'The :attribute field must be a valid date.', '2025-12-02 19:21:39', '2025-12-02 19:24:03'),
('1451', '0', 'en_old', 'validation', 'date_equals', 'The :attribute field must be a date equal to :date.', '2025-12-02 19:21:39', '2025-12-02 19:24:03'),
('1452', '0', 'en_old', 'validation', 'date_format', 'The :attribute field must match the format :format.', '2025-12-02 19:21:39', '2025-12-02 19:24:03'),
('1453', '0', 'en_old', 'validation', 'decimal', 'The :attribute field must have :decimal decimal places.', '2025-12-02 19:21:39', '2025-12-02 19:24:03'),
('1454', '0', 'en_old', 'validation', 'declined', 'The :attribute field must be declined.', '2025-12-02 19:21:39', '2025-12-02 19:24:03'),
('1455', '0', 'en_old', 'validation', 'declined_if', 'The :attribute field must be declined when :other is :value.', '2025-12-02 19:21:39', '2025-12-02 19:24:03'),
('1456', '0', 'en_old', 'validation', 'different', 'The :attribute field and :other must be different.', '2025-12-02 19:21:39', '2025-12-02 19:24:03'),
('1457', '0', 'en_old', 'validation', 'digits', 'The :attribute field must be :digits digits.', '2025-12-02 19:21:39', '2025-12-02 19:24:03'),
('1458', '0', 'en_old', 'validation', 'digits_between', 'The :attribute field must be between :min and :max digits.', '2025-12-02 19:21:39', '2025-12-02 19:24:03'),
('1459', '0', 'en_old', 'validation', 'dimensions', 'The :attribute field has invalid image dimensions.', '2025-12-02 19:21:39', '2025-12-02 19:24:03'),
('1460', '0', 'en_old', 'validation', 'distinct', 'The :attribute field has a duplicate value.', '2025-12-02 19:21:39', '2025-12-02 19:24:03'),
('1461', '0', 'en_old', 'validation', 'doesnt_end_with', 'The :attribute field must not end with one of the following: :values.', '2025-12-02 19:21:39', '2025-12-02 19:24:03'),
('1462', '0', 'en_old', 'validation', 'doesnt_start_with', 'The :attribute field must not start with one of the following: :values.', '2025-12-02 19:21:39', '2025-12-02 19:24:03'),
('1463', '0', 'en_old', 'validation', 'email', 'The :attribute field must be a valid email address.', '2025-12-02 19:21:39', '2025-12-02 19:24:03'),
('1464', '0', 'en_old', 'validation', 'ends_with', 'The :attribute field must end with one of the following: :values.', '2025-12-02 19:21:39', '2025-12-02 19:24:03'),
('1465', '0', 'en_old', 'validation', 'enum', 'The selected :attribute is invalid.', '2025-12-02 19:21:39', '2025-12-02 19:24:03'),
('1466', '0', 'en_old', 'validation', 'exists', 'The selected :attribute is invalid.', '2025-12-02 19:21:39', '2025-12-02 19:24:03'),
('1467', '0', 'en_old', 'validation', 'extensions', 'The :attribute field must have one of the following extensions: :values.', '2025-12-02 19:21:39', '2025-12-02 19:24:03'),
('1468', '0', 'en_old', 'validation', 'file', 'The :attribute field must be a file.', '2025-12-02 19:21:39', '2025-12-02 19:24:03'),
('1469', '0', 'en_old', 'validation', 'filled', 'The :attribute field must have a value.', '2025-12-02 19:21:39', '2025-12-02 19:24:03'),
('1470', '0', 'en_old', 'validation', 'gt', '{\"array\":\"The :attribute field must have more than :value items.\",\"file\":\"The :attribute field must be greater than :value kilobytes.\",\"numeric\":\"The :attribute field must be greater than :value.\",\"string\":\"The :attribute field must be greater than :value characters.\"}', '2025-12-02 19:21:39', '2025-12-02 19:24:03'),
('1471', '0', 'en_old', 'validation', 'gte', '{\"array\":\"The :attribute field must have :value items or more.\",\"file\":\"The :attribute field must be greater than or equal to :value kilobytes.\",\"numeric\":\"The :attribute field must be greater than or equal to :value.\",\"string\":\"The :attribute field must be greater than or equal to :value characters.\"}', '2025-12-02 19:21:39', '2025-12-02 19:24:03'),
('1472', '0', 'en_old', 'validation', 'hex_color', 'The :attribute field must be a valid hexadecimal color.', '2025-12-02 19:21:39', '2025-12-02 19:24:03'),
('1473', '0', 'en_old', 'validation', 'image', 'The :attribute field must be an image.', '2025-12-02 19:21:39', '2025-12-02 19:24:03'),
('1474', '0', 'en_old', 'validation', 'in', 'The selected :attribute is invalid.', '2025-12-02 19:21:39', '2025-12-02 19:24:03'),
('1475', '0', 'en_old', 'validation', 'in_array', 'The :attribute field must exist in :other.', '2025-12-02 19:21:39', '2025-12-02 19:24:03'),
('1476', '0', 'en_old', 'validation', 'integer', 'The :attribute field must be an integer.', '2025-12-02 19:21:39', '2025-12-02 19:24:03'),
('1477', '0', 'en_old', 'validation', 'ip', 'The :attribute field must be a valid IP address.', '2025-12-02 19:21:39', '2025-12-02 19:24:03'),
('1478', '0', 'en_old', 'validation', 'ipv4', 'The :attribute field must be a valid IPv4 address.', '2025-12-02 19:21:39', '2025-12-02 19:24:03'),
('1479', '0', 'en_old', 'validation', 'ipv6', 'The :attribute field must be a valid IPv6 address.', '2025-12-02 19:21:39', '2025-12-02 19:24:03'),
('1480', '0', 'en_old', 'validation', 'json', 'The :attribute field must be a valid JSON string.', '2025-12-02 19:21:39', '2025-12-02 19:24:03'),
('1481', '0', 'en_old', 'validation', 'list', 'The :attribute field must be a list.', '2025-12-02 19:21:39', '2025-12-02 19:24:03'),
('1482', '0', 'en_old', 'validation', 'lowercase', 'The :attribute field must be lowercase.', '2025-12-02 19:21:39', '2025-12-02 19:24:03'),
('1483', '0', 'en_old', 'validation', 'lt', '{\"array\":\"The :attribute field must have less than :value items.\",\"file\":\"The :attribute field must be less than :value kilobytes.\",\"numeric\":\"The :attribute field must be less than :value.\",\"string\":\"The :attribute field must be less than :value characters.\"}', '2025-12-02 19:21:39', '2025-12-02 19:24:03'),
