-- Table structure for table `menu_item_prices`
CREATE TABLE `menu_item_prices` (
  `id` bigint(20) unsigned NOT NULL AUTO_INCREMENT,
  `menu_item_id` bigint(20) unsigned NOT NULL,
  `order_type_id` bigint(20) unsigned NOT NULL,
  `delivery_app_id` bigint(20) unsigned DEFAULT NULL,
  `menu_item_variation_id` bigint(20) unsigned DEFAULT NULL,
  `calculated_price` decimal(16,2) NOT NULL,
  `override_price` decimal(16,2) DEFAULT NULL,
  `final_price` decimal(16,2) NOT NULL DEFAULT 0.00,
  `status` tinyint(1) NOT NULL DEFAULT 1,
  `created_at` timestamp NULL DEFAULT NULL,
  `updated_at` timestamp NULL DEFAULT NULL,
  PRIMARY KEY (`id`),
  KEY `menu_item_prices_menu_item_id_foreign` (`menu_item_id`),
  KEY `menu_item_prices_order_type_id_foreign` (`order_type_id`),
  KEY `menu_item_prices_delivery_app_id_foreign` (`delivery_app_id`),
  KEY `menu_item_prices_menu_item_variation_id_foreign` (`menu_item_variation_id`),
  CONSTRAINT `menu_item_prices_delivery_app_id_foreign` FOREIGN KEY (`delivery_app_id`) REFERENCES `delivery_platforms` (`id`) ON DELETE CASCADE ON UPDATE CASCADE,
  CONSTRAINT `menu_item_prices_menu_item_id_foreign` FOREIGN KEY (`menu_item_id`) REFERENCES `menu_items` (`id`) ON DELETE CASCADE ON UPDATE CASCADE,
  CONSTRAINT `menu_item_prices_menu_item_variation_id_foreign` FOREIGN KEY (`menu_item_variation_id`) REFERENCES `menu_item_variations` (`id`) ON DELETE CASCADE ON UPDATE CASCADE,
  CONSTRAINT `menu_item_prices_order_type_id_foreign` FOREIGN KEY (`order_type_id`) REFERENCES `order_types` (`id`) ON DELETE CASCADE ON UPDATE CASCADE
) ENGINE=InnoDB AUTO_INCREMENT=300 DEFAULT CHARSET=utf8mb4 COLLATE=utf8mb4_unicode_ci;

-- Dumping data for table `menu_item_prices`
INSERT INTO `menu_item_prices` VALUES
('1', '509', '13', NULL, '11', '10.00', NULL, '10.00', '1', '2025-10-24 20:19:12', '2025-10-24 20:19:12'),
('2', '509', '14', NULL, '11', '10.00', NULL, '10.00', '1', '2025-10-24 20:19:12', '2025-10-24 20:19:12'),
('3', '509', '15', NULL, '11', '10.00', NULL, '10.00', '1', '2025-10-24 20:19:12', '2025-10-24 20:19:12'),
('4', '509', '14', '1', '11', '10.00', NULL, '12.00', '1', '2025-10-24 20:19:12', '2025-10-24 20:19:12'),
('5', '509', '13', NULL, '12', '15.00', NULL, '15.00', '1', '2025-10-24 20:19:12', '2025-10-24 20:19:12'),
('6', '509', '14', NULL, '12', '15.00', NULL, '15.00', '1', '2025-10-24 20:19:12', '2025-10-24 20:19:12'),
('7', '509', '15', NULL, '12', '15.00', NULL, '15.00', '1', '2025-10-24 20:19:12', '2025-10-24 20:19:12'),
('8', '509', '14', '1', '12', '15.00', NULL, '18.00', '1', '2025-10-24 20:19:12', '2025-10-24 20:19:12'),
('9', '509', '13', NULL, '13', '20.00', NULL, '20.00', '1', '2025-10-24 20:19:12', '2025-10-24 20:19:12'),
('10', '509', '14', NULL, '13', '20.00', NULL, '20.00', '1', '2025-10-24 20:19:12', '2025-10-24 20:19:12'),
('11', '509', '15', NULL, '13', '20.00', NULL, '20.00', '1', '2025-10-24 20:19:12', '2025-10-24 20:19:12'),
('12', '509', '14', '1', '13', '20.00', NULL, '24.00', '1', '2025-10-24 20:19:12', '2025-10-24 20:19:12'),
('23', '510', '13', NULL, '14', '120.00', NULL, '120.00', '1', '2025-11-17 18:37:53', '2025-11-17 18:37:53'),
('24', '510', '14', NULL, '14', '120.00', NULL, '120.00', '1', '2025-11-17 18:37:53', '2025-11-17 18:37:53'),
('25', '510', '15', NULL, '14', '120.00', NULL, '120.00', '1', '2025-11-17 18:37:53', '2025-11-17 18:37:53'),
('26', '510', '14', '1', '14', '120.00', NULL, '144.00', '1', '2025-11-17 18:37:53', '2025-11-17 18:37:53'),
('27', '510', '14', '2', '14', '120.00', NULL, '144.00', '1', '2025-11-17 18:37:53', '2025-11-17 18:37:53'),
('28', '510', '13', NULL, '15', '180.00', NULL, '180.00', '1', '2025-11-17 18:37:53', '2025-11-17 18:37:53'),
('29', '510', '14', NULL, '15', '200.00', NULL, '200.00', '1', '2025-11-17 18:37:53', '2025-11-17 18:37:53'),
('30', '510', '15', NULL, '15', '200.00', NULL, '200.00', '1', '2025-11-17 18:37:53', '2025-11-17 18:37:53'),
('31', '510', '14', '1', '15', '200.00', NULL, '240.00', '1', '2025-11-17 18:37:53', '2025-11-17 18:37:53'),
('32', '510', '14', '2', '15', '200.00', NULL, '240.00', '1', '2025-11-17 18:37:53', '2025-11-17 18:37:53'),
('33', '652', '79', NULL, NULL, '50.00', NULL, '50.00', '1', '2025-11-26 14:01:49', '2025-11-26 14:01:49'),
('34', '652', '80', NULL, NULL, '50.00', NULL, '50.00', '1', '2025-11-26 14:01:49', '2025-11-26 14:01:49'),
('35', '652', '81', NULL, NULL, '50.00', NULL, '50.00', '1', '2025-11-26 14:01:49', '2025-11-26 14:01:49'),
('44', '653', '79', NULL, NULL, '100.00', NULL, '100.00', '1', '2025-11-26 15:26:35', '2025-11-26 15:26:35'),
('45', '653', '80', NULL, NULL, '100.00', NULL, '100.00', '1', '2025-11-26 15:26:35', '2025-11-26 15:26:35'),
('46', '653', '81', NULL, NULL, '100.00', NULL, '100.00', '1', '2025-11-26 15:26:35', '2025-11-26 15:26:35'),
('72', '642', '13', NULL, NULL, '250.00', NULL, '250.00', '1', '2025-11-26 17:40:10', '2025-11-26 17:40:10'),
('73', '642', '14', NULL, NULL, '250.00', NULL, '250.00', '1', '2025-11-26 17:40:10', '2025-11-26 17:40:10'),
('74', '642', '15', NULL, NULL, '250.00', NULL, '250.00', '1', '2025-11-26 17:40:10', '2025-11-26 17:40:10'),
('75', '642', '14', '1', NULL, '250.00', NULL, '300.00', '1', '2025-11-26 17:40:10', '2025-11-26 17:40:10'),
('76', '642', '14', '2', NULL, '250.00', NULL, '300.00', '1', '2025-11-26 17:40:10', '2025-11-26 17:40:10'),
('152', '503', '13', NULL, '1', '130.00', NULL, '130.00', '1', '2025-11-28 15:36:35', '2025-11-28 15:36:35'),
('153', '503', '14', NULL, '1', '130.00', NULL, '130.00', '1', '2025-11-28 15:36:35', '2025-11-28 15:36:35'),
('154', '503', '15', NULL, '1', '130.00', NULL, '130.00', '1', '2025-11-28 15:36:35', '2025-11-28 15:36:35'),
('155', '503', '14', '1', '1', '130.00', NULL, '156.00', '1', '2025-11-28 15:36:35', '2025-11-28 15:36:35'),
('156', '503', '14', '2', '1', '130.00', NULL, '156.00', '1', '2025-11-28 15:36:35', '2025-11-28 15:36:35'),
('157', '503', '13', NULL, '2', '250.00', NULL, '250.00', '1', '2025-11-28 15:36:35', '2025-11-28 15:36:35'),
('158', '503', '14', NULL, '2', '250.00', NULL, '250.00', '1', '2025-11-28 15:36:35', '2025-11-28 15:36:35'),
('159', '503', '15', NULL, '2', '250.00', NULL, '250.00', '1', '2025-11-28 15:36:35', '2025-11-28 15:36:35'),
('160', '503', '14', '1', '2', '250.00', NULL, '300.00', '1', '2025-11-28 15:36:35', '2025-11-28 15:36:35'),
('161', '503', '14', '2', '2', '250.00', NULL, '300.00', '1', '2025-11-28 15:36:35', '2025-11-28 15:36:35'),
('162', '503', '13', NULL, '3', '400.00', NULL, '400.00', '1', '2025-11-28 15:36:35', '2025-11-28 15:36:35'),
('163', '503', '14', NULL, '3', '400.00', NULL, '400.00', '1', '2025-11-28 15:36:35', '2025-11-28 15:36:35'),
('164', '503', '15', NULL, '3', '400.00', NULL, '400.00', '1', '2025-11-28 15:36:35', '2025-11-28 15:36:35'),
('165', '503', '14', '1', '3', '400.00', NULL, '480.00', '1', '2025-11-28 15:36:35', '2025-11-28 15:36:35'),
('166', '503', '14', '2', '3', '400.00', NULL, '480.00', '1', '2025-11-28 15:36:35', '2025-11-28 15:36:35'),
('212', '650', '13', NULL, NULL, '100.00', NULL, '100.00', '1', '2025-11-28 15:57:59', '2025-11-28 15:57:59'),
('213', '650', '14', NULL, NULL, '100.00', NULL, '100.00', '1', '2025-11-28 15:57:59', '2025-11-28 15:57:59'),
('214', '650', '15', NULL, NULL, '100.00', NULL, '100.00', '1', '2025-11-28 15:57:59', '2025-11-28 15:57:59'),
('215', '650', '14', '1', NULL, '100.00', NULL, '120.00', '1', '2025-11-28 15:57:59', '2025-11-28 15:57:59'),
('216', '650', '14', '2', NULL, '100.00', NULL, '120.00', '1', '2025-11-28 15:57:59', '2025-11-28 15:57:59'),
('232', '641', '13', NULL, NULL, '250.00', NULL, '250.00', '1', '2025-11-28 16:03:14', '2025-11-28 16:03:14'),
('233', '641', '14', NULL, NULL, '250.00', NULL, '250.00', '1', '2025-11-28 16:03:14', '2025-11-28 16:03:14'),
('234', '641', '15', NULL, NULL, '250.00', NULL, '250.00', '1', '2025-11-28 16:03:14', '2025-11-28 16:03:14'),
('235', '641', '14', '1', NULL, '250.00', NULL, '300.00', '1', '2025-11-28 16:03:14', '2025-11-28 16:03:14'),
('236', '641', '14', '2', NULL, '250.00', NULL, '300.00', '1', '2025-11-28 16:03:14', '2025-11-28 16:03:14'),
('237', '649', '13', NULL, NULL, '275.00', NULL, '275.00', '1', '2025-11-28 16:03:41', '2025-11-28 16:03:41'),
('238', '649', '14', NULL, NULL, '275.00', NULL, '275.00', '1', '2025-11-28 16:03:41', '2025-11-28 16:03:41'),
('239', '649', '15', NULL, NULL, '275.00', NULL, '275.00', '1', '2025-11-28 16:03:41', '2025-11-28 16:03:41'),
('240', '649', '14', '1', NULL, '275.00', NULL, '330.00', '1', '2025-11-28 16:03:41', '2025-11-28 16:03:41'),
('241', '649', '14', '2', NULL, '275.00', NULL, '330.00', '1', '2025-11-28 16:03:41', '2025-11-28 16:03:41'),
('262', '644', '13', NULL, NULL, '250.00', NULL, '250.00', '1', '2025-11-28 16:04:39', '2025-11-28 16:04:39'),
('263', '644', '14', NULL, NULL, '250.00', NULL, '250.00', '1', '2025-11-28 16:04:39', '2025-11-28 16:04:39'),
('264', '644', '15', NULL, NULL, '250.00', NULL, '250.00', '1', '2025-11-28 16:04:39', '2025-11-28 16:04:39'),
('265', '644', '14', '1', NULL, '250.00', NULL, '300.00', '1', '2025-11-28 16:04:39', '2025-11-28 16:04:39'),
('266', '644', '14', '2', NULL, '250.00', NULL, '300.00', '1', '2025-11-28 16:04:39', '2025-11-28 16:04:39'),
('267', '647', '13', NULL, NULL, '250.00', NULL, '250.00', '1', '2025-11-28 16:09:44', '2025-11-28 16:09:44'),
('268', '647', '14', NULL, NULL, '250.00', NULL, '250.00', '1', '2025-11-28 16:09:44', '2025-11-28 16:09:44'),
('269', '647', '15', NULL, NULL, '250.00', NULL, '250.00', '1', '2025-11-28 16:09:44', '2025-11-28 16:09:44'),
('270', '647', '14', '1', NULL, '250.00', NULL, '300.00', '1', '2025-11-28 16:09:44', '2025-11-28 16:09:44'),
('271', '647', '14', '2', NULL, '250.00', NULL, '300.00', '1', '2025-11-28 16:09:44', '2025-11-28 16:09:44'),
('272', '648', '13', NULL, NULL, '275.00', NULL, '275.00', '1', '2025-11-28 16:12:54', '2025-11-28 16:12:54'),
('273', '648', '14', NULL, NULL, '275.00', NULL, '275.00', '1', '2025-11-28 16:12:54', '2025-11-28 16:12:54'),
('274', '648', '15', NULL, NULL, '275.00', NULL, '275.00', '1', '2025-11-28 16:12:54', '2025-11-28 16:12:54'),
('275', '648', '14', '1', NULL, '275.00', NULL, '330.00', '1', '2025-11-28 16:12:54', '2025-11-28 16:12:54'),
('276', '648', '14', '2', NULL, '275.00', NULL, '330.00', '1', '2025-11-28 16:12:54', '2025-11-28 16:12:54'),
('277', '643', '13', NULL, NULL, '250.00', NULL, '250.00', '1', '2025-11-28 16:13:22', '2025-11-28 16:13:22'),
('278', '643', '14', NULL, NULL, '250.00', NULL, '250.00', '1', '2025-11-28 16:13:22', '2025-11-28 16:13:22'),
('279', '643', '15', NULL, NULL, '250.00', NULL, '250.00', '1', '2025-11-28 16:13:22', '2025-11-28 16:13:22'),
('280', '643', '14', '1', NULL, '250.00', NULL, '300.00', '1', '2025-11-28 16:13:22', '2025-11-28 16:13:22'),
('281', '643', '14', '2', NULL, '250.00', NULL, '300.00', '1', '2025-11-28 16:13:22', '2025-11-28 16:13:22'),
('282', '508', '13', NULL, NULL, '90.00', NULL, '90.00', '1', '2025-11-28 16:55:45', '2025-11-28 16:55:45'),
('283', '508', '14', NULL, NULL, '90.00', NULL, '90.00', '1', '2025-11-28 16:55:45', '2025-11-28 16:55:45'),
('284', '508', '15', NULL, NULL, '90.00', NULL, '90.00', '1', '2025-11-28 16:55:45', '2025-11-28 16:55:45'),
('285', '508', '14', '1', NULL, '90.00', NULL, '108.00', '1', '2025-11-28 16:55:45', '2025-11-28 16:55:45'),
('286', '508', '14', '2', NULL, '90.00', NULL, '108.00', '1', '2025-11-28 16:55:45', '2025-11-28 16:55:45'),
('292', '651', '13', NULL, NULL, '120.00', NULL, '120.00', '1', '2025-12-05 14:35:59', '2025-12-05 14:35:59'),
('293', '651', '14', NULL, NULL, '120.00', NULL, '120.00', '1', '2025-12-05 14:35:59', '2025-12-05 14:35:59'),
('294', '651', '15', NULL, NULL, '120.00', NULL, '120.00', '1', '2025-12-05 14:35:59', '2025-12-05 14:35:59'),
('295', '651', '14', '1', NULL, '120.00', NULL, '144.00', '1', '2025-12-05 14:35:59', '2025-12-05 14:35:59'),
('296', '651', '14', '2', NULL, '120.00', NULL, '144.00', '1', '2025-12-05 14:35:59', '2025-12-05 14:35:59'),
('297', '761', '94', NULL, NULL, '18.00', NULL, '18.00', '1', '2025-12-30 21:41:58', '2025-12-30 21:41:58'),
('298', '761', '95', NULL, NULL, '25.00', NULL, '25.00', '1', '2025-12-30 21:41:58', '2025-12-30 21:41:58'),
('299', '761', '96', NULL, NULL, '18.00', NULL, '18.00', '1', '2025-12-30 21:41:58', '2025-12-30 21:41:58');


-- Table structure for table `menu_item_tax`
CREATE TABLE `menu_item_tax` (
  `id` bigint(20) unsigned NOT NULL AUTO_INCREMENT,
  `menu_item_id` bigint(20) unsigned NOT NULL,
  `tax_id` bigint(20) unsigned NOT NULL,
  PRIMARY KEY (`id`),
  KEY `menu_item_tax_menu_item_id_foreign` (`menu_item_id`),
  KEY `menu_item_tax_tax_id_foreign` (`tax_id`),
  CONSTRAINT `menu_item_tax_menu_item_id_foreign` FOREIGN KEY (`menu_item_id`) REFERENCES `menu_items` (`id`) ON DELETE CASCADE ON UPDATE CASCADE,
  CONSTRAINT `menu_item_tax_tax_id_foreign` FOREIGN KEY (`tax_id`) REFERENCES `taxes` (`id`) ON DELETE CASCADE
) ENGINE=InnoDB DEFAULT CHARSET=utf8mb4 COLLATE=utf8mb4_unicode_ci;


-- Table structure for table `menu_item_translations`
CREATE TABLE `menu_item_translations` (
  `id` bigint(20) unsigned NOT NULL AUTO_INCREMENT,
  `menu_item_id` bigint(20) unsigned NOT NULL,
  `locale` varchar(191) NOT NULL,
  `item_name` varchar(191) NOT NULL,
  `description` text DEFAULT NULL,
  PRIMARY KEY (`id`),
  UNIQUE KEY `menu_item_translations_menu_item_id_locale_unique` (`menu_item_id`,`locale`),
  KEY `menu_item_translations_locale_index` (`locale`),
  CONSTRAINT `menu_item_translations_menu_item_id_foreign` FOREIGN KEY (`menu_item_id`) REFERENCES `menu_items` (`id`) ON DELETE CASCADE
) ENGINE=InnoDB AUTO_INCREMENT=29 DEFAULT CHARSET=utf8mb4 COLLATE=utf8mb4_unicode_ci;

-- Dumping data for table `menu_item_translations`
INSERT INTO `menu_item_translations` VALUES
('1', '501', 'en', 'Margherita Pizza', NULL),
('3', '503', 'en', 'Butter Chicken', 'Rich creamy chicken curry with butter and spices.'),
('4', '504', 'en', 'Paneer Butter Masala', 'Paneer cubes cooked in buttery tomato gravy.'),
('5', '505', 'en', 'Dal Makhani', 'Black lentils simmered overnight with cream.'),
('6', '506', 'en', 'Rogan Josh', 'Spicy lamb curry from Kashmir.'),
('7', '507', 'en', 'Pani Puri', 'Crispy puris filled with tangy spiced water.'),
('8', '508', 'en', 'Aloo Tikki Chaat', 'Crispy potato patties topped with chutneys.'),
('9', '509', 'en', 'Fresh Croissant', 'Test description for Fresh Croissant'),
('10', '510', 'en', 'Butternut Squash Soup', 'Creamy roasted butternut squash, herb oil, served with multigrain toast'),
('11', '652', 'en', 'Idli', 'Idli'),
('12', '653', 'en', 'paratha', 'paratha'),
('13', '651', 'en', 'Ice bucket', 'Ice bucket'),
('14', '642', 'en', 'Virgin Sangria', 'Non-alcoholic sangria'),
('15', '650', 'en', 'Aerated Beverages', 'Coke, Fanta, Sprite or Diet soda'),
('16', '649', 'en', 'Pineapple Mint Cooler', 'Pineapple and mint cooler'),
('17', '641', 'en', 'Virgin Mojito', 'Non-alcoholic mojito'),
('18', '648', 'en', 'Virgin Pina Colada', 'Pina colada mocktail'),
('19', '644', 'en', 'Fizzy Orange', 'Carbonated orange drink'),
('20', '647', 'en', 'Spicy Grande', 'Spicy mocktail'),
('21', '643', 'en', 'Lemonade', 'Fresh lemonade'),
('22', '759', 'en', 'All dressed Pizza', 'A classic pizza topped with a perfect mix of pepperoni, mushrooms, and green peppers, layered over rich tomato sauce and melted mozzarella cheese. Savory, hearty, and well-balanced, it’s a timeless favorite that delivers bold flavor in every bite.'),
('23', '759', 'fr', 'All dressed Pizza', 'A classic pizza topped with a perfect mix of pepperoni, mushrooms, and green peppers, layered over rich tomato sauce and melted mozzarella cheese. Savory, hearty, and well-balanced, it’s a timeless favorite that delivers bold flavor in every bite.'),
('24', '760', 'en', 'Sub-Marin', 'A classic pizza topped with a perfect mix of pepperoni, mushrooms, and green peppers, layered over rich tomato sauce and melted mozzarella cheese. Savory, hearty, and well-balanced, it’s a timeless favorite that delivers bold flavor in every bite.'),
('25', '760', 'fr', 'Sous-Marins', 'A classic pizza topped with a perfect mix of pepperoni, mushrooms, and green peppers, layered over rich tomato sauce and melted mozzarella cheese. Savory, hearty, and well-balanced, it’s a timeless favorite that delivers bold flavor in every bite.'),
('26', '761', 'en', 'White Rice', 'Basmalti White Rice'),
('27', '761', 'fr', 'White Rice', 'Basmalti White Rice'),
('28', '762', 'en', 'Chivas Regal 12 Years', NULL);


-- Table structure for table `menu_item_variations`
CREATE TABLE `menu_item_variations` (
  `id` bigint(20) unsigned NOT NULL AUTO_INCREMENT,
  `variation` varchar(191) NOT NULL,
  `price` decimal(16,2) NOT NULL,
  `menu_item_id` bigint(20) unsigned NOT NULL,
  `created_at` timestamp NULL DEFAULT NULL,
  `updated_at` timestamp NULL DEFAULT NULL,
  PRIMARY KEY (`id`),
  KEY `menu_item_variations_menu_item_id_foreign` (`menu_item_id`),
  CONSTRAINT `menu_item_variations_menu_item_id_foreign` FOREIGN KEY (`menu_item_id`) REFERENCES `menu_items` (`id`) ON DELETE CASCADE ON UPDATE CASCADE
) ENGINE=InnoDB AUTO_INCREMENT=25 DEFAULT CHARSET=utf8mb4 COLLATE=utf8mb4_unicode_ci;

-- Dumping data for table `menu_item_variations`
INSERT INTO `menu_item_variations` VALUES
('1', 'Small', '130.00', '503', '2025-10-08 14:17:24', '2025-11-28 15:36:35'),
('2', 'Half', '250.00', '503', '2025-10-08 14:17:24', '2025-11-28 15:36:35'),
('3', 'Full', '400.00', '503', '2025-10-08 14:17:24', '2025-11-28 15:36:35'),
('4', 'Small', '120.00', '504', '2025-10-08 14:18:17', '2025-10-08 14:18:17'),
('5', 'Half', '210.00', '504', '2025-10-08 14:18:17', '2025-10-08 14:18:17'),
('6', 'Full', '400.00', '504', '2025-10-08 14:18:17', '2025-10-08 14:18:17'),
('7', 'Half', '110.00', '505', '2025-10-08 14:19:15', '2025-10-08 14:19:15'),
('8', 'Full', '200.00', '505', '2025-10-08 14:19:15', '2025-10-08 14:19:15'),
('9', 'Half', '300.00', '506', '2025-10-08 14:20:17', '2025-10-08 14:20:17'),
('10', 'Full', '500.00', '506', '2025-10-08 14:20:17', '2025-10-08 14:20:17'),
('11', 'Small', '10.00', '509', '2025-10-24 20:19:12', '2025-10-24 20:19:12'),
('12', 'Medium', '15.00', '509', '2025-10-24 20:19:12', '2025-10-24 20:19:12'),
('13', 'Full', '20.00', '509', '2025-10-24 20:19:12', '2025-10-24 20:19:12'),
('14', 'Small', '120.00', '510', '2025-10-25 18:29:58', '2025-11-17 18:37:53'),
('15', 'Full', '200.00', '510', '2025-10-25 18:29:58', '2025-11-17 18:37:53'),
('16', 'Small', '12.00', '759', '2025-12-29 01:10:46', '2025-12-29 01:10:46'),
('17', 'Medium', '15.00', '759', '2025-12-29 01:10:46', '2025-12-29 01:10:46'),
('18', 'Large', '20.00', '759', '2025-12-29 01:10:46', '2025-12-29 01:10:46'),
('19', 'Extra Large', '24.00', '759', '2025-12-29 01:10:46', '2025-12-29 01:10:46'),
('20', '6 pouces', '8.00', '760', '2025-12-29 01:15:30', '2025-12-29 01:15:30'),
('21', '12 pouces', '13.00', '760', '2025-12-29 01:15:30', '2025-12-29 01:15:30'),
('22', '5 Ml', '10.00', '762', '2026-01-22 10:28:50', '2026-01-22 10:28:50'),
('23', '15 Ml', '20.00', '762', '2026-01-22 10:28:50', '2026-01-22 10:28:50'),
('24', '30 Ml', '32.00', '762', '2026-01-22 10:28:50', '2026-01-22 10:28:50');


-- Table structure for table `menu_items`
CREATE TABLE `menu_items` (
  `id` bigint(20) unsigned NOT NULL AUTO_INCREMENT,
  `branch_id` bigint(20) unsigned DEFAULT NULL,
  `kot_place_id` bigint(20) unsigned DEFAULT NULL,
  `item_name` varchar(191) NOT NULL,
  `image` varchar(191) DEFAULT NULL,
  `description` text DEFAULT NULL,
  `type` enum('veg','non-veg','egg','drink','other','halal') DEFAULT NULL,
  `price` decimal(16,2) DEFAULT NULL,
  `menu_id` bigint(20) unsigned NOT NULL,
  `item_category_id` bigint(20) unsigned NOT NULL,
  `created_at` timestamp NULL DEFAULT NULL,
  `updated_at` timestamp NULL DEFAULT NULL,
  `preparation_time` int(11) DEFAULT NULL,
  `is_available` tinyint(1) NOT NULL DEFAULT 1,
  `show_on_customer_site` tinyint(1) NOT NULL DEFAULT 1,
  `in_stock` tinyint(1) NOT NULL DEFAULT 1,
  `sort_order` int(10) unsigned NOT NULL DEFAULT 0,
  `batch_recipe_id` longtext DEFAULT NULL,
  `batch_serving_size` longtext DEFAULT NULL,
  `tax_inclusive` tinyint(1) NOT NULL DEFAULT 0,
  PRIMARY KEY (`id`),
  KEY `menu_items_menu_id_foreign` (`menu_id`),
  KEY `menu_items_item_category_id_foreign` (`item_category_id`),
  KEY `idx_branch_available` (`branch_id`,`is_available`),
  CONSTRAINT `menu_items_branch_id_foreign` FOREIGN KEY (`branch_id`) REFERENCES `branches` (`id`) ON DELETE CASCADE ON UPDATE CASCADE,
  CONSTRAINT `menu_items_item_category_id_foreign` FOREIGN KEY (`item_category_id`) REFERENCES `item_categories` (`id`) ON DELETE CASCADE ON UPDATE CASCADE,
  CONSTRAINT `menu_items_menu_id_foreign` FOREIGN KEY (`menu_id`) REFERENCES `menus` (`id`) ON DELETE CASCADE ON UPDATE CASCADE
) ENGINE=InnoDB AUTO_INCREMENT=763 DEFAULT CHARSET=utf8mb4 COLLATE=utf8mb4_unicode_ci;

-- Dumping data for table `menu_items`
INSERT INTO `menu_items` VALUES
('1', '1', '1', 'Paneer Butter Masala', NULL, 'Paneer Butter Masala from our Indian Veg Curries selection.', 'veg', '269.52', '1', '1', '2025-09-17 11:34:58', '2025-09-17 11:34:58', NULL, '1', '1', '1', '0', NULL, NULL, '0'),
('2', '1', '1', 'Kadai Paneer', NULL, 'Kadai Paneer from our Indian Veg Curries selection.', 'veg', '183.50', '1', '1', '2025-09-17 11:34:58', '2025-09-17 11:34:58', NULL, '1', '1', '1', '0', NULL, NULL, '0'),
('3', '1', '1', 'Shahi Paneer', NULL, 'Shahi Paneer from our Indian Veg Curries selection.', 'veg', '218.50', '1', '1', '2025-09-17 11:34:58', '2025-09-17 11:34:58', NULL, '1', '1', '1', '0', NULL, NULL, '0'),
('4', '1', '1', 'Palak Paneer', NULL, 'Palak Paneer from our Indian Veg Curries selection.', 'veg', '211.25', '1', '1', '2025-09-17 11:34:58', '2025-09-17 11:34:58', NULL, '1', '1', '1', '0', NULL, NULL, '0'),
('5', '1', '1', 'Matar Paneer', NULL, 'Matar Paneer from our Indian Veg Curries selection.', 'veg', '283.11', '1', '1', '2025-09-17 11:34:58', '2025-09-17 11:34:58', NULL, '1', '1', '1', '0', NULL, NULL, '0'),
('6', '1', '1', 'Paneer Tikka Masala', NULL, 'Paneer Tikka Masala from our Indian Veg Curries selection.', 'veg', '274.74', '1', '1', '2025-09-17 11:34:58', '2025-09-17 11:34:58', NULL, '1', '1', '1', '0', NULL, NULL, '0'),
('7', '1', '1', 'Dal Makhani', NULL, 'Dal Makhani from our Indian Veg Curries selection.', 'veg', '304.91', '1', '1', '2025-09-17 11:34:58', '2025-09-17 11:34:58', NULL, '1', '1', '1', '0', NULL, NULL, '0'),
('8', '1', '1', 'Dal Tadka', NULL, 'Dal Tadka from our Indian Veg Curries selection.', 'veg', '192.17', '1', '1', '2025-09-17 11:34:58', '2025-09-17 11:34:58', NULL, '1', '1', '1', '0', NULL, NULL, '0'),
('9', '1', '1', 'Chana Masala', NULL, 'Chana Masala from our Indian Veg Curries selection.', 'veg', '239.07', '1', '1', '2025-09-17 11:34:58', '2025-09-17 11:34:58', NULL, '1', '1', '1', '0', NULL, NULL, '0'),
('10', '1', '1', 'Aloo Gobi', NULL, 'Aloo Gobi from our Indian Veg Curries selection.', 'veg', '184.17', '1', '1', '2025-09-17 11:34:58', '2025-09-17 11:34:58', NULL, '1', '1', '1', '0', NULL, NULL, '0'),
('11', '1', '1', 'Baingan Bharta', NULL, 'Baingan Bharta from our Indian Veg Curries selection.', 'veg', '210.61', '1', '1', '2025-09-17 11:34:58', '2025-09-17 11:34:58', NULL, '1', '1', '1', '0', NULL, NULL, '0'),
('12', '1', '1', 'Bhindi Masala', NULL, 'Bhindi Masala from our Indian Veg Curries selection.', 'veg', '250.75', '1', '1', '2025-09-17 11:34:58', '2025-09-17 11:34:58', NULL, '1', '1', '1', '0', NULL, NULL, '0'),
('13', '1', '1', 'Mix Veg Curry', NULL, 'Mix Veg Curry from our Indian Veg Curries selection.', 'veg', '183.72', '1', '1', '2025-09-17 11:34:58', '2025-09-17 11:34:58', NULL, '1', '1', '1', '0', NULL, NULL, '0'),
('14', '1', '1', 'Malai Kofta', NULL, 'Malai Kofta from our Indian Veg Curries selection.', 'veg', '207.84', '1', '1', '2025-09-17 11:34:58', '2025-09-17 11:34:58', NULL, '1', '1', '1', '0', NULL, NULL, '0'),
('15', '1', '1', 'Veg Kolhapuri', NULL, 'Veg Kolhapuri from our Indian Veg Curries selection.', 'veg', '270.98', '1', '1', '2025-09-17 11:34:58', '2025-09-17 11:34:58', NULL, '1', '1', '1', '0', NULL, NULL, '0'),
('16', '1', '1', 'Navratan Korma', NULL, 'Navratan Korma from our Indian Veg Curries selection.', 'veg', '256.29', '1', '1', '2025-09-17 11:34:58', '2025-09-17 11:34:58', NULL, '1', '1', '1', '0', NULL, NULL, '0'),
('17', '1', '1', 'Methi Malai Matar', NULL, 'Methi Malai Matar from our Indian Veg Curries selection.', 'veg', '210.86', '1', '1', '2025-09-17 11:34:58', '2025-09-17 11:34:58', NULL, '1', '1', '1', '0', NULL, NULL, '0'),
('18', '1', '1', 'Kadhi Pakora', NULL, 'Kadhi Pakora from our Indian Veg Curries selection.', 'veg', '262.50', '1', '1', '2025-09-17 11:34:58', '2025-09-17 11:34:58', NULL, '1', '1', '1', '0', NULL, NULL, '0'),
('19', '1', '1', 'Paneer Lababdar', NULL, 'Paneer Lababdar from our Indian Veg Curries selection.', 'veg', '293.32', '1', '1', '2025-09-17 11:34:58', '2025-09-17 11:34:58', NULL, '1', '1', '1', '0', NULL, NULL, '0'),
('20', '1', '1', 'Veg Jaipuri', NULL, 'Veg Jaipuri from our Indian Veg Curries selection.', 'veg', '180.91', '1', '1', '2025-09-17 11:34:58', '2025-09-17 11:34:58', NULL, '1', '1', '1', '0', NULL, NULL, '0'),
('21', '1', '1', 'Butter Chicken', NULL, 'Butter Chicken from our Indian Non-Veg Curries selection.', 'non-veg', '381.16', '1', '2', '2025-09-17 11:34:58', '2025-09-17 11:34:58', NULL, '1', '1', '1', '0', NULL, NULL, '0'),
('22', '1', '1', 'Chicken Tikka Masala', NULL, 'Chicken Tikka Masala from our Indian Non-Veg Curries selection.', 'non-veg', '359.63', '1', '2', '2025-09-17 11:34:58', '2025-09-17 11:34:58', NULL, '1', '1', '1', '0', NULL, NULL, '0'),
('23', '1', '1', 'Chicken Korma', NULL, 'Chicken Korma from our Indian Non-Veg Curries selection.', 'non-veg', '288.05', '1', '2', '2025-09-17 11:34:58', '2025-09-17 11:34:58', NULL, '1', '1', '1', '0', NULL, NULL, '0'),
('24', '1', '1', 'Chicken Curry Home Style', NULL, 'Chicken Curry Home Style from our Indian Non-Veg Curries selection.', 'non-veg', '251.10', '1', '2', '2025-09-17 11:34:58', '2025-09-17 11:34:58', NULL, '1', '1', '1', '0', NULL, NULL, '0'),
('25', '1', '1', 'Chicken Chettinad', NULL, 'Chicken Chettinad from our Indian Non-Veg Curries selection.', 'non-veg', '411.44', '1', '2', '2025-09-17 11:34:58', '2025-09-17 11:34:58', NULL, '1', '1', '1', '0', NULL, NULL, '0'),
('26', '1', '1', 'Chicken Handi', NULL, 'Chicken Handi from our Indian Non-Veg Curries selection.', 'non-veg', '287.32', '1', '2', '2025-09-17 11:34:58', '2025-09-17 11:34:58', NULL, '1', '1', '1', '0', NULL, NULL, '0'),
('27', '1', '1', 'Chicken Bhuna', NULL, 'Chicken Bhuna from our Indian Non-Veg Curries selection.', 'non-veg', '238.55', '1', '2', '2025-09-17 11:34:58', '2025-09-17 11:34:58', NULL, '1', '1', '1', '0', NULL, NULL, '0'),
('28', '1', '1', 'Mutton Rogan Josh', NULL, 'Mutton Rogan Josh from our Indian Non-Veg Curries selection.', 'non-veg', '239.34', '1', '2', '2025-09-17 11:34:58', '2025-09-17 11:34:58', NULL, '1', '1', '1', '0', NULL, NULL, '0'),
('29', '1', '1', 'Mutton Korma', NULL, 'Mutton Korma from our Indian Non-Veg Curries selection.', 'non-veg', '389.50', '1', '2', '2025-09-17 11:34:58', '2025-09-17 11:34:58', NULL, '1', '1', '1', '0', NULL, NULL, '0'),
('30', '1', '1', 'Mutton Bhuna', NULL, 'Mutton Bhuna from our Indian Non-Veg Curries selection.', 'non-veg', '340.75', '1', '2', '2025-09-17 11:34:58', '2025-09-17 11:34:58', NULL, '1', '1', '1', '0', NULL, NULL, '0'),
('31', '1', '1', 'Fish Curry Goan', NULL, 'Fish Curry Goan from our Indian Non-Veg Curries selection.', 'non-veg', '381.43', '1', '2', '2025-09-17 11:34:58', '2025-09-17 11:34:58', NULL, '1', '1', '1', '0', NULL, NULL, '0'),
('32', '1', '1', 'Fish Curry Bengali', NULL, 'Fish Curry Bengali from our Indian Non-Veg Curries selection.', 'non-veg', '365.95', '1', '2', '2025-09-17 11:34:58', '2025-09-17 11:34:58', NULL, '1', '1', '1', '0', NULL, NULL, '0'),
('33', '1', '1', 'Prawn Masala', NULL, 'Prawn Masala from our Indian Non-Veg Curries selection.', 'non-veg', '327.25', '1', '2', '2025-09-17 11:34:58', '2025-09-17 11:34:58', NULL, '1', '1', '1', '0', NULL, NULL, '0'),
('34', '1', '1', 'Egg Curry', NULL, 'Egg Curry from our Indian Non-Veg Curries selection.', 'egg', '414.62', '1', '2', '2025-09-17 11:34:58', '2025-09-17 11:34:58', NULL, '1', '1', '1', '0', NULL, NULL, '0'),
('35', '1', '1', 'Keema Matar', NULL, 'Keema Matar from our Indian Non-Veg Curries selection.', 'non-veg', '295.71', '1', '2', '2025-09-17 11:34:58', '2025-09-17 11:34:58', NULL, '1', '1', '1', '0', NULL, NULL, '0'),
('36', '1', '1', 'Chicken Saagwala', NULL, 'Chicken Saagwala from our Indian Non-Veg Curries selection.', 'non-veg', '330.41', '1', '2', '2025-09-17 11:34:58', '2025-09-17 11:34:58', NULL, '1', '1', '1', '0', NULL, NULL, '0'),
('37', '1', '1', 'Chicken Vindaloo', NULL, 'Chicken Vindaloo from our Indian Non-Veg Curries selection.', 'non-veg', '385.88', '1', '2', '2025-09-17 11:34:58', '2025-09-17 11:34:58', NULL, '1', '1', '1', '0', NULL, NULL, '0'),
('38', '1', '1', 'Chicken Do Pyaza', NULL, 'Chicken Do Pyaza from our Indian Non-Veg Curries selection.', 'non-veg', '343.70', '1', '2', '2025-09-17 11:34:58', '2025-09-17 11:34:58', NULL, '1', '1', '1', '0', NULL, NULL, '0'),
('39', '1', '1', 'Idli Sambar', NULL, 'Idli Sambar from our South Indian selection.', 'veg', '200.64', '1', '3', '2025-09-17 11:34:58', '2025-09-17 11:34:58', NULL, '1', '1', '1', '0', NULL, NULL, '0'),
('40', '1', '1', 'Medu Vada Sambar', NULL, 'Medu Vada Sambar from our South Indian selection.', 'veg', '160.83', '1', '3', '2025-09-17 11:34:58', '2025-09-17 11:34:58', NULL, '1', '1', '1', '0', NULL, NULL, '0'),
('41', '1', '1', 'Plain Dosa', NULL, 'Plain Dosa from our South Indian selection.', 'veg', '178.64', '1', '3', '2025-09-17 11:34:58', '2025-09-17 11:34:58', NULL, '1', '1', '1', '0', NULL, NULL, '0'),
('42', '1', '1', 'Masala Dosa', NULL, 'Masala Dosa from our South Indian selection.', 'veg', '86.42', '1', '3', '2025-09-17 11:34:58', '2025-09-17 11:34:58', NULL, '1', '1', '1', '0', NULL, NULL, '0'),
('43', '1', '1', 'Onion Rava Dosa', NULL, 'Onion Rava Dosa from our South Indian selection.', 'veg', '111.91', '1', '3', '2025-09-17 11:34:58', '2025-09-17 11:34:58', NULL, '1', '1', '1', '0', NULL, NULL, '0'),
('44', '1', '1', 'Mysore Masala Dosa', NULL, 'Mysore Masala Dosa from our South Indian selection.', 'veg', '120.51', '1', '3', '2025-09-17 11:34:58', '2025-09-17 11:34:58', NULL, '1', '1', '1', '0', NULL, NULL, '0'),
('45', '1', '1', 'Ghee Roast Dosa', NULL, 'Ghee Roast Dosa from our South Indian selection.', 'veg', '91.17', '1', '3', '2025-09-17 11:34:58', '2025-09-17 11:34:58', NULL, '1', '1', '1', '0', NULL, NULL, '0'),
('46', '1', '1', 'Paper Dosa', NULL, 'Paper Dosa from our South Indian selection.', 'veg', '112.59', '1', '3', '2025-09-17 11:34:58', '2025-09-17 11:34:58', NULL, '1', '1', '1', '0', NULL, NULL, '0'),
('47', '1', '1', 'Paneer Dosa', NULL, 'Paneer Dosa from our South Indian selection.', 'veg', '94.14', '1', '3', '2025-09-17 11:34:58', '2025-09-17 11:34:58', NULL, '1', '1', '1', '0', NULL, NULL, '0'),
('48', '1', '1', 'Cheese Dosa', NULL, 'Cheese Dosa from our South Indian selection.', 'veg', '118.92', '1', '3', '2025-09-17 11:34:58', '2025-09-17 11:34:58', NULL, '1', '1', '1', '0', NULL, NULL, '0'),
('49', '1', '1', 'Uttapam Onion', NULL, 'Uttapam Onion from our South Indian selection.', 'veg', '169.00', '1', '3', '2025-09-17 11:34:58', '2025-09-17 11:34:58', NULL, '1', '1', '1', '0', NULL, NULL, '0'),
('50', '1', '1', 'Uttapam Mix Veg', NULL, 'Uttapam Mix Veg from our South Indian selection.', 'veg', '131.08', '1', '3', '2025-09-17 11:34:58', '2025-09-17 11:34:58', NULL, '1', '1', '1', '0', NULL, NULL, '0'),
('51', '1', '1', 'Pongal', NULL, 'Pongal from our South Indian selection.', 'veg', '131.83', '1', '3', '2025-09-17 11:34:58', '2025-09-17 11:34:58', NULL, '1', '1', '1', '0', NULL, NULL, '0'),
('52', '1', '1', 'Curd Rice', NULL, 'Curd Rice from our South Indian selection.', 'veg', '109.33', '1', '3', '2025-09-17 11:34:58', '2025-09-17 11:34:58', NULL, '1', '1', '1', '0', NULL, NULL, '0'),
('53', '1', '1', 'Lemon Rice', NULL, 'Lemon Rice from our South Indian selection.', 'veg', '117.38', '1', '3', '2025-09-17 11:34:58', '2025-09-17 11:34:58', NULL, '1', '1', '1', '0', NULL, NULL, '0'),
('54', '1', '1', 'Tamarind Rice', NULL, 'Tamarind Rice from our South Indian selection.', 'veg', '211.13', '1', '3', '2025-09-17 11:34:58', '2025-09-17 11:34:58', NULL, '1', '1', '1', '0', NULL, NULL, '0'),
('55', '1', '1', 'Sambar Rice', NULL, 'Sambar Rice from our South Indian selection.', 'veg', '170.72', '1', '3', '2025-09-17 11:34:58', '2025-09-17 11:34:58', NULL, '1', '1', '1', '0', NULL, NULL, '0'),
('56', '1', '1', 'Rasam Rice', NULL, 'Rasam Rice from our South Indian selection.', 'veg', '165.28', '1', '3', '2025-09-17 11:34:58', '2025-09-17 11:34:58', NULL, '1', '1', '1', '0', NULL, NULL, '0'),
('57', '1', '1', 'Veg Biryani', NULL, 'Veg Biryani from our Biryani & Rice selection.', 'veg', '164.50', '1', '4', '2025-09-17 11:34:58', '2025-09-17 11:34:58', NULL, '1', '1', '1', '0', NULL, NULL, '0'),
('58', '1', '1', 'Paneer Biryani', NULL, 'Paneer Biryani from our Biryani & Rice selection.', 'veg', '309.57', '1', '4', '2025-09-17 11:34:58', '2025-09-17 11:34:58', NULL, '1', '1', '1', '0', NULL, NULL, '0'),
('59', '1', '1', 'Mushroom Biryani', NULL, 'Mushroom Biryani from our Biryani & Rice selection.', 'veg', '162.48', '1', '4', '2025-09-17 11:34:58', '2025-09-17 11:34:58', NULL, '1', '1', '1', '0', NULL, NULL, '0'),
('60', '1', '1', 'Hyderabadi Veg Biryani', NULL, 'Hyderabadi Veg Biryani from our Biryani & Rice selection.', 'veg', '218.66', '1', '4', '2025-09-17 11:34:58', '2025-09-17 11:34:58', NULL, '1', '1', '1', '0', NULL, NULL, '0'),
('61', '1', '1', 'Jeera Rice', NULL, 'Jeera Rice from our Biryani & Rice selection.', 'veg', '377.28', '1', '4', '2025-09-17 11:34:58', '2025-09-17 11:34:58', NULL, '1', '1', '1', '0', NULL, NULL, '0'),
('62', '1', '1', 'Peas Pulao', NULL, 'Peas Pulao from our Biryani & Rice selection.', 'veg', '286.40', '1', '4', '2025-09-17 11:34:58', '2025-09-17 11:34:58', NULL, '1', '1', '1', '0', NULL, NULL, '0'),
('63', '1', '1', 'Veg Fried Rice', NULL, 'Veg Fried Rice from our Biryani & Rice selection.', 'veg', '264.81', '1', '4', '2025-09-17 11:34:58', '2025-09-17 11:34:58', NULL, '1', '1', '1', '0', NULL, NULL, '0'),
('64', '1', '1', 'Curd Rice Tempered', NULL, 'Curd Rice Tempered from our Biryani & Rice selection.', 'veg', '298.00', '1', '4', '2025-09-17 11:34:58', '2025-09-17 11:34:58', NULL, '1', '1', '1', '0', NULL, NULL, '0'),
('65', '1', '1', 'Chicken Biryani', NULL, 'Chicken Biryani from our Biryani & Rice selection.', 'non-veg', '339.14', '1', '4', '2025-09-17 11:34:58', '2025-09-17 11:34:58', NULL, '1', '1', '1', '0', NULL, NULL, '0'),
('66', '1', '1', 'Chicken Dum Biryani', NULL, 'Chicken Dum Biryani from our Biryani & Rice selection.', 'non-veg', '321.76', '1', '4', '2025-09-17 11:34:58', '2025-09-17 11:34:58', NULL, '1', '1', '1', '0', NULL, NULL, '0'),
('67', '1', '1', 'Chicken Tikka Biryani', NULL, 'Chicken Tikka Biryani from our Biryani & Rice selection.', 'non-veg', '179.55', '1', '4', '2025-09-17 11:34:58', '2025-09-17 11:34:58', NULL, '1', '1', '1', '0', NULL, NULL, '0'),
('68', '1', '1', 'Mutton Biryani', NULL, 'Mutton Biryani from our Biryani & Rice selection.', 'non-veg', '128.35', '1', '4', '2025-09-17 11:34:58', '2025-09-17 11:34:58', NULL, '1', '1', '1', '0', NULL, NULL, '0'),
('69', '1', '1', 'Egg Biryani', NULL, 'Egg Biryani from our Biryani & Rice selection.', 'egg', '202.02', '1', '4', '2025-09-17 11:34:58', '2025-09-17 11:34:58', NULL, '1', '1', '1', '0', NULL, NULL, '0'),
('70', '1', '1', 'Egg Fried Rice', NULL, 'Egg Fried Rice from our Biryani & Rice selection.', 'egg', '189.61', '1', '4', '2025-09-17 11:34:58', '2025-09-17 11:34:58', NULL, '1', '1', '1', '0', NULL, NULL, '0'),
('71', '1', '1', 'Prawn Biryani', NULL, 'Prawn Biryani from our Biryani & Rice selection.', 'non-veg', '174.86', '1', '4', '2025-09-17 11:34:58', '2025-09-17 11:34:58', NULL, '1', '1', '1', '0', NULL, NULL, '0'),
('72', '1', '1', 'Fish Biryani', NULL, 'Fish Biryani from our Biryani & Rice selection.', 'non-veg', '365.16', '1', '4', '2025-09-17 11:34:58', '2025-09-17 11:34:58', NULL, '1', '1', '1', '0', NULL, NULL, '0'),
('73', '1', '1', 'Schezwan Fried Rice', NULL, 'Schezwan Fried Rice from our Biryani & Rice selection.', 'veg', '347.86', '1', '4', '2025-09-17 11:34:58', '2025-09-17 11:34:58', NULL, '1', '1', '1', '0', NULL, NULL, '0'),
('74', '1', '1', 'Brown Rice Plain', NULL, 'Brown Rice Plain from our Biryani & Rice selection.', 'veg', '201.82', '1', '4', '2025-09-17 11:34:58', '2025-09-17 11:34:58', NULL, '1', '1', '1', '0', NULL, NULL, '0'),
('75', '1', '1', 'Tandoori Roti', NULL, 'Tandoori Roti from our Indian Breads selection.', 'veg', '85.54', '1', '5', '2025-09-17 11:34:58', '2025-09-17 11:34:58', NULL, '1', '1', '1', '0', NULL, NULL, '0'),
('76', '1', '1', 'Butter Roti', NULL, 'Butter Roti from our Indian Breads selection.', 'veg', '59.56', '1', '5', '2025-09-17 11:34:58', '2025-09-17 11:34:58', NULL, '1', '1', '1', '0', NULL, NULL, '0'),
('77', '1', '1', 'Plain Naan', NULL, 'Plain Naan from our Indian Breads selection.', 'veg', '111.45', '1', '5', '2025-09-17 11:34:58', '2025-09-17 11:34:58', NULL, '1', '1', '1', '0', NULL, NULL, '0'),
('78', '1', '1', 'Butter Naan', NULL, 'Butter Naan from our Indian Breads selection.', 'veg', '65.89', '1', '5', '2025-09-17 11:34:58', '2025-09-17 11:34:58', NULL, '1', '1', '1', '0', NULL, NULL, '0'),
('79', '1', '1', 'Garlic Naan', NULL, 'Garlic Naan from our Indian Breads selection.', 'veg', '46.49', '1', '5', '2025-09-17 11:34:58', '2025-09-17 11:34:58', NULL, '1', '1', '1', '0', NULL, NULL, '0'),
('80', '1', '1', 'Lachha Paratha', NULL, 'Lachha Paratha from our Indian Breads selection.', 'veg', '44.66', '1', '5', '2025-09-17 11:34:58', '2025-09-17 11:34:58', NULL, '1', '1', '1', '0', NULL, NULL, '0'),
('81', '1', '1', 'Aloo Paratha', NULL, 'Aloo Paratha from our Indian Breads selection.', 'veg', '76.14', '1', '5', '2025-09-17 11:34:58', '2025-09-17 11:34:58', NULL, '1', '1', '1', '0', NULL, NULL, '0'),
('82', '1', '1', 'Paneer Paratha', NULL, 'Paneer Paratha from our Indian Breads selection.', 'veg', '46.27', '1', '5', '2025-09-17 11:34:58', '2025-09-17 11:34:58', NULL, '1', '1', '1', '0', NULL, NULL, '0'),
('83', '1', '1', 'Missi Roti', NULL, 'Missi Roti from our Indian Breads selection.', 'veg', '78.46', '1', '5', '2025-09-17 11:34:58', '2025-09-17 11:34:58', NULL, '1', '1', '1', '0', NULL, NULL, '0'),
('84', '1', '1', 'Stuffed Kulcha', NULL, 'Stuffed Kulcha from our Indian Breads selection.', 'veg', '109.78', '1', '5', '2025-09-17 11:34:58', '2025-09-17 11:34:58', NULL, '1', '1', '1', '0', NULL, NULL, '0'),
('85', '1', '1', 'Amritsari Kulcha', NULL, 'Amritsari Kulcha from our Indian Breads selection.', 'veg', '59.94', '1', '5', '2025-09-17 11:34:58', '2025-09-17 11:34:58', NULL, '1', '1', '1', '0', NULL, NULL, '0'),
('86', '1', '1', 'Roomali Roti', NULL, 'Roomali Roti from our Indian Breads selection.', 'veg', '41.93', '1', '5', '2025-09-17 11:34:58', '2025-09-17 11:34:58', NULL, '1', '1', '1', '0', NULL, NULL, '0'),
('87', '1', '1', 'Pani Puri', NULL, 'Pani Puri from our Chaat & Street Food selection.', 'veg', '219.61', '1', '6', '2025-09-17 11:34:58', '2025-09-17 11:34:58', NULL, '1', '1', '1', '0', NULL, NULL, '0'),
('88', '1', '1', 'Sev Puri', NULL, 'Sev Puri from our Chaat & Street Food selection.', 'veg', '141.52', '1', '6', '2025-09-17 11:34:58', '2025-09-17 11:34:58', NULL, '1', '1', '1', '0', NULL, NULL, '0'),
('89', '1', '1', 'Dahi Puri', NULL, 'Dahi Puri from our Chaat & Street Food selection.', 'veg', '74.55', '1', '6', '2025-09-17 11:34:58', '2025-09-17 11:34:58', NULL, '1', '1', '1', '0', NULL, NULL, '0'),
('90', '1', '1', 'Bhel Puri', NULL, 'Bhel Puri from our Chaat & Street Food selection.', 'veg', '67.54', '1', '6', '2025-09-17 11:34:58', '2025-09-17 11:34:58', NULL, '1', '1', '1', '0', NULL, NULL, '0'),
('91', '1', '1', 'Ragda Pattice', NULL, 'Ragda Pattice from our Chaat & Street Food selection.', 'veg', '77.54', '1', '6', '2025-09-17 11:34:58', '2025-09-17 11:34:58', NULL, '1', '1', '1', '0', NULL, NULL, '0'),
('92', '1', '1', 'Aloo Tikki Chaat', NULL, 'Aloo Tikki Chaat from our Chaat & Street Food selection.', 'veg', '160.39', '1', '6', '2025-09-17 11:34:58', '2025-09-17 11:34:58', NULL, '1', '1', '1', '0', NULL, NULL, '0'),
('93', '1', '1', 'Papdi Chaat', NULL, 'Papdi Chaat from our Chaat & Street Food selection.', 'veg', '186.73', '1', '6', '2025-09-17 11:34:58', '2025-09-17 11:34:58', NULL, '1', '1', '1', '0', NULL, NULL, '0'),
('94', '1', '1', 'Dahi Bhalla', NULL, 'Dahi Bhalla from our Chaat & Street Food selection.', 'veg', '127.55', '1', '6', '2025-09-17 11:34:58', '2025-09-17 11:34:58', NULL, '1', '1', '1', '0', NULL, NULL, '0'),
('95', '1', '1', 'Samosa Chaat', NULL, 'Samosa Chaat from our Chaat & Street Food selection.', 'veg', '70.16', '1', '6', '2025-09-17 11:34:58', '2025-09-17 11:34:58', NULL, '1', '1', '1', '0', NULL, NULL, '0'),
('96', '1', '1', 'Chole Bhature', NULL, 'Chole Bhature from our Chaat & Street Food selection.', 'veg', '121.06', '1', '6', '2025-09-17 11:34:58', '2025-09-17 11:34:58', NULL, '1', '1', '1', '0', NULL, NULL, '0'),
('97', '1', '1', 'Pav Bhaji', NULL, 'Pav Bhaji from our Chaat & Street Food selection.', 'veg', '219.38', '1', '6', '2025-09-17 11:34:58', '2025-09-17 11:34:58', NULL, '1', '1', '1', '0', NULL, NULL, '0'),
('98', '1', '1', 'Vada Pav', NULL, 'Vada Pav from our Chaat & Street Food selection.', 'veg', '144.66', '1', '6', '2025-09-17 11:34:58', '2025-09-17 11:34:58', NULL, '1', '1', '1', '0', NULL, NULL, '0'),
('99', '1', '1', 'Kathi Roll Paneer', NULL, 'Kathi Roll Paneer from our Chaat & Street Food selection.', 'veg', '215.37', '1', '6', '2025-09-17 11:34:58', '2025-09-17 11:34:58', NULL, '1', '1', '1', '0', NULL, NULL, '0'),
('100', '1', '1', 'Kathi Roll Chicken', NULL, 'Kathi Roll Chicken from our Chaat & Street Food selection.', 'non-veg', '197.72', '1', '6', '2025-09-17 11:34:58', '2025-09-17 11:34:58', NULL, '1', '1', '1', '0', NULL, NULL, '0'),
('101', '1', '1', 'Kachori Sabzi', NULL, 'Kachori Sabzi from our Chaat & Street Food selection.', 'veg', '61.84', '1', '6', '2025-09-17 11:34:58', '2025-09-17 11:34:58', NULL, '1', '1', '1', '0', NULL, NULL, '0'),
('102', '1', '1', 'Poha Jalebi', NULL, 'Poha Jalebi from our Chaat & Street Food selection.', 'veg', '175.32', '1', '6', '2025-09-17 11:34:58', '2025-09-17 11:34:58', NULL, '1', '1', '1', '0', NULL, NULL, '0'),
('103', '1', '1', 'Kanda Poha', NULL, 'Kanda Poha from our Chaat & Street Food selection.', 'veg', '169.07', '1', '6', '2025-09-17 11:34:58', '2025-09-17 11:34:58', NULL, '1', '1', '1', '0', NULL, NULL, '0'),
('104', '1', '1', 'Raj Kachori', NULL, 'Raj Kachori from our Chaat & Street Food selection.', 'veg', '145.92', '1', '6', '2025-09-17 11:34:58', '2025-09-17 11:34:58', NULL, '1', '1', '1', '0', NULL, NULL, '0'),
('105', '1', '1', 'Paneer Tikka', NULL, 'Paneer Tikka from our Tandoor & Kebabs selection.', 'veg', '237.38', '1', '7', '2025-09-17 11:34:58', '2025-09-17 11:34:58', NULL, '1', '1', '1', '0', NULL, NULL, '0'),
('106', '1', '1', 'Paneer Malai Tikka', NULL, 'Paneer Malai Tikka from our Tandoor & Kebabs selection.', 'veg', '345.88', '1', '7', '2025-09-17 11:34:58', '2025-09-17 11:34:58', NULL, '1', '1', '1', '0', NULL, NULL, '0'),
('107', '1', '1', 'Soya Chaap Tikka', NULL, 'Soya Chaap Tikka from our Tandoor & Kebabs selection.', 'veg', '192.35', '1', '7', '2025-09-17 11:34:58', '2025-09-17 11:34:58', NULL, '1', '1', '1', '0', NULL, NULL, '0'),
('108', '1', '1', 'Tandoori Aloo', NULL, 'Tandoori Aloo from our Tandoor & Kebabs selection.', 'veg', '286.08', '1', '7', '2025-09-17 11:34:58', '2025-09-17 11:34:58', NULL, '1', '1', '1', '0', NULL, NULL, '0'),
('109', '1', '1', 'Veg Seekh Kebab', NULL, 'Veg Seekh Kebab from our Tandoor & Kebabs selection.', 'veg', '291.58', '1', '7', '2025-09-17 11:34:58', '2025-09-17 11:34:58', NULL, '1', '1', '1', '0', NULL, NULL, '0'),
('110', '1', '1', 'Achari Paneer Tikka', NULL, 'Achari Paneer Tikka from our Tandoor & Kebabs selection.', 'veg', '436.61', '1', '7', '2025-09-17 11:34:58', '2025-09-17 11:34:58', NULL, '1', '1', '1', '0', NULL, NULL, '0'),
('111', '1', '1', 'Chicken Tikka', NULL, 'Chicken Tikka from our Tandoor & Kebabs selection.', 'non-veg', '414.00', '1', '7', '2025-09-17 11:34:58', '2025-09-17 11:34:58', NULL, '1', '1', '1', '0', NULL, NULL, '0'),
('112', '1', '1', 'Chicken Malai Tikka', NULL, 'Chicken Malai Tikka from our Tandoor & Kebabs selection.', 'non-veg', '236.38', '1', '7', '2025-09-17 11:34:58', '2025-09-17 11:34:58', NULL, '1', '1', '1', '0', NULL, NULL, '0'),
('113', '1', '1', 'Chicken Seekh Kebab', NULL, 'Chicken Seekh Kebab from our Tandoor & Kebabs selection.', 'non-veg', '305.17', '1', '7', '2025-09-17 11:34:58', '2025-09-17 11:34:58', NULL, '1', '1', '1', '0', NULL, NULL, '0'),
('114', '1', '1', 'Tandoori Chicken Half', NULL, 'Tandoori Chicken Half from our Tandoor & Kebabs selection.', 'non-veg', '211.81', '1', '7', '2025-09-17 11:34:58', '2025-09-17 11:34:58', NULL, '1', '1', '1', '0', NULL, NULL, '0'),
('115', '1', '1', 'Tandoori Chicken Full', NULL, 'Tandoori Chicken Full from our Tandoor & Kebabs selection.', 'non-veg', '424.66', '1', '7', '2025-09-17 11:34:58', '2025-09-17 11:34:58', NULL, '1', '1', '1', '0', NULL, NULL, '0'),
('116', '1', '1', 'Mutton Seekh Kebab', NULL, 'Mutton Seekh Kebab from our Tandoor & Kebabs selection.', 'non-veg', '412.45', '1', '7', '2025-09-17 11:34:58', '2025-09-17 11:34:58', NULL, '1', '1', '1', '0', NULL, NULL, '0'),
('117', '1', '1', 'Fish Tikka', NULL, 'Fish Tikka from our Tandoor & Kebabs selection.', 'non-veg', '246.55', '1', '7', '2025-09-17 11:34:58', '2025-09-17 11:34:58', NULL, '1', '1', '1', '0', NULL, NULL, '0'),
('118', '1', '1', 'Amritsari Fish Fry', NULL, 'Amritsari Fish Fry from our Tandoor & Kebabs selection.', 'non-veg', '345.30', '1', '7', '2025-09-17 11:34:58', '2025-09-17 11:34:58', NULL, '1', '1', '1', '0', NULL, NULL, '0'),
('119', '1', '1', 'Prawn Tandoori', NULL, 'Prawn Tandoori from our Tandoor & Kebabs selection.', 'non-veg', '336.60', '1', '7', '2025-09-17 11:34:58', '2025-09-17 11:34:58', NULL, '1', '1', '1', '0', NULL, NULL, '0'),
('120', '1', '1', 'Afghani Chicken', NULL, 'Afghani Chicken from our Tandoor & Kebabs selection.', 'non-veg', '204.32', '1', '7', '2025-09-17 11:34:58', '2025-09-17 11:34:58', NULL, '1', '1', '1', '0', NULL, NULL, '0'),
('121', '1', '1', 'Tangdi Kebab', NULL, 'Tangdi Kebab from our Tandoor & Kebabs selection.', 'non-veg', '381.13', '1', '7', '2025-09-17 11:34:58', '2025-09-17 11:34:58', NULL, '1', '1', '1', '0', NULL, NULL, '0'),
('122', '1', '1', 'Kalmi Kebab', NULL, 'Kalmi Kebab from our Tandoor & Kebabs selection.', 'non-veg', '316.42', '1', '7', '2025-09-17 11:34:58', '2025-09-17 11:34:58', NULL, '1', '1', '1', '0', NULL, NULL, '0'),
('123', '1', '1', 'Tandoori Broccoli', NULL, 'Tandoori Broccoli from our Tandoor & Kebabs selection.', 'veg', '385.80', '1', '7', '2025-09-17 11:34:58', '2025-09-17 11:34:58', NULL, '1', '1', '1', '0', NULL, NULL, '0'),
('124', '1', '1', 'Stuffed Mushroom Tikka', NULL, 'Stuffed Mushroom Tikka from our Tandoor & Kebabs selection.', 'veg', '313.80', '1', '7', '2025-09-17 11:34:58', '2025-09-17 11:34:58', NULL, '1', '1', '1', '0', NULL, NULL, '0'),
('125', '1', '1', 'Veg Manchurian Gravy', NULL, 'Veg Manchurian Gravy from our Indo-Chinese selection.', 'veg', '140.13', '1', '8', '2025-09-17 11:34:58', '2025-09-17 11:34:58', NULL, '1', '1', '1', '0', NULL, NULL, '0'),
('126', '1', '1', 'Veg Manchurian Dry', NULL, 'Veg Manchurian Dry from our Indo-Chinese selection.', 'veg', '211.31', '1', '8', '2025-09-17 11:34:58', '2025-09-17 11:34:58', NULL, '1', '1', '1', '0', NULL, NULL, '0'),
('127', '1', '1', 'Chilli Paneer Gravy', NULL, 'Chilli Paneer Gravy from our Indo-Chinese selection.', 'veg', '144.28', '1', '8', '2025-09-17 11:34:58', '2025-09-17 11:34:58', NULL, '1', '1', '1', '0', NULL, NULL, '0'),
('128', '1', '1', 'Chilli Paneer Dry', NULL, 'Chilli Paneer Dry from our Indo-Chinese selection.', 'veg', '344.40', '1', '8', '2025-09-17 11:34:58', '2025-09-17 11:34:58', NULL, '1', '1', '1', '0', NULL, NULL, '0'),
('129', '1', '1', 'Gobi Manchurian', NULL, 'Gobi Manchurian from our Indo-Chinese selection.', 'veg', '333.32', '1', '8', '2025-09-17 11:34:58', '2025-09-17 11:34:58', NULL, '1', '1', '1', '0', NULL, NULL, '0'),
('130', '1', '1', 'Chilli Mushroom', NULL, 'Chilli Mushroom from our Indo-Chinese selection.', 'veg', '322.97', '1', '8', '2025-09-17 11:34:58', '2025-09-17 11:34:58', NULL, '1', '1', '1', '0', NULL, NULL, '0'),
('131', '1', '1', 'Hakka Noodles Veg', NULL, 'Hakka Noodles Veg from our Indo-Chinese selection.', 'veg', '207.65', '1', '8', '2025-09-17 11:34:58', '2025-09-17 11:34:58', NULL, '1', '1', '1', '0', NULL, NULL, '0'),
('132', '1', '1', 'Schezwan Noodles Veg', NULL, 'Schezwan Noodles Veg from our Indo-Chinese selection.', 'veg', '152.74', '1', '8', '2025-09-17 11:34:58', '2025-09-17 11:34:58', NULL, '1', '1', '1', '0', NULL, NULL, '0'),
('133', '1', '1', 'Triple Schezwan Rice Veg', NULL, 'Triple Schezwan Rice Veg from our Indo-Chinese selection.', 'veg', '333.16', '1', '8', '2025-09-17 11:34:58', '2025-09-17 11:34:58', NULL, '1', '1', '1', '0', NULL, NULL, '0'),
('134', '1', '1', 'American Chopsuey Veg', NULL, 'American Chopsuey Veg from our Indo-Chinese selection.', 'veg', '348.33', '1', '8', '2025-09-17 11:34:58', '2025-09-17 11:34:58', NULL, '1', '1', '1', '0', NULL, NULL, '0'),
('135', '1', '1', 'Chicken Lollipop', NULL, 'Chicken Lollipop from our Indo-Chinese selection.', 'non-veg', '158.84', '1', '8', '2025-09-17 11:34:58', '2025-09-17 11:34:58', NULL, '1', '1', '1', '0', NULL, NULL, '0'),
('136', '1', '1', 'Chilli Chicken Gravy', NULL, 'Chilli Chicken Gravy from our Indo-Chinese selection.', 'non-veg', '246.92', '1', '8', '2025-09-17 11:34:58', '2025-09-17 11:34:58', NULL, '1', '1', '1', '0', NULL, NULL, '0'),
('137', '1', '1', 'Chilli Chicken Dry', NULL, 'Chilli Chicken Dry from our Indo-Chinese selection.', 'non-veg', '155.23', '1', '8', '2025-09-17 11:34:58', '2025-09-17 11:34:58', NULL, '1', '1', '1', '0', NULL, NULL, '0'),
('138', '1', '1', 'Hakka Noodles Chicken', NULL, 'Hakka Noodles Chicken from our Indo-Chinese selection.', 'non-veg', '307.33', '1', '8', '2025-09-17 11:34:58', '2025-09-17 11:34:58', NULL, '1', '1', '1', '0', NULL, NULL, '0'),
('139', '1', '1', 'Schezwan Noodles Chicken', NULL, 'Schezwan Noodles Chicken from our Indo-Chinese selection.', 'non-veg', '308.48', '1', '8', '2025-09-17 11:34:58', '2025-09-17 11:34:58', NULL, '1', '1', '1', '0', NULL, NULL, '0'),
('140', '1', '1', 'Egg Hakka Noodles', NULL, 'Egg Hakka Noodles from our Indo-Chinese selection.', 'egg', '168.25', '1', '8', '2025-09-17 11:34:58', '2025-09-17 11:34:58', NULL, '1', '1', '1', '0', NULL, NULL, '0'),
('141', '1', '1', 'Egg Schezwan Noodles', NULL, 'Egg Schezwan Noodles from our Indo-Chinese selection.', 'egg', '244.56', '1', '8', '2025-09-17 11:34:58', '2025-09-17 11:34:58', NULL, '1', '1', '1', '0', NULL, NULL, '0'),
('142', '1', '1', 'Egg Chilli Garlic Fried Rice', NULL, 'Egg Chilli Garlic Fried Rice from our Indo-Chinese selection.', 'egg', '260.96', '1', '8', '2025-09-17 11:34:58', '2025-09-17 11:34:58', NULL, '1', '1', '1', '0', NULL, NULL, '0'),
('143', '1', '1', 'Prawn Chilli Garlic', NULL, 'Prawn Chilli Garlic from our Indo-Chinese selection.', 'non-veg', '198.31', '1', '8', '2025-09-17 11:34:58', '2025-09-17 11:34:58', NULL, '1', '1', '1', '0', NULL, NULL, '0'),
('144', '1', '1', 'Fish Chilli Basil', NULL, 'Fish Chilli Basil from our Indo-Chinese selection.', 'non-veg', '331.94', '1', '8', '2025-09-17 11:34:58', '2025-09-17 11:34:58', NULL, '1', '1', '1', '0', NULL, NULL, '0'),
('145', '1', '1', 'Penne Arrabbiata', NULL, 'Penne Arrabbiata from our Continental & Pastas selection.', 'veg', '294.25', '1', '9', '2025-09-17 11:34:58', '2025-09-17 11:34:58', NULL, '1', '1', '1', '0', NULL, NULL, '0'),
('146', '1', '1', 'Penne Alfredo', NULL, 'Penne Alfredo from our Continental & Pastas selection.', 'veg', '237.19', '1', '9', '2025-09-17 11:34:58', '2025-09-17 11:34:58', NULL, '1', '1', '1', '0', NULL, NULL, '0'),
('147', '1', '1', 'Spaghetti Aglio e Olio', NULL, 'Spaghetti Aglio e Olio from our Continental & Pastas selection.', 'veg', '325.61', '1', '9', '2025-09-17 11:34:58', '2025-09-17 11:34:58', NULL, '1', '1', '1', '0', NULL, NULL, '0'),
('148', '1', '1', 'Spaghetti Pomodoro', NULL, 'Spaghetti Pomodoro from our Continental & Pastas selection.', 'veg', '377.08', '1', '9', '2025-09-17 11:34:58', '2025-09-17 11:34:58', NULL, '1', '1', '1', '0', NULL, NULL, '0'),
('149', '1', '1', 'Fusilli Pesto', NULL, 'Fusilli Pesto from our Continental & Pastas selection.', 'veg', '234.31', '1', '9', '2025-09-17 11:34:58', '2025-09-17 11:34:58', NULL, '1', '1', '1', '0', NULL, NULL, '0'),
('150', '1', '1', 'Mac and Cheese', NULL, 'Mac and Cheese from our Continental & Pastas selection.', 'veg', '264.16', '1', '9', '2025-09-17 11:34:58', '2025-09-17 11:34:58', NULL, '1', '1', '1', '0', NULL, NULL, '0'),
('151', '1', '1', 'Veg Lasagna', NULL, 'Veg Lasagna from our Continental & Pastas selection.', 'veg', '448.69', '1', '9', '2025-09-17 11:34:58', '2025-09-17 11:34:58', NULL, '1', '1', '1', '0', NULL, NULL, '0'),
('152', '1', '1', 'Grilled Cottage Cheese Steak', NULL, 'Grilled Cottage Cheese Steak from our Continental & Pastas selection.', 'veg', '355.47', '1', '9', '2025-09-17 11:34:58', '2025-09-17 11:34:58', NULL, '1', '1', '1', '0', NULL, NULL, '0'),
('153', '1', '1', 'Sauteed Vegetables Plate', NULL, 'Sauteed Vegetables Plate from our Continental & Pastas selection.', 'veg', '298.29', '1', '9', '2025-09-17 11:34:58', '2025-09-17 11:34:58', NULL, '1', '1', '1', '0', NULL, NULL, '0'),
('154', '1', '1', 'Herb Rice with Veggies', NULL, 'Herb Rice with Veggies from our Continental & Pastas selection.', 'veg', '319.75', '1', '9', '2025-09-17 11:34:58', '2025-09-17 11:34:58', NULL, '1', '1', '1', '0', NULL, NULL, '0'),
('155', '1', '1', 'Chicken Alfredo Pasta', NULL, 'Chicken Alfredo Pasta from our Continental & Pastas selection.', 'non-veg', '212.67', '1', '9', '2025-09-17 11:34:58', '2025-09-17 11:34:58', NULL, '1', '1', '1', '0', NULL, NULL, '0'),
('156', '1', '1', 'Chicken Arrabbiata Pasta', NULL, 'Chicken Arrabbiata Pasta from our Continental & Pastas selection.', 'non-veg', '240.67', '1', '9', '2025-09-17 11:34:58', '2025-09-17 11:34:58', NULL, '1', '1', '1', '0', NULL, NULL, '0'),
('157', '1', '1', 'Grilled Chicken Breast', NULL, 'Grilled Chicken Breast from our Continental & Pastas selection.', 'non-veg', '271.28', '1', '9', '2025-09-17 11:34:58', '2025-09-17 11:34:58', NULL, '1', '1', '1', '0', NULL, NULL, '0'),
('158', '1', '1', 'Chicken Stroganoff', NULL, 'Chicken Stroganoff from our Continental & Pastas selection.', 'non-veg', '338.84', '1', '9', '2025-09-17 11:34:58', '2025-09-17 11:34:58', NULL, '1', '1', '1', '0', NULL, NULL, '0'),
('159', '1', '1', 'Fish and Chips', NULL, 'Fish and Chips from our Continental & Pastas selection.', 'non-veg', '242.13', '1', '9', '2025-09-17 11:34:58', '2025-09-17 11:34:58', NULL, '1', '1', '1', '0', NULL, NULL, '0'),
('160', '1', '1', 'Herb-Grilled Fish Fillet', NULL, 'Herb-Grilled Fish Fillet from our Continental & Pastas selection.', 'non-veg', '239.46', '1', '9', '2025-09-17 11:34:58', '2025-09-17 11:34:58', NULL, '1', '1', '1', '0', NULL, NULL, '0'),
('161', '1', '1', 'Chicken Caesar Salad', NULL, 'Chicken Caesar Salad from our Continental & Pastas selection.', 'non-veg', '199.17', '1', '9', '2025-09-17 11:34:58', '2025-09-17 11:34:58', NULL, '1', '1', '1', '0', NULL, NULL, '0'),
('162', '1', '1', 'Greek Salad', NULL, 'Greek Salad from our Continental & Pastas selection.', 'veg', '350.40', '1', '9', '2025-09-17 11:34:58', '2025-09-17 11:34:58', NULL, '1', '1', '1', '0', NULL, NULL, '0'),
('163', '1', '1', 'Mushroom Risotto', NULL, 'Mushroom Risotto from our Continental & Pastas selection.', 'veg', '241.81', '1', '9', '2025-09-17 11:34:58', '2025-09-17 11:34:58', NULL, '1', '1', '1', '0', NULL, NULL, '0'),
('164', '1', '1', 'Chicken Risotto', NULL, 'Chicken Risotto from our Continental & Pastas selection.', 'non-veg', '424.46', '1', '9', '2025-09-17 11:34:58', '2025-09-17 11:34:58', NULL, '1', '1', '1', '0', NULL, NULL, '0'),
('165', '1', '1', 'Margherita Pizza Personal', NULL, 'Margherita Pizza Personal from our Pizzas selection.', 'veg', '546.66', '1', '10', '2025-09-17 11:34:58', '2025-09-17 11:34:58', NULL, '1', '1', '1', '0', NULL, NULL, '0'),
('166', '1', '1', 'Margherita Pizza Medium', NULL, 'Margherita Pizza Medium from our Pizzas selection.', 'veg', '246.93', '1', '10', '2025-09-17 11:34:58', '2025-09-17 11:34:58', NULL, '1', '1', '1', '0', NULL, NULL, '0'),
('167', '1', '1', 'Farmhouse Pizza Personal', NULL, 'Farmhouse Pizza Personal from our Pizzas selection.', 'veg', '310.44', '1', '10', '2025-09-17 11:34:58', '2025-09-17 11:34:58', NULL, '1', '1', '1', '0', NULL, NULL, '0'),
('168', '1', '1', 'Farmhouse Pizza Medium', NULL, 'Farmhouse Pizza Medium from our Pizzas selection.', 'veg', '474.21', '1', '10', '2025-09-17 11:34:58', '2025-09-17 11:34:58', NULL, '1', '1', '1', '0', NULL, NULL, '0'),
('169', '1', '1', 'Veggie Supreme Pizza Personal', NULL, 'Veggie Supreme Pizza Personal from our Pizzas selection.', 'veg', '301.41', '1', '10', '2025-09-17 11:34:58', '2025-09-17 11:34:58', NULL, '1', '1', '1', '0', NULL, NULL, '0'),
('170', '1', '1', 'Veggie Supreme Pizza Medium', NULL, 'Veggie Supreme Pizza Medium from our Pizzas selection.', 'veg', '270.28', '1', '10', '2025-09-17 11:34:58', '2025-09-17 11:34:58', NULL, '1', '1', '1', '0', NULL, NULL, '0'),
('171', '1', '1', 'Paneer Tikka Pizza Personal', NULL, 'Paneer Tikka Pizza Personal from our Pizzas selection.', 'veg', '575.50', '1', '10', '2025-09-17 11:34:58', '2025-09-17 11:34:58', NULL, '1', '1', '1', '0', NULL, NULL, '0'),
('172', '1', '1', 'Paneer Tikka Pizza Medium', NULL, 'Paneer Tikka Pizza Medium from our Pizzas selection.', 'veg', '437.00', '1', '10', '2025-09-17 11:34:58', '2025-09-17 11:34:58', NULL, '1', '1', '1', '0', NULL, NULL, '0'),
('173', '1', '1', 'Corn & Cheese Pizza Personal', NULL, 'Corn & Cheese Pizza Personal from our Pizzas selection.', 'veg', '399.61', '1', '10', '2025-09-17 11:34:58', '2025-09-17 11:34:58', NULL, '1', '1', '1', '0', NULL, NULL, '0'),
('174', '1', '1', 'Corn & Cheese Pizza Medium', NULL, 'Corn & Cheese Pizza Medium from our Pizzas selection.', 'veg', '518.16', '1', '10', '2025-09-17 11:34:58', '2025-09-17 11:34:58', NULL, '1', '1', '1', '0', NULL, NULL, '0'),
('175', '1', '1', 'Pepperoni Pizza Personal', NULL, 'Pepperoni Pizza Personal from our Pizzas selection.', 'non-veg', '526.85', '1', '10', '2025-09-17 11:34:58', '2025-09-17 11:34:58', NULL, '1', '1', '1', '0', NULL, NULL, '0'),
('176', '1', '1', 'Pepperoni Pizza Medium', NULL, 'Pepperoni Pizza Medium from our Pizzas selection.', 'non-veg', '292.36', '1', '10', '2025-09-17 11:34:58', '2025-09-17 11:34:58', NULL, '1', '1', '1', '0', NULL, NULL, '0'),
('177', '1', '1', 'BBQ Chicken Pizza Personal', NULL, 'BBQ Chicken Pizza Personal from our Pizzas selection.', 'non-veg', '256.83', '1', '10', '2025-09-17 11:34:58', '2025-09-17 11:34:58', NULL, '1', '1', '1', '0', NULL, NULL, '0'),
('178', '1', '1', 'BBQ Chicken Pizza Medium', NULL, 'BBQ Chicken Pizza Medium from our Pizzas selection.', 'non-veg', '383.80', '1', '10', '2025-09-17 11:34:58', '2025-09-17 11:34:58', NULL, '1', '1', '1', '0', NULL, NULL, '0'),
('179', '1', '1', 'Chicken Tikka Pizza Personal', NULL, 'Chicken Tikka Pizza Personal from our Pizzas selection.', 'non-veg', '380.96', '1', '10', '2025-09-17 11:34:58', '2025-09-17 11:34:58', NULL, '1', '1', '1', '0', NULL, NULL, '0'),
('180', '1', '1', 'Chicken Tikka Pizza Medium', NULL, 'Chicken Tikka Pizza Medium from our Pizzas selection.', 'non-veg', '397.47', '1', '10', '2025-09-17 11:34:58', '2025-09-17 11:34:58', NULL, '1', '1', '1', '0', NULL, NULL, '0'),
('181', '1', '1', 'Four Cheese Pizza Medium', NULL, 'Four Cheese Pizza Medium from our Pizzas selection.', 'veg', '497.05', '1', '10', '2025-09-17 11:34:58', '2025-09-17 11:34:58', NULL, '1', '1', '1', '0', NULL, NULL, '0'),
('182', '1', '1', 'Mexican Green Wave Pizza Medium', NULL, 'Mexican Green Wave Pizza Medium from our Pizzas selection.', 'veg', '475.88', '1', '10', '2025-09-17 11:34:58', '2025-09-17 11:34:58', NULL, '1', '1', '1', '0', NULL, NULL, '0'),
('183', '1', '1', 'Peri Peri Paneer Pizza Medium', NULL, 'Peri Peri Paneer Pizza Medium from our Pizzas selection.', 'veg', '593.98', '1', '10', '2025-09-17 11:34:58', '2025-09-17 11:34:58', NULL, '1', '1', '1', '0', NULL, NULL, '0'),
('184', '1', '1', 'Tandoori Chicken Pizza Medium', NULL, 'Tandoori Chicken Pizza Medium from our Pizzas selection.', 'non-veg', '257.40', '1', '10', '2025-09-17 11:34:58', '2025-09-17 11:34:58', NULL, '1', '1', '1', '0', NULL, NULL, '0'),
('185', '1', '1', 'Garden Fresh Pizza Thin Crust', NULL, 'Garden Fresh Pizza Thin Crust from our Pizzas selection.', 'veg', '373.00', '1', '10', '2025-09-17 11:34:58', '2025-09-17 11:34:58', NULL, '1', '1', '1', '0', NULL, NULL, '0'),
('186', '1', '1', 'Smoked Chicken Pizza Thin Crust', NULL, 'Smoked Chicken Pizza Thin Crust from our Pizzas selection.', 'non-veg', '348.93', '1', '10', '2025-09-17 11:34:58', '2025-09-17 11:34:58', NULL, '1', '1', '1', '0', NULL, NULL, '0'),
('187', '1', '1', 'Classic Veg Burger', NULL, 'Classic Veg Burger from our Burgers & Sandwiches selection.', 'veg', '344.03', '1', '11', '2025-09-17 11:34:58', '2025-09-17 11:34:58', NULL, '1', '1', '1', '0', NULL, NULL, '0'),
('188', '1', '1', 'Cheese Veg Burger', NULL, 'Cheese Veg Burger from our Burgers & Sandwiches selection.', 'veg', '184.65', '1', '11', '2025-09-17 11:34:58', '2025-09-17 11:34:58', NULL, '1', '1', '1', '0', NULL, NULL, '0'),
('189', '1', '1', 'Crispy Paneer Burger', NULL, 'Crispy Paneer Burger from our Burgers & Sandwiches selection.', 'veg', '169.45', '1', '11', '2025-09-17 11:34:58', '2025-09-17 11:34:58', NULL, '1', '1', '1', '0', NULL, NULL, '0'),
('190', '1', '1', 'Aloo Tikki Burger', NULL, 'Aloo Tikki Burger from our Burgers & Sandwiches selection.', 'veg', '236.64', '1', '11', '2025-09-17 11:34:58', '2025-09-17 11:34:58', NULL, '1', '1', '1', '0', NULL, NULL, '0'),
('191', '1', '1', 'Mexican Veg Burger', NULL, 'Mexican Veg Burger from our Burgers & Sandwiches selection.', 'veg', '229.69', '1', '11', '2025-09-17 11:34:58', '2025-09-17 11:34:58', NULL, '1', '1', '1', '0', NULL, NULL, '0'),
('192', '1', '1', 'Grilled Veg Sandwich', NULL, 'Grilled Veg Sandwich from our Burgers & Sandwiches selection.', 'veg', '192.42', '1', '11', '2025-09-17 11:34:58', '2025-09-17 11:34:58', NULL, '1', '1', '1', '0', NULL, NULL, '0'),
('193', '1', '1', 'Bombay Masala Sandwich', NULL, 'Bombay Masala Sandwich from our Burgers & Sandwiches selection.', 'veg', '184.95', '1', '11', '2025-09-17 11:34:58', '2025-09-17 11:34:58', NULL, '1', '1', '1', '0', NULL, NULL, '0'),
('194', '1', '1', 'Paneer Tikka Sandwich', NULL, 'Paneer Tikka Sandwich from our Burgers & Sandwiches selection.', 'veg', '360.05', '1', '11', '2025-09-17 11:34:58', '2025-09-17 11:34:58', NULL, '1', '1', '1', '0', NULL, NULL, '0'),
('195', '1', '1', 'Club Sandwich Veg', NULL, 'Club Sandwich Veg from our Burgers & Sandwiches selection.', 'veg', '235.21', '1', '11', '2025-09-17 11:34:58', '2025-09-17 11:34:58', NULL, '1', '1', '1', '0', NULL, NULL, '0'),
('196', '1', '1', 'Chicken Burger Classic', NULL, 'Chicken Burger Classic from our Burgers & Sandwiches selection.', 'non-veg', '343.95', '1', '11', '2025-09-17 11:34:58', '2025-09-17 11:34:58', NULL, '1', '1', '1', '0', NULL, NULL, '0'),
('197', '1', '1', 'Chicken Burger Spicy', NULL, 'Chicken Burger Spicy from our Burgers & Sandwiches selection.', 'non-veg', '263.08', '1', '11', '2025-09-17 11:34:58', '2025-09-17 11:34:58', NULL, '1', '1', '1', '0', NULL, NULL, '0'),
('198', '1', '1', 'BBQ Chicken Burger', NULL, 'BBQ Chicken Burger from our Burgers & Sandwiches selection.', 'non-veg', '133.15', '1', '11', '2025-09-17 11:34:58', '2025-09-17 11:34:58', NULL, '1', '1', '1', '0', NULL, NULL, '0'),
('199', '1', '1', 'Crispy Chicken Burger', NULL, 'Crispy Chicken Burger from our Burgers & Sandwiches selection.', 'non-veg', '379.81', '1', '11', '2025-09-17 11:34:58', '2025-09-17 11:34:58', NULL, '1', '1', '1', '0', NULL, NULL, '0'),
('200', '1', '1', 'Peri Peri Chicken Burger', NULL, 'Peri Peri Chicken Burger from our Burgers & Sandwiches selection.', 'non-veg', '337.37', '1', '11', '2025-09-17 11:34:58', '2025-09-17 11:34:58', NULL, '1', '1', '1', '0', NULL, NULL, '0'),
('201', '1', '1', 'Egg Mayo Sandwich', NULL, 'Egg Mayo Sandwich from our Burgers & Sandwiches selection.', 'egg', '371.94', '1', '11', '2025-09-17 11:34:58', '2025-09-17 11:34:58', NULL, '1', '1', '1', '0', NULL, NULL, '0'),
('202', '1', '1', 'Chicken Club Sandwich', NULL, 'Chicken Club Sandwich from our Burgers & Sandwiches selection.', 'non-veg', '360.86', '1', '11', '2025-09-17 11:34:58', '2025-09-17 11:34:58', NULL, '1', '1', '1', '0', NULL, NULL, '0'),
('203', '1', '1', 'Tuna Sandwich', NULL, 'Tuna Sandwich from our Burgers & Sandwiches selection.', 'non-veg', '340.66', '1', '11', '2025-09-17 11:34:58', '2025-09-17 11:34:58', NULL, '1', '1', '1', '0', NULL, NULL, '0'),
('204', '1', '1', 'Grilled Chicken Sandwich', NULL, 'Grilled Chicken Sandwich from our Burgers & Sandwiches selection.', 'non-veg', '163.24', '1', '11', '2025-09-17 11:34:58', '2025-09-17 11:34:58', NULL, '1', '1', '1', '0', NULL, NULL, '0'),
('205', '1', '1', 'Double Patty Veg Burger', NULL, 'Double Patty Veg Burger from our Burgers & Sandwiches selection.', 'veg', '246.27', '1', '11', '2025-09-17 11:34:58', '2025-09-17 11:34:58', NULL, '1', '1', '1', '0', NULL, NULL, '0'),
('206', '1', '1', 'Paneer Kathi Roll', NULL, 'Paneer Kathi Roll from our Burgers & Sandwiches selection.', 'veg', '175.57', '1', '11', '2025-09-17 11:34:58', '2025-09-17 11:34:58', NULL, '1', '1', '1', '0', NULL, NULL, '0'),
('207', '1', '1', 'Chicken Kathi Roll', NULL, 'Chicken Kathi Roll from our Burgers & Sandwiches selection.', 'non-veg', '224.27', '1', '11', '2025-09-17 11:34:58', '2025-09-17 11:34:58', NULL, '1', '1', '1', '0', NULL, NULL, '0'),
('208', '1', '1', 'Egg Kathi Roll', NULL, 'Egg Kathi Roll from our Burgers & Sandwiches selection.', 'egg', '135.25', '1', '11', '2025-09-17 11:34:58', '2025-09-17 11:34:58', NULL, '1', '1', '1', '0', NULL, NULL, '0'),
('209', '1', '1', 'Gulab Jamun', NULL, 'Gulab Jamun from our Desserts selection.', 'veg', '148.22', '1', '12', '2025-09-17 11:34:58', '2025-09-17 11:34:58', NULL, '1', '1', '1', '0', NULL, NULL, '0'),
('210', '1', '1', 'Rasmalai', NULL, 'Rasmalai from our Desserts selection.', 'veg', '257.36', '1', '12', '2025-09-17 11:34:58', '2025-09-17 11:34:58', NULL, '1', '1', '1', '0', NULL, NULL, '0'),
('211', '1', '1', 'Rasgulla', NULL, 'Rasgulla from our Desserts selection.', 'veg', '127.74', '1', '12', '2025-09-17 11:34:58', '2025-09-17 11:34:58', NULL, '1', '1', '1', '0', NULL, NULL, '0'),
('212', '1', '1', 'Jalebi', NULL, 'Jalebi from our Desserts selection.', 'veg', '221.13', '1', '12', '2025-09-17 11:34:58', '2025-09-17 11:34:58', NULL, '1', '1', '1', '0', NULL, NULL, '0'),
('213', '1', '1', 'Gajar Halwa', NULL, 'Gajar Halwa from our Desserts selection.', 'veg', '161.90', '1', '12', '2025-09-17 11:34:58', '2025-09-17 11:34:58', NULL, '1', '1', '1', '0', NULL, NULL, '0'),
('214', '1', '1', 'Moong Dal Halwa', NULL, 'Moong Dal Halwa from our Desserts selection.', 'veg', '156.14', '1', '12', '2025-09-17 11:34:58', '2025-09-17 11:34:58', NULL, '1', '1', '1', '0', NULL, NULL, '0'),
('215', '1', '1', 'Kheer', NULL, 'Kheer from our Desserts selection.', 'veg', '252.32', '1', '12', '2025-09-17 11:34:58', '2025-09-17 11:34:58', NULL, '1', '1', '1', '0', NULL, NULL, '0'),
('216', '1', '1', 'Phirni', NULL, 'Phirni from our Desserts selection.', 'veg', '259.18', '1', '12', '2025-09-17 11:34:58', '2025-09-17 11:34:58', NULL, '1', '1', '1', '0', NULL, NULL, '0'),
('217', '1', '1', 'Kulfi Malai', NULL, 'Kulfi Malai from our Desserts selection.', 'veg', '180.04', '1', '12', '2025-09-17 11:34:58', '2025-09-17 11:34:58', NULL, '1', '1', '1', '0', NULL, NULL, '0'),
('218', '1', '1', 'Kulfi Pista', NULL, 'Kulfi Pista from our Desserts selection.', 'veg', '209.31', '1', '12', '2025-09-17 11:34:58', '2025-09-17 11:34:58', NULL, '1', '1', '1', '0', NULL, NULL, '0'),
('219', '1', '1', 'Matka Kulfi', NULL, 'Matka Kulfi from our Desserts selection.', 'veg', '107.86', '1', '12', '2025-09-17 11:34:58', '2025-09-17 11:34:58', NULL, '1', '1', '1', '0', NULL, NULL, '0'),
('220', '1', '1', 'Ice Cream Vanilla Scoop', NULL, 'Ice Cream Vanilla Scoop from our Desserts selection.', 'veg', '133.41', '1', '12', '2025-09-17 11:34:58', '2025-09-17 11:34:58', NULL, '1', '1', '1', '0', NULL, NULL, '0'),
('221', '1', '1', 'Ice Cream Chocolate Scoop', NULL, 'Ice Cream Chocolate Scoop from our Desserts selection.', 'veg', '254.37', '1', '12', '2025-09-17 11:34:58', '2025-09-17 11:34:58', NULL, '1', '1', '1', '0', NULL, NULL, '0'),
('222', '1', '1', 'Brownie with Ice Cream', NULL, 'Brownie with Ice Cream from our Desserts selection.', 'veg', '184.25', '1', '12', '2025-09-17 11:34:58', '2025-09-17 11:34:58', NULL, '1', '1', '1', '0', NULL, NULL, '0'),
('223', '1', '1', 'Sizzling Brownie', NULL, 'Sizzling Brownie from our Desserts selection.', 'veg', '177.60', '1', '12', '2025-09-17 11:34:58', '2025-09-17 11:34:58', NULL, '1', '1', '1', '0', NULL, NULL, '0'),
('224', '1', '1', 'Cheesecake Blueberry', NULL, 'Cheesecake Blueberry from our Desserts selection.', 'veg', '214.64', '1', '12', '2025-09-17 11:34:58', '2025-09-17 11:34:58', NULL, '1', '1', '1', '0', NULL, NULL, '0'),
('225', '1', '1', 'Tiramisu', NULL, 'Tiramisu from our Desserts selection.', 'veg', '90.29', '1', '12', '2025-09-17 11:34:58', '2025-09-17 11:34:58', NULL, '1', '1', '1', '0', NULL, NULL, '0'),
('226', '1', '1', 'Caramel Custard', NULL, 'Caramel Custard from our Desserts selection.', 'egg', '185.15', '1', '12', '2025-09-17 11:34:58', '2025-09-17 11:34:58', NULL, '1', '1', '1', '0', NULL, NULL, '0'),
('227', '1', '1', 'Apple Pie', NULL, 'Apple Pie from our Desserts selection.', 'veg', '170.51', '1', '12', '2025-09-17 11:34:58', '2025-09-17 11:34:58', NULL, '1', '1', '1', '0', NULL, NULL, '0'),
('228', '1', '1', 'Mysore Pak', NULL, 'Mysore Pak from our Desserts selection.', 'veg', '233.49', '1', '12', '2025-09-17 11:34:58', '2025-09-17 11:34:58', NULL, '1', '1', '1', '0', NULL, NULL, '0'),
('229', '1', '1', 'Shrikhand', NULL, 'Shrikhand from our Desserts selection.', 'veg', '108.34', '1', '12', '2025-09-17 11:34:58', '2025-09-17 11:34:58', NULL, '1', '1', '1', '0', NULL, NULL, '0'),
('230', '1', '1', 'Masala Chai', NULL, 'Masala Chai from our Beverages selection.', 'veg', '213.33', '1', '13', '2025-09-17 11:34:58', '2025-09-17 11:34:58', NULL, '1', '1', '1', '0', NULL, NULL, '0'),
('231', '1', '1', 'Ginger Tea', NULL, 'Ginger Tea from our Beverages selection.', 'veg', '63.62', '1', '13', '2025-09-17 11:34:58', '2025-09-17 11:34:58', NULL, '1', '1', '1', '0', NULL, NULL, '0'),
('232', '1', '1', 'Filter Coffee', NULL, 'Filter Coffee from our Beverages selection.', 'veg', '81.59', '1', '13', '2025-09-17 11:34:58', '2025-09-17 11:34:58', NULL, '1', '1', '1', '0', NULL, NULL, '0'),
('233', '1', '1', 'Cold Coffee Classic', NULL, 'Cold Coffee Classic from our Beverages selection.', 'veg', '151.16', '1', '13', '2025-09-17 11:34:58', '2025-09-17 11:34:58', NULL, '1', '1', '1', '0', NULL, NULL, '0'),
('234', '1', '1', 'Cold Coffee Frappe', NULL, 'Cold Coffee Frappe from our Beverages selection.', 'veg', '164.79', '1', '13', '2025-09-17 11:34:58', '2025-09-17 11:34:58', NULL, '1', '1', '1', '0', NULL, NULL, '0'),
('235', '1', '1', 'Iced Tea Lemon', NULL, 'Iced Tea Lemon from our Beverages selection.', 'veg', '89.98', '1', '13', '2025-09-17 11:34:58', '2025-09-17 11:34:58', NULL, '1', '1', '1', '0', NULL, NULL, '0'),
('236', '1', '1', 'Iced Tea Peach', NULL, 'Iced Tea Peach from our Beverages selection.', 'veg', '70.38', '1', '13', '2025-09-17 11:34:58', '2025-09-17 11:34:58', NULL, '1', '1', '1', '0', NULL, NULL, '0'),
('237', '1', '1', 'Fresh Lime Soda Sweet', NULL, 'Fresh Lime Soda Sweet from our Beverages selection.', 'veg', '201.35', '1', '13', '2025-09-17 11:34:58', '2025-09-17 11:34:58', NULL, '1', '1', '1', '0', NULL, NULL, '0'),
('238', '1', '1', 'Fresh Lime Soda Salted', NULL, 'Fresh Lime Soda Salted from our Beverages selection.', 'veg', '91.86', '1', '13', '2025-09-17 11:34:58', '2025-09-17 11:34:58', NULL, '1', '1', '1', '0', NULL, NULL, '0'),
('239', '1', '1', 'Sweet Lassi', NULL, 'Sweet Lassi from our Beverages selection.', 'veg', '151.07', '1', '13', '2025-09-17 11:34:58', '2025-09-17 11:34:58', NULL, '1', '1', '1', '0', NULL, NULL, '0'),
('240', '1', '1', 'Salted Lassi', NULL, 'Salted Lassi from our Beverages selection.', 'veg', '155.29', '1', '13', '2025-09-17 11:34:58', '2025-09-17 11:34:58', NULL, '1', '1', '1', '0', NULL, NULL, '0'),
('241', '1', '1', 'Mango Lassi', NULL, 'Mango Lassi from our Beverages selection.', 'veg', '121.27', '1', '13', '2025-09-17 11:34:58', '2025-09-17 11:34:58', NULL, '1', '1', '1', '0', NULL, NULL, '0'),
('242', '1', '1', 'Buttermilk Chaas', NULL, 'Buttermilk Chaas from our Beverages selection.', 'veg', '149.22', '1', '13', '2025-09-17 11:34:58', '2025-09-17 11:34:58', NULL, '1', '1', '1', '0', NULL, NULL, '0'),
('243', '1', '1', 'Thandai', NULL, 'Thandai from our Beverages selection.', 'veg', '138.87', '1', '13', '2025-09-17 11:34:58', '2025-09-17 11:34:58', NULL, '1', '1', '1', '0', NULL, NULL, '0'),
('244', '1', '1', 'Badam Milk', NULL, 'Badam Milk from our Beverages selection.', 'veg', '208.90', '1', '13', '2025-09-17 11:34:58', '2025-09-17 11:34:58', NULL, '1', '1', '1', '0', NULL, NULL, '0'),
('245', '1', '1', 'Watermelon Juice', NULL, 'Watermelon Juice from our Beverages selection.', 'veg', '84.72', '1', '13', '2025-09-17 11:34:58', '2025-09-17 11:34:58', NULL, '1', '1', '1', '0', NULL, NULL, '0'),
('246', '1', '1', 'Orange Juice', NULL, 'Orange Juice from our Beverages selection.', 'veg', '171.75', '1', '13', '2025-09-17 11:34:58', '2025-09-17 11:34:58', NULL, '1', '1', '1', '0', NULL, NULL, '0'),
('247', '1', '1', 'Pineapple Juice', NULL, 'Pineapple Juice from our Beverages selection.', 'veg', '90.58', '1', '13', '2025-09-17 11:34:58', '2025-09-17 11:34:58', NULL, '1', '1', '1', '0', NULL, NULL, '0'),
('248', '1', '1', 'Mint Mojito', NULL, 'Mint Mojito from our Beverages selection.', 'veg', '117.28', '1', '13', '2025-09-17 11:34:58', '2025-09-17 11:34:58', NULL, '1', '1', '1', '0', NULL, NULL, '0'),
('249', '1', '1', 'Strawberry Milkshake', NULL, 'Strawberry Milkshake from our Beverages selection.', 'veg', '164.19', '1', '13', '2025-09-17 11:34:58', '2025-09-17 11:34:58', NULL, '1', '1', '1', '0', NULL, NULL, '0'),
('250', '1', '1', 'Chocolate Milkshake', NULL, 'Chocolate Milkshake from our Beverages selection.', 'veg', '101.00', '1', '13', '2025-09-17 11:34:58', '2025-09-17 11:34:58', NULL, '1', '1', '1', '0', NULL, NULL, '0'),
('251', '3', '3', 'Paneer Butter Masala', NULL, 'Paneer Butter Masala from our Indian Veg Curries selection.', 'veg', '269.52', '2', '14', '2025-09-20 01:34:20', '2025-11-26 10:57:38', NULL, '1', '1', '1', '0', NULL, NULL, '0'),
('252', '3', '3', 'Kadai Paneer', NULL, 'Kadai Paneer from our Indian Veg Curries selection.', 'veg', '183.50', '2', '14', '2025-09-20 01:34:20', '2025-11-26 10:57:39', NULL, '1', '1', '1', '0', NULL, NULL, '0'),
('253', '3', '3', 'Shahi Paneer', NULL, 'Shahi Paneer from our Indian Veg Curries selection.', 'veg', '218.50', '2', '14', '2025-09-20 01:34:20', '2025-11-26 10:57:39', NULL, '1', '1', '1', '0', NULL, NULL, '0'),
('254', '3', '3', 'Palak Paneer', NULL, 'Palak Paneer from our Indian Veg Curries selection.', 'veg', '211.25', '2', '14', '2025-09-20 01:34:20', '2025-11-26 10:57:39', NULL, '1', '1', '1', '0', NULL, NULL, '0'),
('255', '3', '3', 'Matar Paneer', NULL, 'Matar Paneer from our Indian Veg Curries selection.', 'veg', '283.11', '2', '14', '2025-09-20 01:34:20', '2025-11-26 10:57:40', NULL, '1', '1', '1', '0', NULL, NULL, '0'),
('256', '3', '3', 'Paneer Tikka Masala', NULL, 'Paneer Tikka Masala from our Indian Veg Curries selection.', 'veg', '274.74', '2', '14', '2025-09-20 01:34:20', '2025-11-26 10:57:40', NULL, '1', '1', '1', '0', NULL, NULL, '0'),
('257', '3', '3', 'Dal Makhani', NULL, 'Dal Makhani from our Indian Veg Curries selection.', 'veg', '304.91', '2', '14', '2025-09-20 01:34:20', '2025-11-26 10:57:41', NULL, '1', '1', '1', '0', NULL, NULL, '0'),
('258', '3', '3', 'Dal Tadka', NULL, 'Dal Tadka from our Indian Veg Curries selection.', 'veg', '192.17', '2', '14', '2025-09-20 01:34:20', '2025-11-26 10:57:41', NULL, '1', '1', '1', '0', NULL, NULL, '0'),
('259', '3', '3', 'Chana Masala', NULL, 'Chana Masala from our Indian Veg Curries selection.', 'veg', '239.07', '2', '14', '2025-09-20 01:34:20', '2025-11-26 10:57:41', NULL, '1', '1', '1', '0', NULL, NULL, '0'),
('260', '3', '3', 'Aloo Gobi', NULL, 'Aloo Gobi from our Indian Veg Curries selection.', 'veg', '184.17', '2', '14', '2025-09-20 01:34:20', '2025-11-26 10:57:43', NULL, '1', '1', '1', '0', NULL, NULL, '0'),
('261', '3', '3', 'Baingan Bharta', NULL, 'Baingan Bharta from our Indian Veg Curries selection.', 'veg', '210.61', '2', '14', '2025-09-20 01:34:20', '2025-11-26 10:57:43', NULL, '1', '1', '1', '0', NULL, NULL, '0'),
('262', '3', '3', 'Bhindi Masala', NULL, 'Bhindi Masala from our Indian Veg Curries selection.', 'veg', '250.75', '2', '14', '2025-09-20 01:34:20', '2025-11-26 10:57:43', NULL, '1', '1', '1', '0', NULL, NULL, '0'),
('263', '3', '3', 'Mix Veg Curry', NULL, 'Mix Veg Curry from our Indian Veg Curries selection.', 'veg', '183.72', '2', '14', '2025-09-20 01:34:20', '2025-11-26 10:57:44', NULL, '1', '1', '1', '0', NULL, NULL, '0'),
('264', '3', '3', 'Malai Kofta', NULL, 'Malai Kofta from our Indian Veg Curries selection.', 'veg', '207.84', '2', '14', '2025-09-20 01:34:20', '2025-11-26 10:57:44', NULL, '1', '1', '1', '0', NULL, NULL, '0'),
('265', '3', '3', 'Veg Kolhapuri', NULL, 'Veg Kolhapuri from our Indian Veg Curries selection.', 'veg', '270.98', '2', '14', '2025-09-20 01:34:20', '2025-11-26 10:57:45', NULL, '1', '1', '1', '0', NULL, NULL, '0'),
('266', '3', '3', 'Navratan Korma', NULL, 'Navratan Korma from our Indian Veg Curries selection.', 'veg', '256.29', '2', '14', '2025-09-20 01:34:20', '2025-11-26 10:57:45', NULL, '1', '1', '1', '0', NULL, NULL, '0'),
('267', '3', '3', 'Methi Malai Matar', NULL, 'Methi Malai Matar from our Indian Veg Curries selection.', 'veg', '210.86', '2', '14', '2025-09-20 01:34:20', '2025-11-26 10:57:46', NULL, '1', '1', '1', '0', NULL, NULL, '0'),
('268', '3', '3', 'Kadhi Pakora', NULL, 'Kadhi Pakora from our Indian Veg Curries selection.', 'veg', '262.50', '2', '14', '2025-09-20 01:34:20', '2025-11-26 10:57:47', NULL, '1', '1', '1', '0', NULL, NULL, '0'),
('269', '3', '3', 'Paneer Lababdar', NULL, 'Paneer Lababdar from our Indian Veg Curries selection.', 'veg', '293.32', '2', '14', '2025-09-20 01:34:20', '2025-11-26 10:57:47', NULL, '1', '1', '1', '0', NULL, NULL, '0'),
('270', '3', '3', 'Veg Jaipuri', NULL, 'Veg Jaipuri from our Indian Veg Curries selection.', 'veg', '180.91', '2', '14', '2025-09-20 01:34:20', '2025-11-26 10:57:47', NULL, '1', '1', '1', '0', NULL, NULL, '0'),
('271', '3', '3', 'Butter Chicken', NULL, 'Butter Chicken from our Indian Non-Veg Curries selection.', 'non-veg', '381.16', '2', '15', '2025-09-20 01:34:20', '2025-11-26 10:57:48', NULL, '1', '1', '1', '0', NULL, NULL, '0'),
('272', '3', '3', 'Chicken Tikka Masala', NULL, 'Chicken Tikka Masala from our Indian Non-Veg Curries selection.', 'non-veg', '359.63', '2', '15', '2025-09-20 01:34:20', '2025-11-26 10:57:48', NULL, '1', '1', '1', '0', NULL, NULL, '0'),
('273', '3', '3', 'Chicken Korma', NULL, 'Chicken Korma from our Indian Non-Veg Curries selection.', 'non-veg', '288.05', '2', '15', '2025-09-20 01:34:20', '2025-11-26 10:57:49', NULL, '1', '1', '1', '0', NULL, NULL, '0'),
('274', '3', '3', 'Chicken Curry Home Style', NULL, 'Chicken Curry Home Style from our Indian Non-Veg Curries selection.', 'non-veg', '251.10', '2', '15', '2025-09-20 01:34:20', '2025-11-26 10:57:49', NULL, '1', '1', '1', '0', NULL, NULL, '0'),
('275', '3', '3', 'Chicken Chettinad', NULL, 'Chicken Chettinad from our Indian Non-Veg Curries selection.', 'non-veg', '411.44', '2', '15', '2025-09-20 01:34:20', '2025-11-26 10:57:50', NULL, '1', '1', '1', '0', NULL, NULL, '0'),
('276', '3', '3', 'Chicken Handi', NULL, 'Chicken Handi from our Indian Non-Veg Curries selection.', 'non-veg', '287.32', '2', '15', '2025-09-20 01:34:20', '2025-11-26 10:57:50', NULL, '1', '1', '1', '0', NULL, NULL, '0'),
('277', '3', '3', 'Chicken Bhuna', NULL, 'Chicken Bhuna from our Indian Non-Veg Curries selection.', 'non-veg', '238.55', '2', '15', '2025-09-20 01:34:20', '2025-11-26 10:57:51', NULL, '1', '1', '1', '0', NULL, NULL, '0'),
('278', '3', '3', 'Mutton Rogan Josh', NULL, 'Mutton Rogan Josh from our Indian Non-Veg Curries selection.', 'non-veg', '239.34', '2', '15', '2025-09-20 01:34:20', '2025-11-26 10:57:51', NULL, '1', '1', '1', '0', NULL, NULL, '0'),
('279', '3', '3', 'Mutton Korma', NULL, 'Mutton Korma from our Indian Non-Veg Curries selection.', 'non-veg', '389.50', '2', '15', '2025-09-20 01:34:20', '2025-11-26 10:57:51', NULL, '1', '1', '1', '0', NULL, NULL, '0'),
('280', '3', '3', 'Mutton Bhuna', NULL, 'Mutton Bhuna from our Indian Non-Veg Curries selection.', 'non-veg', '340.75', '2', '15', '2025-09-20 01:34:20', '2025-11-26 10:57:52', NULL, '1', '1', '1', '0', NULL, NULL, '0'),
('281', '3', '3', 'Fish Curry Goan', NULL, 'Fish Curry Goan from our Indian Non-Veg Curries selection.', 'non-veg', '381.43', '2', '15', '2025-09-20 01:34:20', '2025-11-26 10:57:52', NULL, '1', '1', '1', '0', NULL, NULL, '0'),
('282', '3', '3', 'Fish Curry Bengali', NULL, 'Fish Curry Bengali from our Indian Non-Veg Curries selection.', 'non-veg', '365.95', '2', '15', '2025-09-20 01:34:20', '2025-11-26 10:57:53', NULL, '1', '1', '1', '0', NULL, NULL, '0'),
('283', '3', '3', 'Prawn Masala', NULL, 'Prawn Masala from our Indian Non-Veg Curries selection.', 'non-veg', '327.25', '2', '15', '2025-09-20 01:34:20', '2025-11-26 10:57:54', NULL, '1', '1', '1', '0', NULL, NULL, '0'),
('284', '3', '3', 'Egg Curry', NULL, 'Egg Curry from our Indian Non-Veg Curries selection.', 'egg', '414.62', '2', '15', '2025-09-20 01:34:20', '2025-11-26 10:57:54', NULL, '1', '1', '1', '0', NULL, NULL, '0'),
('285', '3', '3', 'Keema Matar', NULL, 'Keema Matar from our Indian Non-Veg Curries selection.', 'non-veg', '295.71', '2', '15', '2025-09-20 01:34:20', '2025-11-26 10:57:55', NULL, '1', '1', '1', '0', NULL, NULL, '0'),
('286', '3', '3', 'Chicken Saagwala', NULL, 'Chicken Saagwala from our Indian Non-Veg Curries selection.', 'non-veg', '330.41', '2', '15', '2025-09-20 01:34:20', '2025-11-26 10:57:56', NULL, '1', '1', '1', '0', NULL, NULL, '0'),
('287', '3', '3', 'Chicken Vindaloo', NULL, 'Chicken Vindaloo from our Indian Non-Veg Curries selection.', 'non-veg', '385.88', '2', '15', '2025-09-20 01:34:20', '2025-11-26 10:57:56', NULL, '1', '1', '1', '0', NULL, NULL, '0'),
('288', '3', '3', 'Chicken Do Pyaza', NULL, 'Chicken Do Pyaza from our Indian Non-Veg Curries selection.', 'non-veg', '343.70', '2', '15', '2025-09-20 01:34:20', '2025-11-26 10:57:57', NULL, '1', '1', '1', '0', NULL, NULL, '0'),
('289', '3', '3', 'Idli Sambar', NULL, 'Idli Sambar from our South Indian selection.', 'veg', '200.64', '2', '16', '2025-09-20 01:34:20', '2025-11-26 10:57:57', NULL, '1', '1', '1', '0', NULL, NULL, '0'),
('290', '3', '3', 'Medu Vada Sambar', NULL, 'Medu Vada Sambar from our South Indian selection.', 'veg', '160.83', '2', '16', '2025-09-20 01:34:20', '2025-11-26 10:57:57', NULL, '1', '1', '1', '0', NULL, NULL, '0'),
('291', '3', '3', 'Plain Dosa', NULL, 'Plain Dosa from our South Indian selection.', 'veg', '178.64', '2', '16', '2025-09-20 01:34:20', '2025-11-26 10:57:58', NULL, '1', '1', '1', '0', NULL, NULL, '0'),
('292', '3', '3', 'Masala Dosa', NULL, 'Masala Dosa from our South Indian selection.', 'veg', '86.42', '2', '16', '2025-09-20 01:34:20', '2025-11-26 10:57:58', NULL, '1', '1', '1', '0', NULL, NULL, '0'),
('293', '3', '3', 'Onion Rava Dosa', NULL, 'Onion Rava Dosa from our South Indian selection.', 'veg', '111.91', '2', '16', '2025-09-20 01:34:20', '2025-11-26 10:57:58', NULL, '1', '1', '1', '0', NULL, NULL, '0'),
('294', '3', '3', 'Mysore Masala Dosa', NULL, 'Mysore Masala Dosa from our South Indian selection.', 'veg', '120.51', '2', '16', '2025-09-20 01:34:20', '2025-11-26 10:57:59', NULL, '1', '1', '1', '0', NULL, NULL, '0'),
('295', '3', '3', 'Ghee Roast Dosa', NULL, 'Ghee Roast Dosa from our South Indian selection.', 'veg', '91.17', '2', '16', '2025-09-20 01:34:20', '2025-11-26 10:58:00', NULL, '1', '1', '1', '0', NULL, NULL, '0'),
('296', '3', '3', 'Paper Dosa', NULL, 'Paper Dosa from our South Indian selection.', 'veg', '112.59', '2', '16', '2025-09-20 01:34:20', '2025-11-26 10:58:00', NULL, '1', '1', '1', '0', NULL, NULL, '0'),
('297', '3', '3', 'Paneer Dosa', NULL, 'Paneer Dosa from our South Indian selection.', 'veg', '94.14', '2', '16', '2025-09-20 01:34:20', '2025-11-26 10:58:00', NULL, '1', '1', '1', '0', NULL, NULL, '0'),
('298', '3', '3', 'Cheese Dosa', NULL, 'Cheese Dosa from our South Indian selection.', 'veg', '118.92', '2', '16', '2025-09-20 01:34:20', '2025-11-26 10:58:01', NULL, '1', '1', '1', '0', NULL, NULL, '0'),
('299', '3', '3', 'Uttapam Onion', NULL, 'Uttapam Onion from our South Indian selection.', 'veg', '169.00', '2', '16', '2025-09-20 01:34:20', '2025-11-26 10:58:01', NULL, '1', '1', '1', '0', NULL, NULL, '0'),
('300', '3', '3', 'Uttapam Mix Veg', NULL, 'Uttapam Mix Veg from our South Indian selection.', 'veg', '131.08', '2', '16', '2025-09-20 01:34:20', '2025-11-26 10:58:02', NULL, '1', '1', '1', '0', NULL, NULL, '0'),
('301', '3', '3', 'Pongal', NULL, 'Pongal from our South Indian selection.', 'veg', '131.83', '2', '16', '2025-09-20 01:34:20', '2025-11-26 10:58:03', NULL, '1', '1', '1', '0', NULL, NULL, '0'),
('302', '3', '3', 'Curd Rice', NULL, 'Curd Rice from our South Indian selection.', 'veg', '109.33', '2', '16', '2025-09-20 01:34:20', '2025-11-26 10:58:03', NULL, '1', '1', '1', '0', NULL, NULL, '0'),
('303', '3', '3', 'Lemon Rice', NULL, 'Lemon Rice from our South Indian selection.', 'veg', '117.38', '2', '16', '2025-09-20 01:34:20', '2025-11-26 10:58:03', NULL, '1', '1', '1', '0', NULL, NULL, '0'),
('304', '3', '3', 'Tamarind Rice', NULL, 'Tamarind Rice from our South Indian selection.', 'veg', '211.13', '2', '16', '2025-09-20 01:34:20', '2025-11-26 10:58:04', NULL, '1', '1', '1', '0', NULL, NULL, '0'),
('305', '3', '3', 'Sambar Rice', NULL, 'Sambar Rice from our South Indian selection.', 'veg', '170.72', '2', '16', '2025-09-20 01:34:20', '2025-11-26 10:58:04', NULL, '1', '1', '1', '0', NULL, NULL, '0'),
('306', '3', '3', 'Rasam Rice', NULL, 'Rasam Rice from our South Indian selection.', 'veg', '165.28', '2', '16', '2025-09-20 01:34:20', '2025-11-26 10:58:06', NULL, '1', '1', '1', '0', NULL, NULL, '0'),
('307', '3', '3', 'Veg Biryani', NULL, 'Veg Biryani from our Biryani & Rice selection.', 'veg', '164.50', '2', '17', '2025-09-20 01:34:20', '2025-11-26 10:58:06', NULL, '1', '1', '1', '0', NULL, NULL, '0'),
('308', '3', '3', 'Paneer Biryani', NULL, 'Paneer Biryani from our Biryani & Rice selection.', 'veg', '309.57', '2', '17', '2025-09-20 01:34:20', '2025-11-26 10:58:06', NULL, '1', '1', '1', '0', NULL, NULL, '0'),
('309', '3', '3', 'Mushroom Biryani', NULL, 'Mushroom Biryani from our Biryani & Rice selection.', 'veg', '162.48', '2', '17', '2025-09-20 01:34:20', '2025-11-26 10:58:07', NULL, '1', '1', '1', '0', NULL, NULL, '0'),
('310', '3', '3', 'Hyderabadi Veg Biryani', NULL, 'Hyderabadi Veg Biryani from our Biryani & Rice selection.', 'veg', '218.66', '2', '17', '2025-09-20 01:34:20', '2025-11-26 10:58:07', NULL, '1', '1', '1', '0', NULL, NULL, '0'),
('311', '3', '3', 'Jeera Rice', NULL, 'Jeera Rice from our Biryani & Rice selection.', 'veg', '377.28', '2', '17', '2025-09-20 01:34:20', '2025-11-26 10:58:08', NULL, '1', '1', '1', '0', NULL, NULL, '0'),
('312', '3', '3', 'Peas Pulao', NULL, 'Peas Pulao from our Biryani & Rice selection.', 'veg', '286.40', '2', '17', '2025-09-20 01:34:20', '2025-11-26 10:58:08', NULL, '1', '1', '1', '0', NULL, NULL, '0'),
('313', '3', '3', 'Veg Fried Rice', NULL, 'Veg Fried Rice from our Biryani & Rice selection.', 'veg', '264.81', '2', '17', '2025-09-20 01:34:20', '2025-11-26 10:58:08', NULL, '1', '1', '1', '0', NULL, NULL, '0'),
('314', '3', '3', 'Curd Rice Tempered', NULL, 'Curd Rice Tempered from our Biryani & Rice selection.', 'veg', '298.00', '2', '17', '2025-09-20 01:34:20', '2025-11-26 10:58:09', NULL, '1', '1', '1', '0', NULL, NULL, '0'),
('315', '3', '3', 'Chicken Biryani', NULL, 'Chicken Biryani from our Biryani & Rice selection.', 'non-veg', '339.14', '2', '17', '2025-09-20 01:34:20', '2025-11-26 10:58:10', NULL, '1', '1', '1', '0', NULL, NULL, '0'),
('316', '3', '3', 'Chicken Dum Biryani', NULL, 'Chicken Dum Biryani from our Biryani & Rice selection.', 'non-veg', '321.76', '2', '17', '2025-09-20 01:34:20', '2025-11-26 10:58:10', NULL, '1', '1', '1', '0', NULL, NULL, '0'),
('317', '3', '3', 'Chicken Tikka Biryani', NULL, 'Chicken Tikka Biryani from our Biryani & Rice selection.', 'non-veg', '179.55', '2', '17', '2025-09-20 01:34:20', '2025-11-26 10:58:11', NULL, '1', '1', '1', '0', NULL, NULL, '0'),
('318', '3', '3', 'Mutton Biryani', NULL, 'Mutton Biryani from our Biryani & Rice selection.', 'non-veg', '128.35', '2', '17', '2025-09-20 01:34:20', '2025-11-26 10:58:11', NULL, '1', '1', '1', '0', NULL, NULL, '0'),
('319', '3', '3', 'Egg Biryani', NULL, 'Egg Biryani from our Biryani & Rice selection.', 'egg', '202.02', '2', '17', '2025-09-20 01:34:20', '2025-11-26 10:58:12', NULL, '1', '1', '1', '0', NULL, NULL, '0'),
('320', '3', '3', 'Egg Fried Rice', NULL, 'Egg Fried Rice from our Biryani & Rice selection.', 'egg', '189.61', '2', '17', '2025-09-20 01:34:20', '2025-11-26 10:58:12', NULL, '1', '1', '1', '0', NULL, NULL, '0'),
('321', '3', '3', 'Prawn Biryani', NULL, 'Prawn Biryani from our Biryani & Rice selection.', 'non-veg', '174.86', '2', '17', '2025-09-20 01:34:20', '2025-11-26 10:58:12', NULL, '1', '1', '1', '0', NULL, NULL, '0'),
('322', '3', '3', 'Fish Biryani', NULL, 'Fish Biryani from our Biryani & Rice selection.', 'non-veg', '365.16', '2', '17', '2025-09-20 01:34:20', '2025-11-26 10:58:13', NULL, '1', '1', '1', '0', NULL, NULL, '0'),
('323', '3', '3', 'Schezwan Fried Rice', NULL, 'Schezwan Fried Rice from our Biryani & Rice selection.', 'veg', '347.86', '2', '17', '2025-09-20 01:34:20', '2025-11-26 10:58:13', NULL, '1', '1', '1', '0', NULL, NULL, '0'),
('324', '3', '3', 'Brown Rice Plain', NULL, 'Brown Rice Plain from our Biryani & Rice selection.', 'veg', '201.82', '2', '17', '2025-09-20 01:34:20', '2025-11-26 10:58:14', NULL, '1', '1', '1', '0', NULL, NULL, '0'),
('325', '3', '3', 'Tandoori Roti', NULL, 'Tandoori Roti from our Indian Breads selection.', 'veg', '85.54', '2', '18', '2025-09-20 01:34:20', '2025-11-26 10:58:14', NULL, '1', '1', '1', '0', NULL, NULL, '0'),
('326', '3', '3', 'Butter Roti', NULL, 'Butter Roti from our Indian Breads selection.', 'veg', '59.56', '2', '18', '2025-09-20 01:34:20', '2025-11-26 10:58:15', NULL, '1', '1', '1', '0', NULL, NULL, '0'),
('327', '3', '3', 'Plain Naan', NULL, 'Plain Naan from our Indian Breads selection.', 'veg', '111.45', '2', '18', '2025-09-20 01:34:20', '2025-11-26 10:58:15', NULL, '1', '1', '1', '0', NULL, NULL, '0'),
('328', '3', '3', 'Butter Naan', NULL, 'Butter Naan from our Indian Breads selection.', 'veg', '65.89', '2', '18', '2025-09-20 01:34:20', '2025-11-26 10:58:15', NULL, '1', '1', '1', '0', NULL, NULL, '0'),
('329', '3', '3', 'Garlic Naan', NULL, 'Garlic Naan from our Indian Breads selection.', 'veg', '46.49', '2', '18', '2025-09-20 01:34:20', '2025-11-26 10:58:16', NULL, '1', '1', '1', '0', NULL, NULL, '0'),
('330', '3', '3', 'Lachha Paratha', NULL, 'Lachha Paratha from our Indian Breads selection.', 'veg', '44.66', '2', '18', '2025-09-20 01:34:20', '2025-11-26 10:58:17', NULL, '1', '1', '1', '0', NULL, NULL, '0'),
('331', '3', '3', 'Aloo Paratha', NULL, 'Aloo Paratha from our Indian Breads selection.', 'veg', '76.14', '2', '18', '2025-09-20 01:34:20', '2025-11-26 10:58:18', NULL, '1', '1', '1', '0', NULL, NULL, '0'),
('332', '3', '3', 'Paneer Paratha', NULL, 'Paneer Paratha from our Indian Breads selection.', 'veg', '46.27', '2', '18', '2025-09-20 01:34:20', '2025-11-26 10:58:20', NULL, '1', '1', '1', '0', NULL, NULL, '0'),
('333', '3', '3', 'Missi Roti', NULL, 'Missi Roti from our Indian Breads selection.', 'veg', '78.46', '2', '18', '2025-09-20 01:34:20', '2025-11-26 10:58:21', NULL, '1', '1', '1', '0', NULL, NULL, '0'),
('334', '3', '3', 'Stuffed Kulcha', NULL, 'Stuffed Kulcha from our Indian Breads selection.', 'veg', '109.78', '2', '18', '2025-09-20 01:34:20', '2025-11-26 10:58:23', NULL, '1', '1', '1', '0', NULL, NULL, '0'),
('335', '3', '3', 'Amritsari Kulcha', NULL, 'Amritsari Kulcha from our Indian Breads selection.', 'veg', '59.94', '2', '18', '2025-09-20 01:34:20', '2025-11-26 10:58:23', NULL, '1', '1', '1', '0', NULL, NULL, '0'),
('336', '3', '3', 'Roomali Roti', NULL, 'Roomali Roti from our Indian Breads selection.', 'veg', '41.93', '2', '18', '2025-09-20 01:34:20', '2025-11-26 10:58:25', NULL, '1', '1', '1', '0', NULL, NULL, '0'),
('337', '3', '3', 'Pani Puri', NULL, 'Pani Puri from our Chaat & Street Food selection.', 'veg', '219.61', '2', '19', '2025-09-20 01:34:20', '2025-11-26 10:58:25', NULL, '1', '1', '1', '0', NULL, NULL, '0'),
('338', '3', '3', 'Sev Puri', NULL, 'Sev Puri from our Chaat & Street Food selection.', 'veg', '141.52', '2', '19', '2025-09-20 01:34:20', '2025-11-26 10:58:27', NULL, '1', '1', '1', '0', NULL, NULL, '0'),
('339', '3', '3', 'Dahi Puri', NULL, 'Dahi Puri from our Chaat & Street Food selection.', 'veg', '74.55', '2', '19', '2025-09-20 01:34:20', '2025-11-26 10:58:27', NULL, '1', '1', '1', '0', NULL, NULL, '0'),
('340', '3', '3', 'Bhel Puri', NULL, 'Bhel Puri from our Chaat & Street Food selection.', 'veg', '67.54', '2', '19', '2025-09-20 01:34:20', '2025-11-26 10:58:28', NULL, '1', '1', '1', '0', NULL, NULL, '0'),
('341', '3', '3', 'Ragda Pattice', NULL, 'Ragda Pattice from our Chaat & Street Food selection.', 'veg', '77.54', '2', '19', '2025-09-20 01:34:20', '2025-11-26 10:58:29', NULL, '1', '1', '1', '0', NULL, NULL, '0'),
('342', '3', '3', 'Aloo Tikki Chaat', NULL, 'Aloo Tikki Chaat from our Chaat & Street Food selection.', 'veg', '160.39', '2', '19', '2025-09-20 01:34:20', '2025-11-26 10:58:30', NULL, '1', '1', '1', '0', NULL, NULL, '0'),
('343', '3', '3', 'Papdi Chaat', NULL, 'Papdi Chaat from our Chaat & Street Food selection.', 'veg', '186.73', '2', '19', '2025-09-20 01:34:20', '2025-11-26 10:58:31', NULL, '1', '1', '1', '0', NULL, NULL, '0'),
('344', '3', '3', 'Dahi Bhalla', NULL, 'Dahi Bhalla from our Chaat & Street Food selection.', 'veg', '127.55', '2', '19', '2025-09-20 01:34:20', '2025-11-26 10:58:32', NULL, '1', '1', '1', '0', NULL, NULL, '0'),
('345', '3', '3', 'Samosa Chaat', NULL, 'Samosa Chaat from our Chaat & Street Food selection.', 'veg', '70.16', '2', '19', '2025-09-20 01:34:20', '2025-11-26 10:58:34', NULL, '1', '1', '1', '0', NULL, NULL, '0'),
('346', '3', '3', 'Chole Bhature', NULL, 'Chole Bhature from our Chaat & Street Food selection.', 'veg', '121.06', '2', '19', '2025-09-20 01:34:20', '2025-11-26 10:58:35', NULL, '1', '1', '1', '0', NULL, NULL, '0'),
('347', '3', '3', 'Pav Bhaji', NULL, 'Pav Bhaji from our Chaat & Street Food selection.', 'veg', '219.38', '2', '19', '2025-09-20 01:34:20', '2025-11-26 10:58:35', NULL, '1', '1', '1', '0', NULL, NULL, '0'),
('348', '3', '3', 'Vada Pav', NULL, 'Vada Pav from our Chaat & Street Food selection.', 'veg', '144.66', '2', '19', '2025-09-20 01:34:20', '2025-11-26 10:58:37', NULL, '1', '1', '1', '0', NULL, NULL, '0'),
('349', '3', '3', 'Kathi Roll Paneer', NULL, 'Kathi Roll Paneer from our Chaat & Street Food selection.', 'veg', '215.37', '2', '19', '2025-09-20 01:34:20', '2025-11-26 10:58:37', NULL, '1', '1', '1', '0', NULL, NULL, '0'),
('350', '3', '3', 'Kathi Roll Chicken', NULL, 'Kathi Roll Chicken from our Chaat & Street Food selection.', 'non-veg', '197.72', '2', '19', '2025-09-20 01:34:20', '2025-11-26 10:58:38', NULL, '1', '1', '1', '0', NULL, NULL, '0'),
('351', '3', '3', 'Kachori Sabzi', NULL, 'Kachori Sabzi from our Chaat & Street Food selection.', 'veg', '61.84', '2', '19', '2025-09-20 01:34:21', '2025-11-26 10:58:39', NULL, '1', '1', '1', '0', NULL, NULL, '0'),
('352', '3', '3', 'Poha Jalebi', NULL, 'Poha Jalebi from our Chaat & Street Food selection.', 'veg', '175.32', '2', '19', '2025-09-20 01:34:21', '2025-11-26 10:58:40', NULL, '1', '1', '1', '0', NULL, NULL, '0'),
('353', '3', '3', 'Kanda Poha', NULL, 'Kanda Poha from our Chaat & Street Food selection.', 'veg', '169.07', '2', '19', '2025-09-20 01:34:21', '2025-11-26 10:58:41', NULL, '1', '1', '1', '0', NULL, NULL, '0'),
('354', '3', '3', 'Raj Kachori', NULL, 'Raj Kachori from our Chaat & Street Food selection.', 'veg', '145.92', '2', '19', '2025-09-20 01:34:21', '2025-11-26 10:58:42', NULL, '1', '1', '1', '0', NULL, NULL, '0'),
('355', '3', '3', 'Paneer Tikka', NULL, 'Paneer Tikka from our Tandoor & Kebabs selection.', 'veg', '237.38', '2', '20', '2025-09-20 01:34:21', '2025-11-26 10:58:43', NULL, '1', '1', '1', '0', NULL, NULL, '0'),
('356', '3', '3', 'Paneer Malai Tikka', NULL, 'Paneer Malai Tikka from our Tandoor & Kebabs selection.', 'veg', '345.88', '2', '20', '2025-09-20 01:34:21', '2025-11-26 10:58:45', NULL, '1', '1', '1', '0', NULL, NULL, '0'),
('357', '3', '3', 'Soya Chaap Tikka', NULL, 'Soya Chaap Tikka from our Tandoor & Kebabs selection.', 'veg', '192.35', '2', '20', '2025-09-20 01:34:21', '2025-11-26 10:58:46', NULL, '1', '1', '1', '0', NULL, NULL, '0'),
('358', '3', '3', 'Tandoori Aloo', NULL, 'Tandoori Aloo from our Tandoor & Kebabs selection.', 'veg', '286.08', '2', '20', '2025-09-20 01:34:21', '2025-11-26 10:58:47', NULL, '1', '1', '1', '0', NULL, NULL, '0'),
('359', '3', '3', 'Veg Seekh Kebab', NULL, 'Veg Seekh Kebab from our Tandoor & Kebabs selection.', 'veg', '291.58', '2', '20', '2025-09-20 01:34:21', '2025-11-26 10:58:48', NULL, '1', '1', '1', '0', NULL, NULL, '0'),
('360', '3', '3', 'Achari Paneer Tikka', NULL, 'Achari Paneer Tikka from our Tandoor & Kebabs selection.', 'veg', '436.61', '2', '20', '2025-09-20 01:34:21', '2025-11-26 10:58:49', NULL, '1', '1', '1', '0', NULL, NULL, '0'),
('361', '3', '3', 'Chicken Tikka', NULL, 'Chicken Tikka from our Tandoor & Kebabs selection.', 'non-veg', '414.00', '2', '20', '2025-09-20 01:34:21', '2025-11-26 10:58:50', NULL, '1', '1', '1', '0', NULL, NULL, '0'),
('362', '3', '3', 'Chicken Malai Tikka', NULL, 'Chicken Malai Tikka from our Tandoor & Kebabs selection.', 'non-veg', '236.38', '2', '20', '2025-09-20 01:34:21', '2025-11-26 10:58:53', NULL, '1', '1', '1', '0', NULL, NULL, '0'),
('363', '3', '3', 'Chicken Seekh Kebab', NULL, 'Chicken Seekh Kebab from our Tandoor & Kebabs selection.', 'non-veg', '305.17', '2', '20', '2025-09-20 01:34:21', '2025-11-26 10:58:54', NULL, '1', '1', '1', '0', NULL, NULL, '0'),
('364', '3', '3', 'Tandoori Chicken Half', NULL, 'Tandoori Chicken Half from our Tandoor & Kebabs selection.', 'non-veg', '211.81', '2', '20', '2025-09-20 01:34:21', '2025-11-26 10:58:55', NULL, '1', '1', '1', '0', NULL, NULL, '0'),
('365', '3', '3', 'Tandoori Chicken Full', NULL, 'Tandoori Chicken Full from our Tandoor & Kebabs selection.', 'non-veg', '424.66', '2', '20', '2025-09-20 01:34:21', '2025-11-26 10:58:56', NULL, '1', '1', '1', '0', NULL, NULL, '0'),
('366', '3', '3', 'Mutton Seekh Kebab', NULL, 'Mutton Seekh Kebab from our Tandoor & Kebabs selection.', 'non-veg', '412.45', '2', '20', '2025-09-20 01:34:21', '2025-11-26 10:58:58', NULL, '1', '1', '1', '0', NULL, NULL, '0'),
('367', '3', '3', 'Fish Tikka', NULL, 'Fish Tikka from our Tandoor & Kebabs selection.', 'non-veg', '246.55', '2', '20', '2025-09-20 01:34:21', '2025-11-26 10:59:00', NULL, '1', '1', '1', '0', NULL, NULL, '0'),
('368', '3', '3', 'Amritsari Fish Fry', NULL, 'Amritsari Fish Fry from our Tandoor & Kebabs selection.', 'non-veg', '345.30', '2', '20', '2025-09-20 01:34:21', '2025-11-26 10:59:01', NULL, '1', '1', '1', '0', NULL, NULL, '0'),
('369', '3', '3', 'Prawn Tandoori', NULL, 'Prawn Tandoori from our Tandoor & Kebabs selection.', 'non-veg', '336.60', '2', '20', '2025-09-20 01:34:21', '2025-11-26 10:59:02', NULL, '1', '1', '1', '0', NULL, NULL, '0'),
('370', '3', '3', 'Afghani Chicken', NULL, 'Afghani Chicken from our Tandoor & Kebabs selection.', 'non-veg', '204.32', '2', '20', '2025-09-20 01:34:21', '2025-11-26 10:59:03', NULL, '1', '1', '1', '0', NULL, NULL, '0'),
('371', '3', '3', 'Tangdi Kebab', NULL, 'Tangdi Kebab from our Tandoor & Kebabs selection.', 'non-veg', '381.13', '2', '20', '2025-09-20 01:34:21', '2025-11-26 10:59:03', NULL, '1', '1', '1', '0', NULL, NULL, '0'),
('372', '3', '3', 'Kalmi Kebab', NULL, 'Kalmi Kebab from our Tandoor & Kebabs selection.', 'non-veg', '316.42', '2', '20', '2025-09-20 01:34:21', '2025-11-26 10:59:04', NULL, '1', '1', '1', '0', NULL, NULL, '0'),
('373', '3', '3', 'Tandoori Broccoli', NULL, 'Tandoori Broccoli from our Tandoor & Kebabs selection.', 'veg', '385.80', '2', '20', '2025-09-20 01:34:21', '2025-11-26 10:59:06', NULL, '1', '1', '1', '0', NULL, NULL, '0'),
('374', '3', '3', 'Stuffed Mushroom Tikka', NULL, 'Stuffed Mushroom Tikka from our Tandoor & Kebabs selection.', 'veg', '313.80', '2', '20', '2025-09-20 01:34:21', '2025-11-26 10:59:07', NULL, '1', '1', '1', '0', NULL, NULL, '0'),
('375', '3', '3', 'Veg Manchurian Gravy', NULL, 'Veg Manchurian Gravy from our Indo-Chinese selection.', 'veg', '140.13', '2', '21', '2025-09-20 01:34:21', '2025-11-26 10:59:08', NULL, '1', '1', '1', '0', NULL, NULL, '0'),
('376', '3', '3', 'Veg Manchurian Dry', NULL, 'Veg Manchurian Dry from our Indo-Chinese selection.', 'veg', '211.31', '2', '21', '2025-09-20 01:34:21', '2025-11-26 10:59:08', NULL, '1', '1', '1', '0', NULL, NULL, '0'),
('377', '3', '3', 'Chilli Paneer Gravy', NULL, 'Chilli Paneer Gravy from our Indo-Chinese selection.', 'veg', '144.28', '2', '21', '2025-09-20 01:34:21', '2025-11-26 10:59:09', NULL, '1', '1', '1', '0', NULL, NULL, '0'),
('378', '3', '3', 'Chilli Paneer Dry', NULL, 'Chilli Paneer Dry from our Indo-Chinese selection.', 'veg', '344.40', '2', '21', '2025-09-20 01:34:21', '2025-11-26 10:59:10', NULL, '1', '1', '1', '0', NULL, NULL, '0'),
('379', '3', '3', 'Gobi Manchurian', NULL, 'Gobi Manchurian from our Indo-Chinese selection.', 'veg', '333.32', '2', '21', '2025-09-20 01:34:21', '2025-11-26 10:59:10', NULL, '1', '1', '1', '0', NULL, NULL, '0'),
('380', '3', '3', 'Chilli Mushroom', NULL, 'Chilli Mushroom from our Indo-Chinese selection.', 'veg', '322.97', '2', '21', '2025-09-20 01:34:21', '2025-11-26 10:59:12', NULL, '1', '1', '1', '0', NULL, NULL, '0'),
('381', '3', '3', 'Hakka Noodles Veg', NULL, 'Hakka Noodles Veg from our Indo-Chinese selection.', 'veg', '207.65', '2', '21', '2025-09-20 01:34:21', '2025-11-26 10:59:14', NULL, '1', '1', '1', '0', NULL, NULL, '0'),
('382', '3', '3', 'Schezwan Noodles Veg', NULL, 'Schezwan Noodles Veg from our Indo-Chinese selection.', 'veg', '152.74', '2', '21', '2025-09-20 01:34:21', '2025-11-26 10:59:15', NULL, '1', '1', '1', '0', NULL, NULL, '0'),
('383', '3', '3', 'Triple Schezwan Rice Veg', NULL, 'Triple Schezwan Rice Veg from our Indo-Chinese selection.', 'veg', '333.16', '2', '21', '2025-09-20 01:34:21', '2025-11-26 10:59:17', NULL, '1', '1', '1', '0', NULL, NULL, '0'),
('384', '3', '3', 'American Chopsuey Veg', NULL, 'American Chopsuey Veg from our Indo-Chinese selection.', 'veg', '348.33', '2', '21', '2025-09-20 01:34:21', '2025-11-26 10:59:18', NULL, '1', '1', '1', '0', NULL, NULL, '0'),
('385', '3', '3', 'Chicken Lollipop', NULL, 'Chicken Lollipop from our Indo-Chinese selection.', 'non-veg', '158.84', '2', '21', '2025-09-20 01:34:21', '2025-11-26 10:59:20', NULL, '1', '1', '1', '0', NULL, NULL, '0'),
('386', '3', '3', 'Chilli Chicken Gravy', NULL, 'Chilli Chicken Gravy from our Indo-Chinese selection.', 'non-veg', '246.92', '2', '21', '2025-09-20 01:34:21', '2025-11-26 10:59:21', NULL, '1', '1', '1', '0', NULL, NULL, '0'),
('387', '3', '3', 'Chilli Chicken Dry', NULL, 'Chilli Chicken Dry from our Indo-Chinese selection.', 'non-veg', '155.23', '2', '21', '2025-09-20 01:34:21', '2025-11-26 10:59:23', NULL, '1', '1', '1', '0', NULL, NULL, '0'),
('388', '3', '3', 'Hakka Noodles Chicken', NULL, 'Hakka Noodles Chicken from our Indo-Chinese selection.', 'non-veg', '307.33', '2', '21', '2025-09-20 01:34:21', '2025-11-26 10:59:24', NULL, '1', '1', '1', '0', NULL, NULL, '0'),
('389', '3', '3', 'Schezwan Noodles Chicken', NULL, 'Schezwan Noodles Chicken from our Indo-Chinese selection.', 'non-veg', '308.48', '2', '21', '2025-09-20 01:34:21', '2025-11-26 10:59:26', NULL, '1', '1', '1', '0', NULL, NULL, '0'),
('390', '3', '3', 'Egg Hakka Noodles', NULL, 'Egg Hakka Noodles from our Indo-Chinese selection.', 'egg', '168.25', '2', '21', '2025-09-20 01:34:21', '2025-11-26 10:59:27', NULL, '1', '1', '1', '0', NULL, NULL, '0'),
('391', '3', '3', 'Egg Schezwan Noodles', NULL, 'Egg Schezwan Noodles from our Indo-Chinese selection.', 'egg', '244.56', '2', '21', '2025-09-20 01:34:21', '2025-11-26 10:59:28', NULL, '1', '1', '1', '0', NULL, NULL, '0'),
('392', '3', '3', 'Egg Chilli Garlic Fried Rice', NULL, 'Egg Chilli Garlic Fried Rice from our Indo-Chinese selection.', 'egg', '260.96', '2', '21', '2025-09-20 01:34:21', '2025-11-26 10:59:29', NULL, '1', '1', '1', '0', NULL, NULL, '0'),
('393', '3', '3', 'Prawn Chilli Garlic', NULL, 'Prawn Chilli Garlic from our Indo-Chinese selection.', 'non-veg', '198.31', '2', '21', '2025-09-20 01:34:21', '2025-11-26 10:59:30', NULL, '1', '1', '1', '0', NULL, NULL, '0'),
('394', '3', '3', 'Fish Chilli Basil', NULL, 'Fish Chilli Basil from our Indo-Chinese selection.', 'non-veg', '331.94', '2', '21', '2025-09-20 01:34:21', '2025-11-26 10:59:31', NULL, '1', '1', '1', '0', NULL, NULL, '0'),
('395', '3', '3', 'Penne Arrabbiata', NULL, 'Penne Arrabbiata from our Continental & Pastas selection.', 'veg', '294.25', '2', '22', '2025-09-20 01:34:21', '2025-11-26 10:59:33', NULL, '1', '1', '1', '0', NULL, NULL, '0'),
('396', '3', '3', 'Penne Alfredo', NULL, 'Penne Alfredo from our Continental & Pastas selection.', 'veg', '237.19', '2', '22', '2025-09-20 01:34:21', '2025-11-26 10:59:33', NULL, '1', '1', '1', '0', NULL, NULL, '0'),
('397', '3', '3', 'Spaghetti Aglio e Olio', NULL, 'Spaghetti Aglio e Olio from our Continental & Pastas selection.', 'veg', '325.61', '2', '22', '2025-09-20 01:34:21', '2025-11-26 10:59:35', NULL, '1', '1', '1', '0', NULL, NULL, '0'),
('398', '3', '3', 'Spaghetti Pomodoro', NULL, 'Spaghetti Pomodoro from our Continental & Pastas selection.', 'veg', '377.08', '2', '22', '2025-09-20 01:34:21', '2025-11-26 10:59:36', NULL, '1', '1', '1', '0', NULL, NULL, '0'),
('399', '3', '3', 'Fusilli Pesto', NULL, 'Fusilli Pesto from our Continental & Pastas selection.', 'veg', '234.31', '2', '22', '2025-09-20 01:34:21', '2025-11-26 10:59:37', NULL, '1', '1', '1', '0', NULL, NULL, '0'),
('400', '3', '3', 'Mac and Cheese', NULL, 'Mac and Cheese from our Continental & Pastas selection.', 'veg', '264.16', '2', '22', '2025-09-20 01:34:21', '2025-11-26 10:59:37', NULL, '1', '1', '1', '0', NULL, NULL, '0'),
('401', '3', '3', 'Veg Lasagna', NULL, 'Veg Lasagna from our Continental & Pastas selection.', 'veg', '448.69', '2', '22', '2025-09-20 01:34:21', '2025-11-26 10:59:39', NULL, '1', '1', '1', '0', NULL, NULL, '0'),
('402', '3', '3', 'Grilled Cottage Cheese Steak', NULL, 'Grilled Cottage Cheese Steak from our Continental & Pastas selection.', 'veg', '355.47', '2', '22', '2025-09-20 01:34:21', '2025-11-26 10:59:41', NULL, '1', '1', '1', '0', NULL, NULL, '0'),
('403', '3', '3', 'Sauteed Vegetables Plate', NULL, 'Sauteed Vegetables Plate from our Continental & Pastas selection.', 'veg', '298.29', '2', '22', '2025-09-20 01:34:21', '2025-11-26 10:59:42', NULL, '1', '1', '1', '0', NULL, NULL, '0'),
('404', '3', '3', 'Herb Rice with Veggies', NULL, 'Herb Rice with Veggies from our Continental & Pastas selection.', 'veg', '319.75', '2', '22', '2025-09-20 01:34:21', '2025-11-26 10:59:43', NULL, '1', '1', '1', '0', NULL, NULL, '0'),
('405', '3', '3', 'Chicken Alfredo Pasta', NULL, 'Chicken Alfredo Pasta from our Continental & Pastas selection.', 'non-veg', '212.67', '2', '22', '2025-09-20 01:34:21', '2025-11-26 10:59:43', NULL, '1', '1', '1', '0', NULL, NULL, '0'),
('406', '3', '3', 'Chicken Arrabbiata Pasta', NULL, 'Chicken Arrabbiata Pasta from our Continental & Pastas selection.', 'non-veg', '240.67', '2', '22', '2025-09-20 01:34:21', '2025-11-26 10:59:44', NULL, '1', '1', '1', '0', NULL, NULL, '0'),
('407', '3', '3', 'Grilled Chicken Breast', NULL, 'Grilled Chicken Breast from our Continental & Pastas selection.', 'non-veg', '271.28', '2', '22', '2025-09-20 01:34:21', '2025-11-26 10:59:45', NULL, '1', '1', '1', '0', NULL, NULL, '0'),
('408', '3', '3', 'Chicken Stroganoff', NULL, 'Chicken Stroganoff from our Continental & Pastas selection.', 'non-veg', '338.84', '2', '22', '2025-09-20 01:34:21', '2025-11-26 10:59:46', NULL, '1', '1', '1', '0', NULL, NULL, '0'),
('409', '3', '3', 'Fish and Chips', NULL, 'Fish and Chips from our Continental & Pastas selection.', 'non-veg', '242.13', '2', '22', '2025-09-20 01:34:21', '2025-11-26 10:59:47', NULL, '1', '1', '1', '0', NULL, NULL, '0'),
('410', '3', '3', 'Herb-Grilled Fish Fillet', NULL, 'Herb-Grilled Fish Fillet from our Continental & Pastas selection.', 'non-veg', '239.46', '2', '22', '2025-09-20 01:34:21', '2025-11-26 10:59:48', NULL, '1', '1', '1', '0', NULL, NULL, '0'),
('411', '3', '3', 'Chicken Caesar Salad', NULL, 'Chicken Caesar Salad from our Continental & Pastas selection.', 'non-veg', '199.17', '2', '22', '2025-09-20 01:34:21', '2025-11-26 10:59:49', NULL, '1', '1', '1', '0', NULL, NULL, '0'),
('412', '3', '3', 'Greek Salad', NULL, 'Greek Salad from our Continental & Pastas selection.', 'veg', '350.40', '2', '22', '2025-09-20 01:34:21', '2025-11-26 10:59:49', NULL, '1', '1', '1', '0', NULL, NULL, '0'),
('413', '3', '3', 'Mushroom Risotto', NULL, 'Mushroom Risotto from our Continental & Pastas selection.', 'veg', '241.81', '2', '22', '2025-09-20 01:34:21', '2025-11-26 10:59:50', NULL, '1', '1', '1', '0', NULL, NULL, '0'),
('414', '3', '3', 'Chicken Risotto', NULL, 'Chicken Risotto from our Continental & Pastas selection.', 'non-veg', '424.46', '2', '22', '2025-09-20 01:34:21', '2025-11-26 10:59:52', NULL, '1', '1', '1', '0', NULL, NULL, '0'),
('415', '3', '3', 'Margherita Pizza Personal', NULL, 'Margherita Pizza Personal from our Pizzas selection.', 'veg', '546.66', '2', '23', '2025-09-20 01:34:21', '2025-11-26 10:59:54', NULL, '1', '1', '1', '0', NULL, NULL, '0'),
('416', '3', '3', 'Margherita Pizza Medium', NULL, 'Margherita Pizza Medium from our Pizzas selection.', 'veg', '246.93', '2', '23', '2025-09-20 01:34:21', '2025-11-26 10:59:54', NULL, '1', '1', '1', '0', NULL, NULL, '0'),
('417', '3', '3', 'Farmhouse Pizza Personal', NULL, 'Farmhouse Pizza Personal from our Pizzas selection.', 'veg', '310.44', '2', '23', '2025-09-20 01:34:21', '2025-11-26 10:59:55', NULL, '1', '1', '1', '0', NULL, NULL, '0'),
('418', '3', '3', 'Farmhouse Pizza Medium', NULL, 'Farmhouse Pizza Medium from our Pizzas selection.', 'veg', '474.21', '2', '23', '2025-09-20 01:34:21', '2025-11-26 10:59:56', NULL, '1', '1', '1', '0', NULL, NULL, '0'),
('419', '3', '3', 'Veggie Supreme Pizza Personal', NULL, 'Veggie Supreme Pizza Personal from our Pizzas selection.', 'veg', '301.41', '2', '23', '2025-09-20 01:34:21', '2025-11-26 10:59:58', NULL, '1', '1', '1', '0', NULL, NULL, '0'),
('420', '3', '3', 'Veggie Supreme Pizza Medium', NULL, 'Veggie Supreme Pizza Medium from our Pizzas selection.', 'veg', '270.28', '2', '23', '2025-09-20 01:34:21', '2025-11-26 10:59:59', NULL, '1', '1', '1', '0', NULL, NULL, '0'),
('421', '3', '3', 'Paneer Tikka Pizza Personal', NULL, 'Paneer Tikka Pizza Personal from our Pizzas selection.', 'veg', '575.50', '2', '23', '2025-09-20 01:34:21', '2025-11-26 10:59:59', NULL, '1', '1', '1', '0', NULL, NULL, '0'),
('422', '3', '3', 'Paneer Tikka Pizza Medium', NULL, 'Paneer Tikka Pizza Medium from our Pizzas selection.', 'veg', '437.00', '2', '23', '2025-09-20 01:34:21', '2025-11-26 11:00:00', NULL, '1', '1', '1', '0', NULL, NULL, '0'),
('423', '3', '3', 'Corn & Cheese Pizza Personal', NULL, 'Corn & Cheese Pizza Personal from our Pizzas selection.', 'veg', '399.61', '2', '23', '2025-09-20 01:34:21', '2025-11-26 11:00:01', NULL, '1', '1', '1', '0', NULL, NULL, '0'),
('424', '3', '3', 'Corn & Cheese Pizza Medium', NULL, 'Corn & Cheese Pizza Medium from our Pizzas selection.', 'veg', '518.16', '2', '23', '2025-09-20 01:34:21', '2025-11-26 11:00:02', NULL, '1', '1', '1', '0', NULL, NULL, '0'),
('425', '3', '3', 'Pepperoni Pizza Personal', NULL, 'Pepperoni Pizza Personal from our Pizzas selection.', 'non-veg', '526.85', '2', '23', '2025-09-20 01:34:21', '2025-11-26 11:00:02', NULL, '1', '1', '1', '0', NULL, NULL, '0'),
('426', '3', '3', 'Pepperoni Pizza Medium', NULL, 'Pepperoni Pizza Medium from our Pizzas selection.', 'non-veg', '292.36', '2', '23', '2025-09-20 01:34:21', '2025-11-26 11:00:04', NULL, '1', '1', '1', '0', NULL, NULL, '0'),
('427', '3', '3', 'BBQ Chicken Pizza Personal', NULL, 'BBQ Chicken Pizza Personal from our Pizzas selection.', 'non-veg', '256.83', '2', '23', '2025-09-20 01:34:21', '2025-11-26 11:00:05', NULL, '1', '1', '1', '0', NULL, NULL, '0'),
('428', '3', '3', 'BBQ Chicken Pizza Medium', NULL, 'BBQ Chicken Pizza Medium from our Pizzas selection.', 'non-veg', '383.80', '2', '23', '2025-09-20 01:34:21', '2025-11-26 11:00:05', NULL, '1', '1', '1', '0', NULL, NULL, '0'),
('429', '3', '3', 'Chicken Tikka Pizza Personal', NULL, 'Chicken Tikka Pizza Personal from our Pizzas selection.', 'non-veg', '380.96', '2', '23', '2025-09-20 01:34:21', '2025-11-26 11:00:06', NULL, '1', '1', '1', '0', NULL, NULL, '0'),
('430', '3', '3', 'Chicken Tikka Pizza Medium', NULL, 'Chicken Tikka Pizza Medium from our Pizzas selection.', 'non-veg', '397.47', '2', '23', '2025-09-20 01:34:21', '2025-11-26 11:00:07', NULL, '1', '1', '1', '0', NULL, NULL, '0'),
('431', '3', '3', 'Four Cheese Pizza Medium', NULL, 'Four Cheese Pizza Medium from our Pizzas selection.', 'veg', '497.05', '2', '23', '2025-09-20 01:34:21', '2025-11-26 11:00:07', NULL, '1', '1', '1', '0', NULL, NULL, '0'),
('432', '3', '3', 'Mexican Green Wave Pizza Medium', NULL, 'Mexican Green Wave Pizza Medium from our Pizzas selection.', 'veg', '475.88', '2', '23', '2025-09-20 01:34:21', '2025-11-26 11:00:08', NULL, '1', '1', '1', '0', NULL, NULL, '0'),
('433', '3', '3', 'Peri Peri Paneer Pizza Medium', NULL, 'Peri Peri Paneer Pizza Medium from our Pizzas selection.', 'veg', '593.98', '2', '23', '2025-09-20 01:34:21', '2025-11-26 11:00:09', NULL, '1', '1', '1', '0', NULL, NULL, '0'),
('434', '3', '3', 'Tandoori Chicken Pizza Medium', NULL, 'Tandoori Chicken Pizza Medium from our Pizzas selection.', 'non-veg', '257.40', '2', '23', '2025-09-20 01:34:21', '2025-11-26 11:00:10', NULL, '1', '1', '1', '0', NULL, NULL, '0'),
('435', '3', '3', 'Garden Fresh Pizza Thin Crust', NULL, 'Garden Fresh Pizza Thin Crust from our Pizzas selection.', 'veg', '373.00', '2', '23', '2025-09-20 01:34:21', '2025-11-26 11:00:11', NULL, '1', '1', '1', '0', NULL, NULL, '0'),
('436', '3', '3', 'Smoked Chicken Pizza Thin Crust', NULL, 'Smoked Chicken Pizza Thin Crust from our Pizzas selection.', 'non-veg', '348.93', '2', '23', '2025-09-20 01:34:21', '2025-11-26 11:00:11', NULL, '1', '1', '1', '0', NULL, NULL, '0'),
('437', '3', '3', 'Classic Veg Burger', NULL, 'Classic Veg Burger from our Burgers & Sandwiches selection.', 'veg', '344.03', '2', '24', '2025-09-20 01:34:21', '2025-11-26 11:00:12', NULL, '1', '1', '1', '0', NULL, NULL, '0'),
('438', '3', '3', 'Cheese Veg Burger', NULL, 'Cheese Veg Burger from our Burgers & Sandwiches selection.', 'veg', '184.65', '2', '24', '2025-09-20 01:34:21', '2025-11-26 11:00:14', NULL, '1', '1', '1', '0', NULL, NULL, '0'),
('439', '3', '3', 'Crispy Paneer Burger', NULL, 'Crispy Paneer Burger from our Burgers & Sandwiches selection.', 'veg', '169.45', '2', '24', '2025-09-20 01:34:21', '2025-11-26 11:00:14', NULL, '1', '1', '1', '0', NULL, NULL, '0'),
('440', '3', '3', 'Aloo Tikki Burger', NULL, 'Aloo Tikki Burger from our Burgers & Sandwiches selection.', 'veg', '236.64', '2', '24', '2025-09-20 01:34:21', '2025-11-26 11:00:15', NULL, '1', '1', '1', '0', NULL, NULL, '0'),
('441', '3', '3', 'Mexican Veg Burger', NULL, 'Mexican Veg Burger from our Burgers & Sandwiches selection.', 'veg', '229.69', '2', '24', '2025-09-20 01:34:21', '2025-11-26 11:00:16', NULL, '1', '1', '1', '0', NULL, NULL, '0'),
('442', '3', '3', 'Grilled Veg Sandwich', NULL, 'Grilled Veg Sandwich from our Burgers & Sandwiches selection.', 'veg', '192.42', '2', '24', '2025-09-20 01:34:21', '2025-11-26 11:00:17', NULL, '1', '1', '1', '0', NULL, NULL, '0'),
('443', '3', '3', 'Bombay Masala Sandwich', NULL, 'Bombay Masala Sandwich from our Burgers & Sandwiches selection.', 'veg', '184.95', '2', '24', '2025-09-20 01:34:21', '2025-11-26 11:00:18', NULL, '1', '1', '1', '0', NULL, NULL, '0'),
('444', '3', '3', 'Paneer Tikka Sandwich', NULL, 'Paneer Tikka Sandwich from our Burgers & Sandwiches selection.', 'veg', '360.05', '2', '24', '2025-09-20 01:34:21', '2025-11-26 11:00:20', NULL, '1', '1', '1', '0', NULL, NULL, '0'),
('445', '3', '3', 'Club Sandwich Veg', NULL, 'Club Sandwich Veg from our Burgers & Sandwiches selection.', 'veg', '235.21', '2', '24', '2025-09-20 01:34:21', '2025-11-26 11:00:21', NULL, '1', '1', '1', '0', NULL, NULL, '0'),
('446', '3', '3', 'Chicken Burger Classic', NULL, 'Chicken Burger Classic from our Burgers & Sandwiches selection.', 'non-veg', '343.95', '2', '24', '2025-09-20 01:34:21', '2025-11-26 11:00:23', NULL, '1', '1', '1', '0', NULL, NULL, '0'),
('447', '3', '3', 'Chicken Burger Spicy', NULL, 'Chicken Burger Spicy from our Burgers & Sandwiches selection.', 'non-veg', '263.08', '2', '24', '2025-09-20 01:34:21', '2025-11-26 11:00:23', NULL, '1', '1', '1', '0', NULL, NULL, '0'),
('448', '3', '3', 'BBQ Chicken Burger', NULL, 'BBQ Chicken Burger from our Burgers & Sandwiches selection.', 'non-veg', '133.15', '2', '24', '2025-09-20 01:34:21', '2025-11-26 11:00:24', NULL, '1', '1', '1', '0', NULL, NULL, '0'),
('449', '3', '3', 'Crispy Chicken Burger', NULL, 'Crispy Chicken Burger from our Burgers & Sandwiches selection.', 'non-veg', '379.81', '2', '24', '2025-09-20 01:34:21', '2025-11-26 11:00:24', NULL, '1', '1', '1', '0', NULL, NULL, '0'),
('450', '3', '3', 'Peri Peri Chicken Burger', NULL, 'Peri Peri Chicken Burger from our Burgers & Sandwiches selection.', 'non-veg', '337.37', '2', '24', '2025-09-20 01:34:21', '2025-11-26 11:00:25', NULL, '1', '1', '1', '0', NULL, NULL, '0'),
('451', '3', '3', 'Egg Mayo Sandwich', NULL, 'Egg Mayo Sandwich from our Burgers & Sandwiches selection.', 'egg', '371.94', '2', '24', '2025-09-20 01:34:21', '2025-11-26 11:00:26', NULL, '1', '1', '1', '0', NULL, NULL, '0'),
('452', '3', '3', 'Chicken Club Sandwich', NULL, 'Chicken Club Sandwich from our Burgers & Sandwiches selection.', 'non-veg', '360.86', '2', '24', '2025-09-20 01:34:21', '2025-11-26 11:00:27', NULL, '1', '1', '1', '0', NULL, NULL, '0'),
('453', '3', '3', 'Tuna Sandwich', NULL, 'Tuna Sandwich from our Burgers & Sandwiches selection.', 'non-veg', '340.66', '2', '24', '2025-09-20 01:34:21', '2025-11-26 11:00:27', NULL, '1', '1', '1', '0', NULL, NULL, '0'),
('454', '3', '3', 'Grilled Chicken Sandwich', NULL, 'Grilled Chicken Sandwich from our Burgers & Sandwiches selection.', 'non-veg', '163.24', '2', '24', '2025-09-20 01:34:21', '2025-11-26 11:00:28', NULL, '1', '1', '1', '0', NULL, NULL, '0'),
('455', '3', '3', 'Double Patty Veg Burger', NULL, 'Double Patty Veg Burger from our Burgers & Sandwiches selection.', 'veg', '246.27', '2', '24', '2025-09-20 01:34:21', '2025-11-26 11:00:29', NULL, '1', '1', '1', '0', NULL, NULL, '0'),
('456', '3', '3', 'Paneer Kathi Roll', NULL, 'Paneer Kathi Roll from our Burgers & Sandwiches selection.', 'veg', '175.57', '2', '24', '2025-09-20 01:34:21', '2025-11-26 11:00:29', NULL, '1', '1', '1', '0', NULL, NULL, '0'),
('457', '3', '3', 'Chicken Kathi Roll', NULL, 'Chicken Kathi Roll from our Burgers & Sandwiches selection.', 'non-veg', '224.27', '2', '24', '2025-09-20 01:34:21', '2025-11-26 11:00:29', NULL, '1', '1', '1', '0', NULL, NULL, '0'),
('458', '3', '3', 'Egg Kathi Roll', NULL, 'Egg Kathi Roll from our Burgers & Sandwiches selection.', 'egg', '135.25', '2', '24', '2025-09-20 01:34:21', '2025-11-26 11:00:30', NULL, '1', '1', '1', '0', NULL, NULL, '0'),
('459', '3', '3', 'Gulab Jamun', NULL, 'Gulab Jamun from our Desserts selection.', 'veg', '148.22', '2', '25', '2025-09-20 01:34:21', '2025-11-26 11:00:30', NULL, '1', '1', '1', '0', NULL, NULL, '0'),
('460', '3', '3', 'Rasmalai', NULL, 'Rasmalai from our Desserts selection.', 'veg', '257.36', '2', '25', '2025-09-20 01:34:21', '2025-11-26 11:00:31', NULL, '1', '1', '1', '0', NULL, NULL, '0'),
('461', '3', '3', 'Rasgulla', NULL, 'Rasgulla from our Desserts selection.', 'veg', '127.74', '2', '25', '2025-09-20 01:34:21', '2025-11-26 11:00:33', NULL, '1', '1', '1', '0', NULL, NULL, '0'),
('462', '3', '3', 'Jalebi', NULL, 'Jalebi from our Desserts selection.', 'veg', '221.13', '2', '25', '2025-09-20 01:34:21', '2025-11-26 11:00:33', NULL, '1', '1', '1', '0', NULL, NULL, '0'),
('463', '3', '3', 'Gajar Halwa', NULL, 'Gajar Halwa from our Desserts selection.', 'veg', '161.90', '2', '25', '2025-09-20 01:34:21', '2025-11-26 11:00:34', NULL, '1', '1', '1', '0', NULL, NULL, '0'),
('464', '3', '3', 'Moong Dal Halwa', NULL, 'Moong Dal Halwa from our Desserts selection.', 'veg', '156.14', '2', '25', '2025-09-20 01:34:21', '2025-11-26 11:00:34', NULL, '1', '1', '1', '0', NULL, NULL, '0'),
('465', '3', '3', 'Kheer', NULL, 'Kheer from our Desserts selection.', 'veg', '252.32', '2', '25', '2025-09-20 01:34:21', '2025-11-26 11:00:34', NULL, '1', '1', '1', '0', NULL, NULL, '0'),
('466', '3', '3', 'Phirni', NULL, 'Phirni from our Desserts selection.', 'veg', '259.18', '2', '25', '2025-09-20 01:34:21', '2025-11-26 11:00:35', NULL, '1', '1', '1', '0', NULL, NULL, '0'),
('467', '3', '3', 'Kulfi Malai', NULL, 'Kulfi Malai from our Desserts selection.', 'veg', '180.04', '2', '25', '2025-09-20 01:34:21', '2025-11-26 11:00:35', NULL, '1', '1', '1', '0', NULL, NULL, '0'),
('468', '3', '3', 'Kulfi Pista', NULL, 'Kulfi Pista from our Desserts selection.', 'veg', '209.31', '2', '25', '2025-09-20 01:34:21', '2025-11-26 11:00:36', NULL, '1', '1', '1', '0', NULL, NULL, '0'),
('469', '3', '3', 'Matka Kulfi', NULL, 'Matka Kulfi from our Desserts selection.', 'veg', '107.86', '2', '25', '2025-09-20 01:34:21', '2025-11-26 11:00:36', NULL, '1', '1', '1', '0', NULL, NULL, '0'),
('470', '3', '3', 'Ice Cream Vanilla Scoop', NULL, 'Ice Cream Vanilla Scoop from our Desserts selection.', 'veg', '133.41', '2', '25', '2025-09-20 01:34:21', '2025-11-26 11:00:36', NULL, '1', '1', '1', '0', NULL, NULL, '0'),
('471', '3', '3', 'Ice Cream Chocolate Scoop', NULL, 'Ice Cream Chocolate Scoop from our Desserts selection.', 'veg', '254.37', '2', '25', '2025-09-20 01:34:21', '2025-11-26 11:00:37', NULL, '1', '1', '1', '0', NULL, NULL, '0'),
('472', '3', '3', 'Brownie with Ice Cream', NULL, 'Brownie with Ice Cream from our Desserts selection.', 'veg', '184.25', '2', '25', '2025-09-20 01:34:21', '2025-11-26 11:00:37', NULL, '1', '1', '1', '0', NULL, NULL, '0'),
('473', '3', '3', 'Sizzling Brownie', NULL, 'Sizzling Brownie from our Desserts selection.', 'veg', '177.60', '2', '25', '2025-09-20 01:34:21', '2025-11-26 11:00:38', NULL, '1', '1', '1', '0', NULL, NULL, '0'),
('474', '3', '3', 'Cheesecake Blueberry', NULL, 'Cheesecake Blueberry from our Desserts selection.', 'veg', '214.64', '2', '25', '2025-09-20 01:34:21', '2025-11-26 11:00:38', NULL, '1', '1', '1', '0', NULL, NULL, '0'),
('475', '3', '3', 'Tiramisu', NULL, 'Tiramisu from our Desserts selection.', 'veg', '90.29', '2', '25', '2025-09-20 01:34:21', '2025-11-26 11:00:39', NULL, '1', '1', '1', '0', NULL, NULL, '0'),
('476', '3', '3', 'Caramel Custard', NULL, 'Caramel Custard from our Desserts selection.', 'egg', '185.15', '2', '25', '2025-09-20 01:34:21', '2025-11-26 11:00:40', NULL, '1', '1', '1', '0', NULL, NULL, '0'),
('477', '3', '3', 'Apple Pie', NULL, 'Apple Pie from our Desserts selection.', 'veg', '170.51', '2', '25', '2025-09-20 01:34:21', '2025-11-26 11:00:40', NULL, '1', '1', '1', '0', NULL, NULL, '0'),
('478', '3', '3', 'Mysore Pak', NULL, 'Mysore Pak from our Desserts selection.', 'veg', '233.49', '2', '25', '2025-09-20 01:34:21', '2025-11-26 11:00:41', NULL, '1', '1', '1', '0', NULL, NULL, '0'),
('479', '3', '3', 'Shrikhand', NULL, 'Shrikhand from our Desserts selection.', 'veg', '108.34', '2', '25', '2025-09-20 01:34:21', '2025-11-26 11:00:41', NULL, '1', '1', '1', '0', NULL, NULL, '0'),
('480', '3', '3', 'Masala Chai', NULL, 'Masala Chai from our Beverages selection.', 'veg', '213.33', '2', '26', '2025-09-20 01:34:21', '2025-11-26 11:00:41', NULL, '1', '1', '1', '0', NULL, NULL, '0'),
('481', '3', '3', 'Ginger Tea', NULL, 'Ginger Tea from our Beverages selection.', 'veg', '63.62', '2', '26', '2025-09-20 01:34:21', '2025-11-26 11:00:42', NULL, '1', '1', '1', '0', NULL, NULL, '0'),
('482', '3', '3', 'Filter Coffee', NULL, 'Filter Coffee from our Beverages selection.', 'veg', '81.59', '2', '26', '2025-09-20 01:34:21', '2025-11-26 11:00:43', NULL, '1', '1', '1', '0', NULL, NULL, '0'),
('483', '3', '3', 'Cold Coffee Classic', NULL, 'Cold Coffee Classic from our Beverages selection.', 'veg', '151.16', '2', '26', '2025-09-20 01:34:21', '2025-11-26 11:00:43', NULL, '1', '1', '1', '0', NULL, NULL, '0'),
('484', '3', '3', 'Cold Coffee Frappe', NULL, 'Cold Coffee Frappe from our Beverages selection.', 'veg', '164.79', '2', '26', '2025-09-20 01:34:21', '2025-11-26 11:00:44', NULL, '1', '1', '1', '0', NULL, NULL, '0'),
('485', '3', '3', 'Iced Tea Lemon', NULL, 'Iced Tea Lemon from our Beverages selection.', 'veg', '89.98', '2', '26', '2025-09-20 01:34:21', '2025-11-26 11:00:45', NULL, '1', '1', '1', '0', NULL, NULL, '0'),
('486', '3', '3', 'Iced Tea Peach', NULL, 'Iced Tea Peach from our Beverages selection.', 'veg', '70.38', '2', '26', '2025-09-20 01:34:21', '2025-11-26 11:00:45', NULL, '1', '1', '1', '0', NULL, NULL, '0'),
('487', '3', '3', 'Fresh Lime Soda Sweet', NULL, 'Fresh Lime Soda Sweet from our Beverages selection.', 'veg', '201.35', '2', '26', '2025-09-20 01:34:21', '2025-11-26 11:00:46', NULL, '1', '1', '1', '0', NULL, NULL, '0'),
('488', '3', '3', 'Fresh Lime Soda Salted', NULL, 'Fresh Lime Soda Salted from our Beverages selection.', 'veg', '91.86', '2', '26', '2025-09-20 01:34:21', '2025-11-26 11:00:46', NULL, '1', '1', '1', '0', NULL, NULL, '0'),
('489', '3', '3', 'Sweet Lassi', NULL, 'Sweet Lassi from our Beverages selection.', 'veg', '151.07', '2', '26', '2025-09-20 01:34:21', '2025-11-26 11:00:47', NULL, '1', '1', '1', '0', NULL, NULL, '0'),
('490', '3', '3', 'Salted Lassi', NULL, 'Salted Lassi from our Beverages selection.', 'veg', '155.29', '2', '26', '2025-09-20 01:34:21', '2025-11-26 11:00:47', NULL, '1', '1', '1', '0', NULL, NULL, '0'),
('491', '3', '3', 'Mango Lassi', NULL, 'Mango Lassi from our Beverages selection.', 'veg', '121.27', '2', '26', '2025-09-20 01:34:21', '2025-11-26 11:00:47', NULL, '1', '1', '1', '0', NULL, NULL, '0'),
('492', '3', '3', 'Buttermilk Chaas', NULL, 'Buttermilk Chaas from our Beverages selection.', 'veg', '149.22', '2', '26', '2025-09-20 01:34:21', '2025-11-26 11:00:49', NULL, '1', '1', '1', '0', NULL, NULL, '0'),
('493', '3', '3', 'Thandai', NULL, 'Thandai from our Beverages selection.', 'veg', '138.87', '2', '26', '2025-09-20 01:34:21', '2025-11-26 11:00:50', NULL, '1', '1', '1', '0', NULL, NULL, '0'),
('494', '3', '3', 'Badam Milk', NULL, 'Badam Milk from our Beverages selection.', 'veg', '208.90', '2', '26', '2025-09-20 01:34:21', '2025-11-26 11:00:50', NULL, '1', '1', '1', '0', NULL, NULL, '0'),
('495', '3', '3', 'Watermelon Juice', NULL, 'Watermelon Juice from our Beverages selection.', 'veg', '84.72', '2', '26', '2025-09-20 01:34:21', '2025-11-26 11:00:51', NULL, '1', '1', '1', '0', NULL, NULL, '0'),
('496', '3', '3', 'Orange Juice', NULL, 'Orange Juice from our Beverages selection.', 'veg', '171.75', '2', '26', '2025-09-20 01:34:21', '2025-11-26 11:00:51', NULL, '1', '1', '1', '0', NULL, NULL, '0'),
('497', '3', '3', 'Pineapple Juice', NULL, 'Pineapple Juice from our Beverages selection.', 'veg', '90.58', '2', '26', '2025-09-20 01:34:21', '2025-11-26 11:00:52', NULL, '1', '1', '1', '0', NULL, NULL, '0'),
('498', '3', '3', 'Mint Mojito', NULL, 'Mint Mojito from our Beverages selection.', 'veg', '117.28', '2', '26', '2025-09-20 01:34:21', '2025-11-26 11:00:52', NULL, '1', '1', '1', '0', NULL, NULL, '0'),
('499', '3', '3', 'Strawberry Milkshake', NULL, 'Strawberry Milkshake from our Beverages selection.', 'veg', '164.19', '2', '26', '2025-09-20 01:34:21', '2025-11-26 11:00:53', NULL, '1', '1', '1', '0', NULL, NULL, '0'),
('500', '3', '3', 'Chocolate Milkshake', NULL, 'Chocolate Milkshake from our Beverages selection.', 'veg', '101.00', '2', '26', '2025-09-20 01:34:21', '2025-11-26 11:00:53', NULL, '1', '1', '1', '0', NULL, NULL, '0'),
('501', '4', '1', 'Margherita Pizza', NULL, NULL, 'veg', '100.00', '3', '27', '2025-09-20 18:29:59', '2025-10-15 17:47:29', NULL, '1', '1', '1', '0', NULL, NULL, '0'),
('503', '5', '7', 'Butter Chicken', 'menu_503_693e948cd5fa1.jpg', 'Rich creamy chicken curry with butter and spices.', 'non-veg', '0.00', '4', '30', '2025-10-08 14:17:24', '2025-12-14 16:12:20', '10', '1', '1', '1', '0', NULL, NULL, '0'),
('504', '5', '5', 'Paneer Butter Masala', 'menu_504_693e948dcc18a.jpg', 'Paneer cubes cooked in buttery tomato gravy.', 'veg', '0.00', '4', '30', '2025-10-08 14:18:17', '2025-12-14 16:12:22', '10', '1', '1', '1', '0', NULL, NULL, '0'),
('505', '5', '5', 'Dal Makhani', 'menu_505_693e948f3b643.jpg', 'Black lentils simmered overnight with cream.', 'veg', '0.00', '4', '30', '2025-10-08 14:19:15', '2025-12-14 16:12:23', '4', '1', '1', '1', '0', NULL, NULL, '0'),
('506', '5', '7', 'Rogan Josh', 'menu_506_693e949082219.jpg', 'Spicy lamb curry from Kashmir.', 'halal', '0.00', '4', '30', '2025-10-08 14:20:17', '2025-12-14 16:12:24', '6', '1', '1', '1', '0', NULL, NULL, '0'),
('507', '5', '5', 'Pani Puri', 'menu_507_693e949182889.jpg', 'Crispy puris filled with tangy spiced water.', 'veg', '60.00', '4', '31', '2025-10-08 14:23:49', '2025-12-14 16:12:25', '1', '1', '1', '1', '0', NULL, NULL, '0'),
('508', '5', '5', 'Aloo Tikki Chaat', 'menu_508_693e949285c9a.jpg', 'Crispy potato patties topped with chutneys.', 'veg', '90.00', '4', '31', '2025-10-08 14:25:20', '2025-12-14 16:12:26', NULL, '1', '1', '1', '0', NULL, NULL, '0'),
('509', '5', '5', 'Fresh Croissant', 'menu_509_693e949394965.jpg', 'Test description for Fresh Croissant', 'veg', '0.00', '6', '32', '2025-10-24 20:19:12', '2025-12-14 16:12:27', '5', '1', '1', '1', '0', NULL, NULL, '0'),
('510', '5', '5', 'Butternut Squash Soup', 'menu_510_693e9494ef144.jpg', 'Creamy roasted butternut squash, herb oil, served with multigrain toast', 'veg', '0.00', '7', '34', '2025-10-25 18:29:58', '2025-12-14 16:12:29', '8', '1', '1', '1', '0', NULL, NULL, '0'),
('511', '5', '5', 'All-Time Favourite Shorba (Veg)', 'menu_511_693e949607f19.jpg', 'Tomato shorba (Veg)', 'veg', '225.00', '8', '40', '2025-11-17 19:16:42', '2025-12-14 16:12:30', NULL, '1', '1', '1', '0', NULL, NULL, '0'),
('512', '5', '5', 'All-Time Favourite Shorba (Non-Veg)', 'menu_512_693e94977201f.jpg', 'Chicken / yakhni shorba (Non-Veg)', 'non-veg', '250.00', '8', '40', '2025-11-17 19:16:42', '2025-12-14 16:12:31', NULL, '1', '1', '1', '0', NULL, NULL, '0'),
('513', '5', '5', 'The Asian Bowl (Veg)', 'menu_513_693e9498a91e5.jpg', 'Man chow / Hot & Sour / Lemon Coriander / Sweet corn (Veg)', 'veg', '225.00', '8', '40', '2025-11-17 19:16:42', '2025-12-14 16:12:32', NULL, '1', '1', '1', '0', NULL, NULL, '0'),
('514', '5', '5', 'The Asian Bowl (Non-Veg)', 'menu_514_693e949a3567f.jpg', 'Man chow / Hot & Sour / Lemon Coriander / Sweet corn (Non-Veg)', 'non-veg', '250.00', '8', '40', '2025-11-17 19:16:42', '2025-12-14 16:12:34', NULL, '1', '1', '1', '0', NULL, NULL, '0'),
('515', '5', '5', 'Tibetan Thukpa (Non-Veg)', 'menu_515_693e949b11a42.jpg', 'Hearty Tibetan noodle soup (Non-Veg)', 'non-veg', '250.00', '8', '40', '2025-11-17 19:16:42', '2025-12-14 16:12:35', NULL, '1', '1', '1', '0', NULL, NULL, '0'),
('516', '5', '5', 'Chicken kimchi Salad', 'menu_516_693e949c2347d.jpg', 'Fried Chicken Lettuce – Red Cabbage, Cherry tomato with sesame oil', 'non-veg', '395.00', '8', '41', '2025-11-17 19:16:42', '2025-12-14 16:12:36', NULL, '1', '1', '1', '0', NULL, NULL, '0'),
('517', '5', '5', 'Charcoal Grill Chicken Salad', 'menu_517_693e949d64f62.jpg', 'Eggs, Chicken tikka, Lettuce, Cherry Tomato, Cucumber, Olives, Mediterranean Dressing', 'non-veg', '395.00', '8', '41', '2025-11-17 19:16:42', '2025-12-14 16:12:37', NULL, '1', '1', '1', '0', NULL, NULL, '0'),
('518', '5', '5', 'Green Salad', 'menu_518_693e949e91ef2.jpg', 'Lettuce, Cucumber, Tomato, Onion, Green Chilli, Lemon', 'veg', '210.00', '8', '41', '2025-11-17 19:16:42', '2025-12-14 16:12:38', NULL, '1', '1', '1', '0', NULL, NULL, '0'),
('519', '5', '5', 'Tossed Salad', 'menu_519_693e949fb41e3.jpg', 'Lettuce, Cucumber, Tomato, Onion, Green Chilli, Lemon, Olives & Dressing', 'veg', '210.00', '8', '41', '2025-11-17 19:16:42', '2025-12-14 16:12:39', NULL, '1', '1', '1', '0', NULL, NULL, '0'),
('520', '5', '5', 'Honey Chilli Wings', 'menu_520_693e94a14bbde.jpg', 'Signature honey chilli glazed chicken wings', 'non-veg', '375.00', '9', '42', '2025-11-17 19:16:42', '2025-12-14 16:12:41', NULL, '1', '1', '1', '0', NULL, NULL, '0'),
('521', '5', '5', 'Schezwan Chicken Lollipop', 'menu_521_693e94a20d0d2.jpg', 'Spicy schezwan chicken lollipop', 'non-veg', '375.00', '9', '42', '2025-11-17 19:16:42', '2025-12-14 16:12:42', NULL, '1', '1', '1', '0', NULL, NULL, '0'),
('522', '5', '5', 'Butter Chicken Wing', 'menu_522_693e94a36aec7.jpg', 'Butter chicken flavored wings', 'non-veg', '375.00', '9', '42', '2025-11-17 19:16:42', '2025-12-14 16:12:43', NULL, '1', '1', '1', '0', NULL, NULL, '0'),
('523', '5', '5', 'Creamy Kali Mirch Lemon wing', 'menu_523_693e94a48b3be.jpg', 'Creamy black pepper lemon wings', 'non-veg', '375.00', '9', '42', '2025-11-17 19:16:42', '2025-12-14 16:12:44', NULL, '1', '1', '1', '0', NULL, NULL, '0'),
('524', '5', '5', 'Tandoori Wings', 'menu_524_693e94a5afa04.jpg', 'Tandoori spiced chicken wings', 'non-veg', '375.00', '9', '42', '2025-11-17 19:16:42', '2025-12-14 16:12:45', NULL, '1', '1', '1', '0', NULL, NULL, '0'),
('525', '5', '5', 'Adraki Chicken Wings', 'menu_525_693e94a6970f5.jpg', 'Ginger marinated chicken wings', 'non-veg', '375.00', '9', '42', '2025-11-17 19:16:42', '2025-12-14 16:12:46', NULL, '1', '1', '1', '0', NULL, NULL, '0'),
('526', '5', '5', 'Drams of haven', 'menu_526_693e94a7781a2.jpg', 'Chef special wings', 'non-veg', '375.00', '9', '42', '2025-11-17 19:16:42', '2025-12-14 16:12:47', NULL, '1', '1', '1', '0', NULL, NULL, '0'),
('527', '5', '5', 'Fish Croquettes', 'menu_527_693e94a887223.jpg', 'Crusted Fish Roll with Dill Tartar Sauce', 'non-veg', '395.00', '8', '43', '2025-11-17 19:16:42', '2025-12-14 16:12:48', NULL, '1', '1', '1', '0', NULL, NULL, '0'),
('528', '5', '5', 'Hari Mirch Chicken Tikka Hummus', 'menu_528_693e94a95879b.jpg', 'Classic Israeli Hummus with baby Naan and chicken', 'non-veg', '395.00', '8', '43', '2025-11-17 19:16:42', '2025-12-14 16:12:49', NULL, '1', '1', '1', '0', NULL, NULL, '0'),
('529', '5', '5', 'American Fried Chicken', 'menu_529_693e94aa8e17b.jpg', 'Fried chicken with sweet chilli Mayo', 'non-veg', '375.00', '8', '43', '2025-11-17 19:16:42', '2025-12-14 16:12:50', NULL, '1', '1', '1', '0', NULL, NULL, '0'),
('530', '5', '5', 'Chicken Ball', 'menu_530_693e94ac14395.jpg', 'Fried chicken with sweet chilli Mayo', 'non-veg', '375.00', '8', '43', '2025-11-17 19:16:42', '2025-12-14 16:12:52', NULL, '1', '1', '1', '0', NULL, NULL, '0'),
('531', '5', '5', 'Classic Sprout chat', 'menu_531_693e94ad15ed9.jpg', 'Green Moong & chickpeas with onion, tomato, Anardana, & Pineapple', 'veg', '310.00', '8', '44', '2025-11-17 19:16:42', '2025-12-14 16:12:53', NULL, '1', '1', '1', '0', NULL, NULL, '0'),
('532', '5', '5', 'Kala Chana Chat', 'menu_532_693e94ae3038f.jpg', 'Black chana with Tomato, Onion, Green Chilli & Lemon', 'veg', '310.00', '8', '44', '2025-11-17 19:16:42', '2025-12-14 16:12:54', NULL, '1', '1', '1', '0', NULL, NULL, '0'),
('533', '5', '5', 'Aloo Chana Chat', 'menu_533_693e94af43bfa.jpg', 'Potato and black chana with tomato and spices', 'veg', '310.00', '8', '44', '2025-11-17 19:16:42', '2025-12-14 16:12:55', NULL, '1', '1', '1', '0', NULL, NULL, '0'),
('534', '5', '5', 'Peanut Masala', 'menu_534_693e94b04a2cb.jpg', 'Spiced peanut mix', 'veg', '310.00', '8', '44', '2025-11-17 19:16:42', '2025-12-14 16:12:56', NULL, '1', '1', '1', '0', NULL, NULL, '0'),
('535', '5', '5', 'Masala Papad', 'menu_535_693e94b14e55a.jpg', 'Roasted Papad with tomato onion and spices', 'veg', '295.00', '8', '44', '2025-11-17 19:16:42', '2025-12-14 16:12:57', NULL, '1', '1', '1', '0', NULL, NULL, '0'),
('536', '5', '5', 'Crispy Corn Bhal', 'menu_536_693e94b21b152.jpg', 'Fried Corn with tomato and spices', 'veg', '310.00', '8', '44', '2025-11-17 19:16:42', '2025-12-14 16:12:58', NULL, '1', '1', '1', '0', NULL, NULL, '0'),
('537', '5', '5', 'Sprout Masala', 'menu_537_693e94b368912.jpg', 'Sprout salad with onion, tomato, cucumber and pineapple', 'veg', '310.00', '8', '44', '2025-11-17 19:16:42', '2025-12-14 16:12:59', NULL, '1', '1', '1', '0', NULL, NULL, '0'),
('538', '5', '5', 'Chakhna 2 Ways', 'menu_538_693e94b4657fe.jpg', 'Salted Peanuts and Nachos', 'veg', '350.00', '8', '44', '2025-11-17 19:16:42', '2025-12-14 16:13:00', NULL, '1', '1', '1', '0', NULL, NULL, '0'),
('539', '5', '5', 'Golden fried vegetable Finger', 'menu_539_693e94b582123.jpg', 'Fried vegetable fingers with peri-peri chilli mayo dip', 'veg', '350.00', '8', '44', '2025-11-17 19:16:42', '2025-12-14 16:13:01', NULL, '1', '1', '1', '0', NULL, NULL, '0'),
('540', '5', '5', 'Falafel With Hummus', 'menu_540_693e94b6a81bb.jpg', 'Classic Israeli Hummus, Pitta, Falafel', 'veg', '350.00', '8', '44', '2025-11-17 19:16:42', '2025-12-14 16:13:02', NULL, '1', '1', '1', '0', NULL, NULL, '0'),
('541', '5', '5', 'Garlic Breads', 'menu_541_693e94b7c8205.jpg', 'Toasted garlic bread', 'veg', '250.00', '8', '44', '2025-11-17 19:16:42', '2025-12-14 16:13:03', NULL, '1', '1', '1', '0', NULL, NULL, '0'),
('542', '5', '5', 'Cheese Garlic Breads', 'menu_542_693e94b8ae007.jpg', 'Garlic bread topped with cheese', 'veg', '275.00', '8', '44', '2025-11-17 19:16:42', '2025-12-14 16:13:04', NULL, '1', '1', '1', '0', NULL, NULL, '0'),
('543', '5', '5', 'Peri-peri French fry', 'menu_543_693e94b9cdfa7.jpg', 'Peri-peri French fries', 'veg', '250.00', '8', '44', '2025-11-17 19:16:42', '2025-12-14 16:13:06', NULL, '1', '1', '1', '0', NULL, NULL, '0'),
('544', '5', '5', 'Papad Basket', 'menu_544_693e94badadaf.jpg', 'Assorted papads', 'veg', '295.00', '8', '44', '2025-11-17 19:16:42', '2025-12-14 16:13:07', NULL, '1', '1', '1', '0', NULL, NULL, '0'),
('545', '5', '5', 'Egg Bhurji', 'menu_545_693e94bbb0c01.jpg', 'Spiced scrambled eggs', 'veg', '225.00', '8', '44', '2025-11-17 19:16:42', '2025-12-14 16:13:07', NULL, '1', '1', '1', '0', NULL, NULL, '0'),
('546', '5', '5', 'Tandoori non-Veg Platter', 'menu_546_693e94bcab165.jpg', 'Chicken Tikka, Chicken Seekh, Mutton Seekh, Fish Tikka, Fry Fish & Dips', 'non-veg', '799.00', '9', '45', '2025-11-17 19:16:42', '2025-12-14 16:13:08', NULL, '1', '1', '1', '0', NULL, NULL, '0'),
('547', '5', '5', 'Tandoori Chicken Platter', 'menu_547_693e94bdad95a.jpg', 'Chicken Tikka, Chicken Seekh, Hari Mirch chicken, Malai chicken & Dips', 'non-veg', '799.00', '9', '45', '2025-11-17 19:16:42', '2025-12-14 16:13:09', NULL, '1', '1', '1', '0', NULL, NULL, '0'),
('548', '5', '5', 'Tandoori Vegetable Platter', 'menu_548_693e94becc7b0.jpg', 'Soya Chaap, Hara Bara Kebab, Paneer Tikka, Dahi Kabab, Mushroom & Dips', 'veg', '699.00', '9', '45', '2025-11-17 19:16:42', '2025-12-14 16:13:11', NULL, '1', '1', '1', '0', NULL, NULL, '0'),
('549', '5', '5', 'Schezwan Chilli fish', 'menu_549_693e94bfdec73.jpg', 'Spicy schezwan style fish', 'non-veg', '375.00', '10', '46', '2025-11-17 19:16:42', '2025-12-14 16:13:12', NULL, '1', '1', '1', '0', NULL, NULL, '0'),
('550', '5', '5', 'Classic Chilli Chicken', 'menu_550_693e94c13a3a6.jpg', 'Classic chilli chicken', 'non-veg', '375.00', '10', '46', '2025-11-17 19:16:42', '2025-12-14 16:13:13', NULL, '1', '1', '1', '0', NULL, NULL, '0'),
('551', '5', '5', 'Crispy Garlic chicken', 'menu_551_693e94c240400.jpg', 'Crispy garlic chicken', 'non-veg', '375.00', '10', '46', '2025-11-17 19:16:42', '2025-12-14 16:13:14', NULL, '1', '1', '1', '0', NULL, NULL, '0'),
('552', '5', '5', 'SingaPuri Chicken', 'menu_552_693e94c3605af.jpg', 'Singapore style chicken', 'non-veg', '375.00', '10', '46', '2025-11-17 19:16:42', '2025-12-14 16:13:15', NULL, '1', '1', '1', '0', NULL, NULL, '0'),
('553', '5', '5', 'Thai Style Dragon chicken', 'menu_553_693e94c4855fb.jpg', 'Thai style dragon chicken', 'non-veg', '375.00', '10', '46', '2025-11-17 19:16:42', '2025-12-14 16:13:16', NULL, '1', '1', '1', '0', NULL, NULL, '0'),
('554', '5', '5', 'Hawker Style Chilli Paneer', 'menu_554_693e94c58ac2f.jpg', 'Spicy chilli paneer', 'veg', '350.00', '10', '46', '2025-11-17 19:16:42', '2025-12-14 16:13:17', NULL, '1', '1', '1', '0', NULL, NULL, '0'),
('555', '5', '5', 'Money Bag Wonton', 'menu_555_693e94c66a726.jpg', 'Crispy wontons', 'veg', '350.00', '10', '46', '2025-11-17 19:16:42', '2025-12-14 16:13:18', NULL, '1', '1', '1', '0', NULL, NULL, '0'),
('556', '5', '5', 'Thai Nutri Spring Roll', 'menu_556_693e94c75380d.jpg', 'Nutritious spring roll', 'veg', '350.00', '10', '46', '2025-11-17 19:16:42', '2025-12-14 16:13:19', NULL, '1', '1', '1', '0', NULL, NULL, '0'),
('557', '5', '5', 'Wok toasted Mushroom', 'menu_557_693e94c86b109.jpg', 'Wok tossed mushrooms', 'veg', '350.00', '10', '46', '2025-11-17 19:16:42', '2025-12-14 16:13:20', NULL, '1', '1', '1', '0', NULL, NULL, '0'),
('558', '5', '5', 'Thick cut chilli Potato', 'menu_558_693e94c97d612.jpg', 'Thick cut chilli potato fries', 'veg', '350.00', '10', '46', '2025-11-17 19:16:42', '2025-12-14 16:13:21', NULL, '1', '1', '1', '0', NULL, NULL, '0'),
('559', '5', '5', 'Crispy Corn salt & Pepper', 'menu_559_693e94ca95b55.jpg', 'Crispy corn tossed in salt & pepper', 'veg', '350.00', '10', '46', '2025-11-17 19:16:42', '2025-12-14 16:13:22', NULL, '1', '1', '1', '0', NULL, NULL, '0'),
('560', '5', '5', 'Cottage Cheese cubes', 'menu_560_693e94cbabde4.jpg', 'Fried cottage cheese cubes', 'veg', '350.00', '10', '46', '2025-11-17 19:16:42', '2025-12-14 16:13:23', NULL, '1', '1', '1', '0', NULL, NULL, '0'),
('561', '5', '5', 'Jims styles Vegetable', 'menu_561_693e94cca05ab.jpg', 'Chef\'s style mixed vegetables', 'veg', '350.00', '10', '46', '2025-11-17 19:16:42', '2025-12-14 16:13:24', NULL, '1', '1', '1', '0', NULL, NULL, '0'),
('562', '5', '5', 'Cheese Corn Roll', 'menu_562_693e94cd9ee7e.jpg', 'Cheese and corn roll', 'veg', '350.00', '10', '46', '2025-11-17 19:16:42', '2025-12-14 16:13:25', NULL, '1', '1', '1', '0', NULL, NULL, '0'),
('563', '5', '5', 'Spicy Chicken Dimsum', 'menu_563_693e94ceab8e6.jpg', 'Spicy steamed chicken dimsum', 'non-veg', '350.00', '10', '47', '2025-11-17 19:16:42', '2025-12-14 16:13:26', NULL, '1', '1', '1', '0', NULL, NULL, '0'),
('564', '5', '5', 'Gyoza Chicken Dimsums', 'menu_564_693e94cfcb6cd.jpg', 'Pan-fried gyoza style chicken dimsums', 'non-veg', '350.00', '10', '47', '2025-11-17 19:16:42', '2025-12-14 16:13:27', NULL, '1', '1', '1', '0', NULL, NULL, '0'),
('565', '5', '5', 'Exotic Veg Dimsum', 'menu_565_693e94d0b8baf.jpg', 'Assorted vegetable dimsum', 'veg', '325.00', '10', '47', '2025-11-17 19:16:42', '2025-12-14 16:13:28', NULL, '1', '1', '1', '0', NULL, NULL, '0'),
('566', '5', '5', 'Corn & Water Chestnut', 'menu_566_693e94d1cab54.jpg', 'Corn and water chestnut dimsum', 'veg', '325.00', '10', '47', '2025-11-17 19:16:42', '2025-12-14 16:13:29', NULL, '1', '1', '1', '0', NULL, NULL, '0'),
('567', '5', '5', 'Three Mushroom & Cream Cheese', 'menu_567_693e94d313589.jpg', 'Mushroom and cream cheese dimsum', 'veg', '325.00', '10', '47', '2025-11-17 19:16:42', '2025-12-14 16:13:31', NULL, '1', '1', '1', '0', NULL, NULL, '0'),
('568', '5', '5', 'Jhol Chicken Dimsum', 'menu_568_693e94d3d9ca7.jpg', 'Dumplings in spicy gravy', 'non-veg', '325.00', '10', '47', '2025-11-17 19:16:42', '2025-12-14 16:13:31', NULL, '1', '1', '1', '0', NULL, NULL, '0'),
('569', '5', '5', 'Adraki Buna Meat', 'menu_569_69298b784267b.jpg', 'Ginger flavored roasted meat', 'non-veg', '550.00', '9', '48', '2025-11-17 19:16:42', '2025-11-28 17:16:00', NULL, '1', '1', '1', '0', NULL, NULL, '0'),
('570', '5', '5', 'Kashmiri Mutton Seekh', 'menu_570_693e94d535e52.jpg', 'Kashmiri spiced mutton seekh kebab', 'non-veg', '550.00', '9', '48', '2025-11-17 19:16:42', '2025-12-14 16:13:33', NULL, '1', '1', '1', '0', NULL, NULL, '0'),
('571', '5', '5', 'Kothmir Fish Fry', 'menu_571_693e94d646e11.jpg', 'Coriander marinated fish fry', 'non-veg', '395.00', '9', '48', '2025-11-17 19:16:42', '2025-12-14 16:13:34', NULL, '1', '1', '1', '0', NULL, NULL, '0'),
('572', '5', '5', 'Sarso Mahi tikka', 'menu_572_693e94d72d76b.jpg', 'Mustard fish tikka', 'non-veg', '395.00', '9', '48', '2025-11-17 19:16:42', '2025-12-14 16:13:35', NULL, '1', '1', '1', '0', NULL, NULL, '0'),
('573', '5', '5', 'Charsi Chicken (T.C)', 'menu_573_693e94d839b68.jpg', 'Charcoal roasted chicken', 'non-veg', '350.00', '9', '48', '2025-11-17 19:16:42', '2025-12-14 16:13:36', NULL, '1', '1', '1', '0', NULL, NULL, '0'),
('574', '5', '5', 'Hari Mirch ka Chicken tikka', 'menu_574_693e94d930963.jpg', 'Green chilli chicken tikka', 'non-veg', '350.00', '9', '48', '2025-11-17 19:16:42', '2025-12-14 16:13:37', NULL, '1', '1', '1', '0', NULL, NULL, '0'),
('575', '5', '5', 'Creamy Kali Mirch Lemon Chicken', 'menu_575_693e94da3bc53.jpg', 'Creamy black pepper lemon chicken', 'non-veg', '350.00', '9', '48', '2025-11-17 19:16:42', '2025-12-14 16:13:38', NULL, '1', '1', '1', '0', NULL, NULL, '0'),
('576', '5', '5', 'Murg tikka Angara', 'menu_576_693e94db2974a.jpg', 'Smoky angara style chicken tikka', 'non-veg', '350.00', '9', '48', '2025-11-17 19:16:42', '2025-12-14 16:13:39', NULL, '1', '1', '1', '0', NULL, NULL, '0'),
('577', '5', '5', 'Silbatte ki shami', 'menu_577_69298b7ddd371.jpg', 'Traditional shami kebab', 'non-veg', '350.00', '9', '48', '2025-11-17 19:16:42', '2025-11-28 17:16:06', NULL, '1', '1', '1', '0', NULL, NULL, '0'),
('578', '5', '5', 'Chicken Gilafi', 'menu_578_693e94dc1d98c.jpg', 'Spiced minced chicken kebab', 'non-veg', '350.00', '9', '48', '2025-11-17 19:16:42', '2025-12-14 16:13:40', NULL, '1', '1', '1', '0', NULL, NULL, '0'),
('579', '5', '5', 'Tawa Tangri Chicken', 'menu_579_693e94dceed4c.jpg', 'Tawa cooked tangri chicken', 'non-veg', '425.00', '9', '48', '2025-11-17 19:16:42', '2025-12-14 16:13:41', NULL, '1', '1', '1', '0', NULL, NULL, '0'),
('580', '5', '5', 'Crispy Tangri kebab (K.F.C style)', 'menu_580_693e94ddaada5.jpg', 'Crispy fried tangri kebab', 'non-veg', '425.00', '9', '48', '2025-11-17 19:16:42', '2025-12-14 16:13:44', NULL, '1', '1', '1', '0', NULL, NULL, '0'),
('581', '5', '5', 'Peshawari Paneer Tikka', 'menu_581_693e94e1c9f1e.jpg', 'Paneer tikka with peshawari masala', 'veg', '350.00', '9', '49', '2025-11-17 19:16:42', '2025-12-14 16:13:45', NULL, '1', '1', '1', '0', NULL, NULL, '0'),
('582', '5', '5', 'Achari Paneer tikka', 'menu_582_693e94e2c6a71.jpg', 'Pickled masala paneer tikka', 'veg', '350.00', '9', '49', '2025-11-17 19:16:42', '2025-12-14 16:13:46', NULL, '1', '1', '1', '0', NULL, NULL, '0'),
('583', '5', '5', 'Tandoori Mushroom Tikka', 'menu_583_693e94e3b9590.jpg', 'Tandoori mushroom skewers', 'veg', '350.00', '9', '49', '2025-11-17 19:16:42', '2025-12-14 16:13:47', NULL, '1', '1', '1', '0', NULL, NULL, '0'),
('584', '5', '5', 'Mushroom ki Galouti', 'menu_584_693e94e498c6e.jpg', 'Galouti style mushroom', 'veg', '350.00', '9', '49', '2025-11-17 19:16:42', '2025-12-14 16:13:48', NULL, '1', '1', '1', '0', NULL, NULL, '0'),
('585', '5', '5', 'Malai mushroom Tikka', 'menu_585_693e94e5bb73d.jpg', 'Creamy malai mushroom tikka', 'veg', '350.00', '9', '49', '2025-11-17 19:16:42', '2025-12-14 16:13:50', NULL, '1', '1', '1', '0', NULL, NULL, '0'),
('586', '5', '5', 'Sultani Dahi Kebab', 'menu_586_693e94e80233a.jpg', 'Yogurt based kebab', 'veg', '325.00', '9', '49', '2025-11-17 19:16:42', '2025-12-14 16:13:52', NULL, '1', '1', '1', '0', NULL, NULL, '0'),
('587', '5', '5', 'Tandoori Pineapple', 'menu_587_693e94e8edf95.jpg', 'Grilled tandoori pineapple', 'veg', '325.00', '9', '49', '2025-11-17 19:16:42', '2025-12-14 16:13:53', NULL, '1', '1', '1', '0', NULL, NULL, '0'),
('588', '5', '5', 'Tandoori Charra Aloo', 'menu_588_693e94e9c2b4f.jpg', 'Spiced tandoori potatoes', 'veg', '325.00', '9', '49', '2025-11-17 19:16:42', '2025-12-14 16:13:53', NULL, '1', '1', '1', '0', NULL, NULL, '0'),
('589', '5', '5', 'Gol Mirch ki soya Chaap', 'menu_589_693e94ea84815.jpg', 'Peppery soya chaap', 'veg', '325.00', '9', '49', '2025-11-17 19:16:42', '2025-12-14 16:13:54', NULL, '1', '1', '1', '0', NULL, NULL, '0'),
('590', '5', '5', 'Hara Bara kebab', 'menu_590_693e94eb7b576.jpg', 'Green herb kebab', 'veg', '325.00', '9', '49', '2025-11-17 19:16:42', '2025-12-14 16:13:55', NULL, '1', '1', '1', '0', NULL, NULL, '0'),
('591', '5', '5', 'Badami Seekh kabab', 'menu_591_693e94ec67ce6.jpg', 'Almond flavored veg seekh', 'veg', '325.00', '9', '49', '2025-11-17 19:16:42', '2025-12-14 16:13:56', NULL, '1', '1', '1', '0', NULL, NULL, '0'),
('592', '5', '5', 'Kerla Fish curry', 'menu_592_693e94ed7d1cc.jpg', 'Kerala style fish curry', 'non-veg', '395.00', '11', '50', '2025-11-17 19:16:42', '2025-12-14 16:13:57', NULL, '1', '1', '1', '0', NULL, NULL, '0'),
('593', '5', '5', 'Goan Fish curry', 'menu_593_693e94ee54e16.jpg', 'Goan style fish curry', 'non-veg', '395.00', '11', '50', '2025-11-17 19:16:42', '2025-12-14 16:13:58', NULL, '1', '1', '1', '0', NULL, NULL, '0'),
('594', '5', '5', 'Mutton Ghee Roast', 'menu_594_693e94ef7c509.jpg', 'Spiced mutton ghee roast', 'non-veg', '550.00', '11', '50', '2025-11-17 19:16:42', '2025-12-14 16:13:59', NULL, '1', '1', '1', '0', NULL, NULL, '0'),
('595', '5', '5', 'Tawa Mutton', 'menu_595_693e94f088429.jpg', 'Tawa cooked mutton', 'non-veg', '550.00', '11', '50', '2025-11-17 19:16:42', '2025-12-14 16:14:00', NULL, '1', '1', '1', '0', NULL, NULL, '0'),
('596', '5', '5', 'Meat Curry', 'menu_596_693e94f199c0e.jpg', 'Homestyle meat curry', 'non-veg', '550.00', '11', '50', '2025-11-17 19:16:42', '2025-12-14 16:14:01', NULL, '1', '1', '1', '0', NULL, NULL, '0'),
('597', '5', '5', 'Mutton Rogan josh', 'menu_597_693e94f29e48c.jpg', 'Kashmiri rogan josh', 'non-veg', '550.00', '11', '50', '2025-11-17 19:16:42', '2025-12-14 16:14:02', NULL, '1', '1', '1', '0', NULL, NULL, '0'),
('598', '5', '5', 'Bhuna Chicken', 'menu_598_693e94f39f02e.jpg', 'Spicy bhuna chicken', 'non-veg', '395.00', '11', '50', '2025-11-17 19:16:42', '2025-12-14 16:14:03', NULL, '1', '1', '1', '0', NULL, NULL, '0'),
('599', '5', '5', 'Murg Mirch ka Salan', 'menu_599_693e94f48abc3.jpg', 'Chicken in peppery salan', 'non-veg', '395.00', '11', '50', '2025-11-17 19:16:42', '2025-12-14 16:14:04', NULL, '1', '1', '1', '0', NULL, NULL, '0'),
('600', '5', '5', 'Hyderabadi chicken', 'menu_600_693e94f56914c.jpg', 'Hyderabadi style chicken', 'non-veg', '395.00', '11', '50', '2025-11-17 19:16:42', '2025-12-14 16:14:05', NULL, '1', '1', '1', '0', NULL, NULL, '0'),
('601', '5', '5', 'Butter Chicken', 'menu_601_693e94f613e8e.jpg', 'Creamy butter chicken', 'non-veg', '395.00', '11', '50', '2025-11-17 19:16:42', '2025-12-14 16:14:06', NULL, '1', '1', '1', '0', NULL, NULL, '0'),
('602', '5', '5', 'Chicken curry', 'menu_602_693e94f749bc3.jpg', 'Classic chicken curry', 'non-veg', '395.00', '11', '50', '2025-11-17 19:16:42', '2025-12-14 16:14:07', NULL, '1', '1', '1', '0', NULL, NULL, '0'),
('603', '5', '5', 'Paneer Tikka Butter Masala', 'menu_603_693e94f824aa4.jpg', 'Paneer tikka in butter masala', 'veg', '350.00', '11', '51', '2025-11-17 19:16:42', '2025-12-14 16:14:08', NULL, '1', '1', '1', '0', NULL, NULL, '0'),
('604', '5', '5', 'Punjabi Kadai Paneer', 'menu_604_693e94f903cd7.jpg', 'Kadai style paneer', 'veg', '350.00', '11', '51', '2025-11-17 19:16:42', '2025-12-14 16:14:09', NULL, '1', '1', '1', '0', NULL, NULL, '0'),
('605', '5', '5', 'Mix Vegetable Handi', 'menu_605_693e94f9e21c9.jpg', 'Mixed vegetables handi', 'veg', '350.00', '11', '51', '2025-11-17 19:16:42', '2025-12-14 16:14:10', NULL, '1', '1', '1', '0', NULL, NULL, '0'),
('606', '5', '5', 'Mater Mushroom', 'menu_606_693e94fad6b7e.jpg', 'Mutter mushroom curry', 'veg', '350.00', '11', '51', '2025-11-17 19:16:42', '2025-12-14 16:14:11', NULL, '1', '1', '1', '0', NULL, NULL, '0'),
('607', '5', '5', 'Malai kofta', 'menu_607_693e94fbd66fb.jpg', 'Creamy malai kofta', 'veg', '350.00', '11', '51', '2025-11-17 19:16:42', '2025-12-14 16:14:11', NULL, '1', '1', '1', '0', NULL, NULL, '0'),
('608', '5', '5', 'Aloo Gobhi', 'menu_608_693e94fca5843.jpg', 'Potato cauliflower curry', 'veg', '350.00', '11', '51', '2025-11-17 19:16:42', '2025-12-14 16:14:12', NULL, '1', '1', '1', '0', NULL, NULL, '0'),
('609', '5', '5', 'Dal Makhani', 'menu_609_693e94fd6ca27.jpg', 'Rich lentil curry', 'veg', '350.00', '11', '51', '2025-11-17 19:16:42', '2025-12-14 16:14:13', NULL, '1', '1', '1', '0', NULL, NULL, '0'),
('610', '5', '5', 'Dal Tadka', 'menu_610_693e94fe85ef9.jpg', 'Tempered dal tadka', 'veg', '350.00', '11', '51', '2025-11-17 19:16:42', '2025-12-14 16:14:17', NULL, '1', '1', '1', '0', NULL, NULL, '0'),
('611', '5', '5', 'Dum Mutton Biryani', 'menu_611_693e95028480f.jpg', 'Slow cooked mutton biryani', 'non-veg', '550.00', '11', '52', '2025-11-17 19:16:42', '2025-12-14 16:14:18', NULL, '1', '1', '1', '0', NULL, NULL, '0'),
('612', '5', '5', 'Dum Chicken Biryani', 'menu_612_693e9503591db.jpg', 'Slow cooked chicken biryani', 'non-veg', '425.00', '11', '52', '2025-11-17 19:16:42', '2025-12-14 16:14:19', NULL, '1', '1', '1', '0', NULL, NULL, '0'),
('613', '5', '5', 'Dum Veg Biryani', 'menu_613_693e950421c68.jpg', 'Vegetable biryani', 'veg', '395.00', '11', '52', '2025-11-17 19:16:42', '2025-12-14 16:14:20', NULL, '1', '1', '1', '0', NULL, NULL, '0'),
('614', '5', '5', 'Steam Rice', 'menu_614_693e95055a8f1.jpg', 'Plain steamed rice', 'veg', '295.00', '11', '52', '2025-11-17 19:16:42', '2025-12-14 16:14:21', NULL, '1', '1', '1', '0', NULL, NULL, '0'),
('615', '5', '5', 'Jeera Rice', 'menu_615_693e9506292de.jpg', 'Cumin flavored rice', 'veg', '295.00', '11', '52', '2025-11-17 19:16:42', '2025-12-14 16:14:22', NULL, '1', '1', '1', '0', NULL, NULL, '0'),
('616', '5', '5', 'Fried Rice (Vegetable)', 'menu_616_693e9507586fd.jpg', 'Hakka/Chilli Garlic vegetable fried rice', 'veg', '350.00', '11', '52', '2025-11-17 19:16:42', '2025-12-14 16:14:23', NULL, '1', '1', '1', '0', NULL, NULL, '0'),
('617', '5', '5', 'Fried Rice (Chicken)', 'menu_617_693e950880709.jpg', 'Hakka/Chilli Garlic chicken fried rice', 'non-veg', '375.00', '11', '52', '2025-11-17 19:16:42', '2025-12-14 16:14:24', NULL, '1', '1', '1', '0', NULL, NULL, '0'),
('618', '5', '5', 'Fried Rice (Egg)', 'menu_618_693e9509bbefc.jpg', 'Hakka/Chilli Garlic egg fried rice', 'veg', '350.00', '11', '52', '2025-11-17 19:16:42', '2025-12-14 16:14:25', NULL, '1', '1', '1', '0', NULL, NULL, '0'),
('619', '5', '5', 'Noodles (Vegetable)', 'menu_619_693e950ac3f93.jpg', 'Hakka/Chilli Garlic veg noodles', 'veg', '350.00', '11', '52', '2025-11-17 19:16:42', '2025-12-14 16:14:26', NULL, '1', '1', '1', '0', NULL, NULL, '0'),
('620', '5', '5', 'Noodles (Chicken)', 'menu_620_693e950bcab34.jpg', 'Hakka/Chilli Garlic chicken noodles', 'non-veg', '375.00', '11', '52', '2025-11-17 19:16:42', '2025-12-14 16:14:27', NULL, '1', '1', '1', '0', NULL, NULL, '0'),
('621', '5', '5', 'Noodles (Egg)', 'menu_621_693e950ce08d7.jpg', 'Hakka/Chilli Garlic egg noodles', 'veg', '350.00', '11', '52', '2025-11-17 19:16:42', '2025-12-14 16:14:29', NULL, '1', '1', '1', '0', NULL, NULL, '0'),
('622', '5', '5', 'Chilli Garlic Slice Fish', 'menu_622_693e950e13853.jpg', 'Chilli garlic slice fish', 'non-veg', '525.00', '10', '53', '2025-11-17 19:16:42', '2025-12-14 16:14:30', NULL, '1', '1', '1', '0', NULL, NULL, '0'),
('623', '5', '5', 'Slice Fish Black Bean Sauce', 'menu_623_693e950f3da91.jpg', 'Slice fish in black bean sauce', 'non-veg', '525.00', '10', '53', '2025-11-17 19:16:42', '2025-12-14 16:14:31', NULL, '1', '1', '1', '0', NULL, NULL, '0'),
('624', '5', '5', 'Basil Chicken', 'menu_624_693e95105796e.jpg', 'Chicken with basil sauce', 'non-veg', '395.00', '10', '53', '2025-11-17 19:16:42', '2025-12-14 16:14:32', NULL, '1', '1', '1', '0', NULL, NULL, '0'),
('625', '5', '5', 'Hunan Chicken', 'menu_625_693e951145a5f.jpg', 'Hunan style chicken', 'non-veg', '395.00', '10', '53', '2025-11-17 19:16:42', '2025-12-14 16:14:33', NULL, '1', '1', '1', '0', NULL, NULL, '0'),
('626', '5', '5', 'Veg Manchurian', 'menu_626_693e95126ecdb.jpg', 'Vegetable manchurian', 'veg', '350.00', '10', '53', '2025-11-17 19:16:42', '2025-12-14 16:14:34', NULL, '1', '1', '1', '0', NULL, NULL, '0'),
('627', '5', '5', 'Exotic Garlic Vegetable', 'menu_627_693e95137aee7.jpg', 'Garlic tossed mixed vegetables', 'veg', '350.00', '10', '53', '2025-11-17 19:16:42', '2025-12-14 16:14:35', NULL, '1', '1', '1', '0', NULL, NULL, '0'),
('628', '5', '5', 'Exotic Vegetable Black Bean Sauce', 'menu_628_693e95148c510.jpg', 'Vegetables in black bean sauce', 'veg', '350.00', '10', '53', '2025-11-17 19:16:42', '2025-12-14 16:14:36', NULL, '1', '1', '1', '0', NULL, NULL, '0'),
('629', '5', '5', 'Green Thai curry', 'menu_629_693e95159a426.jpg', 'Green Thai curry (Veg/Non-Veg)', 'veg', '395.00', '10', '53', '2025-11-17 19:16:42', '2025-12-14 16:14:39', NULL, '1', '1', '1', '0', NULL, NULL, '0'),
('630', '5', '5', 'Tandoori Roti', 'menu_630_693e9517d591a.jpg', 'Traditional tandoori roti', 'veg', '45.00', '11', '54', '2025-11-17 19:16:42', '2025-12-14 16:14:40', NULL, '1', '1', '1', '0', NULL, NULL, '0'),
('631', '5', '5', 'Butter Roti', 'menu_631_693e9518c67c4.jpg', 'Buttery roti', 'veg', '50.00', '11', '54', '2025-11-17 19:16:42', '2025-12-14 16:14:41', NULL, '1', '1', '1', '0', NULL, NULL, '0'),
('632', '5', '5', 'Missi (Onion, Masala)', 'menu_632_693e951a1e1e0.jpg', 'Missi roti with onion and masala', 'veg', '65.00', '11', '54', '2025-11-17 19:16:42', '2025-12-14 16:14:42', NULL, '1', '1', '1', '0', NULL, NULL, '0'),
('633', '5', '5', 'Naan (Plain/Garlic/Chilli Coriander/Butter)', 'menu_633_693e951aebcee.jpg', 'Assorted naans', 'veg', '65.00', '11', '54', '2025-11-17 19:16:42', '2025-12-14 16:14:43', NULL, '1', '1', '1', '0', NULL, NULL, '0'),
('634', '5', '5', 'Parantha (Laccha/Pudina/Ajwain/Mirchi)', 'menu_634_693e951bc0bac.jpg', 'Assorted paranthas', 'veg', '65.00', '11', '54', '2025-11-17 19:16:42', '2025-12-14 16:14:43', NULL, '1', '1', '1', '0', NULL, NULL, '0'),
('635', '5', '5', 'Ice-Cream (Vanilla/Butterscotch/Chocolate/Strawberry)', 'menu_635_693e951ca47db.jpg', 'Served per scoop', 'veg', '150.00', '12', '55', '2025-11-17 19:16:42', '2025-12-14 16:14:44', NULL, '1', '1', '1', '0', NULL, NULL, '0'),
('636', '5', '5', 'Coffee', 'menu_636_693e951da73da.jpg', 'Hot brewed coffee', 'veg', '225.00', '13', '56', '2025-11-17 19:16:42', '2025-12-14 16:14:46', NULL, '1', '1', '1', '0', NULL, NULL, '0'),
('637', '5', '5', 'Cold Coffee', 'menu_637_693e951f2e0b4.jpg', 'Cold iced coffee', 'veg', '250.00', '13', '56', '2025-11-17 19:16:42', '2025-12-14 16:14:47', NULL, '1', '1', '1', '0', NULL, NULL, '0'),
('638', '5', '5', 'Choco chip cookie frappe', 'menu_638_693e95203c5c5.jpg', 'Chocolate chip cookie frappe', 'veg', '250.00', '13', '56', '2025-11-17 19:16:42', '2025-12-14 16:14:48', NULL, '1', '1', '1', '0', NULL, NULL, '0'),
('639', '5', '5', 'Milk Shakes', 'menu_639_693e952145d49.jpg', 'Assorted milkshakes', 'veg', '250.00', '13', '56', '2025-11-17 19:16:42', '2025-12-14 16:14:49', NULL, '1', '1', '1', '0', NULL, NULL, '0'),
('640', '5', '5', 'Lassi or Butter Milk', 'menu_640_693e952251d3e.jpg', 'Traditional lassi or buttermilk', 'veg', '225.00', '13', '56', '2025-11-17 19:16:42', '2025-12-14 16:14:50', NULL, '1', '1', '1', '0', NULL, NULL, '0'),
('641', '5', '5', 'Virgin Mojito', 'menu_641_693e95232e5ba.jpg', 'Non-alcoholic mojito', 'veg', '250.00', '13', '56', '2025-11-17 19:16:42', '2025-12-14 16:14:51', NULL, '1', '1', '1', '0', NULL, NULL, '0'),
('642', '5', '5', 'Virgin Sangria', 'menu_642_693e95242c3ff.jpg', 'Non-alcoholic sangria', 'veg', '250.00', '13', '56', '2025-11-17 19:16:42', '2025-12-14 16:14:52', NULL, '1', '1', '1', '0', NULL, NULL, '0'),
('643', '5', '5', 'Lemonade', 'menu_643_693e95252f06d.jpg', 'Fresh lemonade', 'veg', '250.00', '13', '56', '2025-11-17 19:16:42', '2025-12-14 16:14:53', NULL, '1', '1', '1', '0', NULL, NULL, '0'),
('644', '5', '5', 'Fizzy Orange', 'menu_644_693e95260e937.jpg', 'Carbonated orange drink', 'veg', '250.00', '13', '56', '2025-11-17 19:16:42', '2025-12-14 16:14:54', NULL, '1', '1', '1', '0', NULL, NULL, '0'),
('645', '5', '5', 'Strawberry And Basil Mojito', 'menu_645_693e952707d8c.jpg', 'Strawberry and basil infused mojito', 'veg', '275.00', '13', '56', '2025-11-17 19:16:42', '2025-12-14 16:14:55', NULL, '1', '1', '1', '0', NULL, NULL, '0'),
('646', '5', '5', 'The Signature Corbett Grill', 'menu_646_693e9527dea4f.jpg', 'House special drink', 'veg', '275.00', '13', '56', '2025-11-17 19:16:42', '2025-12-14 16:14:56', NULL, '1', '1', '1', '0', NULL, NULL, '0'),
('647', '5', '5', 'Spicy Grande', 'menu_647_693e9528e6cc1.jpg', 'Spicy mocktail', 'veg', '250.00', '13', '56', '2025-11-17 19:16:42', '2025-12-14 16:14:57', NULL, '1', '1', '1', '0', NULL, NULL, '0'),
('648', '5', '5', 'Virgin Pina Colada', 'menu_648_693e9529d3dbb.jpg', 'Pina colada mocktail', 'veg', '275.00', '13', '56', '2025-11-17 19:16:42', '2025-12-14 16:14:58', NULL, '1', '1', '1', '0', NULL, NULL, '0'),
('649', '5', '5', 'Pineapple Mint Cooler', 'menu_649_693e952abf1e0.jpg', 'Pineapple and mint cooler', 'veg', '275.00', '13', '56', '2025-11-17 19:16:42', '2025-12-14 16:14:58', NULL, '1', '1', '1', '0', NULL, NULL, '0'),
('650', '5', '5', 'Aerated Beverages', 'menu_650_693e952b915ea.jpg', 'Coke, Fanta, Sprite or Diet soda', 'veg', '100.00', '13', '56', '2025-11-17 19:16:42', '2025-12-14 16:14:59', NULL, '1', '1', '1', '0', NULL, NULL, '0'),
('651', '5', '5', 'Ice bucket', 'menu_651_693e952c9736e.jpg', 'Ice bucket', 'veg', '120.00', '13', '56', '2025-11-17 19:16:42', '2025-12-14 16:15:00', NULL, '1', '1', '1', '0', NULL, NULL, '0'),
('652', '27', '28', 'Idli', NULL, 'Idli', 'veg', '50.00', '14', '57', '2025-11-26 14:01:49', '2025-11-26 16:00:00', NULL, '1', '1', '1', '0', NULL, NULL, '0'),
('653', '27', '28', 'paratha', NULL, 'paratha', 'veg', '100.00', '14', '57', '2025-11-26 14:45:23', '2025-11-26 16:00:00', '45', '1', '1', '1', '0', NULL, NULL, '0'),
('729', '31', '32', 'Haitian Patties (Beef)', 'menu_729_69333aa3ec72e.jpg', 'Flaky pastry stuffed with seasoned minced beef.', 'non-veg', '7.99', '17', '66', '2025-12-06 01:23:43', '2025-12-06 01:33:48', NULL, '1', '1', '1', '0', NULL, NULL, '0'),
('730', '31', '32', 'Haitian Patties (Chicken)', 'menu_730_69333aa4eec19.jpg', 'Crispy patties filled with shredded chicken.', 'non-veg', '7.99', '17', '66', '2025-12-06 01:23:43', '2025-12-06 01:33:49', NULL, '1', '1', '1', '0', NULL, NULL, '0'),
('731', '31', '32', 'Haitian Patties (Fish)', 'menu_731_69333aa5ce6a2.jpg', 'Fried pastry stuffed with spiced fish.', 'non-veg', '8.49', '17', '66', '2025-12-06 01:23:43', '2025-12-06 01:33:49', NULL, '1', '1', '1', '0', NULL, NULL, '0'),
('732', '31', '32', 'Bannann Peze', 'menu_732_69333aa68d397.jpg', 'Twice-fried plantains served with pikliz.', 'veg', '6.99', '17', '66', '2025-12-06 01:23:43', '2025-12-06 01:33:50', NULL, '1', '1', '1', '0', NULL, NULL, '0'),
('733', '31', '32', 'Marinad (Haitian Fritters)', 'menu_733_69333aa75a451.jpg', 'Crispy seasoned fritters made with herbs.', 'veg', '6.49', '17', '66', '2025-12-06 01:23:43', '2025-12-06 01:33:51', NULL, '1', '1', '1', '0', NULL, NULL, '0'),
('734', '31', '32', 'Griot', 'menu_734_69333aa81a256.jpg', 'Fried pork marinated in sour orange & spices.', 'non-veg', '16.99', '17', '67', '2025-12-06 01:23:43', '2025-12-06 01:33:52', NULL, '1', '1', '1', '0', NULL, NULL, '0'),
('735', '31', '32', 'Poul Fri (Fried Chicken)', 'menu_735_69333aa95416a.jpg', 'Haitian-style fried chicken.', 'non-veg', '15.99', '17', '67', '2025-12-06 01:23:43', '2025-12-06 01:33:53', NULL, '1', '1', '1', '0', NULL, NULL, '0'),
('736', '31', '32', 'Tasso Kabrit (Fried Goat)', 'menu_736_69333aaa6aa48.jpg', 'Deep-fried goat seasoned with Haitian epis.', 'non-veg', '19.99', '17', '67', '2025-12-06 01:23:43', '2025-12-06 01:33:54', NULL, '1', '1', '1', '0', NULL, NULL, '0'),
('737', '31', '32', 'Legim', 'menu_737_69333aab392bb.jpg', 'Vegetable stew with eggplant, cabbage & peppers.', 'veg', '14.49', '17', '67', '2025-12-06 01:23:43', '2025-12-06 01:33:55', NULL, '1', '1', '1', '0', NULL, NULL, '0'),
('738', '31', '32', 'Diri Djon Djon', 'menu_738_69333aac57004.jpg', 'Black mushroom rice, Haitian specialty.', 'veg', '13.99', '17', '67', '2025-12-06 01:23:43', '2025-12-06 01:33:56', NULL, '1', '1', '1', '0', NULL, NULL, '0'),
('739', '31', '32', 'Diri Kole Ak Pwa', 'menu_739_69333aad4a28c.jpg', 'Rice & red beans cooked with epis.', 'veg', '12.99', '17', '67', '2025-12-06 01:23:43', '2025-12-06 01:33:57', NULL, '1', '1', '1', '0', NULL, NULL, '0'),
('740', '31', '32', 'Haitian Bouillon', 'menu_740_69333aae3cf5b.jpg', 'Meat, dumplings & vegetable soup.', 'non-veg', '17.49', '17', '67', '2025-12-06 01:23:43', '2025-12-06 01:33:58', NULL, '1', '1', '1', '0', NULL, NULL, '0'),
('741', '31', '32', 'Ragou (Beef Stew)', 'menu_741_69333aaf1d2dc.jpg', 'Slow-cooked beef stew with spices.', 'non-veg', '18.49', '17', '67', '2025-12-06 01:23:43', '2025-12-06 01:33:59', NULL, '1', '1', '1', '0', NULL, NULL, '0'),
('742', '31', '32', 'Pwason Fri (Fried Fish)', 'menu_742_69333aafe01b0.jpg', 'Marinated whole fried fish.', 'non-veg', '19.99', '17', '67', '2025-12-06 01:23:43', '2025-12-06 01:34:00', NULL, '1', '1', '1', '0', NULL, NULL, '0'),
('743', '31', '32', 'Lambi en Sos', 'menu_743_69333ab09720d.jpg', 'Conch cooked in spicy Creole sauce.', 'non-veg', '22.99', '17', '67', '2025-12-06 01:23:43', '2025-12-06 01:34:00', NULL, '1', '1', '1', '0', NULL, NULL, '0'),
('744', '31', '32', 'Pikliz', 'menu_744_69333ab19a2d1.jpg', 'Spicy cabbage & carrot relish.', 'veg', '2.99', '17', '68', '2025-12-06 01:23:43', '2025-12-06 01:34:01', NULL, '1', '1', '1', '0', NULL, NULL, '0'),
('745', '31', '32', 'Haitian Plantain Chips', 'menu_745_69333ab2949f5.jpg', 'Crispy thin plantain slices.', 'veg', '4.49', '17', '68', '2025-12-06 01:23:43', '2025-12-06 01:34:02', NULL, '1', '1', '1', '0', NULL, NULL, '0'),
('746', '31', '32', 'Mayi Moulen', 'menu_746_69333ab376a11.jpg', 'Savory cornmeal porridge.', 'veg', '5.99', '17', '68', '2025-12-06 01:23:43', '2025-12-06 01:34:03', NULL, '1', '1', '1', '0', NULL, NULL, '0'),
('747', '31', '32', 'Haitian Macaroni Gratin', 'menu_747_69333ab44c663.jpg', 'Baked macaroni with cheese & spices.', 'veg', '8.99', '17', '68', '2025-12-06 01:23:43', '2025-12-06 01:34:04', NULL, '1', '1', '1', '0', NULL, NULL, '0'),
('748', '31', '32', 'Haitian Beet Salad', 'menu_748_69333ab50ddb8.jpg', 'Beetroot, potatoes & mayo salad.', 'veg', '7.49', '17', '68', '2025-12-06 01:23:43', '2025-12-06 01:34:05', NULL, '1', '1', '1', '0', NULL, NULL, '0'),
('749', '31', '32', 'Soup Joumou', 'menu_749_69333ab5bd522.jpg', 'Traditional pumpkin soup.', 'non-veg', '14.99', '17', '69', '2025-12-06 01:23:43', '2025-12-06 01:34:05', NULL, '1', '1', '1', '0', NULL, NULL, '0'),
('750', '31', '32', 'Calalou', 'menu_750_69333ab67dc23.jpg', 'Green leafy soup cooked with okra.', 'veg', '11.99', '17', '69', '2025-12-06 01:23:43', '2025-12-06 01:34:06', NULL, '1', '1', '1', '0', NULL, NULL, '0'),
('751', '31', '32', 'Fish & Okra Soup', 'menu_751_69333ab7625c7.jpg', 'Light broth with fish.', 'non-veg', '15.49', '17', '69', '2025-12-06 01:23:43', '2025-12-06 01:34:07', NULL, '1', '1', '1', '0', NULL, NULL, '0'),
('752', '31', '32', 'Pain Patate', 'menu_752_69333ab8531ef.jpg', 'Sweet potato pudding.', 'veg', '6.99', '17', '70', '2025-12-06 01:23:43', '2025-12-06 01:34:08', NULL, '1', '1', '1', '0', NULL, NULL, '0'),
('753', '31', '32', 'Dous Makos', 'menu_753_69333ab925c2f.jpg', 'Layered Haitian fudge.', 'veg', '7.99', '17', '70', '2025-12-06 01:23:43', '2025-12-06 01:34:09', NULL, '1', '1', '1', '0', NULL, NULL, '0'),
('754', '31', '32', 'Haitian Akasan', 'menu_754_69333ab9cb357.jpg', 'Sweet thick corn drink.', 'veg', '5.99', '17', '70', '2025-12-06 01:23:43', '2025-12-06 01:34:09', NULL, '1', '1', '1', '0', NULL, NULL, '0'),
('755', '31', '32', 'Fresko', 'menu_755_69333abab0d36.jpg', 'Crushed ice with flavored syrups.', 'veg', '3.99', '17', '71', '2025-12-06 01:23:43', '2025-12-06 01:34:10', NULL, '1', '1', '1', '0', NULL, NULL, '0'),
('756', '31', '32', 'Jus Grenadia', 'menu_756_69333abbe3489.jpg', 'Fresh passion fruit juice.', 'veg', '5.49', '17', '71', '2025-12-06 01:23:43', '2025-12-06 01:34:12', NULL, '1', '1', '1', '0', NULL, NULL, '0'),
('757', '31', '32', 'Jus Corossol', 'menu_757_69333abca5039.jpg', 'Creamy soursop drink.', 'veg', '5.99', '17', '71', '2025-12-06 01:23:43', '2025-12-06 01:34:12', NULL, '1', '1', '1', '0', NULL, NULL, '0'),
('758', '31', '32', 'Haitian Lemonade', 'menu_758_69333abd7345b.jpg', 'Lemon drink with raw sugar.', 'veg', '3.99', '17', '71', '2025-12-06 01:23:43', '2025-12-06 01:34:13', NULL, '1', '1', '1', '0', NULL, NULL, '0'),
('759', '32', NULL, 'All dressed Pizza', 'menu_759_69590f297042c.jpg', 'A classic pizza topped with a perfect mix of pepperoni, mushrooms, and green peppers, layered over rich tomato sauce and melted mozzarella cheese. Savory, hearty, and well-balanced, it’s a timeless favorite that delivers bold flavor in every bite.', 'non-veg', '0.00', '18', '72', '2025-12-29 01:10:46', '2026-01-03 12:44:25', '15', '1', '1', '1', '0', NULL, NULL, '0'),
('760', '32', NULL, 'Sub-Marin', 'menu_760_69590f2a645d1.jpg', 'A classic pizza topped with a perfect mix of pepperoni, mushrooms, and green peppers, layered over rich tomato sauce and melted mozzarella cheese. Savory, hearty, and well-balanced, it’s a timeless favorite that delivers bold flavor in every bite.', 'non-veg', '0.00', '18', '72', '2025-12-29 01:15:30', '2026-01-03 12:44:26', '7', '1', '1', '1', '0', NULL, NULL, '0'),
('761', '32', '33', 'White Rice', 'menu_761_69590f2b915aa.jpg', 'Basmalti White Rice', 'veg', '15.00', '18', '72', '2025-12-30 21:41:58', '2026-01-03 12:44:27', '15', '1', '1', '1', '0', NULL, NULL, '0'),
('762', '34', NULL, 'Chivas Regal 12 Years', NULL, NULL, 'drink', '0.00', '19', '73', '2026-01-22 10:28:50', '2026-01-22 10:28:50', '35', '1', '1', '1', '0', NULL, NULL, '0');


-- Table structure for table `menus`
CREATE TABLE `menus` (
  `id` bigint(20) unsigned NOT NULL AUTO_INCREMENT,
  `branch_id` bigint(20) unsigned DEFAULT NULL,
  `menu_name` text DEFAULT NULL,
  `sort_order` int(10) unsigned NOT NULL DEFAULT 0,
  `created_at` timestamp NULL DEFAULT NULL,
  `updated_at` timestamp NULL DEFAULT NULL,
  PRIMARY KEY (`id`),
  KEY `menus_branch_id_foreign` (`branch_id`),
  CONSTRAINT `menus_branch_id_foreign` FOREIGN KEY (`branch_id`) REFERENCES `branches` (`id`) ON DELETE CASCADE ON UPDATE CASCADE
) ENGINE=InnoDB AUTO_INCREMENT=23 DEFAULT CHARSET=utf8mb4 COLLATE=utf8mb4_unicode_ci;

-- Dumping data for table `menus`
INSERT INTO `menus` VALUES
('1', '1', '{\"en\":\"Main Menu\"}', '0', '2025-09-17 11:34:57', '2025-09-17 11:34:57'),
('2', '3', '{\"en\":\"Main Menu\"}', '0', '2025-09-20 01:34:20', '2025-09-20 01:34:20'),
('3', '4', '{\"en\":\"Breakfast\"}', '0', '2025-09-20 18:28:54', '2025-09-20 18:28:54'),
('4', '5', '{\"en\":\"Vada pao\"}', '0', '2025-10-07 20:31:24', '2025-10-07 20:31:24'),
('6', '5', '{\"en\":\"Breakfast\"}', '0', '2025-10-24 20:17:12', '2025-10-24 20:17:12'),
('7', '5', '{\"en\":\"Lunch Menu\",\"fr\":\"Menu Du Dîner\",\"pa\":\"ਦੁਪਹਿਰ ਦੇ ਖਾਣੇ ਦਾ ਮੀਨੂ\"}', '0', '2025-10-25 18:19:38', '2025-10-25 18:20:34'),
('8', '5', '{\"en\":\"Starters\"}', '0', '2025-11-17 19:16:42', '2025-11-17 19:16:42'),
('9', '5', '{\"en\":\"Tandoor & Grill\"}', '0', '2025-11-17 19:16:42', '2025-11-17 19:16:42'),
('10', '5', '{\"en\":\"Asian Kitchen\"}', '0', '2025-11-17 19:16:42', '2025-11-17 19:16:42'),
('11', '5', '{\"en\":\"Main Course\"}', '0', '2025-11-17 19:16:42', '2025-11-17 19:16:42'),
('12', '5', '{\"en\":\"Desserts\"}', '0', '2025-11-17 19:16:42', '2025-11-17 19:16:42'),
('13', '5', '{\"en\":\"Beverages\"}', '0', '2025-11-17 19:16:42', '2025-11-17 19:16:42'),
('14', '27', '{\"en\":\"BreakFast\"}', '0', '2025-11-26 13:53:15', '2025-11-26 13:53:15'),
('15', '27', '{\"en\":\"Lunch\"}', '0', '2025-11-26 13:53:58', '2025-11-26 13:53:58'),
('17', '31', '{\"en\":\"Food\"}', '0', '2025-12-06 01:22:56', '2025-12-06 01:22:56'),
('18', '32', '{\"en\":\"Dinner\",\"fr\":\"Dinner\"}', '0', '2025-12-29 00:59:49', '2025-12-29 00:59:49'),
('19', '34', '{\"en\":\"Drinks\"}', '0', '2026-01-22 10:27:02', '2026-01-22 10:27:02'),
('20', '34', '{\"en\":\"Breakfast\"}', '0', '2026-01-22 10:29:14', '2026-01-22 10:29:14'),
('21', '34', '{\"en\":\"Snacks\"}', '0', '2026-01-22 10:29:21', '2026-01-22 10:29:21'),
('22', '34', '{\"en\":\"North Indian Food\"}', '0', '2026-01-22 10:29:30', '2026-01-22 10:29:30');


-- Table structure for table `migrations`
CREATE TABLE `migrations` (
  `id` int(10) unsigned NOT NULL AUTO_INCREMENT,
  `migration` varchar(191) NOT NULL,
  `batch` int(11) NOT NULL,
  PRIMARY KEY (`id`)
) ENGINE=InnoDB AUTO_INCREMENT=332 DEFAULT CHARSET=utf8mb4 COLLATE=utf8mb4_unicode_ci;

-- Dumping data for table `migrations`
INSERT INTO `migrations` VALUES
('1', '0001_01_01_000000_create_users_table', '1'),
('2', '0001_01_01_000001_create_cache_table', '1'),
('3', '0001_01_01_000002_create_jobs_table', '1'),
('4', '2014_04_02_193005_create_translations_table', '1'),
('5', '2024_01_01_create_printers_table', '1'),
('6', '2024_03_13_000002_create_expense_categories_table', '1'),
('7', '2024_07_01_060651_add_two_factor_columns_to_users_table', '1'),
('8', '2024_07_01_060707_create_personal_access_tokens_table', '1'),
('9', '2024_07_02_064204_create_menus_table', '1'),
('10', '2024_07_12_070634_create_areas_table', '1'),
('11', '2024_07_16_103816_create_orders_table', '1'),
('12', '2024_07_21_083459_add_user_type_column', '1'),
('13', '2024_07_24_131631_create_payments_table', '1'),
('14', '2024_07_31_081306_add_email_otp_column', '1'),
('15', '2024_08_02_061808_create_countries_table', '1'),
('16', '2024_08_02_071637_create_restaurant_settings_table', '1'),
('17', '2024_08_04_104258_create_razorpay_payments_table', '1'),
('18', '2024_08_05_092258_create_stripe_payments_table', '1'),
('19', '2024_08_05_110157_create_payment_gateway_credentials_table', '1'),
('20', '2024_08_13_033139_create_global_settings_table', '1'),
('21', '2024_08_13_073129_update_settings_add_envato_key', '1'),
('22', '2024_08_13_073129_update_settings_add_support_key', '1'),
('23', '2024_08_14_073129_update_settings_add_email', '1'),
('24', '2024_08_14_073129_update_settings_add_last_verified_key', '1'),
('25', '2024_09_13_081726_create_modules_table', '1'),
('26', '2024_09_14_130619_create_permission_tables', '1'),
('27', '2024_09_27_071339_create_reservations_table', '1'),
('28', '2024_10_02_090924_create_email_settings_table', '1'),
('29', '2024_10_03_073837_create_notification_settings_table', '1'),
('30', '2024_10_11_100539_create_branches_table', '1'),
('31', '2024_10_14_121135_create_onboarding_steps_table', '1'),
('32', '2024_10_15_071238_add_restaurant_hash_column', '1'),
('33', '2024_10_15_071238_storage', '1'),
('34', '2024_10_15_100639_create_restaurant_payments_table', '1'),
('35', '2024_10_27_101326_create_packages_table', '1'),
('36', '2024_11_02_112920_create_language_settings_table', '1'),
('37', '2024_11_02_120314_create_flags_table', '1'),
('38', '2024_11_02_120314_email_settings_table', '1'),
('39', '2024_11_08_071617_add_customer_login_required_column', '1'),
('40', '2024_11_08_093032_create_superadmin_payment_gateways_table', '1'),
('41', '2024_11_08_133506_add_stripe_column_for_license', '1'),
('42', '2024_11_12_055119_create_delivery_executives_table', '1'),
('43', '2024_11_12_055632_add_order_types_column', '1'),
('44', '2024_11_12_060500_create_order_histories_table', '1'),
('45', '2024_11_12_060500_global_license_type_table', '1'),
('46', '2024_11_12_060500_global_purchase_on_table', '1'),
('47', '2024_11_12_060500_global_setting_timezone_table', '1'),
('48', '2024_11_17_052707_currency_position', '1'),
('49', '2024_11_17_052707_move_qr_code', '1'),
('50', '2024_11_19_113852_add_is_active_to_restaurants_table', '1'),
('51', '2024_11_20_114816_add_staff_welcome_email_notification', '1'),
('52', '2024_11_25_061322_create_pusher_settings_table', '1'),
('53', '2024_11_26_090216_create_global_currencies_table', '1'),
('54', '2024_12_03_085842_add_about_us_column', '1'),
('55', '2024_12_03_104817_add_currency_id_packages', '1'),
('56', '2024_12_04_080223_add_allow_customer_delivery_orders', '1'),
('57', '2024_12_04_115601_add_preparation_time_column', '1'),
('58', '2024_12_11_110000_create_tables_for_subscription_table', '1'),
('59', '2024_12_11_131225_add_disable_landing_site_columns', '1'),
('60', '2024_12_12_090840_create_waiter_requests_table', '1'),
('61', '2024_12_13_090840_add_domain_global_setting', '1'),
('62', '2024_12_16_080201_create_lifetime_subscriptions_for_paid_restaurants', '1'),
('63', '2024_12_23_124452_add_payment_enabled_columns_to_payment_settings_table', '1'),
('64', '2024_12_27_054246_add_table_reservation_default_status_to_restaurants_table', '1'),
('65', '2024_12_30_074018_create_split_orders_table', '1'),
('66', '2024_12_30_200942_create_restaurant_settings_table', '1'),
('67', '2025_01_03_050139_add_social_media_links_to_reataurants_table', '1'),
('68', '2025_01_03_093938_add_social_media_links_to_global_settings_table', '1'),
('69', '2025_01_06_111550_create_receipt_settings_table', '1'),
('70', '2025_01_09_073145_generate_qr_codes_for_existing_branches', '1'),
('71', '2025_01_09_115652_update_receipt_settings_for_existing_restaurants', '1'),
('72', '2025_01_10_064103_add_table_required_column_to_customer_settings_table', '1'),
('73', '2025_01_10_100552_insert_to_file_storage_settings_default_values', '1'),
('74', '2025_01_11_063817_add_default_currency_column', '1'),
('75', '2025_01_15_000000_create_cart_header_settings_table', '1'),
('76', '2025_01_15_000001_create_cart_header_images_table', '1'),
('77', '2025_01_16_125322_add_is_enabled_to_menu_items_table', '1'),
('78', '2025_01_16_131100_regenrate_qr_codes', '1'),
('79', '2025_01_20_000000_add_restaurant_id_to_roles', '1'),
('80', '2025_01_20_071544_add_branch_limit_to_packages_table', '1'),
('81', '2025_01_20_091630_update_item_type', '1'),
('82', '2025_01_20_125429_add_discount_columns_to_orders_table', '1'),
('83', '2025_01_21_064139_add_show_logo_text_column', '1'),
('84', '2025_01_21_064256_add_offline_payment', '1'),
('85', '2025_01_21_132218_fix_user_roles', '1'),
('86', '2025_01_22_114720_add_show_tax_to_receipt_setting', '1'),
('87', '2025_01_23_065746_create_modifier_groups_table', '1'),
('88', '2025_01_23_085333_create_restaurant_taxes_table', '1'),
('89', '2025_01_23_090554_create_modifier_options_table', '1'),
('90', '2025_01_23_094318_create_item_modifiers_table', '1'),
('91', '2025_01_23_121154_create_order_item_modifier_options_table', '1'),
('92', '2025_01_27_065822_add_balance_column_to_payment', '1'),
('93', '2025_01_28_111039_add_allow_dine_in_orders_to_restaurant', '1'),
('94', '2025_01_30_050755_add_yelp_icon_to_global_settings', '1'),
('95', '2025_01_30_055744_add_yelp_link_to_restaurants', '1'),
('96', '2025_01_30_100556_fix_package_price_length', '1'),
('97', '2025_01_30_104043_add_meta_data_to_global_settings', '1'),
('98', '2025_01_31_000001_create_predefined_amounts_table', '1'),
('99', '2025_02_03_062109_add_is_cash_payment_enabled_to_payment', '1'),
('100', '2025_02_04_140538_add_transaction_id_kot', '1'),
('101', '2025_02_15_121956_add_hide_new_orders_option_to_restaurant', '1'),
('102', '2025_02_17_052801_create_restaurant_charges_settings_table', '1'),
('103', '2025_02_17_093729_add_favicon_to_restaurant', '1'),
('104', '2025_02_19_091730_update_menu_name_to_json', '1'),
('105', '2025_02_20_095321_add_waiter_request_options_to_restaurant', '1'),
('106', '2025_02_21_051534_add_hash_to_global_settings_table', '1'),
('107', '2025_02_21_102116_add_column_to_settings', '1'),
('108', '2025_02_24_063827_add_payment_qr_to_receipt_settings', '1'),
('109', '2025_02_24_111946_add_permissions_to_customers', '1'),
('110', '2025_03_04_114535_add_is_enabled_to_restaurant_charges', '1'),
('111', '2025_03_10_055100_add_tip_column_to_orders_table', '1'),
('112', '2025_03_10_100727_add_is_pwa_intall_alert_show_column_in_restaurants_table', '1'),
('113', '2025_03_17_090450_add_meta_title_to_global_settings', '1'),
('114', '2025_03_18_044410_create_expenses_table', '1'),
('115', '2025_03_19_092459_create_custom_menus_table', '1'),
('116', '2025_03_19_103047_update_additional_modules', '1'),
('117', '2025_03_24_084350_add_show_payments_column_to_receipt_settings_table', '1'),
('118', '2025_04_01_050059_add_branch_id_to_expense_category', '1'),
('119', '2025_04_01_051356_add_branch_id_to_expenses', '1'),
('120', '2025_04_02_071911_update_kot_status_enum', '1'),
('121', '2025_04_07_112351_add_payment_recived_status_to_orders_table', '1'),
('122', '2025_04_08_063624_update_meta_keywords', '1'),
('123', '2025_04_10_065753_add_flutterwave_payment_gateway_columns_and_tables', '1'),
('124', '2025_04_15_084543_create_front_details_table', '1'),
('125', '2025_04_22_065157_create_front_reviews_setting_table', '1'),
('126', '2025_04_22_091055_create_branch_delivery_settings_table', '1'),
('127', '2025_04_22_091146_create_customer_addresses_table', '1'),
('128', '2025_04_22_091223_create_delivery_fee_tiers_table', '1'),
('129', '2025_04_22_091258_add_delivery_columns_to_orders_table', '1'),
('130', '2025_04_29_102014_add_landing_type_column_in_global_settings_table', '1'),
('131', '2025_04_29_114538_add_front_data_in_front_details_table', '1'),
('132', '2025_05_14_094039_update_printers_settings_columns_to_printers_table', '1'),
('133', '2025_05_15_071027_create_kot_places_table', '1'),
('134', '2025_05_23_124746_add_in_stock_column', '1'),
('135', '2025_05_26_105151_relocate_map_api_key_to_superadmin_settings', '1'),
('136', '2025_05_26_114443_modify_kot_places_table', '1'),
('137', '2025_05_30_081624_add_show_item_on_customer_site_to_menu_items', '1'),
('138', '2025_06_02_081928_add_session_driver_column_to_global_settings', '1'),
('139', '2025_06_02_112147_add_columns_to_superadmin_payment_gateways_table', '1'),
('140', '2025_06_02_112903_add_paypal_payment_column_to_payment_gateway_credentials', '1'),
('141', '2025_06_02_113108_create_paypal_payments_table', '1'),
('142', '2025_06_02_114326_add_paypal_payment_in_payment_method_to_payments', '1'),
('143', '2025_06_03_095923_add_status_column_kot_item', '1'),
('144', '2025_06_04_065130_add_columns_payfast_in_superadmin_payment_gateways_table', '1'),
('145', '2025_06_05_063256_add_sort_order_columns_in_menu_and_items', '1'),
('146', '2025_06_05_112055_create_kot_settings_table', '1'),
('147', '2025_06_06_050159_add_payfast_payment_column_to_payment_gateway_credentials', '1'),
('148', '2025_06_06_051204_create_payfast_payments_table', '1'),
('149', '2025_06_10_093131_change_delete_cascade_for_orders', '1'),
('150', '2025_06_11_061716_add_uuid_to_orders_table', '1'),
('151', '2025_06_11_062354_add_columns_paystack_in_superadmin_payment_gateways_table', '1'),
('152', '2025_06_13_112612_add_phone_to_users', '1'),
('153', '2025_06_13_113200_add_column_paystack_payments_to_payment_gateway_credentials', '1'),
('154', '2025_06_13_113240_create_paystack_payments_table', '1'),
('155', '2025_06_16_104533_add_note_columns_to_kot_items_and_order_items', '1'),
('156', '2025_06_18_112425_add_payment_gateways_to_restaurants_table', '1'),
('157', '2025_06_19_070518_add_position_to_custom_menus_table', '1'),
('158', '2025_06_20_060452_add_columns_to_branch_table', '1'),
('159', '2025_06_20_092521_add_others_type_to_payments_table', '1'),
('160', '2025_06_23_101041_create_kot_cancel_reasons_table', '1'),
('161', '2025_06_23_120021_update_kot_place_id_in_menu_items', '1'),
('162', '2025_06_24_092521_disable_printer', '1'),
('163', '2025_06_24_092811_add_column_cancel_kot_reason_to_kots_table', '1'),
('164', '2025_06_24_102830_update_enum_status_to_kots_table', '1'),
('165', '2025_06_25_094311_add_column_cancellation_reason_to_orders_table', '1'),
('166', '2025_06_26_060831_add_custom_delivery_options_to_restaurants_table', '1'),
('167', '2025_06_27_084541_insert_sample_kot_cancel_reasons_data', '1'),
('168', '2025_07_01_112529_create_print_jobs_table', '1'),
('169', '2025_07_01_133114_add_placed_via_column_orders_table', '1'),
('170', '2025_07_02_090709_create_order_types_table', '1'),
('171', '2025_07_02_105440_add_translations_columns_for_modifier_group', '1'),
('172', '2025_07_02_114040_add_unique_hash_to_branches_table', '1'),
('173', '2025_07_03_123829_update_kot_place_id_for_cloned_menu_items', '1'),
('174', '2025_07_04_064350_update_order_type_id_in_orders', '1'),
('175', '2025_07_04_081809_add_tax_mode_to_restaurants_table', '1'),
('176', '2025_07_04_131541_create_desktop_applications_table', '1'),
('177', '2025_07_07_070122_add_pusher_broadcast_to_pusher_settings_table', '1'),
('178', '2025_07_07_110131_create_menu_item_taxes_table', '1'),
('179', '2025_07_14_082950_add_columns_to_restaurants_table', '1'),
('180', '2025_07_14_124125_add_pick_up_date_range_in_restaurants_table', '1'),
('181', '2025_07_17_122331_create_order_number_settings', '1'),
('182', '2025_07_29_063129_modify_item_type_in-menus', '1'),
('183', '2025_07_29_082605_add_show_halal_and_veg_option_to_restaurants', '1'),
('184', '2025_07_30_125616_add_tax_mode_to_orders', '1'),
('185', '2025_08_01_114055_add_reservation_column_to_restaurants_table', '1'),
('186', '2025_08_04_131541_create_desktop_applications_update_table', '1'),
('187', '2025_08_05_081541_modify_split_orders_table_add_bank_transfer', '1'),
('188', '2025_08_06_065323_change_payment_method_to_string_in_payments_table', '1'),
('189', '2025_08_07_033322_add_column_disable_slot_minutes_to_restaurants_table', '1'),
('190', '2025_08_08_115502_add_variation_id_to_item_modifiers', '1'),
('191', '2025_08_12_133228_change_package_description_length', '1'),
('192', '2025_08_13_060315_rename_payfast_columns_in_superadmin_payment_gateways_table', '1'),
('193', '2025_08_13_110934_add_default_expense_categories_to_existing_branches', '1'),
('194', '2025_08_16_110310_add_slot_time_difference_to_reservations', '1'),
('195', '2025_08_19_071639_fix_tax_percent_to_unlimited_decimal', '1'),
('196', '2025_08_19_131541_create_desktop_applications_mac_update_table', '1'),
('197', '2025_08_20_000001_add_quantity_to_split_order_items', '1'),
('198', '2025_08_21_100452_add_html_content_print_job', '1'),
('199', '2025_08_25_050939_add_hide_menu_item_image_columns_to_restaurants_table', '1'),
('200', '2025_08_25_060934_add_xendit_payment_gateway_to_payment_gateway_credentials_table', '1'),
('201', '2025_08_25_061405_add_xendit_to_global_settings_table', '1'),
('202', '2025_08_25_061500_create_xendit_payments_table', '1'),
('203', '2025_08_25_062000_add_xendit_webhook_verification_tokens', '1'),
('204', '2025_01_15_000000_create_database_backups_table', '2'),
('205', '2025_01_15_000001_create_database_backup_settings_table', '2'),
('206', '2025_01_01_121040_inventory_global_settings', '3'),
('207', '2025_02_06_095827_create_invetory_module_table', '3'),
('208', '2025_02_12_create_purchase_orders_tables', '3'),
('209', '2025_03_02_181226_create_inventory_settings_table', '3'),
('210', '2025_03_05_100018_create_inventory_settings_table', '3'),
('211', '2025_03_19_113535_soft_delete_supplier', '3'),
('212', '2025_03_20_113535_permission_supplier', '3'),
('213', '2025_07_07_000000_add_variation_support_to_recipes_table', '3'),
('214', '2025_07_07_000001_add_modifier_option_support_to_recipes_table', '3'),
('215', '2025_07_07_000002_make_menu_item_id_nullable_in_recipes_table', '3'),
('216', '2025_01_01_121040_kitchen_global_settings', '4'),
('217', '2025_05_19_163251_add_permission_to_kot_places', '4'),
('218', '2025_06_12_094512_add_kitchen_place_id_to_kot', '4'),
('219', '2025_06_16_121348_update_kot_place_id_in_menu_items', '4'),
('220', '2023_10_09_114356_create_language_pack_settings_table', '5'),
('221', '2023_11_02_094141_language_pack_notify_update_global_settings', '5'),
('222', '2023_11_28_094141_language_license_type_update_global_settings', '5'),
('223', '2023_12_19_091940_purchased_on_language_setting_table', '5'),
('224', '2020_04_09_121040_subdomain_settings', '6'),
('225', '2024_11_01_000000_add_sub_domain_in_companies_table', '6'),
('226', '2025_09_11_094443_remove_phone_unique', '7'),
('227', '2025_09_15_100452_remove_extra_content_print_job', '7'),
('228', '2025_09_17_094034_create_cart_session_tables', '7'),
('229', '2025_08_01_164051_create_kiosk_setting_tables', '8'),
('230', '2025_09_26_164051_create_kiosk_tables', '8'),
('231', '2025_09_26_164052_create_kiosk_promos_tables', '8'),
('232', '2025_08_29_091315_add_phone_code_to_customers_table', '9'),
('233', '2025_09_02_085025_add_xendit_payment_column_to_superadmin_payment_gateways_table', '9'),
('234', '2025_09_02_113846_add_xendit_payments_column_to_packages_table', '9'),
('235', '2025_09_02_130000_create_otps_table', '9'),
('236', '2025_09_18_083624_add_table_lock_columns_and_settings', '9'),
('237', '2025_09_25_063220_add_xendit_webhook_token_to_superadmin_payment_gateways', '9'),
('238', '2025_09_26_115847_add_token_number_to_orders_table', '9'),
('239', '2025_09_26_115854_add_enable_token_number_to_order_types_table', '9'),
('240', '2025_10_07_070000_add_reference_id_to_payment_tables', '9'),
('241', '2025_10_07_094006_add_token_number_to_kots_table', '9'),
('242', '2025_10_07_094018_remove_token_number_from_orders_table', '9'),
('243', '2025_10_08_095954_add_columns_paddle_payment_keys_to_superadmin_payment_gateways', '9'),
('244', '2025_10_08_102000_add_paddle_client_token_columns_to_superadmin_payment_gateways', '9'),
('245', '2025_10_09_041734_add_enable_paddle_to_global_settings_table', '9'),
('246', '2025_10_09_065853_remove_payload_from_print_jobs', '9'),
('247', '2025_10_09_084200_add_package_id_to_restaurant_payments_table', '9'),
('248', '2025_10_09_091500_add_paddle_price_ids_to_packages_table', '9'),
('249', '2025_10_10_100000_add_paddle_webhook_secret_to_superadmin_payment_gateways', '9'),
('250', '2025_10_10_122321_add_privacy_policy_link_to_global_settings_table', '9'),
('251', '2025_10_14_071228_add_consent_fields_to_users_table', '9'),
('252', '2025_10_15_045419_sms_count_packages', '10'),
('253', '2023_10_17_073008_create_universal_bundle_settings_table', '11'),
('254', '2025_09_01_073008_create_global_settings_table', '12'),
('255', '2025_09_16_000001_create_cash_register_module', '12'),
('256', '2025_09_16_000001_create_cash_registers_tables', '12'),
('257', '2025_09_18_000002_add_approval_columns_to_cash_register_sessions', '12'),
('258', '2025_09_20_000003_create_denominations_table', '12'),
('259', '2025_09_26_043532_create_cash_register_settings_table', '12'),
('260', '2025_09_29_120001_add_order_id_to_cash_register_transactions_table', '12'),
('261', '2025_10_08_070529_add_open_register_permission_to_cash_register_module', '12'),
('262', '2025_10_08_080000_rename_cash_register_permissions', '12'),
('263', '2025_10_10_120000_drop_currency_from_denominations', '12'),
('264', '2025_10_08_164052_create_kiosks', '13'),
('265', '2025_09_29_095519_create_delivery_platforms_table', '14'),
('266', '2025_10_01_064424_create_menu_item_prices_table', '14'),
('267', '2025_10_14_000001_create_modifier_option_prices_table', '14'),
('268', '2025_10_17_074528_add_delivery_app_id_orders_table', '14'),
('269', '2025_08_25_062431_create_sms_settings_table', '15'),
('270', '2025_08_25_085421_create_sms_permissions_table', '15'),
('271', '2025_08_28_081001_create_sms_notification_settings_table', '15'),
('272', '2025_09_09_045430_create_sms_template_table', '15'),
('273', '2025_09_25_065936_create_sms_usage_logs_table', '15'),
('274', '2025_09_26_055517_add_columns_to_packages_table', '15'),
('275', '2025_07_07_000002_make_menu_item_id_nullable_in_recipes_table copy', '16'),
('276', '2025_09_11_000002_update_cascade_purchase_orders_table', '16'),
('277', '2025_09_23_062535_add_cancel_functionality_to_kot_items_table', '17'),
('278', '2025_10_14_105354_add_order_item_id_to_kot_items_table', '17'),
('279', '2025_10_27_065853_add_from_printer_type', '17'),
('280', '2025_10_28_065738_add_discount_permission_to_existing_roles', '17'),
('281', '2025_11_03_065853_add_from_printer_enum', '17'),
('282', '2025_01_16_000000_add_is_header_disabled_to_cart_header_settings_table', '18'),
('283', '2025_10_30_055800_add_qr_order_location_columns_to_restaurants_table', '18'),
('284', '2025_11_07_065319_add_disable_order_type_popup_to_restaurants_table', '18'),
('285', '2025_11_10_000000_add_show_customer_phone_to_receipt_settings_table', '18'),
('286', '2025_11_10_000001_add_show_payment_status_to_receipt_settings_table', '18'),
('287', '2025_11_10_100652_add_added_by_to_orders_table', '18'),
('288', '2025_09_18_051324_add_limit_columns_to_packages_table', '19'),
('289', '2025_10_28_081340_add_multipos_limit_to_packages_table', '19'),
('290', '2025_11_12_081126_create_table_epay_payments_table', '19'),
('291', '2025_11_13_060849_add_cancelled_by_to_orders_table', '19'),
('292', '2025_11_18_083606_add_modifier_option_prices_column_to_table', '19'),
('293', '2025_12_20_000000_add_cancelled_by_to_kot_items_table', '19'),
('294', '2025_01_01_073008_create_global_settings_table', '20'),
('295', '2025_01_15_000001_create_pos_machines_table', '20'),
('296', '2025_01_15_000002_add_pos_machine_id_to_orders_table', '20'),
('297', '2025_01_15_000003_add_pos_machine_id_to_register_sessions_table', '20'),
('298', '2025_01_15_000004_add_pos_machine_request_notification_setting', '20'),
('299', '2025_10_24_100001_create_multi_pos_module', '20'),
('300', '2025_11_07_093246_add_device_id_to_pos_machines_table', '20'),
('301', '2025_11_24_181400_call_activate_command_for_notification_settings', '20'),
('302', '2025_11_25_000000_create_purchase_order_payments_table', '21'),
('303', '2025_11_25_120001_add_description_photo_to_inventory_items_table', '21'),
('304', '2025_11_27_082212_create_push_notifications_table', '22'),
('305', '2025_11_27_084813_allow_duplicate_customer_email_per_restaurant', '22'),
('306', '2025_12_01_061505_add_columns_to_restaurants_table', '22'),
('307', '2025_12_03_055406_change_column_into_orders_table', '22'),
('308', '2025_12_03_090241_add_phone_code_to_delivery_executives_table', '22'),
('309', '2025_12_03_101309_add_disable_from_customer_site_to_order_types_table', '22'),
('310', '2025_12_05_120000_update_customer_email_unique_per_restaurant', '22'),
('311', '2026_01_14_099999_create_aitools_global_settings_table', '23'),
('312', '2026_01_15_000000_create_ai_device_tokens_table', '23'),
('313', '2026_01_15_100000_add_ai_settings_to_restaurants_table', '23'),
('314', '2026_01_15_100001_create_ai_conversations_table', '23'),
('315', '2026_01_15_100002_create_ai_messages_table', '23'),
('316', '2026_01_15_100003_create_ai_usage_daily_table', '23'),
('317', '2026_01_22_000000_add_ai_monthly_request_limit_to_packages_table', '23'),
('318', '2026_01_22_000002_ensure_aitools_module_for_packages', '23'),
('319', '2026_01_23_100000_create_ai_token_usage_history_table', '23'),
('320', '2025_09_01_073008_create_global_font_settings_table', '24'),
('321', '2026_01_02_000000_create_font_control_settings_table', '24'),
('322', '2026_01_06_000001_add_font_local_path_to_font_control_settings_table', '24'),
('323', '2026_01_07_000002_create_font_control_qr_settings_table', '24'),
('324', '2025_09_01_073008_create_global_restapi_setting_table', '25'),
('325', '2026_01_10_000001_create_application_integration_settings_table', '25'),
('326', '2025_01_15_000001_create_storage_guard_global_settings_table', '26'),
('327', '2025_09_01_073008_create_global_webhooks_settings_table', '27'),
('328', '2026_01_20_000000_create_webhooks_tables', '27'),
('329', '2026_01_21_000001_ensure_webhooks_module_for_packages', '27'),
('330', '2026_01_22_000000_add_webhook_routing_controls', '27'),
('331', '2026_01_23_000000_create_system_webhooks_tables', '27');


-- Table structure for table `model_has_permissions`
CREATE TABLE `model_has_permissions` (
  `permission_id` bigint(20) unsigned NOT NULL,
  `model_type` varchar(191) NOT NULL,
  `model_id` bigint(20) unsigned NOT NULL,
  PRIMARY KEY (`permission_id`,`model_id`,`model_type`),
  KEY `model_has_permissions_model_id_model_type_index` (`model_id`,`model_type`),
  CONSTRAINT `model_has_permissions_permission_id_foreign` FOREIGN KEY (`permission_id`) REFERENCES `permissions` (`id`) ON DELETE CASCADE
) ENGINE=InnoDB DEFAULT CHARSET=utf8mb4 COLLATE=utf8mb4_unicode_ci;


-- Table structure for table `model_has_roles`
CREATE TABLE `model_has_roles` (
  `role_id` bigint(20) unsigned NOT NULL,
  `model_type` varchar(191) NOT NULL,
  `model_id` bigint(20) unsigned NOT NULL,
  PRIMARY KEY (`role_id`,`model_id`,`model_type`),
  KEY `model_has_roles_model_id_model_type_index` (`model_id`,`model_type`),
  CONSTRAINT `model_has_roles_role_id_foreign` FOREIGN KEY (`role_id`) REFERENCES `roles` (`id`) ON DELETE CASCADE
) ENGINE=InnoDB DEFAULT CHARSET=utf8mb4 COLLATE=utf8mb4_unicode_ci;

-- Dumping data for table `model_has_roles`
INSERT INTO `model_has_roles` VALUES
('1', 'App\\Models\\User', '1'),
('1', 'App\\Models\\User', '10'),
('1', 'App\\Models\\User', '18'),
('1', 'App\\Models\\User', '19'),
('1', 'App\\Models\\User', '20'),
('1', 'App\\Models\\User', '21'),
('2', 'App\\Models\\User', '2'),
('4', 'App\\Models\\User', '3'),
('6', 'App\\Models\\User', '4'),
('8', 'App\\Models\\User', '5'),
('10', 'App\\Models\\User', '6'),
('14', 'App\\Models\\User', '7'),
('16', 'App\\Models\\User', '9'),
('22', 'App\\Models\\User', '12'),
('26', 'App\\Models\\User', '13'),
('30', 'App\\Models\\User', '14'),
('34', 'App\\Models\\User', '15'),
('38', 'App\\Models\\User', '16'),
('42', 'App\\Models\\User', '22'),
('46', 'App\\Models\\User', '24'),
('50', 'App\\Models\\User', '25');


-- Table structure for table `modifier_group_translations`
CREATE TABLE `modifier_group_translations` (
  `id` bigint(20) unsigned NOT NULL AUTO_INCREMENT,
  `modifier_group_id` bigint(20) unsigned NOT NULL,
  `locale` varchar(191) NOT NULL,
  `name` varchar(191) DEFAULT NULL,
  `description` text DEFAULT NULL,
  PRIMARY KEY (`id`),
  UNIQUE KEY `modifier_group_translations_modifier_group_id_locale_unique` (`modifier_group_id`,`locale`),
  KEY `modifier_group_translations_locale_index` (`locale`),
  CONSTRAINT `modifier_group_translations_modifier_group_id_foreign` FOREIGN KEY (`modifier_group_id`) REFERENCES `modifier_groups` (`id`) ON DELETE CASCADE
) ENGINE=InnoDB AUTO_INCREMENT=2 DEFAULT CHARSET=utf8mb4 COLLATE=utf8mb4_unicode_ci;

-- Dumping data for table `modifier_group_translations`
INSERT INTO `modifier_group_translations` VALUES
('1', '1', 'en', 'Coffee', '');


-- Table structure for table `modifier_groups`
CREATE TABLE `modifier_groups` (
  `id` bigint(20) unsigned NOT NULL AUTO_INCREMENT,
  `name` varchar(191) NOT NULL,
  `description` text DEFAULT NULL,
  `branch_id` bigint(20) unsigned DEFAULT NULL,
  `created_at` timestamp NULL DEFAULT NULL,
  `updated_at` timestamp NULL DEFAULT NULL,
  PRIMARY KEY (`id`),
  KEY `modifier_groups_branch_id_foreign` (`branch_id`),
  CONSTRAINT `modifier_groups_branch_id_foreign` FOREIGN KEY (`branch_id`) REFERENCES `branches` (`id`) ON DELETE CASCADE ON UPDATE CASCADE
) ENGINE=InnoDB AUTO_INCREMENT=2 DEFAULT CHARSET=utf8mb4 COLLATE=utf8mb4_unicode_ci;

-- Dumping data for table `modifier_groups`
INSERT INTO `modifier_groups` VALUES
('1', 'Coffee', NULL, '5', '2025-10-24 20:20:33', '2025-10-24 20:20:33');


-- Table structure for table `modifier_option_prices`
CREATE TABLE `modifier_option_prices` (
  `id` bigint(20) unsigned NOT NULL AUTO_INCREMENT,
  `modifier_group_id` bigint(20) unsigned NOT NULL,
  `modifier_option_id` bigint(20) unsigned DEFAULT NULL,
  `order_type_id` bigint(20) unsigned DEFAULT NULL,
  `delivery_app_id` bigint(20) unsigned DEFAULT NULL,
  `calculated_price` decimal(16,2) NOT NULL,
  `override_price` decimal(16,2) DEFAULT NULL,
  `final_price` decimal(16,2) NOT NULL DEFAULT 0.00,
  `status` tinyint(1) NOT NULL DEFAULT 1,
  `created_at` timestamp NULL DEFAULT NULL,
  `updated_at` timestamp NULL DEFAULT NULL,
  PRIMARY KEY (`id`),
  KEY `modifier_option_prices_modifier_group_id_foreign` (`modifier_group_id`),
  KEY `modifier_option_prices_modifier_option_id_foreign` (`modifier_option_id`),
  KEY `modifier_option_prices_order_type_id_foreign` (`order_type_id`),
  KEY `modifier_option_prices_delivery_app_id_foreign` (`delivery_app_id`),
  CONSTRAINT `modifier_option_prices_delivery_app_id_foreign` FOREIGN KEY (`delivery_app_id`) REFERENCES `delivery_platforms` (`id`) ON DELETE CASCADE ON UPDATE CASCADE,
  CONSTRAINT `modifier_option_prices_modifier_group_id_foreign` FOREIGN KEY (`modifier_group_id`) REFERENCES `modifier_groups` (`id`) ON DELETE CASCADE ON UPDATE CASCADE,
  CONSTRAINT `modifier_option_prices_modifier_option_id_foreign` FOREIGN KEY (`modifier_option_id`) REFERENCES `modifier_options` (`id`) ON DELETE CASCADE ON UPDATE CASCADE,
  CONSTRAINT `modifier_option_prices_order_type_id_foreign` FOREIGN KEY (`order_type_id`) REFERENCES `order_types` (`id`) ON DELETE CASCADE ON UPDATE CASCADE
) ENGINE=InnoDB AUTO_INCREMENT=9 DEFAULT CHARSET=utf8mb4 COLLATE=utf8mb4_unicode_ci;

-- Dumping data for table `modifier_option_prices`
INSERT INTO `modifier_option_prices` VALUES
('1', '1', '1', '13', NULL, '10.00', NULL, '10.00', '1', '2025-10-24 20:20:33', '2025-10-24 20:20:33'),
('2', '1', '1', '14', NULL, '10.00', NULL, '10.00', '1', '2025-10-24 20:20:33', '2025-10-24 20:20:33'),
('3', '1', '1', '15', NULL, '10.00', NULL, '10.00', '1', '2025-10-24 20:20:33', '2025-10-24 20:20:33'),
('4', '1', '1', '14', '1', '12.00', NULL, '12.00', '1', '2025-10-24 20:20:33', '2025-10-24 20:20:33'),
('5', '1', '2', '13', NULL, '25.00', NULL, '25.00', '1', '2025-10-24 20:20:33', '2025-10-24 20:20:33'),
('6', '1', '2', '14', NULL, '25.00', NULL, '25.00', '1', '2025-10-24 20:20:33', '2025-10-24 20:20:33'),
('7', '1', '2', '15', NULL, '25.00', NULL, '25.00', '1', '2025-10-24 20:20:33', '2025-10-24 20:20:33'),
('8', '1', '2', '14', '1', '30.00', NULL, '30.00', '1', '2025-10-24 20:20:33', '2025-10-24 20:20:33');


-- Table structure for table `modifier_options`
CREATE TABLE `modifier_options` (
  `id` bigint(20) unsigned NOT NULL AUTO_INCREMENT,
  `modifier_group_id` bigint(20) unsigned NOT NULL,
  `name` text DEFAULT NULL,
  `price` decimal(16,2) NOT NULL,
  `is_available` tinyint(1) NOT NULL DEFAULT 1,
  `sort_order` int(11) NOT NULL DEFAULT 0,
  `is_preselected` tinyint(1) NOT NULL DEFAULT 0,
  `created_at` timestamp NULL DEFAULT NULL,
  `updated_at` timestamp NULL DEFAULT NULL,
  PRIMARY KEY (`id`),
  KEY `modifier_options_modifier_group_id_foreign` (`modifier_group_id`),
  CONSTRAINT `modifier_options_modifier_group_id_foreign` FOREIGN KEY (`modifier_group_id`) REFERENCES `modifier_groups` (`id`) ON DELETE CASCADE ON UPDATE CASCADE
) ENGINE=InnoDB AUTO_INCREMENT=3 DEFAULT CHARSET=utf8mb4 COLLATE=utf8mb4_unicode_ci;

-- Dumping data for table `modifier_options`
INSERT INTO `modifier_options` VALUES
('1', '1', '{\"en\":\"Small\",\"fr\":\"\"}', '10.00', '1', '0', '0', '2025-10-24 20:20:33', '2025-10-24 20:20:33'),
('2', '1', '{\"en\":\"Large\",\"fr\":\"\"}', '25.00', '1', '1', '0', '2025-10-24 20:20:33', '2025-10-24 20:20:33');


-- Table structure for table `modules`
CREATE TABLE `modules` (
  `id` bigint(20) unsigned NOT NULL AUTO_INCREMENT,
  `name` varchar(191) NOT NULL,
  `created_at` timestamp NULL DEFAULT NULL,
  `updated_at` timestamp NULL DEFAULT NULL,
  PRIMARY KEY (`id`)
) ENGINE=InnoDB AUTO_INCREMENT=25 DEFAULT CHARSET=utf8mb4 COLLATE=utf8mb4_unicode_ci;

-- Dumping data for table `modules`
INSERT INTO `modules` VALUES
('1', 'Menu', NULL, NULL),
('2', 'Menu Item', NULL, NULL),
('3', 'Item Category', NULL, NULL),
('4', 'Area', NULL, NULL),
('5', 'Table', NULL, NULL),
('6', 'Reservation', NULL, NULL),
('7', 'KOT', NULL, NULL),
('8', 'Order', NULL, NULL),
('9', 'Customer', NULL, NULL),
('10', 'Staff', NULL, NULL),
('11', 'Payment', NULL, NULL),
('12', 'Report', NULL, NULL),
('13', 'Settings', NULL, NULL),
('14', 'Delivery Executive', NULL, NULL),
('15', 'Waiter Request', NULL, NULL),
('16', 'Expense', NULL, NULL),
('17', 'Inventory', '2025-09-17 11:18:09', '2025-09-17 11:18:09'),
('18', 'Kitchen', '2025-09-17 11:18:21', '2025-09-17 11:18:21'),
('19', 'Kiosk', '2025-09-28 17:38:47', '2025-09-28 17:38:47'),
('20', 'Cash Register', '2025-10-15 17:46:30', '2025-10-15 17:46:30'),
('21', 'Sms', '2025-10-25 12:52:09', '2025-10-25 12:52:09'),
('22', 'MultiPOS', '2025-11-25 16:21:07', '2025-11-25 16:21:07'),
('23', 'Aitools', '2026-01-22 06:53:57', '2026-01-22 06:53:57'),
('24', 'Webhooks', '2026-01-22 07:00:49', '2026-01-22 07:00:49');


-- Table structure for table `moneris_payments`
CREATE TABLE `moneris_payments` (
  `id` bigint(20) unsigned NOT NULL AUTO_INCREMENT,
  `order_id` bigint(20) unsigned NOT NULL,
  `store_id` varchar(255) DEFAULT NULL,
  `branch_id` bigint(20) unsigned DEFAULT NULL,
  `moneris_ticket` varchar(255) DEFAULT NULL,
  `transaction_no` varchar(255) DEFAULT NULL,
  `order_no` varchar(255) DEFAULT NULL,
  `amount` decimal(10,2) NOT NULL,
  `payment_status` varchar(255) NOT NULL DEFAULT 'pending',
  `response_code` varchar(255) DEFAULT NULL,
  `message` text DEFAULT NULL,
  `full_response` longtext CHARACTER SET utf8mb4 COLLATE utf8mb4_bin DEFAULT NULL CHECK (json_valid(`full_response`)),
  `created_at` timestamp NULL DEFAULT NULL,
  `updated_at` timestamp NULL DEFAULT NULL,
  PRIMARY KEY (`id`),
  KEY `moneris_payments_moneris_ticket_index` (`moneris_ticket`),
  KEY `moneris_payments_branch_id_index` (`branch_id`)
) ENGINE=InnoDB DEFAULT CHARSET=utf8mb4 COLLATE=utf8mb4_unicode_ci;


-- Table structure for table `multi_pos_global_settings`
CREATE TABLE `multi_pos_global_settings` (
  `id` bigint(20) unsigned NOT NULL AUTO_INCREMENT,
  `purchase_code` varchar(191) DEFAULT NULL,
  `supported_until` timestamp NULL DEFAULT NULL,
  `purchased_on` timestamp NULL DEFAULT NULL,
  `license_type` varchar(20) DEFAULT NULL,
  `notify_update` tinyint(1) NOT NULL DEFAULT 1,
  `created_at` timestamp NULL DEFAULT NULL,
  `updated_at` timestamp NULL DEFAULT NULL,
  PRIMARY KEY (`id`)
) ENGINE=InnoDB AUTO_INCREMENT=2 DEFAULT CHARSET=utf8mb4 COLLATE=utf8mb4_unicode_ci;

-- Dumping data for table `multi_pos_global_settings`
INSERT INTO `multi_pos_global_settings` VALUES
('1', NULL, NULL, NULL, NULL, '1', '2025-11-25 16:21:07', '2025-11-25 16:21:07');


-- Table structure for table `notification_settings`
CREATE TABLE `notification_settings` (
  `id` bigint(20) unsigned NOT NULL AUTO_INCREMENT,
  `restaurant_id` bigint(20) unsigned DEFAULT NULL,
  `type` varchar(191) NOT NULL,
  `send_email` tinyint(1) NOT NULL DEFAULT 1,
  `created_at` timestamp NULL DEFAULT NULL,
  `updated_at` timestamp NULL DEFAULT NULL,
  PRIMARY KEY (`id`),
  KEY `notification_settings_restaurant_id_foreign` (`restaurant_id`),
  CONSTRAINT `notification_settings_restaurant_id_foreign` FOREIGN KEY (`restaurant_id`) REFERENCES `restaurants` (`id`) ON DELETE CASCADE ON UPDATE CASCADE
) ENGINE=InnoDB AUTO_INCREMENT=175 DEFAULT CHARSET=utf8mb4 COLLATE=utf8mb4_unicode_ci;

-- Dumping data for table `notification_settings`
INSERT INTO `notification_settings` VALUES
('1', '1', 'order_received', '1', NULL, NULL),
('2', '1', 'reservation_confirmed', '1', NULL, NULL),
('3', '1', 'new_reservation', '1', NULL, NULL),
('4', '1', 'order_bill_sent', '1', NULL, NULL),
('5', '1', 'staff_welcome', '1', NULL, NULL),
('6', '2', 'order_received', '1', NULL, NULL),
('7', '2', 'reservation_confirmed', '1', NULL, NULL),
('8', '2', 'new_reservation', '1', NULL, NULL),
('9', '2', 'order_bill_sent', '1', NULL, NULL),
('10', '2', 'staff_welcome', '1', NULL, NULL),
('11', '3', 'order_received', '1', NULL, NULL),
('12', '3', 'reservation_confirmed', '1', NULL, NULL),
('13', '3', 'new_reservation', '1', NULL, NULL),
('14', '3', 'order_bill_sent', '1', NULL, NULL),
('15', '3', 'staff_welcome', '1', NULL, NULL),
('16', '4', 'order_received', '1', NULL, NULL),
('17', '4', 'reservation_confirmed', '1', NULL, NULL),
('18', '4', 'new_reservation', '1', NULL, NULL),
('19', '4', 'order_bill_sent', '1', NULL, NULL),
('20', '4', 'staff_welcome', '1', NULL, NULL),
('126', '26', 'order_received', '1', NULL, NULL),
('127', '26', 'reservation_confirmed', '1', NULL, NULL),
('128', '26', 'new_reservation', '1', NULL, NULL),
('129', '26', 'order_bill_sent', '1', NULL, NULL),
('130', '26', 'staff_welcome', '1', NULL, NULL),
('131', '27', 'order_received', '1', NULL, NULL),
('132', '27', 'reservation_confirmed', '1', NULL, NULL),
('133', '27', 'new_reservation', '1', NULL, NULL),
('134', '27', 'order_bill_sent', '1', NULL, NULL),
('135', '27', 'staff_welcome', '1', NULL, NULL),
('136', '28', 'order_received', '1', NULL, NULL),
('137', '28', 'reservation_confirmed', '1', NULL, NULL),
('138', '28', 'new_reservation', '1', NULL, NULL),
('139', '28', 'order_bill_sent', '1', NULL, NULL),
('140', '28', 'staff_welcome', '1', NULL, NULL),
('141', '29', 'order_received', '1', NULL, NULL),
('142', '29', 'reservation_confirmed', '1', NULL, NULL),
('143', '29', 'new_reservation', '1', NULL, NULL),
('144', '29', 'order_bill_sent', '1', NULL, NULL),
('145', '29', 'staff_welcome', '1', NULL, NULL),
('146', '30', 'order_received', '1', NULL, NULL),
('147', '30', 'reservation_confirmed', '1', NULL, NULL),
('148', '30', 'new_reservation', '1', NULL, NULL),
('149', '30', 'order_bill_sent', '1', NULL, NULL),
('150', '30', 'staff_welcome', '1', NULL, NULL),
('151', '1', 'pos_machine_request', '1', '2025-11-25 16:21:07', '2025-11-25 16:21:07'),
('152', '2', 'pos_machine_request', '1', '2025-11-25 16:21:07', '2025-11-25 16:21:07'),
('153', '3', 'pos_machine_request', '1', '2025-11-25 16:21:07', '2025-11-25 16:21:07'),
('154', '4', 'pos_machine_request', '1', '2025-11-25 16:21:07', '2025-11-25 16:21:07'),
('155', '26', 'pos_machine_request', '1', '2025-11-25 16:21:07', '2025-11-25 16:21:07'),
('156', '27', 'pos_machine_request', '1', '2025-11-25 16:21:07', '2025-11-25 16:21:07'),
('157', '28', 'pos_machine_request', '1', '2025-11-25 16:21:07', '2025-11-25 16:21:07'),
('158', '29', 'pos_machine_request', '1', '2025-11-25 16:21:07', '2025-11-25 16:21:07'),
('159', '30', 'pos_machine_request', '1', '2025-11-25 16:21:07', '2025-11-25 16:21:07'),
('160', '31', 'order_received', '1', NULL, NULL),
('161', '31', 'reservation_confirmed', '1', NULL, NULL),
('162', '31', 'new_reservation', '1', NULL, NULL),
('163', '31', 'order_bill_sent', '1', NULL, NULL),
('164', '31', 'staff_welcome', '1', NULL, NULL),
('165', '32', 'order_received', '1', NULL, NULL),
('166', '32', 'reservation_confirmed', '1', NULL, NULL),
('167', '32', 'new_reservation', '1', NULL, NULL),
('168', '32', 'order_bill_sent', '1', NULL, NULL),
('169', '32', 'staff_welcome', '1', NULL, NULL),
('170', '33', 'order_received', '1', NULL, NULL),
('171', '33', 'reservation_confirmed', '1', NULL, NULL),
('172', '33', 'new_reservation', '1', NULL, NULL),
('173', '33', 'order_bill_sent', '1', NULL, NULL),
('174', '33', 'staff_welcome', '1', NULL, NULL);


-- Table structure for table `notifications`
CREATE TABLE `notifications` (
  `id` char(36) NOT NULL,
  `restaurant_id` bigint(20) unsigned DEFAULT NULL,
  `type` varchar(191) NOT NULL,
  `notifiable_type` varchar(191) NOT NULL,
  `notifiable_id` bigint(20) unsigned NOT NULL,
  `data` text NOT NULL,
  `read_at` timestamp NULL DEFAULT NULL,
  `created_at` timestamp NULL DEFAULT NULL,
  `updated_at` timestamp NULL DEFAULT NULL,
  PRIMARY KEY (`id`),
  KEY `notifications_restaurant_id_foreign` (`restaurant_id`),
  KEY `notifications_notifiable_type_notifiable_id_index` (`notifiable_type`,`notifiable_id`),
  CONSTRAINT `notifications_restaurant_id_foreign` FOREIGN KEY (`restaurant_id`) REFERENCES `restaurants` (`id`) ON DELETE CASCADE ON UPDATE CASCADE
) ENGINE=InnoDB DEFAULT CHARSET=utf8mb4 COLLATE=utf8mb4_unicode_ci;

-- Dumping data for table `notifications`
INSERT INTO `notifications` VALUES
('1dc6036a-3354-4cbe-9fb9-e21e3c04e289', NULL, 'Modules\\MultiPOS\\Notifications\\PosMachineRegistrationRequest', 'App\\Models\\User', '7', '{\"pos_machine_id\":13,\"machine_alias\":\"MESS ONE POS 1766916217\",\"machine_public_id\":\"01KDJ6KP8P7WYCXPRTNVN9P8ZJ\",\"branch_id\":5,\"branch_name\":\"MESS ONE\",\"created_by\":7,\"creator_name\":\"Madhav Agrawal\",\"status\":\"pending\",\"created_at\":\"2025-12-28 10:03:37\",\"url\":\"https:\\/\\/ewiidine.ca\\/settings?tab=multipos\"}', NULL, '2025-12-28 15:33:37', '2025-12-28 15:33:37'),
('1e21e557-aa53-4c4b-8f36-ebf5ece28e8d', NULL, 'Modules\\MultiPOS\\Notifications\\PosMachineRegistrationRequest', 'App\\Models\\User', '13', '{\"pos_machine_id\":7,\"machine_alias\":\"Dhaba POS 1766846514\",\"machine_public_id\":\"01KDG44HHV5DJ50XF839J5EB0E\",\"branch_id\":28,\"branch_name\":\"Dhaba\",\"created_by\":13,\"creator_name\":\"Dr. Anmol Agarwal\",\"status\":\"pending\",\"created_at\":\"2025-12-27 14:41:54\",\"url\":\"https:\\/\\/ewiidine.ca\\/settings?tab=multipos\"}', NULL, '2025-12-27 20:11:54', '2025-12-27 20:11:54'),
('33db75fa-f5a9-4cfa-bb56-e1fbdd75cfff', NULL, 'Modules\\MultiPOS\\Notifications\\PosMachineRegistrationRequest', 'App\\Models\\User', '16', '{\"pos_machine_id\":12,\"machine_alias\":\"Testing POS 1766916104\",\"machine_public_id\":\"01KDJ6G8J14BE5BKH1NWZKG0D8\",\"branch_id\":31,\"branch_name\":\"Testing\",\"created_by\":16,\"creator_name\":\"Testing123\",\"status\":\"pending\",\"created_at\":\"2025-12-28 10:01:44\",\"url\":\"https:\\/\\/ewiidine.ca\\/settings?tab=multipos\"}', NULL, '2025-12-28 15:31:44', '2025-12-28 15:31:44'),
('3c10136f-a734-454a-a0c5-0bb05984630d', NULL, 'Modules\\MultiPOS\\Notifications\\PosMachineRegistrationRequest', 'App\\Models\\User', '7', '{\"pos_machine_id\":8,\"machine_alias\":\"MESS ONE POS 1766846621\",\"machine_public_id\":\"01KDG47SB373BXHYNJS5A77VYQ\",\"branch_id\":5,\"branch_name\":\"MESS ONE\",\"created_by\":7,\"creator_name\":\"Madhav Agrawal\",\"status\":\"pending\",\"created_at\":\"2025-12-27 14:43:41\",\"url\":\"https:\\/\\/ewiidine.ca\\/settings?tab=multipos\"}', NULL, '2025-12-27 20:13:41', '2025-12-27 20:13:41'),
('3d57dec4-cdc1-412a-ab85-1f47f0160488', NULL, 'Modules\\MultiPOS\\Notifications\\PosMachineRegistrationRequest', 'App\\Models\\User', '22', '{\"pos_machine_id\":14,\"machine_alias\":\"Waiter 1\",\"machine_public_id\":\"01KDRKCZKYG45KTSF6BXXPX8Y2\",\"branch_id\":32,\"branch_name\":\"Caprices Des Iles\",\"created_by\":22,\"creator_name\":\"Mario Nicolaas\",\"status\":\"pending\",\"created_at\":\"2025-12-30 21:42:35\",\"url\":\"https:\\/\\/ewiidine.ca\\/settings?tab=multipos\"}', NULL, '2025-12-30 21:42:35', '2025-12-30 21:42:35'),
('7a89dbe4-a052-482d-abb3-9b72996f4698', NULL, 'Modules\\MultiPOS\\Notifications\\PosMachineRegistrationRequest', 'App\\Models\\User', '13', '{\"pos_machine_id\":11,\"machine_alias\":\"Dhaba POS 1766915782\",\"machine_public_id\":\"01KDJ66EAG13MKAEZT55BRF4XJ\",\"branch_id\":28,\"branch_name\":\"Dhaba\",\"created_by\":13,\"creator_name\":\"Dr. Anmol Agarwal\",\"status\":\"pending\",\"created_at\":\"2025-12-28 09:56:22\",\"url\":\"https:\\/\\/ewiidine.ca\\/settings?tab=multipos\"}', NULL, '2025-12-28 15:26:23', '2025-12-28 15:26:23'),
('8a59862c-c3f3-4d28-8675-2259e465534b', NULL, 'Modules\\MultiPOS\\Notifications\\PosMachineRegistrationRequest', 'App\\Models\\User', '22', '{\"pos_machine_id\":15,\"machine_alias\":1,\"machine_public_id\":\"01KE1YBDDR5GPSZT8Z2RFD91TS\",\"branch_id\":32,\"branch_name\":\"Caprices Des Iles\",\"created_by\":22,\"creator_name\":\"Mario Nicolaas\",\"status\":\"pending\",\"created_at\":\"2026-01-03 12:47:08\",\"url\":\"https:\\/\\/ewiidine.ca\\/settings?tab=multipos\"}', NULL, '2026-01-03 12:47:08', '2026-01-03 12:47:08'),
('96595359-d52d-49f9-a88e-fe289d41748a', NULL, 'Modules\\MultiPOS\\Notifications\\PosMachineRegistrationRequest', 'App\\Models\\User', '16', '{\"pos_machine_id\":6,\"machine_alias\":\"Testing POS 1766818708\",\"machine_public_id\":\"01KDF9KYZZR3KYVTBN52ETTNZR\",\"branch_id\":31,\"branch_name\":\"Testing\",\"created_by\":16,\"creator_name\":\"Testing123\",\"status\":\"pending\",\"created_at\":\"2025-12-27 06:58:28\",\"url\":\"https:\\/\\/ewiidine.ca\\/settings?tab=multipos\"}', NULL, '2025-12-27 12:28:28', '2025-12-27 12:28:28'),
('b0f642ba-588b-4247-a6c2-8b92c72ff67f', NULL, 'Modules\\MultiPOS\\Notifications\\PosMachineRegistrationRequest', 'App\\Models\\User', '7', '{\"pos_machine_id\":10,\"machine_alias\":\"MESS ONE POS 1766906090\",\"machine_public_id\":\"01KDHWYMNQ14EHHRGK049A054V\",\"branch_id\":5,\"branch_name\":\"MESS ONE\",\"created_by\":7,\"creator_name\":\"Madhav Agrawal\",\"status\":\"pending\",\"created_at\":\"2025-12-28 07:14:50\",\"url\":\"https:\\/\\/ewiidine.ca\\/settings?tab=multipos\"}', NULL, '2025-12-28 12:44:50', '2025-12-28 12:44:50'),
('e1170290-485e-4ab5-909a-c6ac5bd03268', NULL, 'Modules\\MultiPOS\\Notifications\\PosMachineRegistrationRequest', 'App\\Models\\User', '16', '{\"pos_machine_id\":9,\"machine_alias\":\"Testing POS 1766848134\",\"machine_public_id\":\"01KDG5NZ3DFC9GGTZ4CQDDKJ84\",\"branch_id\":31,\"branch_name\":\"Testing\",\"created_by\":16,\"creator_name\":\"Testing123\",\"status\":\"pending\",\"created_at\":\"2025-12-27 15:08:54\",\"url\":\"https:\\/\\/ewiidine.ca\\/settings?tab=multipos\"}', NULL, '2025-12-27 20:38:54', '2025-12-27 20:38:54');


-- Table structure for table `offline_payment_methods`
CREATE TABLE `offline_payment_methods` (
  `id` bigint(20) unsigned NOT NULL AUTO_INCREMENT,
  `restaurant_id` bigint(20) unsigned DEFAULT NULL,
  `name` varchar(191) NOT NULL,
  `description` text DEFAULT NULL,
  `status` enum('active','inactive') NOT NULL DEFAULT 'active',
  `created_at` timestamp NULL DEFAULT NULL,
  `updated_at` timestamp NULL DEFAULT NULL,
  PRIMARY KEY (`id`),
  KEY `offline_payment_methods_restaurant_id_foreign` (`restaurant_id`),
  CONSTRAINT `offline_payment_methods_restaurant_id_foreign` FOREIGN KEY (`restaurant_id`) REFERENCES `restaurants` (`id`) ON DELETE CASCADE ON UPDATE CASCADE
) ENGINE=InnoDB AUTO_INCREMENT=2 DEFAULT CHARSET=utf8mb4 COLLATE=utf8mb4_unicode_ci;


-- Table structure for table `offline_plan_changes`
CREATE TABLE `offline_plan_changes` (
  `id` bigint(20) unsigned NOT NULL AUTO_INCREMENT,
  `restaurant_id` bigint(20) unsigned DEFAULT NULL,
  `package_id` bigint(20) unsigned NOT NULL,
  `package_type` varchar(191) NOT NULL,
  `amount` decimal(16,2) DEFAULT NULL,
  `pay_date` date DEFAULT NULL,
  `next_pay_date` date DEFAULT NULL,
  `invoice_id` bigint(20) unsigned DEFAULT NULL,
  `offline_method_id` bigint(20) unsigned DEFAULT NULL,
  `file_name` varchar(191) DEFAULT NULL,
  `status` enum('verified','pending','rejected') NOT NULL DEFAULT 'pending',
  `remark` text DEFAULT NULL,
  `description` mediumtext NOT NULL,
  `created_at` timestamp NULL DEFAULT NULL,
  `updated_at` timestamp NULL DEFAULT NULL,
  `xzodo_status` varchar(100) NOT NULL DEFAULT '0',
  PRIMARY KEY (`id`),
  KEY `offline_plan_changes_restaurant_id_foreign` (`restaurant_id`),
  KEY `offline_plan_changes_package_id_foreign` (`package_id`),
  KEY `offline_plan_changes_invoice_id_foreign` (`invoice_id`),
  KEY `offline_plan_changes_offline_method_id_foreign` (`offline_method_id`),
  CONSTRAINT `offline_plan_changes_invoice_id_foreign` FOREIGN KEY (`invoice_id`) REFERENCES `global_invoices` (`id`) ON DELETE CASCADE ON UPDATE CASCADE,
  CONSTRAINT `offline_plan_changes_offline_method_id_foreign` FOREIGN KEY (`offline_method_id`) REFERENCES `offline_payment_methods` (`id`) ON DELETE CASCADE ON UPDATE CASCADE,
  CONSTRAINT `offline_plan_changes_package_id_foreign` FOREIGN KEY (`package_id`) REFERENCES `packages` (`id`) ON DELETE CASCADE ON UPDATE CASCADE,
  CONSTRAINT `offline_plan_changes_restaurant_id_foreign` FOREIGN KEY (`restaurant_id`) REFERENCES `restaurants` (`id`) ON DELETE CASCADE ON UPDATE CASCADE
) ENGINE=InnoDB AUTO_INCREMENT=5 DEFAULT CHARSET=utf8mb4 COLLATE=utf8mb4_unicode_ci;


-- Table structure for table `onboarding_steps`
CREATE TABLE `onboarding_steps` (
  `id` bigint(20) unsigned NOT NULL AUTO_INCREMENT,
  `branch_id` bigint(20) unsigned NOT NULL,
  `add_area_completed` tinyint(1) NOT NULL DEFAULT 0,
  `add_table_completed` tinyint(1) NOT NULL DEFAULT 0,
  `add_menu_completed` tinyint(1) NOT NULL DEFAULT 0,
  `add_menu_items_completed` tinyint(1) NOT NULL DEFAULT 0,
  `created_at` timestamp NULL DEFAULT NULL,
  `updated_at` timestamp NULL DEFAULT NULL,
  PRIMARY KEY (`id`),
  KEY `onboarding_steps_branch_id_foreign` (`branch_id`),
  CONSTRAINT `onboarding_steps_branch_id_foreign` FOREIGN KEY (`branch_id`) REFERENCES `branches` (`id`) ON DELETE CASCADE
) ENGINE=InnoDB AUTO_INCREMENT=37 DEFAULT CHARSET=utf8mb4 COLLATE=utf8mb4_unicode_ci;

-- Dumping data for table `onboarding_steps`
INSERT INTO `onboarding_steps` VALUES
('1', '1', '0', '0', '0', '0', '2025-09-17 11:06:43', '2025-09-17 11:06:43'),
('2', '1', '0', '0', '0', '0', '2025-09-17 11:06:44', '2025-09-17 11:06:44'),
('3', '2', '0', '0', '0', '0', '2025-09-17 11:06:44', '2025-09-17 11:06:44'),
('4', '2', '0', '0', '0', '0', '2025-09-17 11:06:44', '2025-09-17 11:06:44'),
('5', '3', '0', '0', '0', '0', '2025-09-17 15:32:45', '2025-09-17 15:32:45'),
('6', '4', '1', '1', '1', '1', '2025-09-20 18:26:44', '2025-09-20 18:30:00'),
('7', '5', '1', '1', '1', '1', '2025-10-07 20:30:09', '2025-10-07 20:35:09'),
('29', '27', '1', '1', '0', '0', '2025-11-07 22:53:03', '2025-11-15 18:44:04'),
('30', '28', '0', '0', '0', '0', '2025-11-08 16:02:26', '2025-11-08 16:02:26'),
('31', '29', '1', '1', '0', '0', '2025-11-12 19:45:50', '2025-11-12 19:50:17'),
('32', '30', '0', '0', '0', '0', '2025-11-13 21:11:43', '2025-11-13 21:11:43'),
('33', '31', '0', '0', '0', '0', '2025-11-15 13:16:25', '2025-11-15 13:16:25'),
('34', '32', '1', '1', '1', '1', '2025-12-29 00:56:09', '2025-12-29 01:10:46'),
('35', '33', '0', '0', '0', '0', '2025-12-31 00:13:23', '2025-12-31 00:13:23'),
('36', '34', '1', '1', '1', '1', '2026-01-22 10:24:08', '2026-01-22 10:28:51');


-- Table structure for table `order_charges`
CREATE TABLE `order_charges` (
  `id` bigint(20) unsigned NOT NULL AUTO_INCREMENT,
  `order_id` bigint(20) unsigned NOT NULL,
  `charge_id` bigint(20) unsigned NOT NULL,
  PRIMARY KEY (`id`),
  KEY `order_charges_order_id_foreign` (`order_id`),
  KEY `order_charges_charge_id_foreign` (`charge_id`),
  CONSTRAINT `order_charges_charge_id_foreign` FOREIGN KEY (`charge_id`) REFERENCES `restaurant_charges` (`id`) ON DELETE CASCADE,
  CONSTRAINT `order_charges_order_id_foreign` FOREIGN KEY (`order_id`) REFERENCES `orders` (`id`) ON DELETE CASCADE
) ENGINE=InnoDB AUTO_INCREMENT=2 DEFAULT CHARSET=utf8mb4 COLLATE=utf8mb4_unicode_ci;


-- Table structure for table `order_histories`
CREATE TABLE `order_histories` (
  `id` bigint(20) unsigned NOT NULL AUTO_INCREMENT,
  `order_id` bigint(20) unsigned NOT NULL,
  `status` varchar(191) NOT NULL,
  `created_at` timestamp NULL DEFAULT NULL,
  `updated_at` timestamp NULL DEFAULT NULL,
  PRIMARY KEY (`id`),
  KEY `order_histories_order_id_foreign` (`order_id`),
  CONSTRAINT `order_histories_order_id_foreign` FOREIGN KEY (`order_id`) REFERENCES `orders` (`id`) ON DELETE CASCADE
) ENGINE=InnoDB DEFAULT CHARSET=utf8mb4 COLLATE=utf8mb4_unicode_ci;


-- Table structure for table `order_item_modifier_options`
CREATE TABLE `order_item_modifier_options` (
  `id` bigint(20) unsigned NOT NULL AUTO_INCREMENT,
  `order_item_id` bigint(20) unsigned NOT NULL,
  `modifier_option_id` bigint(20) unsigned DEFAULT NULL,
  `modifier_option_name` text DEFAULT NULL,
  `modifier_option_price` decimal(10,2) DEFAULT NULL,
  `created_at` timestamp NULL DEFAULT NULL,
  `updated_at` timestamp NULL DEFAULT NULL,
  PRIMARY KEY (`id`),
  KEY `order_item_modifier_options_order_item_id_foreign` (`order_item_id`),
  KEY `order_item_modifier_options_modifier_option_id_foreign` (`modifier_option_id`),
  CONSTRAINT `order_item_modifier_options_modifier_option_id_foreign` FOREIGN KEY (`modifier_option_id`) REFERENCES `modifier_options` (`id`) ON DELETE SET NULL ON UPDATE CASCADE,
  CONSTRAINT `order_item_modifier_options_order_item_id_foreign` FOREIGN KEY (`order_item_id`) REFERENCES `order_items` (`id`) ON DELETE CASCADE ON UPDATE CASCADE
) ENGINE=InnoDB AUTO_INCREMENT=4 DEFAULT CHARSET=utf8mb4 COLLATE=utf8mb4_unicode_ci;

-- Dumping data for table `order_item_modifier_options`
INSERT INTO `order_item_modifier_options` VALUES
('1', '64', '1', '{\"en\":\"Small\",\"fr\":\"\"}', '10.00', NULL, NULL),
('2', '75', '1', '{\"en\":\"Small\",\"fr\":\"\"}', '10.00', NULL, NULL),
('3', '76', '2', '{\"en\":\"Large\",\"fr\":\"\"}', '25.00', NULL, NULL);


-- Table structure for table `order_items`
CREATE TABLE `order_items` (
  `id` bigint(20) unsigned NOT NULL AUTO_INCREMENT,
  `branch_id` bigint(20) unsigned DEFAULT NULL,
  `order_id` bigint(20) unsigned NOT NULL,
  `transaction_id` varchar(191) DEFAULT NULL,
  `menu_item_id` bigint(20) unsigned NOT NULL,
  `menu_item_variation_id` bigint(20) unsigned DEFAULT NULL,
  `note` text DEFAULT NULL,
  `quantity` int(11) NOT NULL,
  `price` decimal(16,2) NOT NULL,
  `amount` decimal(16,2) NOT NULL,
  `tax_amount` decimal(15,2) DEFAULT NULL,
  `tax_percentage` decimal(8,4) DEFAULT NULL,
  `tax_breakup` longtext CHARACTER SET utf8mb4 COLLATE utf8mb4_bin DEFAULT NULL CHECK (json_valid(`tax_breakup`)),
  `created_at` timestamp NULL DEFAULT NULL,
  `updated_at` timestamp NULL DEFAULT NULL,
  PRIMARY KEY (`id`),
  KEY `order_items_order_id_foreign` (`order_id`),
  KEY `order_items_menu_item_id_foreign` (`menu_item_id`),
  KEY `order_items_menu_item_variation_id_foreign` (`menu_item_variation_id`),
  KEY `order_items_branch_id_foreign` (`branch_id`),
  CONSTRAINT `order_items_branch_id_foreign` FOREIGN KEY (`branch_id`) REFERENCES `branches` (`id`) ON DELETE CASCADE ON UPDATE CASCADE,
  CONSTRAINT `order_items_menu_item_id_foreign` FOREIGN KEY (`menu_item_id`) REFERENCES `menu_items` (`id`) ON DELETE CASCADE,
  CONSTRAINT `order_items_menu_item_variation_id_foreign` FOREIGN KEY (`menu_item_variation_id`) REFERENCES `menu_item_variations` (`id`) ON DELETE CASCADE,
  CONSTRAINT `order_items_order_id_foreign` FOREIGN KEY (`order_id`) REFERENCES `orders` (`id`) ON DELETE CASCADE
) ENGINE=InnoDB AUTO_INCREMENT=163 DEFAULT CHARSET=utf8mb4 COLLATE=utf8mb4_unicode_ci;

-- Dumping data for table `order_items`
INSERT INTO `order_items` VALUES
('3', '3', '1', NULL, '251', NULL, NULL, '1', '269.52', '269.52', NULL, NULL, NULL, '2025-09-20 17:57:12', '2025-09-20 17:57:12'),
('4', '3', '1', NULL, '252', NULL, NULL, '1', '183.50', '183.50', NULL, NULL, NULL, '2025-09-20 17:57:12', '2025-09-20 17:57:12'),
('5', '4', '2', NULL, '501', NULL, '', '1', '100.00', '100.00', NULL, NULL, NULL, '2025-09-20 18:30:18', '2025-09-20 18:30:18'),
('8', '5', '4', 'TXN_68e62861d3eb76.37324333_776395', '503', '2', '', '1', '250.00', '250.00', NULL, NULL, NULL, '2025-10-08 14:31:22', '2025-10-08 14:31:22'),
('9', '5', '4', 'TXN_68e62861d3eb76.37324333_776395', '504', '6', '', '1', '400.00', '400.00', NULL, NULL, NULL, '2025-10-08 14:31:22', '2025-10-08 14:31:22'),
('10', '5', '4', 'TXN_68e62861d3eb76.37324333_776395', '506', '10', '', '1', '500.00', '500.00', NULL, NULL, NULL, '2025-10-08 14:31:22', '2025-10-08 14:31:22'),
('11', '5', '5', 'TXN_68e63e3e517e69.31196617_301189', '504', '4', '', '1', '120.00', '120.00', NULL, NULL, NULL, '2025-10-08 16:04:38', '2025-10-08 16:04:38'),
('12', '5', '6', NULL, '503', '2', NULL, '1', '250.00', '250.00', NULL, NULL, NULL, '2025-10-15 18:02:51', '2025-10-15 18:02:51'),
('13', '5', '7', NULL, '507', NULL, NULL, '1', '60.00', '60.00', NULL, NULL, NULL, '2025-10-15 18:04:09', '2025-10-15 18:04:09'),
('14', '5', '8', 'KIOSK_TXN_68ef9521a16ec0.32691058', '503', NULL, NULL, '1', '0.00', '0.00', NULL, NULL, NULL, '2025-10-15 18:05:45', '2025-10-15 18:05:45'),
('15', '5', '8', 'KIOSK_TXN_68ef9521a16ec0.32691058', '504', NULL, NULL, '2', '0.00', '0.00', NULL, NULL, NULL, '2025-10-15 18:05:45', '2025-10-15 18:05:45'),
('16', '5', '9', 'KIOSK_TXN_68ef95b8481505.85338088', '503', '3', NULL, '2', '400.00', '800.00', NULL, NULL, NULL, '2025-10-15 18:08:16', '2025-10-15 18:08:16'),
('17', '5', '9', 'KIOSK_TXN_68ef95b8481505.85338088', '503', '2', NULL, '2', '250.00', '500.00', NULL, NULL, NULL, '2025-10-15 18:08:16', '2025-10-15 18:08:16'),
('18', '5', '10', NULL, '504', '4', NULL, '1', '120.00', '120.00', NULL, NULL, NULL, '2025-10-15 18:10:33', '2025-10-15 18:10:33'),
('19', '5', '11', 'TXN_68f0dec5bc7488.23372968_650415', '503', '2', '', '1', '250.00', '250.00', NULL, NULL, NULL, '2025-10-16 17:32:13', '2025-10-16 17:32:13'),
('20', '5', '12', 'TXN_68f0e5e92bf222.61353201_589451', '504', '4', '', '1', '120.00', '120.00', NULL, NULL, NULL, '2025-10-16 18:02:41', '2025-10-16 18:02:41'),
('21', '5', '13', 'TXN_68f0e7ed518392.11253318_184380', '504', '4', '', '1', '120.00', '120.00', NULL, NULL, NULL, '2025-10-16 18:11:17', '2025-10-16 18:11:17'),
('22', '5', '14', 'TXN_68f0e98f88fcf0.97081858_196506', '503', '2', '', '1', '250.00', '250.00', NULL, NULL, NULL, '2025-10-16 18:18:15', '2025-10-16 18:18:15'),
('24', '5', '16', 'TXN_68f0f1253d9812.85311588_548223', '503', '1', '', '1', '130.00', '130.00', NULL, NULL, NULL, '2025-10-16 18:50:37', '2025-10-16 18:50:37'),
('25', '5', '17', 'TXN_68f0f342b770d2.44028867_382578', '503', '1', '', '1', '130.00', '130.00', NULL, NULL, NULL, '2025-10-16 18:59:38', '2025-10-16 18:59:38'),
('26', '5', '18', 'TXN_68f0f92d3d7cb8.57476962_970704', '504', '4', '', '1', '120.00', '120.00', NULL, NULL, NULL, '2025-10-16 19:24:53', '2025-10-16 19:24:53'),
('27', '5', '19', 'TXN_68f0f9a7428d31.03319738_156288', '503', '1', '', '1', '130.00', '130.00', NULL, NULL, NULL, '2025-10-16 19:26:55', '2025-10-16 19:26:55'),
('28', '5', '20', 'TXN_68f0fa8b5df871.67446827_444391', '503', '1', '', '1', '130.00', '130.00', NULL, NULL, NULL, '2025-10-16 19:30:43', '2025-10-16 19:30:43'),
('29', '5', '21', 'TXN_68f0ff436d7e31.26322864_733895', '503', '1', '', '1', '130.00', '130.00', NULL, NULL, NULL, '2025-10-16 19:50:51', '2025-10-16 19:50:51'),
('30', '5', '22', 'TXN_68f11186a40d88.85359813_642469', '503', '2', '', '1', '250.00', '250.00', NULL, NULL, NULL, '2025-10-16 21:08:46', '2025-10-16 21:08:46'),
('31', '5', '23', 'TXN_68f11493951c64.13647932_350258', '504', '4', '', '1', '120.00', '120.00', NULL, NULL, NULL, '2025-10-16 21:21:47', '2025-10-16 21:21:47'),
('32', '5', '24', 'TXN_68f11df6b45478.84597662_879041', '503', '1', '', '1', '130.00', '130.00', NULL, NULL, NULL, '2025-10-16 22:01:50', '2025-10-16 22:01:50'),
('33', '5', '25', 'TXN_68f11f5c936752.69173031_207616', '503', '1', '', '1', '130.00', '130.00', NULL, NULL, NULL, '2025-10-16 22:07:48', '2025-10-16 22:07:48'),
('34', '5', '26', 'TXN_68f12534eac280.48739786_102422', '503', '1', '', '1', '130.00', '130.00', NULL, NULL, NULL, '2025-10-16 22:32:45', '2025-10-16 22:32:45'),
('35', '3', '27', 'TXN_68f12d9ec2a981.97878175_856288', '251', NULL, '', '2', '269.52', '539.04', NULL, NULL, NULL, '2025-10-16 23:08:38', '2025-10-16 23:08:38'),
('36', '5', '28', 'TXN_68f12e35eb2419.11533676_187640', '503', '2', '', '1', '250.00', '250.00', NULL, NULL, NULL, '2025-10-16 23:11:10', '2025-10-16 23:11:10'),
('37', '5', '28', 'TXN_68f12e35eb2419.11533676_187640', '505', '8', '', '1', '200.00', '200.00', NULL, NULL, NULL, '2025-10-16 23:11:10', '2025-10-16 23:11:10'),
('38', '5', '29', 'TXN_68f2d1c10efc73.86184169_610422', '503', '2', '', '1', '250.00', '250.00', NULL, NULL, NULL, '2025-10-18 05:01:13', '2025-10-18 05:01:13'),
('39', '5', '29', 'TXN_68f2d1c10efc73.86184169_610422', '504', '6', '', '1', '400.00', '400.00', NULL, NULL, NULL, '2025-10-18 05:01:13', '2025-10-18 05:01:13'),
('40', '5', '30', NULL, '507', NULL, NULL, '1', '60.00', '60.00', NULL, NULL, NULL, '2025-10-18 05:10:44', '2025-10-18 05:10:44'),
('41', '5', '30', NULL, '505', '8', NULL, '1', '200.00', '200.00', NULL, NULL, NULL, '2025-10-18 05:10:44', '2025-10-18 05:10:44'),
('42', '5', '31', NULL, '505', '8', NULL, '1', '200.00', '200.00', NULL, NULL, NULL, '2025-10-18 05:12:52', '2025-10-18 05:12:52'),
('43', '5', '32', NULL, '507', NULL, '', '2', '60.00', '120.00', NULL, NULL, NULL, '2025-10-18 05:13:33', '2025-10-18 05:13:33'),
('44', '5', '33', 'TXN_68f2d4f8bb1f42.34426374_425498', '504', '5', '', '1', '210.00', '210.00', NULL, NULL, NULL, '2025-10-18 05:14:56', '2025-10-18 05:14:56'),
('45', '5', '35', NULL, '507', NULL, '', '1', '60.00', '60.00', NULL, NULL, NULL, '2025-10-18 05:18:25', '2025-10-18 05:18:25'),
('46', '5', '36', NULL, '503', '1', NULL, '3', '130.00', '390.00', NULL, NULL, NULL, '2025-10-18 05:19:05', '2025-10-18 05:19:05'),
('47', '5', '37', NULL, '505', '8', NULL, '1', '200.00', '200.00', NULL, NULL, NULL, '2025-10-18 05:21:30', '2025-10-18 05:21:30'),
('48', '5', '37', NULL, '507', NULL, NULL, '1', '60.00', '60.00', NULL, NULL, NULL, '2025-10-18 05:21:30', '2025-10-18 05:21:30'),
('49', '5', '38', 'KIOSK_TXN_68f2d73349bab0.75415852', '503', '2', NULL, '1', '250.00', '250.00', NULL, NULL, NULL, '2025-10-18 05:24:27', '2025-10-18 05:24:27'),
('50', '5', '38', 'KIOSK_TXN_68f2d73349bab0.75415852', '504', '6', NULL, '1', '400.00', '400.00', NULL, NULL, NULL, '2025-10-18 05:24:27', '2025-10-18 05:24:27'),
('51', '5', '39', NULL, '503', '1', NULL, '3', '130.00', '390.00', NULL, NULL, NULL, '2025-10-18 05:35:52', '2025-10-18 05:35:52'),
('52', '5', '40', NULL, '507', NULL, NULL, '1', '60.00', '60.00', NULL, NULL, NULL, '2025-10-18 05:37:59', '2025-10-18 05:37:59'),
('53', '5', '41', NULL, '503', '1', NULL, '1', '130.00', '130.00', NULL, NULL, NULL, '2025-10-18 05:39:20', '2025-10-18 05:39:20'),
('54', '5', '42', NULL, '504', '5', NULL, '1', '210.00', '210.00', NULL, NULL, NULL, '2025-10-18 22:55:40', '2025-10-18 22:55:40'),
('55', '5', '43', 'KIOSK_TXN_68f3ce74859f57.71863120', '507', NULL, NULL, '1', '60.00', '60.00', NULL, NULL, NULL, '2025-10-18 22:59:24', '2025-10-18 22:59:24'),
('56', '5', '44', NULL, '503', '3', NULL, '1', '400.00', '400.00', NULL, NULL, NULL, '2025-10-18 23:15:50', '2025-10-18 23:15:50'),
('57', '5', '45', 'TXN_68f3dc48227c63.69436210_587956', '503', '1', '', '1', '130.00', '130.00', NULL, NULL, NULL, '2025-10-18 23:58:24', '2025-10-18 23:58:24'),
('58', '5', '46', 'TXN_68fae377308866.64667514_242686', '503', '3', '', '1', '400.00', '400.00', NULL, NULL, NULL, '2025-10-24 07:54:55', '2025-10-24 07:54:55'),
('59', '5', '47', 'TXN_68fae4436c6376.32408368_690123', '503', '3', '', '1', '400.00', '400.00', NULL, NULL, NULL, '2025-10-24 07:58:19', '2025-10-24 07:58:19'),
('60', '5', '48', 'TXN_68fae4d68a5be2.70313865_172721', '503', '3', '', '1', '400.00', '400.00', NULL, NULL, NULL, '2025-10-24 08:00:46', '2025-10-24 08:00:46'),
('61', '5', '49', 'TXN_68fae5a469e1f0.38965568_491018', '503', '3', '', '1', '400.00', '400.00', NULL, NULL, NULL, '2025-10-24 08:04:12', '2025-10-24 08:04:12'),
('62', '5', '50', 'KIOSK_TXN_68fae6f37dcbb1.17912335', '503', '3', NULL, '1', '400.00', '400.00', NULL, NULL, NULL, '2025-10-24 08:09:47', '2025-10-24 08:09:47'),
('63', '5', '51', 'TXN_68fb33264034c1.82188861_150016', '503', '3', '', '1', '400.00', '400.00', NULL, NULL, NULL, '2025-10-24 13:34:54', '2025-10-24 13:34:54'),
('64', '5', '52', 'TXN_68fb936144c5c0.85366552_757268', '509', '13', '', '1', '20.00', '30.00', NULL, NULL, NULL, '2025-10-24 20:25:29', '2025-10-24 20:25:29'),
('65', '5', '54', NULL, '503', '3', NULL, '1', '400.00', '400.00', NULL, NULL, NULL, '2025-10-24 20:42:01', '2025-10-24 20:42:01'),
('66', '5', '55', NULL, '503', '3', NULL, '2', '400.00', '800.00', NULL, NULL, NULL, '2025-10-24 20:47:55', '2025-10-24 20:47:55'),
('67', '5', '55', NULL, '505', '7', NULL, '2', '110.00', '220.00', NULL, NULL, NULL, '2025-10-24 20:47:55', '2025-10-24 20:47:55'),
('68', '5', '55', NULL, '507', NULL, NULL, '1', '60.00', '60.00', NULL, NULL, NULL, '2025-10-24 20:47:55', '2025-10-24 20:47:55'),
('69', '5', '56', 'KIOSK_TXN_68fb990c30d636.60122123', '503', '3', NULL, '1', '400.00', '400.00', NULL, NULL, NULL, '2025-10-24 20:49:40', '2025-10-24 20:49:40'),
('70', '5', '56', 'KIOSK_TXN_68fb990c30d636.60122123', '504', '5', NULL, '1', '210.00', '210.00', NULL, NULL, NULL, '2025-10-24 20:49:40', '2025-10-24 20:49:40'),
('71', '3', '57', 'TXN_68fc57f0399db1.50117952_364289', '252', NULL, '', '2', '183.50', '367.00', NULL, NULL, NULL, '2025-10-25 10:24:08', '2025-10-25 10:24:08'),
('72', '5', '58', 'TXN_68fc6d77230d03.96692444_378586', '503', '1', '', '1', '130.00', '130.00', NULL, NULL, NULL, '2025-10-25 11:55:59', '2025-10-25 11:55:59'),
('73', '5', '59', 'TXN_68fc6e5acfbd48.90231901_253331', '504', '4', '', '1', '120.00', '120.00', NULL, NULL, NULL, '2025-10-25 11:59:46', '2025-10-25 11:59:46'),
('74', '5', '60', 'TXN_68fc77830b1da2.56348875_457592', '504', '6', '', '1', '400.00', '400.00', NULL, NULL, NULL, '2025-10-25 12:38:51', '2025-10-25 12:38:51'),
('75', '5', '60', 'TXN_68fc77830b1da2.56348875_457592', '509', '13', '', '1', '20.00', '30.00', NULL, NULL, NULL, '2025-10-25 12:38:51', '2025-10-25 12:38:51'),
('76', '5', '61', 'TXN_68fccb07228e12.18684759_803076', '510', '15', '', '1', '200.00', '205.00', NULL, NULL, NULL, '2025-10-25 18:35:11', '2025-10-25 18:35:11'),
('77', '5', '62', 'TXN_68fccb611eea08.93188830_842371', '503', '3', '', '1', '400.00', '400.00', NULL, NULL, NULL, '2025-10-25 18:36:41', '2025-10-25 18:36:41'),
('78', '5', '63', NULL, '507', NULL, NULL, '3', '60.00', '180.00', NULL, NULL, NULL, '2025-10-25 18:52:55', '2025-10-25 18:52:55'),
('80', '5', '64', NULL, '504', '6', NULL, '1', '400.00', '400.00', NULL, NULL, NULL, '2025-10-25 19:01:04', '2025-10-25 19:01:04'),
('81', '5', '65', 'TXN_68ff2e669fdda2.19244022_537360', '503', '3', '', '1', '400.00', '400.00', NULL, NULL, NULL, '2025-10-27 14:03:42', '2025-10-27 14:03:42'),
('82', '5', '66', 'TXN_68ff3ee7afeeb1.84124161_154687', '503', '1', '', '1', '130.00', '130.00', NULL, NULL, NULL, '2025-10-27 15:14:07', '2025-10-27 15:14:07'),
('83', '5', '67', 'TXN_6904cd1be4d188.53805857_163380', '503', '2', '', '1', '250.00', '250.00', NULL, NULL, NULL, '2025-10-31 20:22:12', '2025-10-31 20:22:12'),
('84', '5', '68', 'TXN_690cb00a55da05.48803001_906465', '503', '1', '', '1', '130.00', '130.00', NULL, NULL, NULL, '2025-11-06 19:56:18', '2025-11-06 19:56:18'),
('85', '5', '69', 'TXN_690efbfc54c7b5.77165461_252028', '510', '14', '', '1', '120.00', '120.00', NULL, NULL, NULL, '2025-11-08 13:44:52', '2025-11-08 13:44:52'),
('86', '5', '70', 'TXN_6925767fc285f2.33668884_993165', '510', '14', '', '1', '120.00', '120.00', NULL, NULL, NULL, '2025-11-25 14:57:27', '2025-11-25 14:57:27'),
('87', '3', '71', 'TXN_692586a92d46a5.98952834_872162', '252', NULL, '', '1', '183.50', '183.50', NULL, NULL, NULL, '2025-11-25 16:06:25', '2025-11-25 16:06:25'),
('88', '5', '72', NULL, '506', '9', NULL, '1', '300.00', '300.00', NULL, NULL, NULL, '2025-11-25 17:40:42', '2025-11-25 17:40:42'),
('92', '5', '76', 'TXN_6932ddefdc6243.09503516_260819', '506', '9', '', '1', '300.00', '300.00', NULL, NULL, NULL, '2025-12-05 18:58:15', '2025-12-05 18:58:15'),
('93', '5', '77', 'TXN_6932dee63ca6d1.81565417_268981', '506', '9', '', '1', '300.00', '300.00', NULL, NULL, NULL, '2025-12-05 19:02:22', '2025-12-05 19:02:22'),
('94', '5', '78', 'TXN_6932e1bc838794.33266014_816085', '506', '9', '', '1', '300.00', '300.00', NULL, NULL, NULL, '2025-12-05 19:14:28', '2025-12-05 19:14:28'),
('95', '5', '79', 'TXN_6932e1bcc15960.50076823_199125', '506', '9', '', '1', '300.00', '300.00', NULL, NULL, NULL, '2025-12-05 19:14:28', '2025-12-05 19:14:28'),
('97', '5', '81', 'TXN_6932e1ea993ab2.52034547_770551', '504', '4', '', '1', '120.00', '120.00', NULL, NULL, NULL, '2025-12-05 19:15:14', '2025-12-05 19:15:14'),
('98', '5', '82', 'TXN_6932e3c7bd37c3.77506780_573790', '504', '4', '', '1', '120.00', '120.00', NULL, NULL, NULL, '2025-12-05 19:23:11', '2025-12-05 19:23:11'),
('99', '5', '83', 'TXN_6932e3c8086be8.17034457_419098', '504', '4', '', '1', '120.00', '120.00', NULL, NULL, NULL, '2025-12-05 19:23:12', '2025-12-05 19:23:12'),
('101', '5', '85', 'TXN_6932e43aa93f99.70125341_121227', '504', '4', '', '1', '120.00', '120.00', NULL, NULL, NULL, '2025-12-05 19:25:06', '2025-12-05 19:25:06'),
('102', '5', '86', 'TXN_6932e54e363cc3.71918549_672572', '504', '4', '', '1', '120.00', '120.00', NULL, NULL, NULL, '2025-12-05 19:29:42', '2025-12-05 19:29:42'),
('103', '5', '87', 'TXN_6932e75903bd25.69542716_485951', '504', '4', '', '1', '120.00', '120.00', NULL, NULL, NULL, '2025-12-05 19:38:25', '2025-12-05 19:38:25'),
('104', '5', '88', 'TXN_6932e75941ecd8.86626353_840944', '504', '4', '', '1', '120.00', '120.00', NULL, NULL, NULL, '2025-12-05 19:38:25', '2025-12-05 19:38:25'),
('105', '5', '89', 'TXN_6932e839295939.20248470_513786', '504', '4', '', '1', '120.00', '120.00', NULL, NULL, NULL, '2025-12-05 19:42:09', '2025-12-05 19:42:09'),
('106', '5', '90', 'TXN_6932e91223ac85.62765883_529397', '504', '4', '', '1', '120.00', '120.00', NULL, NULL, NULL, '2025-12-05 19:45:46', '2025-12-05 19:45:46'),
('107', '5', '91', 'TXN_6932e930a80770.71102940_641125', '503', '2', '', '1', '250.00', '250.00', NULL, NULL, NULL, '2025-12-05 19:46:16', '2025-12-05 19:46:16'),
('108', '5', '92', 'TXN_6932ebafadfc47.36423330_330133', '503', '2', '', '1', '250.00', '250.00', NULL, NULL, NULL, '2025-12-05 19:56:55', '2025-12-05 19:56:55'),
('109', '5', '93', 'TXN_6932ebff5f7142.07903884_241789', '550', NULL, '', '2', '375.00', '750.00', NULL, NULL, NULL, '2025-12-05 19:58:15', '2025-12-05 19:58:15'),
('110', '5', '94', 'TXN_6932ed348700a1.00568750_549817', '504', '5', '', '1', '210.00', '210.00', NULL, NULL, NULL, '2025-12-05 20:03:24', '2025-12-05 20:03:24'),
('111', '5', '95', 'TXN_6932ed931dab68.69062563_299605', '621', NULL, '', '1', '350.00', '350.00', NULL, NULL, NULL, '2025-12-05 20:04:59', '2025-12-05 20:04:59'),
('112', '5', '95', 'TXN_6932ed931dab68.69062563_299605', '631', NULL, '', '1', '50.00', '50.00', NULL, NULL, NULL, '2025-12-05 20:04:59', '2025-12-05 20:04:59'),
('113', '5', '96', 'TXN_6932f68edfdba3.02961654_626918', '552', NULL, '', '1', '375.00', '375.00', NULL, NULL, NULL, '2025-12-05 20:43:18', '2025-12-05 20:43:18'),
('114', '5', '97', 'TXN_6932f856ce0e08.41440604_534159', '552', NULL, '', '1', '375.00', '375.00', NULL, NULL, NULL, '2025-12-05 20:50:54', '2025-12-05 20:50:54'),
('115', '5', '98', 'TXN_6932f8571947e1.08012106_620541', '552', NULL, '', '1', '375.00', '375.00', NULL, NULL, NULL, '2025-12-05 20:50:55', '2025-12-05 20:50:55'),
('116', '5', '99', 'TXN_6932f877b24119.20091784_543037', '504', '4', '', '1', '120.00', '120.00', NULL, NULL, NULL, '2025-12-05 20:51:27', '2025-12-05 20:51:27'),
('118', '5', '101', 'TXN_6932fb42046d82.32438552_190514', '504', '4', '', '1', '120.00', '120.00', NULL, NULL, NULL, '2025-12-05 21:03:22', '2025-12-05 21:03:22'),
('119', '5', '102', 'TXN_6932fe62344de3.91701144_657477', '503', '1', '', '1', '130.00', '130.00', NULL, NULL, NULL, '2025-12-05 21:16:42', '2025-12-05 21:16:42'),
('123', '31', '103', NULL, '730', NULL, NULL, '1', '7.99', '7.99', NULL, NULL, NULL, '2025-12-06 01:47:37', '2025-12-06 01:47:37'),
('124', '31', '103', NULL, '729', NULL, NULL, '1', '7.99', '7.99', NULL, NULL, NULL, '2025-12-06 01:47:37', '2025-12-06 01:47:37'),
('125', '31', '103', NULL, '731', NULL, NULL, '1', '8.49', '8.49', NULL, NULL, NULL, '2025-12-06 01:47:37', '2025-12-06 01:47:37'),
('127', '5', '105', 'TXN_6933d3c0863114.27345088_841267', '508', NULL, '', '1', '90.00', '90.00', NULL, NULL, NULL, '2025-12-06 12:27:04', '2025-12-06 12:27:04'),
('128', '5', '106', 'TXN_69356ebf48ce62.28860031_300199', '508', NULL, '', '1', '90.00', '90.00', NULL, NULL, NULL, '2025-12-07 17:40:39', '2025-12-07 17:40:39'),
('129', '5', '106', 'TXN_69356ebf48ce62.28860031_300199', '512', NULL, '', '1', '250.00', '250.00', NULL, NULL, NULL, '2025-12-07 17:40:39', '2025-12-07 17:40:39'),
('130', '5', '107', 'TXN_693571089715b0.09735579_106226', '504', '4', '', '1', '120.00', '120.00', NULL, NULL, NULL, '2025-12-07 17:50:24', '2025-12-07 17:50:24'),
('132', '5', '109', 'TXN_693572940d33e4.96759398_811228', '504', '5', '', '1', '210.00', '210.00', NULL, NULL, NULL, '2025-12-07 17:57:00', '2025-12-07 17:57:00'),
('133', '5', '110', 'TXN_6935779a9af5f5.91508397_340569', '504', '5', '', '1', '210.00', '210.00', NULL, NULL, NULL, '2025-12-07 18:18:26', '2025-12-07 18:18:26'),
('134', '5', '111', 'TXN_69357a182a5757.46828756_724843', '504', '5', '', '1', '210.00', '210.00', NULL, NULL, NULL, '2025-12-07 18:29:04', '2025-12-07 18:29:04'),
('135', '5', '112', 'KIOSK_TXN_6939467dca55d0.49387041', '507', NULL, NULL, '1', '60.00', '60.00', NULL, NULL, NULL, '2025-12-10 15:37:57', '2025-12-10 15:37:57'),
('136', '31', '113', 'TXN_6950b67e8f98b9.26106177_872438', '735', NULL, '', '1', '15.99', '15.99', NULL, NULL, NULL, '2025-12-28 10:17:58', '2025-12-28 10:17:58'),
('137', '5', '114', NULL, '507', NULL, '', '1', '60.00', '60.00', NULL, NULL, NULL, '2025-12-28 15:34:27', '2025-12-28 15:34:27'),
('138', '5', '114', NULL, '509', '12', NULL, '1', '15.00', '15.00', NULL, NULL, NULL, '2025-12-28 15:34:27', '2025-12-28 15:34:27'),
('139', '5', '114', NULL, '510', '15', NULL, '1', '180.00', '180.00', NULL, NULL, NULL, '2025-12-28 15:34:27', '2025-12-28 15:34:27'),
('142', '32', '115', NULL, '759', '17', NULL, '1', '15.00', '15.00', NULL, NULL, NULL, '2025-12-30 21:44:52', '2025-12-30 21:44:52'),
('143', '32', '115', NULL, '760', '21', NULL, '1', '13.00', '13.00', NULL, NULL, NULL, '2025-12-30 21:44:52', '2025-12-30 21:44:52'),
('147', '32', '116', NULL, '759', '18', NULL, '2', '20.00', '40.00', NULL, NULL, NULL, '2025-12-30 22:02:17', '2025-12-30 22:02:17'),
('148', '32', '116', NULL, '760', '21', NULL, '1', '13.00', '13.00', NULL, NULL, NULL, '2025-12-30 22:02:17', '2025-12-30 22:02:17'),
('149', '32', '116', NULL, '761', NULL, NULL, '3', '18.00', '54.00', NULL, NULL, NULL, '2025-12-30 22:02:17', '2025-12-30 22:02:17'),
('153', '32', '117', NULL, '760', '20', NULL, '1', '8.00', '8.00', NULL, NULL, NULL, '2025-12-30 22:12:07', '2025-12-30 22:12:07'),
('154', '32', '117', NULL, '760', '21', NULL, '1', '13.00', '13.00', NULL, NULL, NULL, '2025-12-30 22:12:07', '2025-12-30 22:12:07'),
('155', '32', '117', NULL, '761', NULL, NULL, '2', '18.00', '36.00', NULL, NULL, NULL, '2025-12-30 22:12:07', '2025-12-30 22:12:07'),
('156', '5', '118', 'TXN_69578408a60f44.56323828_803184', '521', NULL, '', '1', '375.00', '375.00', NULL, NULL, NULL, '2026-01-02 08:38:32', '2026-01-02 08:38:32'),
('157', '5', '118', 'TXN_69578408a60f44.56323828_803184', '525', NULL, '', '1', '375.00', '375.00', NULL, NULL, NULL, '2026-01-02 08:38:32', '2026-01-02 08:38:32'),
('158', '5', '119', 'TXN_69578befb14bd9.19240809_586329', '550', NULL, '', '1', '375.00', '375.00', NULL, NULL, NULL, '2026-01-02 09:12:15', '2026-01-02 09:12:15'),
('159', '5', '120', 'TXN_69578c665d5788.22905129_745905', '553', NULL, '', '1', '375.00', '375.00', NULL, NULL, NULL, '2026-01-02 09:14:14', '2026-01-02 09:14:14'),
('160', '32', '121', 'TXN_69590fb80fef78.59068867_911063', '759', '18', '', '1', '20.00', '20.00', NULL, NULL, NULL, '2026-01-03 12:46:48', '2026-01-03 12:46:48'),
('161', '32', '121', 'TXN_695910a68ec1d3.15998519_637792', '759', '18', '', '1', '20.00', '20.00', NULL, NULL, NULL, '2026-01-03 12:50:46', '2026-01-03 12:50:46'),
('162', '32', '122', 'KIOSK_TXN_695911b4aa6260.00437592', '760', '21', NULL, '1', '13.00', '13.00', NULL, NULL, NULL, '2026-01-03 12:55:16', '2026-01-03 12:55:16');


-- Table structure for table `order_number_settings`
CREATE TABLE `order_number_settings` (
  `id` bigint(20) unsigned NOT NULL AUTO_INCREMENT,
  `branch_id` bigint(20) unsigned NOT NULL,
  `enable_feature` tinyint(1) NOT NULL DEFAULT 0,
  `prefix` varchar(191) NOT NULL DEFAULT 'ORD',
  `digits` tinyint(3) unsigned NOT NULL DEFAULT 3,
  `separator` varchar(191) NOT NULL DEFAULT '-',
  `include_date` tinyint(1) NOT NULL DEFAULT 0,
  `show_year` tinyint(1) NOT NULL DEFAULT 0,
  `show_month` tinyint(1) NOT NULL DEFAULT 0,
  `show_day` tinyint(1) NOT NULL DEFAULT 0,
  `show_time` tinyint(1) NOT NULL DEFAULT 0,
  `reset_daily` tinyint(1) NOT NULL DEFAULT 0,
  `created_at` timestamp NULL DEFAULT NULL,
  `updated_at` timestamp NULL DEFAULT NULL,
  PRIMARY KEY (`id`),
  KEY `order_number_settings_branch_id_foreign` (`branch_id`),
  CONSTRAINT `order_number_settings_branch_id_foreign` FOREIGN KEY (`branch_id`) REFERENCES `branches` (`id`) ON DELETE CASCADE ON UPDATE CASCADE
) ENGINE=InnoDB DEFAULT CHARSET=utf8mb4 COLLATE=utf8mb4_unicode_ci;


-- Table structure for table `order_places`
CREATE TABLE `order_places` (
  `id` bigint(20) unsigned NOT NULL AUTO_INCREMENT,
  `printer_id` bigint(20) unsigned DEFAULT NULL,
  `branch_id` bigint(20) unsigned DEFAULT NULL,
  `name` varchar(191) NOT NULL,
  `type` varchar(191) DEFAULT NULL,
  `is_active` tinyint(1) NOT NULL DEFAULT 1,
  `is_default` tinyint(1) NOT NULL DEFAULT 0,
  `created_at` timestamp NULL DEFAULT NULL,
  `updated_at` timestamp NULL DEFAULT NULL,
  PRIMARY KEY (`id`),
  KEY `order_places_branch_id_foreign` (`branch_id`),
  KEY `order_places_printer_id_foreign` (`printer_id`),
  CONSTRAINT `order_places_branch_id_foreign` FOREIGN KEY (`branch_id`) REFERENCES `branches` (`id`) ON DELETE CASCADE,
  CONSTRAINT `order_places_printer_id_foreign` FOREIGN KEY (`printer_id`) REFERENCES `printers` (`id`) ON DELETE SET NULL
) ENGINE=InnoDB AUTO_INCREMENT=35 DEFAULT CHARSET=utf8mb4 COLLATE=utf8mb4_unicode_ci;

-- Dumping data for table `order_places`
INSERT INTO `order_places` VALUES
('1', NULL, '1', 'Default POS Terminal', 'vegetarian', '1', '1', '2025-09-17 11:06:44', '2025-09-17 11:06:44'),
('2', NULL, '2', 'Default POS Terminal', 'vegetarian', '1', '1', '2025-09-17 11:06:44', '2025-09-17 11:06:44'),
('3', NULL, '3', 'Default POS Terminal', 'vegetarian', '1', '1', '2025-09-17 15:32:45', '2025-09-17 15:32:45'),
('4', NULL, '4', 'Default POS Terminal', 'vegetarian', '1', '1', '2025-09-20 18:26:44', '2025-09-20 18:26:44'),
('5', NULL, '5', 'Default POS Terminal', 'vegetarian', '1', '1', '2025-10-07 20:30:09', '2025-10-07 20:30:09'),
('27', NULL, '27', 'Default POS Terminal', 'vegetarian', '1', '1', '2025-11-07 22:53:03', '2025-11-07 22:53:03'),
('28', NULL, '28', 'Default POS Terminal', 'vegetarian', '1', '1', '2025-11-08 16:02:27', '2025-11-08 16:02:27'),
('29', NULL, '29', 'Default POS Terminal', 'vegetarian', '1', '1', '2025-11-12 19:45:51', '2025-11-12 19:45:51'),
('30', NULL, '30', 'Default POS Terminal', 'vegetarian', '1', '1', '2025-11-13 21:11:44', '2025-11-13 21:11:44'),
('31', NULL, '31', 'Default POS Terminal', 'vegetarian', '1', '1', '2025-11-15 13:16:25', '2025-11-15 13:16:25'),
('32', NULL, '32', 'Default POS Terminal', 'vegetarian', '1', '1', '2025-12-29 00:56:10', '2025-12-29 00:56:10'),
('33', NULL, '33', 'Default POS Terminal', 'vegetarian', '1', '1', '2025-12-31 00:13:23', '2025-12-31 00:13:23'),
('34', NULL, '34', 'Default POS Terminal', 'vegetarian', '1', '1', '2026-01-22 10:24:09', '2026-01-22 10:24:09');


-- Table structure for table `order_taxes`
CREATE TABLE `order_taxes` (
  `id` bigint(20) unsigned NOT NULL AUTO_INCREMENT,
  `order_id` bigint(20) unsigned NOT NULL,
  `tax_id` bigint(20) unsigned NOT NULL,
  PRIMARY KEY (`id`),
  KEY `order_taxes_order_id_foreign` (`order_id`),
  KEY `order_taxes_tax_id_foreign` (`tax_id`),
  CONSTRAINT `order_taxes_order_id_foreign` FOREIGN KEY (`order_id`) REFERENCES `orders` (`id`) ON DELETE CASCADE,
  CONSTRAINT `order_taxes_tax_id_foreign` FOREIGN KEY (`tax_id`) REFERENCES `taxes` (`id`) ON DELETE CASCADE
) ENGINE=InnoDB AUTO_INCREMENT=225 DEFAULT CHARSET=utf8mb4 COLLATE=utf8mb4_unicode_ci;

-- Dumping data for table `order_taxes`
INSERT INTO `order_taxes` VALUES
('1', '3', '6'),
('2', '3', '7'),
('3', '4', '6'),
('4', '4', '7'),
('5', '5', '6'),
('6', '5', '7'),
('7', '6', '6'),
('8', '6', '7'),
('9', '7', '6'),
('10', '7', '7'),
('11', '8', '6'),
('12', '8', '7'),
('13', '9', '6'),
('14', '9', '7'),
('15', '10', '6'),
('16', '10', '7'),
('17', '11', '6'),
('18', '11', '7'),
('19', '12', '6'),
('20', '12', '7'),
('21', '13', '6'),
('22', '13', '7'),
('23', '14', '6'),
('24', '14', '7'),
('27', '16', '6'),
('28', '16', '7'),
('29', '17', '6'),
('30', '17', '7'),
('31', '18', '6'),
('32', '18', '7'),
('33', '19', '6'),
('34', '19', '7'),
('35', '20', '6'),
('36', '20', '7'),
('37', '21', '6'),
('38', '21', '7'),
('39', '22', '6'),
('40', '22', '7'),
('41', '23', '6'),
('42', '23', '7'),
('43', '24', '6'),
('44', '24', '7'),
('45', '25', '6'),
('46', '25', '7'),
('47', '26', '6'),
('48', '26', '7'),
('49', '28', '6'),
('50', '28', '7'),
('51', '29', '6'),
('52', '29', '7'),
('53', '30', '6'),
('54', '30', '7'),
('55', '31', '6'),
('56', '31', '7'),
('57', '32', '6'),
('58', '32', '7'),
('59', '33', '6'),
('60', '33', '7'),
('61', '35', '6'),
('62', '35', '7'),
('63', '36', '6'),
('64', '36', '7'),
('65', '37', '6'),
('66', '37', '7'),
('67', '38', '6'),
('68', '38', '7'),
('69', '39', '6'),
('70', '39', '7'),
('71', '40', '6'),
('72', '40', '7'),
('73', '41', '6'),
('74', '41', '7'),
('75', '42', '6'),
('76', '42', '7'),
('77', '43', '6'),
('78', '43', '7'),
('79', '44', '6'),
('80', '44', '7'),
('81', '45', '6'),
('82', '45', '7'),
('83', '46', '6'),
('84', '46', '7'),
('85', '47', '6'),
('86', '47', '7'),
('87', '48', '6'),
('88', '48', '7'),
('89', '49', '6'),
('90', '49', '7'),
('91', '50', '6'),
('92', '50', '7'),
('93', '51', '6'),
('94', '51', '7'),
('95', '52', '6'),
('96', '52', '7'),
('97', '54', '6'),
('98', '54', '7'),
('99', '55', '6'),
('100', '55', '7'),
('101', '56', '6'),
('102', '56', '7'),
('103', '58', '6'),
('104', '58', '7'),
('105', '59', '6'),
('106', '59', '7'),
('107', '60', '6'),
('108', '60', '7'),
('109', '61', '6'),
('110', '61', '7'),
('111', '62', '6'),
('112', '62', '7'),
('113', '63', '6'),
('114', '63', '7'),
('117', '64', '6'),
('118', '64', '7'),
('119', '65', '6'),
('120', '65', '7'),
('121', '66', '6'),
('122', '66', '7'),
('123', '67', '6'),
('124', '67', '7'),
('125', '68', '6'),
('126', '68', '7'),
('127', '69', '6'),
('128', '69', '7'),
('129', '70', '6'),
('130', '70', '7'),
('131', '72', '6'),
('132', '72', '7'),
('133', '73', '6'),
('134', '73', '7'),
('135', '74', '6'),
('136', '74', '7'),
('137', '75', '6'),
('138', '75', '7'),
('139', '76', '6'),
('140', '76', '7'),
('141', '77', '6'),
('142', '77', '7'),
('143', '78', '6'),
('144', '78', '7'),
('145', '79', '6'),
('146', '79', '7'),
('147', '80', '6'),
('148', '80', '7'),
('149', '81', '6'),
('150', '81', '7'),
('151', '82', '6'),
('152', '82', '7'),
('153', '83', '6'),
('154', '83', '7'),
('155', '84', '6'),
('156', '84', '7'),
('157', '85', '6'),
('158', '85', '7'),
('159', '86', '6'),
('160', '86', '7'),
('161', '87', '6'),
('162', '87', '7'),
('163', '88', '6'),
('164', '88', '7'),
('165', '89', '6'),
('166', '89', '7'),
('167', '90', '6'),
('168', '90', '7'),
('169', '91', '6'),
('170', '91', '7'),
('171', '92', '6'),
('172', '92', '7'),
('173', '93', '6'),
('174', '93', '7'),
('175', '94', '6'),
('176', '94', '7'),
('177', '95', '6'),
('178', '95', '7'),
('179', '96', '6'),
('180', '96', '7'),
('181', '97', '6'),
('182', '97', '7'),
('183', '98', '6'),
('184', '98', '7'),
('185', '99', '6'),
('186', '99', '7'),
('187', '100', '6'),
('188', '100', '7'),
('189', '101', '6'),
('190', '101', '7'),
('191', '102', '6'),
('192', '102', '7'),
('193', '104', '6'),
('194', '104', '7'),
('195', '105', '6'),
('196', '105', '7'),
('197', '106', '6'),
('198', '106', '7'),
('199', '107', '6'),
('200', '107', '7'),
('201', '108', '6'),
('202', '108', '7'),
('203', '109', '6'),
('204', '109', '7'),
('205', '110', '6'),
('206', '110', '7'),
('207', '111', '6'),
('208', '111', '7'),
('209', '112', '6'),
('210', '112', '7'),
('211', '114', '6'),
('212', '114', '7'),
('215', '118', '6'),
('216', '118', '7'),
('217', '119', '6'),
('218', '119', '7'),
('219', '120', '6'),
('220', '120', '7'),
('221', '121', '8'),
('222', '121', '9'),
('223', '122', '8'),
('224', '122', '9');


-- Table structure for table `order_types`
CREATE TABLE `order_types` (
  `id` bigint(20) unsigned NOT NULL AUTO_INCREMENT,
  `branch_id` bigint(20) unsigned DEFAULT NULL,
  `order_type_name` varchar(191) NOT NULL,
  `slug` varchar(191) NOT NULL,
  `is_active` tinyint(1) NOT NULL DEFAULT 1,
  `is_default` tinyint(1) NOT NULL DEFAULT 0,
  `enable_token_number` tinyint(1) NOT NULL DEFAULT 0,
  `enable_from_customer_site` tinyint(1) NOT NULL DEFAULT 1,
  `type` varchar(191) DEFAULT NULL,
  `created_at` timestamp NULL DEFAULT NULL,
  `updated_at` timestamp NULL DEFAULT NULL,
  PRIMARY KEY (`id`),
  KEY `order_types_branch_id_foreign` (`branch_id`),
  CONSTRAINT `order_types_branch_id_foreign` FOREIGN KEY (`branch_id`) REFERENCES `branches` (`id`) ON DELETE CASCADE ON UPDATE CASCADE
) ENGINE=InnoDB AUTO_INCREMENT=103 DEFAULT CHARSET=utf8mb4 COLLATE=utf8mb4_unicode_ci;

-- Dumping data for table `order_types`
INSERT INTO `order_types` VALUES
('1', '1', 'Dine In', 'dine_in', '1', '1', '0', '1', 'dine_in', '2025-09-17 11:06:44', '2025-09-17 11:06:44'),
('2', '1', 'Delivery', 'delivery', '1', '1', '0', '1', 'delivery', '2025-09-17 11:06:44', '2025-09-17 11:06:44'),
('3', '1', 'Pickup', 'pickup', '1', '1', '0', '1', 'pickup', '2025-09-17 11:06:44', '2025-09-17 11:06:44'),
('4', '2', 'Dine In', 'dine_in', '1', '1', '0', '1', 'dine_in', '2025-09-17 11:06:44', '2025-09-17 11:06:44'),
('5', '2', 'Delivery', 'delivery', '1', '1', '0', '1', 'delivery', '2025-09-17 11:06:44', '2025-09-17 11:06:44'),
('6', '2', 'Pickup', 'pickup', '1', '1', '0', '1', 'pickup', '2025-09-17 11:06:44', '2025-09-17 11:06:44'),
('7', '3', 'Dine In', 'dine_in', '1', '1', '0', '1', 'dine_in', '2025-09-17 15:32:45', '2025-09-17 15:32:45'),
('8', '3', 'Delivery', 'delivery', '1', '1', '0', '1', 'delivery', '2025-09-17 15:32:45', '2025-09-17 15:32:45'),
('9', '3', 'Pickup', 'pickup', '1', '1', '0', '1', 'pickup', '2025-09-17 15:32:45', '2025-09-17 15:32:45'),
('10', '4', 'Dine In', 'dine_in', '1', '1', '0', '1', 'dine_in', '2025-09-20 18:26:44', '2025-09-20 18:26:44'),
('11', '4', 'Delivery', 'delivery', '1', '1', '0', '1', 'delivery', '2025-09-20 18:26:44', '2025-09-20 18:26:44'),
('12', '4', 'Pickup', 'pickup', '1', '1', '0', '1', 'pickup', '2025-09-20 18:26:44', '2025-09-20 18:26:44'),
('13', '5', 'Dine In', 'dine_in', '1', '1', '1', '1', 'dine_in', '2025-10-07 20:30:09', '2025-10-18 05:16:48'),
('14', '5', 'Delivery', 'delivery', '1', '1', '1', '1', 'delivery', '2025-10-07 20:30:09', '2025-10-18 05:16:48'),
('15', '5', 'Pickup', 'pickup', '1', '1', '1', '1', 'pickup', '2025-10-07 20:30:09', '2025-10-18 05:16:48'),
('79', '27', 'Dine In', 'dine_in', '1', '1', '0', '1', 'dine_in', '2025-11-07 22:53:03', '2025-11-07 22:53:03'),
('80', '27', 'Delivery', 'delivery', '1', '1', '0', '1', 'delivery', '2025-11-07 22:53:03', '2025-11-07 22:53:03'),
('81', '27', 'Pickup', 'pickup', '1', '1', '0', '1', 'pickup', '2025-11-07 22:53:03', '2025-11-07 22:53:03'),
('82', '28', 'Dine In', 'dine_in', '1', '1', '0', '1', 'dine_in', '2025-11-08 16:02:27', '2025-11-08 16:02:27'),
('83', '28', 'Delivery', 'delivery', '1', '1', '0', '1', 'delivery', '2025-11-08 16:02:27', '2025-11-08 16:02:27'),
('84', '28', 'Pickup', 'pickup', '1', '1', '0', '1', 'pickup', '2025-11-08 16:02:27', '2025-11-08 16:02:27'),
('85', '29', 'Dine In', 'dine_in', '1', '1', '0', '1', 'dine_in', '2025-11-12 19:45:51', '2025-11-12 19:45:51'),
('86', '29', 'Delivery', 'delivery', '1', '1', '0', '1', 'delivery', '2025-11-12 19:45:51', '2025-11-12 19:45:51'),
('87', '29', 'Pickup', 'pickup', '1', '1', '0', '1', 'pickup', '2025-11-12 19:45:51', '2025-11-12 19:45:51'),
('88', '30', 'Dine In', 'dine_in', '1', '1', '0', '1', 'dine_in', '2025-11-13 21:11:44', '2025-11-13 21:11:44'),
('89', '30', 'Delivery', 'delivery', '1', '1', '0', '1', 'delivery', '2025-11-13 21:11:44', '2025-11-13 21:11:44'),
('90', '30', 'Pickup', 'pickup', '1', '1', '0', '1', 'pickup', '2025-11-13 21:11:44', '2025-11-13 21:11:44'),
('91', '31', 'Dine In', 'dine_in', '1', '1', '0', '1', 'dine_in', '2025-11-15 13:16:25', '2025-11-15 13:16:25'),
('92', '31', 'Delivery', 'delivery', '1', '1', '0', '1', 'delivery', '2025-11-15 13:16:25', '2025-11-15 13:16:25'),
('93', '31', 'Pickup', 'pickup', '1', '1', '0', '1', 'pickup', '2025-11-15 13:16:25', '2025-11-15 13:16:25'),
('94', '32', 'Dine In', 'dine_in', '1', '1', '0', '1', 'dine_in', '2025-12-29 00:56:10', '2025-12-29 00:56:10'),
('95', '32', 'Delivery', 'delivery', '1', '1', '0', '1', 'delivery', '2025-12-29 00:56:10', '2025-12-29 00:56:10'),
('96', '32', 'Pickup', 'pickup', '1', '1', '0', '1', 'pickup', '2025-12-29 00:56:10', '2025-12-29 00:56:10'),
('97', '33', 'Dine In', 'dine_in', '1', '1', '0', '1', 'dine_in', '2025-12-31 00:13:23', '2025-12-31 00:13:23'),
('98', '33', 'Delivery', 'delivery', '1', '1', '0', '1', 'delivery', '2025-12-31 00:13:23', '2025-12-31 00:13:23'),
('99', '33', 'Pickup', 'pickup', '1', '1', '0', '1', 'pickup', '2025-12-31 00:13:23', '2025-12-31 00:13:23'),
('100', '34', 'Dine In', 'dine_in', '1', '1', '0', '1', 'dine_in', '2026-01-22 10:24:09', '2026-01-22 10:24:09'),
('101', '34', 'Delivery', 'delivery', '1', '1', '0', '1', 'delivery', '2026-01-22 10:24:09', '2026-01-22 10:24:09'),
('102', '34', 'Pickup', 'pickup', '1', '1', '0', '1', 'pickup', '2026-01-22 10:24:09', '2026-01-22 10:24:09');


