-- Table structure for table `role_has_permissions`
CREATE TABLE `role_has_permissions` (
  `permission_id` bigint(20) unsigned NOT NULL,
  `role_id` bigint(20) unsigned NOT NULL,
  PRIMARY KEY (`permission_id`,`role_id`),
  KEY `role_has_permissions_role_id_foreign` (`role_id`),
  CONSTRAINT `role_has_permissions_permission_id_foreign` FOREIGN KEY (`permission_id`) REFERENCES `permissions` (`id`) ON DELETE CASCADE,
  CONSTRAINT `role_has_permissions_role_id_foreign` FOREIGN KEY (`role_id`) REFERENCES `roles` (`id`) ON DELETE CASCADE
) ENGINE=InnoDB DEFAULT CHARSET=utf8mb4 COLLATE=utf8mb4_unicode_ci;

-- Dumping data for table `role_has_permissions`
INSERT INTO `role_has_permissions` VALUES
('1', '2'),
('1', '3'),
('1', '6'),
('1', '7'),
('1', '10'),
('1', '11'),
('1', '14'),
('1', '15'),
('1', '22'),
('1', '23'),
('1', '26'),
('1', '27'),
('1', '30'),
('1', '31'),
('1', '34'),
('1', '35'),
('1', '38'),
('1', '39'),
('2', '2'),
('2', '3'),
('2', '6'),
('2', '7'),
('2', '10'),
('2', '11'),
('2', '14'),
('2', '15'),
('2', '22'),
('2', '23'),
('2', '26'),
('2', '27'),
('2', '30'),
('2', '31'),
('2', '34'),
('2', '35'),
('2', '38'),
('2', '39'),
('3', '2'),
('3', '3'),
('3', '6'),
('3', '7'),
('3', '10'),
('3', '11'),
('3', '14'),
('3', '15'),
('3', '22'),
('3', '23'),
('3', '26'),
('3', '27'),
('3', '30'),
('3', '31'),
('3', '34'),
('3', '35'),
('3', '38'),
('3', '39'),
('4', '2'),
('4', '3'),
('4', '6'),
('4', '7'),
('4', '10'),
('4', '11'),
('4', '14'),
('4', '15'),
('4', '22'),
('4', '23'),
('4', '26'),
('4', '27'),
('4', '30'),
('4', '31'),
('4', '34'),
('4', '35'),
('4', '38'),
('4', '39'),
('5', '2'),
('5', '3'),
('5', '6'),
('5', '7'),
('5', '10'),
('5', '11'),
('5', '14'),
('5', '15'),
('5', '22'),
('5', '23'),
('5', '26'),
('5', '27'),
('5', '30'),
('5', '31'),
('5', '34'),
('5', '35'),
('5', '38'),
('5', '39'),
('6', '2'),
('6', '3'),
('6', '6'),
('6', '7'),
('6', '10'),
('6', '11'),
('6', '14'),
('6', '15'),
('6', '22'),
('6', '23'),
('6', '26'),
('6', '27'),
('6', '30'),
('6', '31'),
('6', '34'),
('6', '35'),
('6', '38'),
('6', '39'),
('7', '2'),
('7', '3'),
('7', '6'),
('7', '7'),
('7', '10'),
('7', '11'),
('7', '14'),
('7', '15'),
('7', '22'),
('7', '23'),
('7', '26'),
('7', '27'),
('7', '30'),
('7', '31'),
('7', '34'),
('7', '35'),
('7', '38'),
('7', '39'),
('8', '2'),
('8', '3'),
('8', '6'),
('8', '7'),
('8', '10'),
('8', '11'),
('8', '14'),
('8', '15'),
('8', '22'),
('8', '23'),
('8', '26'),
('8', '27'),
('8', '30'),
('8', '31'),
('8', '34'),
('8', '35'),
('8', '38'),
('8', '39'),
('9', '2'),
('9', '3'),
('9', '6'),
('9', '7'),
('9', '10'),
('9', '11'),
('9', '14'),
('9', '15'),
('9', '22'),
('9', '23'),
('9', '26'),
('9', '27'),
('9', '30'),
('9', '31'),
('9', '34'),
('9', '35'),
('9', '38'),
('9', '39'),
('10', '2'),
('10', '3'),
('10', '6'),
('10', '7'),
('10', '10'),
('10', '11'),
('10', '14'),
('10', '15'),
('10', '22'),
('10', '23'),
('10', '26'),
('10', '27'),
('10', '30'),
('10', '31'),
('10', '34'),
('10', '35'),
('10', '38'),
('10', '39'),
('11', '2'),
('11', '3'),
('11', '6'),
('11', '7'),
('11', '10'),
('11', '11'),
('11', '14'),
('11', '15'),
('11', '22'),
('11', '23'),
('11', '26'),
('11', '27'),
('11', '30'),
('11', '31'),
('11', '34'),
('11', '35'),
('11', '38'),
('11', '39'),
('12', '2'),
('12', '3'),
('12', '6'),
('12', '7'),
('12', '10'),
('12', '11'),
('12', '14'),
('12', '15'),
('12', '22'),
('12', '23'),
('12', '26'),
('12', '27'),
('12', '30'),
('12', '31'),
('12', '34'),
('12', '35'),
('12', '38'),
('12', '39'),
('13', '2'),
('13', '3'),
('13', '6'),
('13', '7'),
('13', '10'),
('13', '11'),
('13', '14'),
('13', '15'),
('13', '22'),
('13', '23'),
('13', '26'),
('13', '27'),
('13', '30'),
('13', '31'),
('13', '34'),
('13', '35'),
('13', '38'),
('13', '39'),
('14', '2'),
('14', '3'),
('14', '6'),
('14', '7'),
('14', '10'),
('14', '11'),
('14', '14'),
('14', '15'),
('14', '22'),
('14', '23'),
('14', '26'),
('14', '27'),
('14', '30'),
('14', '31'),
('14', '34'),
('14', '35'),
('14', '38'),
('14', '39'),
('15', '2'),
('15', '3'),
('15', '6'),
('15', '7'),
('15', '10'),
('15', '11'),
('15', '14'),
('15', '15'),
('15', '22'),
('15', '23'),
('15', '26'),
('15', '27'),
('15', '30'),
('15', '31'),
('15', '34'),
('15', '35'),
('15', '38'),
('15', '39'),
('16', '2'),
('16', '3'),
('16', '6'),
('16', '7'),
('16', '10'),
('16', '11'),
('16', '14'),
('16', '15'),
('16', '22'),
('16', '23'),
('16', '26'),
('16', '27'),
('16', '30'),
('16', '31'),
('16', '34'),
('16', '35'),
('16', '38'),
('16', '39'),
('17', '2'),
('17', '3'),
('17', '6'),
('17', '7'),
('17', '10'),
('17', '11'),
('17', '14'),
('17', '15'),
('17', '22'),
('17', '23'),
('17', '26'),
('17', '27'),
('17', '30'),
('17', '31'),
('17', '34'),
('17', '35'),
('17', '38'),
('17', '39'),
('18', '2'),
('18', '3'),
('18', '6'),
('18', '7'),
('18', '10'),
('18', '11'),
('18', '14'),
('18', '15'),
('18', '22'),
('18', '23'),
('18', '26'),
('18', '27'),
('18', '30'),
('18', '31'),
('18', '34'),
('18', '35'),
('18', '38'),
('18', '39'),
('19', '2'),
('19', '3'),
('19', '6'),
('19', '7'),
('19', '10'),
('19', '11'),
('19', '14'),
('19', '15'),
('19', '22'),
('19', '23'),
('19', '26'),
('19', '27'),
('19', '30'),
('19', '31'),
('19', '34'),
('19', '35'),
('19', '38'),
('19', '39'),
('20', '2'),
('20', '3'),
('20', '6'),
('20', '7'),
('20', '10'),
('20', '11'),
('20', '14'),
('20', '15'),
('20', '22'),
('20', '23'),
('20', '26'),
('20', '27'),
('20', '30'),
('20', '31'),
('20', '34'),
('20', '35'),
('20', '38'),
('20', '39'),
('21', '2'),
('21', '3'),
('21', '6'),
('21', '7'),
('21', '10'),
('21', '11'),
('21', '14'),
('21', '15'),
('21', '22'),
('21', '23'),
('21', '26'),
('21', '27'),
('21', '30'),
('21', '31'),
('21', '34'),
('21', '35'),
('21', '38'),
('21', '39'),
('22', '2'),
('22', '3'),
('22', '6'),
('22', '7'),
('22', '10'),
('22', '11'),
('22', '14'),
('22', '15'),
('22', '22'),
('22', '23'),
('22', '26'),
('22', '27'),
('22', '30'),
('22', '31'),
('22', '34'),
('22', '35'),
('22', '38'),
('22', '39'),
('23', '2'),
('23', '3'),
('23', '6'),
('23', '7'),
('23', '10'),
('23', '11'),
('23', '14'),
('23', '15'),
('23', '22'),
('23', '23'),
('23', '26'),
('23', '27'),
('23', '30'),
('23', '31'),
('23', '34'),
('23', '35'),
('23', '38'),
('23', '39'),
('24', '2'),
('24', '3'),
('24', '6'),
('24', '7'),
('24', '10'),
('24', '11'),
('24', '14'),
('24', '15'),
('24', '22'),
('24', '23'),
('24', '26'),
('24', '27'),
('24', '30'),
('24', '31'),
('24', '34'),
('24', '35'),
('24', '38'),
('24', '39'),
('25', '2'),
('25', '3'),
('25', '6'),
('25', '7'),
('25', '10'),
('25', '11'),
('25', '14'),
('25', '15'),
('25', '16'),
('25', '17'),
('25', '22'),
('25', '23'),
('25', '26'),
('25', '27'),
('25', '30'),
('25', '31'),
('25', '34'),
('25', '35'),
('25', '38'),
('25', '39'),
('26', '2'),
('26', '3'),
('26', '6'),
('26', '7'),
('26', '10'),
('26', '11'),
('26', '14'),
('26', '15'),
('26', '22'),
('26', '23'),
('26', '26'),
('26', '27'),
('26', '30'),
('26', '31'),
('26', '34'),
('26', '35'),
('26', '38'),
('26', '39'),
('27', '2'),
('27', '3'),
('27', '6'),
('27', '7'),
('27', '10'),
('27', '11'),
('27', '14'),
('27', '15'),
('27', '16'),
('27', '17'),
('27', '22'),
('27', '23'),
('27', '26'),
('27', '27'),
('27', '30'),
('27', '31'),
('27', '34'),
('27', '35'),
('27', '38'),
('27', '39'),
('28', '2'),
('28', '3'),
('28', '6'),
('28', '7'),
('28', '10'),
('28', '11'),
('28', '14'),
('28', '15'),
('28', '16'),
('28', '22'),
('28', '23'),
('28', '26'),
('28', '27'),
('28', '30'),
('28', '31'),
('28', '34'),
('28', '35'),
('28', '38'),
('28', '39'),
('29', '2'),
('29', '3'),
('29', '6'),
('29', '7'),
('29', '10'),
('29', '11'),
('29', '14'),
('29', '15'),
('29', '22'),
('29', '23'),
('29', '26'),
('29', '27'),
('29', '30'),
('29', '31'),
('29', '34'),
('29', '35'),
('29', '38'),
('29', '39'),
('30', '2'),
('30', '3'),
('30', '6'),
('30', '7'),
('30', '10'),
('30', '11'),
('30', '14'),
('30', '15'),
('30', '22'),
('30', '23'),
('30', '26'),
('30', '27'),
('30', '30'),
('30', '31'),
('30', '34'),
('30', '35'),
('30', '38'),
('30', '39'),
('31', '2'),
('31', '3'),
('31', '6'),
('31', '7'),
('31', '10'),
('31', '11'),
('31', '14'),
('31', '15'),
('31', '22'),
('31', '23'),
('31', '26'),
('31', '27'),
('31', '30'),
('31', '31'),
('31', '34'),
('31', '35'),
('31', '38'),
('31', '39'),
('32', '2'),
('32', '3'),
('32', '6'),
('32', '7'),
('32', '10'),
('32', '11'),
('32', '14'),
('32', '15'),
('32', '22'),
('32', '23'),
('32', '26'),
('32', '27'),
('32', '30'),
('32', '31'),
('32', '34'),
('32', '35'),
('32', '38'),
('32', '39'),
('33', '2'),
('33', '3'),
('33', '6'),
('33', '7'),
('33', '10'),
('33', '11'),
('33', '14'),
('33', '15'),
('33', '22'),
('33', '23'),
('33', '26'),
('33', '27'),
('33', '30'),
('33', '31'),
('33', '34'),
('33', '35'),
('33', '38'),
('33', '39'),
('34', '2'),
('34', '3'),
('34', '6'),
('34', '7'),
('34', '10'),
('34', '11'),
('34', '14'),
('34', '15'),
('34', '22'),
('34', '23'),
('34', '26'),
('34', '27'),
('34', '30'),
('34', '31'),
('34', '34'),
('34', '35'),
('34', '38'),
('34', '39'),
('35', '2'),
('35', '3'),
('35', '6'),
('35', '7'),
('35', '10'),
('35', '11'),
('35', '14'),
('35', '15'),
('35', '22'),
('35', '23'),
('35', '26'),
('35', '27'),
('35', '30'),
('35', '31'),
('35', '34'),
('35', '35'),
('35', '38'),
('35', '39'),
('36', '2'),
('36', '3'),
('36', '6'),
('36', '7'),
('36', '10'),
('36', '11'),
('36', '14'),
('36', '15'),
('36', '22'),
('36', '23'),
('36', '26'),
('36', '27'),
('36', '30'),
('36', '31'),
('36', '34'),
('36', '35'),
('36', '38'),
('36', '39'),
('37', '2'),
('37', '3'),
('37', '6'),
('37', '7'),
('37', '10'),
('37', '11'),
('37', '14'),
('37', '15'),
('37', '22'),
('37', '23'),
('37', '26'),
('37', '27'),
('37', '30'),
('37', '31'),
('37', '34'),
('37', '35'),
('37', '38'),
('37', '39'),
('38', '2'),
('38', '3'),
('38', '6'),
('38', '7'),
('38', '10'),
('38', '11'),
('38', '14'),
('38', '15'),
('38', '22'),
('38', '23'),
('38', '26'),
('38', '27'),
('38', '30'),
('38', '31'),
('38', '34'),
('38', '35'),
('38', '38'),
('38', '39'),
('39', '2'),
('39', '3'),
('39', '6'),
('39', '7'),
('39', '10'),
('39', '11'),
('39', '14'),
('39', '15'),
('39', '22'),
('39', '23'),
('39', '26'),
('39', '27'),
('39', '30'),
('39', '31'),
('39', '34'),
('39', '35'),
('39', '38'),
('39', '39'),
('40', '2'),
('40', '3'),
('40', '6'),
('40', '7'),
('40', '10'),
('40', '11'),
('40', '14'),
('40', '15'),
('40', '22'),
('40', '23'),
('40', '26'),
('40', '27'),
('40', '30'),
('40', '31'),
('40', '34'),
('40', '35'),
('40', '38'),
('40', '39'),
('41', '2'),
('41', '3'),
('41', '6'),
('41', '7'),
('41', '10'),
('41', '11'),
('41', '14'),
('41', '15'),
('41', '22'),
('41', '23'),
('41', '26'),
('41', '27'),
('41', '30'),
('41', '31'),
('41', '34'),
('41', '35'),
('41', '38'),
('41', '39'),
('42', '2'),
('42', '3'),
('42', '6'),
('42', '7'),
('42', '10'),
('42', '11'),
('42', '14'),
('42', '15'),
('42', '22'),
('42', '23'),
('42', '26'),
('42', '27'),
('42', '30'),
('42', '31'),
('42', '34'),
('42', '35'),
('42', '38'),
('42', '39'),
('43', '2'),
('43', '3'),
('43', '6'),
('43', '7'),
('43', '10'),
('43', '11'),
('43', '14'),
('43', '15'),
('43', '22'),
('43', '23'),
('43', '26'),
('43', '27'),
('43', '30'),
('43', '31'),
('43', '34'),
('43', '35'),
('43', '38'),
('43', '39'),
('44', '2'),
('44', '3'),
('44', '6'),
('44', '7'),
('44', '10'),
('44', '11'),
('44', '14'),
('44', '15'),
('44', '22'),
('44', '23'),
('44', '26'),
('44', '27'),
('44', '30'),
('44', '31'),
('44', '34'),
('44', '35'),
('44', '38'),
('44', '39'),
('45', '2'),
('45', '3'),
('45', '6'),
('45', '7'),
('45', '10'),
('45', '11'),
('45', '14'),
('45', '15'),
('45', '22'),
('45', '23'),
('45', '26'),
('45', '27'),
('45', '30'),
('45', '31'),
('45', '34'),
('45', '35'),
('45', '38'),
('45', '39'),
('46', '2'),
('46', '3'),
('46', '6'),
('46', '7'),
('46', '10'),
('46', '11'),
('46', '14'),
('46', '15'),
('46', '22'),
('46', '23'),
('46', '26'),
('46', '27'),
('46', '30'),
('46', '31'),
('46', '34'),
('46', '35'),
('46', '38'),
('46', '39'),
('47', '2'),
('47', '3'),
('47', '6'),
('47', '7'),
('47', '10'),
('47', '11'),
('47', '14'),
('47', '15'),
('47', '22'),
('47', '23'),
('47', '26'),
('47', '27'),
('47', '30'),
('47', '31'),
('47', '34'),
('47', '35'),
('47', '38'),
('47', '39'),
('48', '2'),
('48', '3'),
('48', '6'),
('48', '7'),
('48', '10'),
('48', '11'),
('48', '14'),
('48', '15'),
('48', '22'),
('48', '23'),
('48', '26'),
('48', '27'),
('48', '30'),
('48', '31'),
('48', '34'),
('48', '35'),
('48', '38'),
('48', '39'),
('49', '2'),
('49', '3'),
('49', '6'),
('49', '7'),
('49', '10'),
('49', '11'),
('49', '14'),
('49', '15'),
('49', '22'),
('49', '23'),
('49', '26'),
('49', '27'),
('49', '30'),
('49', '31'),
('49', '34'),
('49', '35'),
('49', '38'),
('49', '39'),
('50', '2'),
('50', '3'),
('50', '6'),
('50', '7'),
('50', '10'),
('50', '11'),
('50', '14'),
('50', '15'),
('50', '22'),
('50', '23'),
('50', '26'),
('50', '27'),
('50', '30'),
('50', '31'),
('50', '34'),
('50', '35'),
('50', '38'),
('50', '39'),
('51', '2'),
('51', '3'),
('51', '6'),
('51', '7'),
('51', '10'),
('51', '11'),
('51', '14'),
('51', '15'),
('51', '22'),
('51', '23'),
('51', '26'),
('51', '27'),
('51', '30'),
('51', '31'),
('51', '34'),
('51', '35'),
('51', '38'),
('51', '39'),
('52', '2'),
('52', '3'),
('52', '6'),
('52', '7'),
('52', '10'),
('52', '11'),
('52', '14'),
('52', '15'),
('52', '22'),
('52', '23'),
('52', '26'),
('52', '27'),
('52', '30'),
('52', '31'),
('52', '34'),
('52', '35'),
('52', '38'),
('52', '39'),
('53', '2'),
('53', '3'),
('53', '6'),
('53', '7'),
('53', '10'),
('53', '11'),
('53', '14'),
('53', '15'),
('53', '22'),
('53', '23'),
('53', '26'),
('53', '27'),
('53', '30'),
('53', '31'),
('53', '34'),
('53', '35'),
('53', '38'),
('53', '39'),
('54', '2'),
('54', '3'),
('54', '6'),
('54', '7'),
('54', '10'),
('54', '11'),
('54', '14'),
('54', '15'),
('54', '22'),
('54', '23'),
('54', '26'),
('54', '27'),
('54', '30'),
('54', '31'),
('54', '34'),
('54', '35'),
('54', '38'),
('54', '39'),
('55', '2'),
('55', '3'),
('55', '6'),
('55', '7'),
('55', '10'),
('55', '11'),
('55', '14'),
('55', '15'),
('55', '22'),
('55', '23'),
('55', '26'),
('55', '27'),
('55', '30'),
('55', '31'),
('55', '34'),
('55', '35'),
('55', '38'),
('55', '39'),
('56', '2'),
('56', '3'),
('56', '6'),
('56', '7'),
('56', '10');

INSERT INTO `role_has_permissions` VALUES
('56', '11'),
('56', '14'),
('56', '15'),
('56', '22'),
('56', '23'),
('56', '26'),
('56', '27'),
('56', '30'),
('56', '31'),
('56', '34'),
('56', '35'),
('56', '38'),
('56', '39'),
('57', '2'),
('57', '3'),
('57', '6'),
('57', '7'),
('57', '10'),
('57', '11'),
('57', '14'),
('57', '15'),
('57', '22'),
('57', '23'),
('57', '26'),
('57', '27'),
('57', '30'),
('57', '31'),
('57', '34'),
('57', '35'),
('57', '38'),
('57', '39'),
('58', '2'),
('58', '3'),
('58', '6'),
('58', '7'),
('58', '10'),
('58', '11'),
('58', '14'),
('58', '15'),
('58', '22'),
('58', '23'),
('58', '26'),
('58', '27'),
('58', '30'),
('58', '31'),
('58', '34'),
('58', '35'),
('58', '38'),
('58', '39'),
('59', '2'),
('59', '3'),
('59', '6'),
('59', '7'),
('59', '10'),
('59', '11'),
('59', '14'),
('59', '15'),
('59', '22'),
('59', '23'),
('59', '26'),
('59', '27'),
('59', '30'),
('59', '31'),
('59', '34'),
('59', '35'),
('59', '38'),
('59', '39'),
('60', '2'),
('60', '3'),
('60', '6'),
('60', '7'),
('60', '10'),
('60', '11'),
('60', '14'),
('60', '15'),
('60', '22'),
('60', '23'),
('60', '26'),
('60', '27'),
('60', '30'),
('60', '31'),
('60', '34'),
('60', '35'),
('60', '38'),
('60', '39'),
('61', '2'),
('61', '3'),
('61', '6'),
('61', '7'),
('61', '10'),
('61', '11'),
('61', '14'),
('61', '15'),
('61', '22'),
('61', '23'),
('61', '26'),
('61', '27'),
('61', '30'),
('61', '31'),
('61', '34'),
('61', '35'),
('61', '38'),
('61', '39'),
('62', '2'),
('62', '3'),
('62', '6'),
('62', '7'),
('62', '10'),
('62', '11'),
('62', '14'),
('62', '15'),
('62', '22'),
('62', '23'),
('62', '26'),
('62', '27'),
('62', '30'),
('62', '31'),
('62', '34'),
('62', '35'),
('62', '38'),
('62', '39'),
('63', '2'),
('63', '3'),
('63', '6'),
('63', '7'),
('63', '10'),
('63', '11'),
('63', '14'),
('63', '15'),
('63', '22'),
('63', '23'),
('63', '26'),
('63', '27'),
('63', '30'),
('63', '31'),
('63', '34'),
('63', '35'),
('63', '38'),
('63', '39'),
('64', '2'),
('64', '3'),
('64', '6'),
('64', '7'),
('64', '10'),
('64', '11'),
('64', '14'),
('64', '15'),
('64', '22'),
('64', '23'),
('64', '26'),
('64', '27'),
('64', '30'),
('64', '31'),
('64', '34'),
('64', '35'),
('64', '38'),
('64', '39'),
('65', '2'),
('65', '3'),
('65', '6'),
('65', '7'),
('65', '10'),
('65', '11'),
('65', '14'),
('65', '15'),
('65', '22'),
('65', '23'),
('65', '26'),
('65', '27'),
('65', '30'),
('65', '31'),
('65', '34'),
('65', '35'),
('65', '38'),
('65', '39'),
('66', '2'),
('66', '3'),
('66', '6'),
('66', '7'),
('66', '10'),
('66', '11'),
('66', '14'),
('66', '15'),
('66', '22'),
('66', '23'),
('66', '26'),
('66', '27'),
('66', '30'),
('66', '31'),
('66', '34'),
('66', '35'),
('66', '38'),
('66', '39'),
('67', '2'),
('67', '3'),
('67', '6'),
('67', '7'),
('67', '10'),
('67', '11'),
('67', '14'),
('67', '15'),
('67', '22'),
('67', '23'),
('67', '26'),
('67', '27'),
('67', '30'),
('67', '31'),
('67', '34'),
('67', '35'),
('67', '38'),
('67', '39'),
('68', '2'),
('68', '3'),
('68', '6'),
('68', '7'),
('68', '10'),
('68', '11'),
('68', '14'),
('68', '15'),
('68', '22'),
('68', '23'),
('68', '26'),
('68', '27'),
('68', '30'),
('68', '31'),
('68', '34'),
('68', '35'),
('68', '38'),
('68', '39'),
('69', '2'),
('69', '3'),
('69', '6'),
('69', '7'),
('69', '10'),
('69', '11'),
('69', '14'),
('69', '15'),
('69', '22'),
('69', '23'),
('69', '26'),
('69', '27'),
('69', '30'),
('69', '31'),
('69', '34'),
('69', '35'),
('69', '38'),
('69', '39'),
('70', '2'),
('70', '3'),
('70', '6'),
('70', '7'),
('70', '10'),
('70', '11'),
('70', '14'),
('70', '15'),
('70', '22'),
('70', '23'),
('70', '26'),
('70', '27'),
('70', '30'),
('70', '31'),
('70', '34'),
('70', '35'),
('70', '38'),
('70', '39'),
('71', '2'),
('71', '3'),
('71', '6'),
('71', '7'),
('71', '10'),
('71', '11'),
('71', '14'),
('71', '15'),
('71', '22'),
('71', '23'),
('71', '26'),
('71', '27'),
('71', '30'),
('71', '31'),
('71', '34'),
('71', '35'),
('71', '38'),
('71', '39'),
('72', '2'),
('72', '3'),
('72', '6'),
('72', '7'),
('72', '10'),
('72', '11'),
('72', '14'),
('72', '15'),
('72', '22'),
('72', '23'),
('72', '26'),
('72', '27'),
('72', '30'),
('72', '31'),
('72', '34'),
('72', '35'),
('72', '38'),
('72', '39'),
('73', '2'),
('73', '3'),
('73', '6'),
('73', '7'),
('73', '10'),
('73', '11'),
('73', '14'),
('73', '15'),
('73', '22'),
('73', '23'),
('73', '26'),
('73', '27'),
('73', '30'),
('73', '31'),
('73', '34'),
('73', '35'),
('73', '38'),
('73', '39'),
('74', '2'),
('74', '3'),
('74', '6'),
('74', '7'),
('74', '10'),
('74', '11'),
('74', '14'),
('74', '15'),
('74', '22'),
('74', '23'),
('74', '26'),
('74', '27'),
('74', '30'),
('74', '31'),
('74', '34'),
('74', '35'),
('74', '38'),
('74', '39'),
('75', '2'),
('75', '3'),
('75', '6'),
('75', '7'),
('75', '10'),
('75', '11'),
('75', '14'),
('75', '15'),
('75', '22'),
('75', '23'),
('75', '26'),
('75', '27'),
('75', '30'),
('75', '31'),
('75', '34'),
('75', '35'),
('75', '38'),
('75', '39'),
('76', '2'),
('76', '3'),
('76', '6'),
('76', '7'),
('76', '10'),
('76', '11'),
('76', '14'),
('76', '15'),
('76', '22'),
('76', '23'),
('76', '26'),
('76', '27'),
('76', '30'),
('76', '31'),
('76', '34'),
('76', '35'),
('76', '38'),
('76', '39'),
('77', '2'),
('77', '3'),
('77', '6'),
('77', '7'),
('77', '10'),
('77', '11'),
('77', '14'),
('77', '15'),
('77', '22'),
('77', '23'),
('77', '26'),
('77', '27'),
('77', '30'),
('77', '31'),
('77', '34'),
('77', '35'),
('77', '38'),
('77', '39'),
('78', '2'),
('78', '3'),
('78', '6'),
('78', '7'),
('78', '10'),
('78', '11'),
('78', '14'),
('78', '15'),
('78', '22'),
('78', '23'),
('78', '26'),
('78', '27'),
('78', '30'),
('78', '31'),
('78', '34'),
('78', '35'),
('78', '38'),
('78', '39'),
('79', '2'),
('79', '3'),
('79', '6'),
('79', '7'),
('79', '10'),
('79', '11'),
('79', '14'),
('79', '15'),
('79', '22'),
('79', '23'),
('79', '26'),
('79', '27'),
('79', '30'),
('79', '31'),
('79', '34'),
('79', '35'),
('79', '38'),
('79', '39'),
('80', '2'),
('80', '3'),
('80', '6'),
('80', '7'),
('80', '10'),
('80', '11'),
('80', '14'),
('80', '15'),
('80', '22'),
('80', '23'),
('80', '26'),
('80', '27'),
('80', '30'),
('80', '31'),
('80', '34'),
('80', '35'),
('80', '38'),
('80', '39'),
('81', '2'),
('81', '3'),
('81', '6'),
('81', '7'),
('81', '10'),
('81', '11'),
('81', '14'),
('81', '15'),
('81', '22'),
('81', '23'),
('81', '26'),
('81', '27'),
('81', '30'),
('81', '31'),
('81', '34'),
('81', '35'),
('81', '38'),
('81', '39'),
('82', '2'),
('82', '3'),
('82', '6'),
('82', '7'),
('82', '10'),
('82', '11'),
('82', '14'),
('82', '15'),
('82', '22'),
('82', '23'),
('82', '26'),
('82', '27'),
('82', '30'),
('82', '31'),
('82', '34'),
('82', '35'),
('82', '38'),
('82', '39'),
('83', '2'),
('83', '3'),
('83', '6'),
('83', '7'),
('83', '10'),
('83', '11'),
('83', '14'),
('83', '15'),
('83', '22'),
('83', '23'),
('83', '26'),
('83', '27'),
('83', '30'),
('83', '31'),
('83', '34'),
('83', '35'),
('83', '38'),
('83', '39'),
('84', '2'),
('84', '3'),
('84', '6'),
('84', '7'),
('84', '10'),
('84', '11'),
('84', '14'),
('84', '15'),
('84', '22'),
('84', '23'),
('84', '26'),
('84', '27'),
('84', '30'),
('84', '31'),
('84', '34'),
('84', '35'),
('84', '38'),
('84', '39'),
('85', '2'),
('85', '3'),
('85', '6'),
('85', '7'),
('85', '10'),
('85', '11'),
('85', '14'),
('85', '15'),
('85', '22'),
('85', '23'),
('85', '26'),
('85', '27'),
('85', '30'),
('85', '31'),
('85', '34'),
('85', '35'),
('85', '38'),
('85', '39'),
('86', '2'),
('86', '3'),
('86', '6'),
('86', '7'),
('86', '10'),
('86', '11'),
('86', '14'),
('86', '15'),
('86', '22'),
('86', '23'),
('86', '26'),
('86', '27'),
('86', '30'),
('86', '31'),
('86', '34'),
('86', '35'),
('86', '38'),
('86', '39'),
('87', '2'),
('87', '3'),
('87', '6'),
('87', '7'),
('87', '10'),
('87', '11'),
('87', '14'),
('87', '15'),
('87', '22'),
('87', '23'),
('87', '26'),
('87', '27'),
('87', '30'),
('87', '31'),
('87', '34'),
('87', '35'),
('87', '38'),
('87', '39'),
('88', '2'),
('88', '3'),
('88', '6'),
('88', '7'),
('88', '10'),
('88', '11'),
('88', '14'),
('88', '15'),
('88', '22'),
('88', '23'),
('88', '26'),
('88', '27'),
('88', '30'),
('88', '31'),
('88', '34'),
('88', '35'),
('88', '38'),
('88', '39'),
('89', '2'),
('89', '3'),
('89', '6'),
('89', '7'),
('89', '10'),
('89', '11'),
('89', '14'),
('89', '15'),
('89', '22'),
('89', '23'),
('89', '26'),
('89', '27'),
('89', '30'),
('89', '31'),
('89', '34'),
('89', '35'),
('89', '38'),
('89', '39'),
('90', '2'),
('90', '3'),
('90', '6'),
('90', '7'),
('90', '10'),
('90', '11'),
('90', '14'),
('90', '15'),
('90', '22'),
('90', '23'),
('90', '26'),
('90', '27'),
('90', '30'),
('90', '31'),
('90', '34'),
('90', '35'),
('90', '38'),
('90', '39'),
('91', '2'),
('91', '3'),
('91', '6'),
('91', '7'),
('91', '10'),
('91', '11'),
('91', '14'),
('91', '15'),
('91', '22'),
('91', '23'),
('91', '26'),
('91', '27'),
('91', '30'),
('91', '31'),
('91', '34'),
('91', '35'),
('91', '38'),
('91', '39'),
('92', '2'),
('92', '3'),
('92', '6'),
('92', '7'),
('92', '10'),
('92', '11'),
('92', '14'),
('92', '15'),
('92', '22'),
('92', '23'),
('92', '26'),
('92', '27'),
('92', '30'),
('92', '31'),
('92', '34'),
('92', '35'),
('92', '38'),
('92', '39');


-- Table structure for table `roles`
CREATE TABLE `roles` (
  `id` bigint(20) unsigned NOT NULL AUTO_INCREMENT,
  `name` varchar(191) NOT NULL,
  `display_name` varchar(191) DEFAULT NULL,
  `guard_name` varchar(191) NOT NULL,
  `created_at` timestamp NULL DEFAULT NULL,
  `updated_at` timestamp NULL DEFAULT NULL,
  `restaurant_id` bigint(20) unsigned DEFAULT NULL,
  PRIMARY KEY (`id`),
  UNIQUE KEY `roles_name_guard_name_unique` (`name`,`guard_name`),
  KEY `roles_restaurant_id_foreign` (`restaurant_id`),
  CONSTRAINT `roles_restaurant_id_foreign` FOREIGN KEY (`restaurant_id`) REFERENCES `restaurants` (`id`) ON DELETE CASCADE
) ENGINE=InnoDB AUTO_INCREMENT=42 DEFAULT CHARSET=utf8mb4 COLLATE=utf8mb4_unicode_ci;

-- Dumping data for table `roles`
INSERT INTO `roles` VALUES
('1', 'Super Admin', 'Super Admin', 'web', '2025-09-17 05:36:43', '2025-09-17 05:36:43', NULL),
('2', 'Admin_1', 'Admin', 'web', '2025-09-17 05:36:44', '2025-09-17 05:36:44', '1'),
('3', 'Branch Head_1', 'Branch Head', 'web', '2025-09-17 05:36:44', '2025-09-17 05:36:44', '1'),
('4', 'Waiter_1', 'Waiter', 'web', '2025-09-17 05:36:44', '2025-09-17 05:36:44', '1'),
('5', 'Chef_1', 'Chef', 'web', '2025-09-17 05:36:44', '2025-09-17 05:36:44', '1'),
('6', 'Admin_2', 'Admin', 'web', '2025-09-17 10:02:45', '2025-09-17 10:02:45', '2'),
('7', 'Branch Head_2', 'Branch Head', 'web', '2025-09-17 10:02:45', '2025-09-17 10:02:45', '2'),
('8', 'Waiter_2', 'Waiter', 'web', '2025-09-17 10:02:45', '2025-09-17 10:02:45', '2'),
('9', 'Chef_2', 'Chef', 'web', '2025-09-17 10:02:45', '2025-09-17 10:02:45', '2'),
('10', 'Admin_3', 'Admin', 'web', '2025-09-20 12:56:45', '2025-09-20 12:56:45', '3'),
('11', 'Branch Head_3', 'Branch Head', 'web', '2025-09-20 12:56:45', '2025-09-20 12:56:45', '3'),
('12', 'Waiter_3', 'Waiter', 'web', '2025-09-20 12:56:45', '2025-09-20 12:56:45', '3'),
('13', 'Chef_3', 'Chef', 'web', '2025-09-20 12:56:45', '2025-09-20 12:56:45', '3'),
('14', 'Admin_4', 'Admin', 'web', '2025-10-07 15:00:09', '2025-10-07 15:00:09', '4'),
('15', 'Branch Head_4', 'Branch Head', 'web', '2025-10-07 15:00:09', '2025-10-07 15:00:09', '4'),
('16', 'Waiter_4', 'Waiter', 'web', '2025-10-07 15:00:09', '2025-10-07 15:00:09', '4'),
('17', 'Chef_4', 'Chef', 'web', '2025-10-07 15:00:09', '2025-10-07 15:00:09', '4'),
('22', 'Admin_26', 'Admin', 'web', '2025-11-07 17:23:04', '2025-11-07 17:23:04', '26'),
('23', 'Branch Head_26', 'Branch Head', 'web', '2025-11-07 17:23:04', '2025-11-07 17:23:04', '26'),
('24', 'Waiter_26', 'Waiter', 'web', '2025-11-07 17:23:04', '2025-11-07 17:23:04', '26'),
('25', 'Chef_26', 'Chef', 'web', '2025-11-07 17:23:04', '2025-11-07 17:23:04', '26'),
('26', 'Admin_27', 'Admin', 'web', '2025-11-08 10:32:27', '2025-11-08 10:32:27', '27'),
('27', 'Branch Head_27', 'Branch Head', 'web', '2025-11-08 10:32:27', '2025-11-08 10:32:27', '27'),
('28', 'Waiter_27', 'Waiter', 'web', '2025-11-08 10:32:27', '2025-11-08 10:32:27', '27'),
('29', 'Chef_27', 'Chef', 'web', '2025-11-08 10:32:27', '2025-11-08 10:32:27', '27'),
('30', 'Admin_28', 'Admin', 'web', '2025-11-12 14:15:51', '2025-11-12 14:15:51', '28'),
('31', 'Branch Head_28', 'Branch Head', 'web', '2025-11-12 14:15:51', '2025-11-12 14:15:51', '28'),
('32', 'Waiter_28', 'Waiter', 'web', '2025-11-12 14:15:51', '2025-11-12 14:15:51', '28'),
('33', 'Chef_28', 'Chef', 'web', '2025-11-12 14:15:51', '2025-11-12 14:15:51', '28'),
('34', 'Admin_29', 'Admin', 'web', '2025-11-13 15:41:44', '2025-11-13 15:41:44', '29'),
('35', 'Branch Head_29', 'Branch Head', 'web', '2025-11-13 15:41:44', '2025-11-13 15:41:44', '29'),
('36', 'Waiter_29', 'Waiter', 'web', '2025-11-13 15:41:44', '2025-11-13 15:41:44', '29'),
('37', 'Chef_29', 'Chef', 'web', '2025-11-13 15:41:44', '2025-11-13 15:41:44', '29'),
('38', 'Admin_30', 'Admin', 'web', '2025-11-15 07:46:25', '2025-11-15 07:46:25', '30'),
('39', 'Branch Head_30', 'Branch Head', 'web', '2025-11-15 07:46:25', '2025-11-15 07:46:25', '30'),
('40', 'Waiter_30', 'Waiter', 'web', '2025-11-15 07:46:25', '2025-11-15 07:46:25', '30'),
('41', 'Chef_30', 'Chef', 'web', '2025-11-15 07:46:25', '2025-11-15 07:46:25', '30');


-- Table structure for table `sessions`
CREATE TABLE `sessions` (
  `id` varchar(191) NOT NULL,
  `user_id` bigint(20) unsigned DEFAULT NULL,
  `ip_address` varchar(45) DEFAULT NULL,
  `user_agent` text DEFAULT NULL,
  `payload` longtext NOT NULL,
  `last_activity` int(11) NOT NULL,
  PRIMARY KEY (`id`),
  KEY `sessions_user_id_index` (`user_id`),
  KEY `sessions_last_activity_index` (`last_activity`)
) ENGINE=InnoDB DEFAULT CHARSET=utf8mb4 COLLATE=utf8mb4_unicode_ci;

-- Dumping data for table `sessions`
INSERT INTO `sessions` VALUES
('0hk8Ld4SPVEmhudDlJoDMfmzo5Qxj0WLxEVA0CUv', NULL, '43.135.133.194', 'Mozilla/5.0 (iPhone; CPU iPhone OS 13_2_3 like Mac OS X) AppleWebKit/605.1.15 (KHTML, like Gecko) Version/13.0.3 Mobile/15E148 Safari/604.1', 'YTo1OntzOjY6Il90b2tlbiI7czo0MDoidU51Umk0NThnZDZzZUN3d3lXYXloRmdkYmNETlJOeFozaUNGYW1QQyI7czoyMDoiY2hlY2tfbWlncmF0ZV9zdGF0dXMiO3M6NDoiR29vZCI7czoxNToiY3VzdG9tZXJfaXNfcnRsIjtiOjA7czo5OiJfcHJldmlvdXMiO2E6MTp7czozOiJ1cmwiO3M6MTg6Imh0dHA6Ly9ld2lpZGluZS5jYSI7fXM6NjoiX2ZsYXNoIjthOjI6e3M6Mzoib2xkIjthOjA6e31zOjM6Im5ldyI7YTowOnt9fX0=', '1765377784'),
('1zxYvGAKGG3MMispCt1khP3rZ4e59tTuNZICbpOy', NULL, '49.51.72.236', 'Mozilla/5.0 (iPhone; CPU iPhone OS 13_2_3 like Mac OS X) AppleWebKit/605.1.15 (KHTML, like Gecko) Version/13.0.3 Mobile/15E148 Safari/604.1', 'YTo1OntzOjY6Il90b2tlbiI7czo0MDoiV0tjNmZQcUl6ZWVjMU1qeWR2RFNaOUh0SUN3d0hoS2wzVTkyaUE2OCI7czoyMDoiY2hlY2tfbWlncmF0ZV9zdGF0dXMiO3M6NDoiR29vZCI7czoxNToiY3VzdG9tZXJfaXNfcnRsIjtiOjA7czo5OiJfcHJldmlvdXMiO2E6MTp7czozOiJ1cmwiO3M6MjI6Imh0dHA6Ly93d3cuZXdpaWRpbmUuY2EiO31zOjY6Il9mbGFzaCI7YToyOntzOjM6Im9sZCI7YTowOnt9czozOiJuZXciO2E6MDp7fX19', '1765392335'),
('2DPnWHICNiwfMSIi80ceDt1moDsnXyU32TEUBPwP', NULL, '100.30.248.17', 'Mozilla/5.0 (Windows NT 10.0; Win64; x64) AppleWebKit/537.36 (KHTML, like Gecko) Chrome/81.0.4044.122 Safari/537.36', 'YTo1OntzOjY6Il90b2tlbiI7czo0MDoiSmxUYm1aNEJpTkI0WmRjUEIyNURiZm82RUtuMlE4U29WRlZieGVYTCI7czoyMDoiY2hlY2tfbWlncmF0ZV9zdGF0dXMiO3M6NDoiR29vZCI7czoxNToiY3VzdG9tZXJfaXNfcnRsIjtiOjA7czo5OiJfcHJldmlvdXMiO2E6MTp7czozOiJ1cmwiO3M6MjM6Imh0dHBzOi8vd3d3LmV3aWlkaW5lLmNhIjt9czo2OiJfZmxhc2giO2E6Mjp7czozOiJvbGQiO2E6MDp7fXM6MzoibmV3IjthOjA6e319fQ==', '1765412179'),
('5TBcy2Vll0h6weQJwIKuwogVmNi1KGW4VEYmrOfo', NULL, '51.68.111.202', 'Mozilla/5.0 (compatible; MJ12bot/v2.0.4; http://mj12bot.com/)', 'YTo1OntzOjY6Il90b2tlbiI7czo0MDoiVUYxOGRRTWlzMTRjWjdxWkNoUUM4eVRXU0RYMzhoTVg4TktuZ0RUUyI7czoyMDoiY2hlY2tfbWlncmF0ZV9zdGF0dXMiO3M6NDoiR29vZCI7czoxNToiY3VzdG9tZXJfaXNfcnRsIjtiOjA7czo5OiJfcHJldmlvdXMiO2E6MTp7czozOiJ1cmwiO3M6MTk6Imh0dHBzOi8vZXdpaWRpbmUuY2EiO31zOjY6Il9mbGFzaCI7YToyOntzOjM6Im9sZCI7YTowOnt9czozOiJuZXciO2E6MDp7fX19', '1765366915'),
('5WGytnCCRqM6Ztk7viy3EfZFvVbgt5mhRZ2C8vGQ', NULL, '54.39.136.126', 'Mozilla/5.0 (compatible; AhrefsBot/7.0; +http://ahrefs.com/robot/)', 'YTo2OntzOjY6Il90b2tlbiI7czo0MDoiYXFwcVFGR21BdVFwZEJ3V1NNV01Zb3d2d3NOd21pU2dWdVdJV0tTVCI7czoyMDoiY2hlY2tfbWlncmF0ZV9zdGF0dXMiO3M6NDoiR29vZCI7czoxNToiY3VzdG9tZXJfaXNfcnRsIjtiOjA7czo0OiJ1c2VyIjtOO3M6OToiX3ByZXZpb3VzIjthOjE6e3M6MzoidXJsIjtzOjM3OiJodHRwczovL2V3aWlkaW5lLmNhL3Jlc3RhdXJhbnQtc2lnbnVwIjt9czo2OiJfZmxhc2giO2E6Mjp7czozOiJvbGQiO2E6MDp7fXM6MzoibmV3IjthOjA6e319fQ==', '1765387956'),
('60jUdbK5awd5bt0w21pISWFgyvR4LVLOcjbZSZTr', NULL, '64.23.218.208', '', 'YTozOntzOjY6Il90b2tlbiI7czo0MDoiUTdjemYwMnhSdVV0cklmTjRVV2dvYzFvTUplcXNhU1kzRWxHSHY1YSI7czo5OiJfcHJldmlvdXMiO2E6MTp7czozOiJ1cmwiO3M6MzA6Imh0dHA6Ly9ld2lpZGluZS5jYS5ld2lpZGluZS5jYSI7fXM6NjoiX2ZsYXNoIjthOjI6e3M6Mzoib2xkIjthOjA6e31zOjM6Im5ldyI7YTowOnt9fX0=', '1765403247'),
('884eM9ldLSnZQ7F98AsYKiJkg6zdJZOrv7iLYY5n', NULL, '119.28.140.106', 'Mozilla/5.0 (iPhone; CPU iPhone OS 13_2_3 like Mac OS X) AppleWebKit/605.1.15 (KHTML, like Gecko) Version/13.0.3 Mobile/15E148 Safari/604.1', 'YTo1OntzOjY6Il90b2tlbiI7czo0MDoia0hJck5QSW5LdkZ0OFdmazd1U3FCYTlodWttcmhod0dWYmQwY3o3diI7czoyMDoiY2hlY2tfbWlncmF0ZV9zdGF0dXMiO3M6NDoiR29vZCI7czoxNToiY3VzdG9tZXJfaXNfcnRsIjtiOjA7czo5OiJfcHJldmlvdXMiO2E6MTp7czozOiJ1cmwiO3M6MTg6Imh0dHA6Ly9ld2lpZGluZS5jYSI7fXM6NjoiX2ZsYXNoIjthOjI6e3M6Mzoib2xkIjthOjA6e31zOjM6Im5ldyI7YTowOnt9fX0=', '1765378545'),
('9k7F5Bcv8I0wxf0nRyd4GNRrUyDSLYHV86y2X8bF', '7', '103.197.103.157', 'Mozilla/5.0 (Macintosh; Intel Mac OS X 10_15_7) AppleWebKit/537.36 (KHTML, like Gecko) Chrome/142.0.0.0 Safari/537.36', '[encoded data, 185968 characters]', '1765375146'),
('AVTBhXnbjwHi9T2wJxcCEbNS7RFfqAQmcxKMNPmv', NULL, '106.219.145.1', 'Mozilla/5.0 (Linux; Android 10; K) AppleWebKit/537.36 (KHTML, like Gecko) Chrome/143.0.0.0 Mobile Safari/537.36', '[encoded data, 15836 characters]', '1765372524'),
('ccRUVoehg0hjATGW9VUpmAw82BsfNu2glUEpoCBE', NULL, '54.39.203.170', 'Mozilla/5.0 (compatible; AhrefsBot/7.0; +http://ahrefs.com/robot/)', 'YTo1OntzOjY6Il90b2tlbiI7czo0MDoialVOYVc5VktJZlM5SnVHQVZVanlVWWk2Z203QWJITGx3Mk5LVm9VaSI7czoyMDoiY2hlY2tfbWlncmF0ZV9zdGF0dXMiO3M6NDoiR29vZCI7czoxNToiY3VzdG9tZXJfaXNfcnRsIjtiOjA7czo5OiJfcHJldmlvdXMiO2E6MTp7czozOiJ1cmwiO3M6MTk6Imh0dHBzOi8vZXdpaWRpbmUuY2EiO31zOjY6Il9mbGFzaCI7YToyOntzOjM6Im9sZCI7YTowOnt9czozOiJuZXciO2E6MDp7fX19', '1765398065'),
('e8AUpnwOFPAkGmOm0EXtVKRZhUiDwQaLNIr18HXV', NULL, '101.91.148.219', 'Mozilla/5.0 (iPhone; CPU iPhone OS 13_2_3 like Mac OS X) AppleWebKit/605.1.15 (KHTML, like Gecko) Version/13.0.3 Mobile/15E148 Safari/604.1', 'YTo1OntzOjY6Il90b2tlbiI7czo0MDoiaWRNalZXYXpNMkZoazB6aUhMMTJpWjVPb2pwOWdqdkZ4d3JnM0pMayI7czoyMDoiY2hlY2tfbWlncmF0ZV9zdGF0dXMiO3M6NDoiR29vZCI7czoxNToiY3VzdG9tZXJfaXNfcnRsIjtiOjA7czo5OiJfcHJldmlvdXMiO2E6MTp7czozOiJ1cmwiO3M6MTg6Imh0dHA6Ly9ld2lpZGluZS5jYSI7fXM6NjoiX2ZsYXNoIjthOjI6e3M6Mzoib2xkIjthOjA6e31zOjM6Im5ldyI7YTowOnt9fX0=', '1765413909'),
('hRlh1Mst3oHPIyeOaajWtLhUbgr5ExVHgl6dzM5r', NULL, '106.219.145.1', 'Mozilla/5.0 (Linux; Android 10; K) AppleWebKit/537.36 (KHTML, like Gecko) Chrome/143.0.0.0 Mobile Safari/537.36', '[encoded data, 15836 characters]', '1765372555'),
('im91gUqsHmIXoCRd76JSwXMZkO1aeguqYq45778d', NULL, '138.68.82.23', 'Mozilla/5.0 (l9scan/2.0.2343e2536313e2830323e24373; +https://leakix.net)', 'YTozOntzOjY6Il90b2tlbiI7czo0MDoieHhaU05ZQWRsYnIzV0NKa0k3T0VZOTJudXZNRlprZ0djNWhrU3pCYiI7czo5OiJfcHJldmlvdXMiO2E6MTp7czozOiJ1cmwiO3M6NjM6Imh0dHA6Ly9jcGNvbnRhY3RzLmV3aWlkaW5lLmNhLz9yZXN0X3JvdXRlPSUyRndwJTJGdjIlMkZ1c2VycyUyRiI7fXM6NjoiX2ZsYXNoIjthOjI6e3M6Mzoib2xkIjthOjA6e31zOjM6Im5ldyI7YTowOnt9fX0=', '1765416877'),
('ivefGWGrkmdYqnPAumYfJCNfmdXrflwEhbG0PQ2O', NULL, '49.51.243.95', 'Mozilla/5.0 (iPhone; CPU iPhone OS 13_2_3 like Mac OS X) AppleWebKit/605.1.15 (KHTML, like Gecko) Version/13.0.3 Mobile/15E148 Safari/604.1', 'YTo1OntzOjY6Il90b2tlbiI7czo0MDoiN0FPTENtVDNXbWRpTzN6VEJmUzNncDRCTU84U2gzSW5ka2hUOXhCZSI7czoyMDoiY2hlY2tfbWlncmF0ZV9zdGF0dXMiO3M6NDoiR29vZCI7czoxNToiY3VzdG9tZXJfaXNfcnRsIjtiOjA7czo5OiJfcHJldmlvdXMiO2E6MTp7czozOiJ1cmwiO3M6MTg6Imh0dHA6Ly9ld2lpZGluZS5jYSI7fXM6NjoiX2ZsYXNoIjthOjI6e3M6Mzoib2xkIjthOjA6e31zOjM6Im5ldyI7YTowOnt9fX0=', '1765376280'),
('j7U0HTbFW8KmKzVTrDEuH0wA1gntEtfdYw9NxxAk', NULL, '198.235.24.183', 'Hello from Palo Alto Networks, find out more about our scans in https://docs-cortex.paloaltonetworks.com/r/1/Cortex-Xpanse/Scanning-activity', 'YTozOntzOjY6Il90b2tlbiI7czo0MDoiZXNpZDFLZTR3dDltdjVIZDVIMTdZNTBXUEhaYURhYTdNSGIwOE9ycCI7czo5OiJfcHJldmlvdXMiO2E6MTp7czozOiJ1cmwiO3M6Mjk6Imh0dHA6Ly9jcGNvbnRhY3RzLmV3aWlkaW5lLmNhIjt9czo2OiJfZmxhc2giO2E6Mjp7czozOiJvbGQiO2E6MDp7fXM6MzoibmV3IjthOjA6e319fQ==', '1765378261'),
('jlHbRQpDOBRlr1ShIvdY4EglYuuI9d1TxilYaNf9', NULL, '3.146.111.124', 'cypex.ai/scanning Mozilla/5.0 (Macintosh; Intel Mac OS X 10_15_7) Chrome/126.0.0.0 Safari/537.36', 'YTozOntzOjY6Il90b2tlbiI7czo0MDoidFFMMGtQYTlNY3dsN1hkV1JEb0VubXhOMmFTVFdhR2pkSG1MMWhnRCI7czo5OiJfcHJldmlvdXMiO2E6MTp7czozOiJ1cmwiO3M6MjY6Imh0dHA6Ly93ZWJkaXNrLmV3aWlkaW5lLmNhIjt9czo2OiJfZmxhc2giO2E6Mjp7czozOiJvbGQiO2E6MDp7fXM6MzoibmV3IjthOjA6e319fQ==', '1765365598'),
('KFPAdKFeQiLP2Njga0MDJtrEVUMiYcjnWKeDXu1q', NULL, '170.106.181.163', 'Mozilla/5.0 (iPhone; CPU iPhone OS 13_2_3 like Mac OS X) AppleWebKit/605.1.15 (KHTML, like Gecko) Version/13.0.3 Mobile/15E148 Safari/604.1', 'YTo1OntzOjY6Il90b2tlbiI7czo0MDoiS01IRDNEZjFUZUJ5MGhhWGgwR0pqOW81MVRNMEZvQkVGZGNMcU5TUiI7czoyMDoiY2hlY2tfbWlncmF0ZV9zdGF0dXMiO3M6NDoiR29vZCI7czoxNToiY3VzdG9tZXJfaXNfcnRsIjtiOjA7czo5OiJfcHJldmlvdXMiO2E6MTp7czozOiJ1cmwiO3M6MTg6Imh0dHA6Ly9ld2lpZGluZS5jYSI7fXM6NjoiX2ZsYXNoIjthOjI6e3M6Mzoib2xkIjthOjA6e31zOjM6Im5ldyI7YTowOnt9fX0=', '1765377122'),
('mXKFzknpQHwh0vyehSyAAN5fQRv33HAANt7f2FNW', NULL, '205.169.39.17', 'Mozilla/5.0 (Windows NT 10.0; Win64; x64) AppleWebKit/537.36 (KHTML, like Gecko) Chrome/117.0.5938.132 Safari/537.36', 'YTozOntzOjY6Il90b2tlbiI7czo0MDoiRGRsbXRXRXZkNWtOaXA0R3NFdWtlNVB2cTZlWFltMmcyWDdkaDNwQyI7czo5OiJfcHJldmlvdXMiO2E6MTp7czozOiJ1cmwiO3M6MjY6Imh0dHA6Ly93ZWJkaXNrLmV3aWlkaW5lLmNhIjt9czo2OiJfZmxhc2giO2E6Mjp7czozOiJvbGQiO2E6MDp7fXM6MzoibmV3IjthOjA6e319fQ==', '1765409431'),
('Nolfu1iPJZnReXkrP1NSxd0TZWa8bkcgyne6ATRr', NULL, '195.24.237.202', '', 'YTo1OntzOjY6Il90b2tlbiI7czo0MDoibzQ3VzhvVmJjbHpGMm1sd3VpMWI0eVpPY1hkc0JFZlh6YnNYa1pFRSI7czoyMDoiY2hlY2tfbWlncmF0ZV9zdGF0dXMiO3M6NDoiR29vZCI7czoxNToiY3VzdG9tZXJfaXNfcnRsIjtiOjA7czo5OiJfcHJldmlvdXMiO2E6MTp7czozOiJ1cmwiO3M6MTg6Imh0dHA6Ly9ld2lpZGluZS5jYSI7fXM6NjoiX2ZsYXNoIjthOjI6e3M6Mzoib2xkIjthOjA6e31zOjM6Im5ldyI7YTowOnt9fX0=', '1765375611'),
('P5s8Hvtss3r5upQrL6aNQTQDCmA14Pqjr0SQ1Es0', NULL, '43.157.175.122', 'Mozilla/5.0 (iPhone; CPU iPhone OS 13_2_3 like Mac OS X) AppleWebKit/605.1.15 (KHTML, like Gecko) Version/13.0.3 Mobile/15E148 Safari/604.1', 'YTozOntzOjY6Il90b2tlbiI7czo0MDoiaWp4ajVSdGVmYWtKSXVFbHNsc1FXS0pTUG85eXN0c3pxQ1A2UXl5UCI7czo5OiJfcHJldmlvdXMiO2E6MTp7czozOiJ1cmwiO3M6MjA6Imh0dHA6Ly9tLmV3aWlkaW5lLmNhIjt9czo2OiJfZmxhc2giO2E6Mjp7czozOiJvbGQiO2E6MDp7fXM6MzoibmV3IjthOjA6e319fQ==', '1765399235'),
('pWA86zscDjyK8VzqK4AxCIv6ggNdtNqoDsdODD7S', NULL, '106.219.145.1', 'Mozilla/5.0 (Linux; Android 10; K) AppleWebKit/537.36 (KHTML, like Gecko) Chrome/143.0.0.0 Mobile Safari/537.36', '[encoded data, 15960 characters]', '1765372559'),
('pWVp56njfyueU7ska0wXMnqmj4ERfS7x4vg4Popp', NULL, '159.89.12.166', 'Mozilla/5.0 (l9scan/2.0.2343e2536313e2830323e24373; +https://leakix.net)', 'YTozOntzOjY6Il90b2tlbiI7czo0MDoiYjExME02dGs1aHBldk9FaFBoTjlTV2F4b2xXVE5jdVdZMTVNTGRCRyI7czo5OiJfcHJldmlvdXMiO2E6MTp7czozOiJ1cmwiO3M6MzE6Imh0dHBzOi8vZXdpaWRpbmUuY2EuZXdpaWRpbmUuY2EiO31zOjY6Il9mbGFzaCI7YToyOntzOjM6Im9sZCI7YTowOnt9czozOiJuZXciO2E6MDp7fX19', '1765403248'),
('pXan7FJMaUQ0DOAYWwdsO2ZOQKiyWCyGchAPtimX', NULL, '138.68.82.23', '', 'YTozOntzOjY6Il90b2tlbiI7czo0MDoiVjhpVVJubGgzM3RhbUVsbjMzalk3Z1FoSzFZUkhOSWxXbEJxbDJvYSI7czo5OiJfcHJldmlvdXMiO2E6MTp7czozOiJ1cmwiO3M6Mjk6Imh0dHA6Ly9jcGNvbnRhY3RzLmV3aWlkaW5lLmNhIjt9czo2OiJfZmxhc2giO2E6Mjp7czozOiJvbGQiO2E6MDp7fXM6MzoibmV3IjthOjA6e319fQ==', '1765416835'),
('pY2GQliYZNWFB9589w2uTanR336cSirMUvaBEs1e', NULL, '205.169.39.29', 'Mozilla/5.0 (Windows NT 10.0; Win64; x64) AppleWebKit/537.36 (KHTML, like Gecko) Chrome/117.0.5938.132 Safari/537.36', 'YTozOntzOjY6Il90b2tlbiI7czo0MDoiZHZ6a2VvR2FJdVE5UllCSXJvSmt6alhHOXVEVXRTTE83WVBDU0ZkeiI7czo5OiJfcHJldmlvdXMiO2E6MTp7czozOiJ1cmwiO3M6MjY6Imh0dHA6Ly93ZWJtYWlsLmV3aWlkaW5lLmNhIjt9czo2OiJfZmxhc2giO2E6Mjp7czozOiJvbGQiO2E6MDp7fXM6MzoibmV3IjthOjA6e319fQ==', '1765409062'),
('r22IbdvATorKtmkNi4QBqBwRjex0Tp3qcokR0Od9', NULL, '64.23.218.208', 'Mozilla/5.0 (l9scan/2.0.2343e2536313e2830323e24373; +https://leakix.net)', 'YTozOntzOjY6Il90b2tlbiI7czo0MDoiZnhIazVHUzJmN0NPblhpaEl0QmJtZUVyQmZiMWhWMWZGdng3RW5iViI7czo5OiJfcHJldmlvdXMiO2E6MTp7czozOiJ1cmwiO3M6MzA6Imh0dHA6Ly9ld2lpZGluZS5jYS5ld2lpZGluZS5jYSI7fXM6NjoiX2ZsYXNoIjthOjI6e3M6Mzoib2xkIjthOjA6e31zOjM6Im5ldyI7YTowOnt9fX0=', '1765403247'),
('RlI4wOFG5YfGEHGktajpriU8SC16mawcQULuSnST', NULL, '159.89.12.166', '', 'YTozOntzOjY6Il90b2tlbiI7czo0MDoiMUtVdjczUzRIb3kySU4ydEhDWXlManJwNXJKVUdIRG0za2FXTUVaViI7czo5OiJfcHJldmlvdXMiO2E6MTp7czozOiJ1cmwiO3M6MzE6Imh0dHBzOi8vZXdpaWRpbmUuY2EuZXdpaWRpbmUuY2EiO31zOjY6Il9mbGFzaCI7YToyOntzOjM6Im9sZCI7YTowOnt9czozOiJuZXciO2E6MDp7fX19', '1765403248'),
('Ruzqa4hBxVZr02YvAmX2b27hLVBreSVp0VrnbdmR', NULL, '43.130.100.35', 'Mozilla/5.0 (iPhone; CPU iPhone OS 13_2_3 like Mac OS X) AppleWebKit/605.1.15 (KHTML, like Gecko) Version/13.0.3 Mobile/15E148 Safari/604.1', 'YTo1OntzOjY6Il90b2tlbiI7czo0MDoiRVJpakhRa1BQNlk0RXpGdVRpVzJ5em1Ca2JpY3NTdWpUOGtqSW5IYyI7czoyMDoiY2hlY2tfbWlncmF0ZV9zdGF0dXMiO3M6NDoiR29vZCI7czoxNToiY3VzdG9tZXJfaXNfcnRsIjtiOjA7czo5OiJfcHJldmlvdXMiO2E6MTp7czozOiJ1cmwiO3M6MTg6Imh0dHA6Ly9ld2lpZGluZS5jYSI7fXM6NjoiX2ZsYXNoIjthOjI6e3M6Mzoib2xkIjthOjA6e31zOjM6Im5ldyI7YTowOnt9fX0=', '1765365867'),
('s2IZdmbJkcN383KwWpjGE7npzrZqWm0FCkDPj33w', NULL, '64.23.218.208', 'Mozilla/5.0 (l9scan/2.0.2343e2536313e2830323e24373; +https://leakix.net)', 'YTozOntzOjY6Il90b2tlbiI7czo0MDoiaGdWaEZSbGFvRWM5dG5iRnFNUWJGWUNwZk1vQ3ljVGdYSlBUc2EyYiI7czo5OiJfcHJldmlvdXMiO2E6MTp7czozOiJ1cmwiO3M6NjQ6Imh0dHA6Ly9ld2lpZGluZS5jYS5ld2lpZGluZS5jYS8/cmVzdF9yb3V0ZT0lMkZ3cCUyRnYyJTJGdXNlcnMlMkYiO31zOjY6Il9mbGFzaCI7YToyOntzOjM6Im9sZCI7YTowOnt9czozOiJuZXciO2E6MDp7fX19', '1765403285'),
('S40y2fiT7ygPFjPv8shjX129TnTjbUwvjuWSEr4a', NULL, '138.68.82.23', 'Mozilla/5.0 (l9scan/2.0.2343e2536313e2830323e24373; +https://leakix.net)', 'YTozOntzOjY6Il90b2tlbiI7czo0MDoiVWhnMEFobFJkVlBQNTJUWFhoS2RPeEdPR1diWmxORDY0U0prd1A5NSI7czo5OiJfcHJldmlvdXMiO2E6MTp7czozOiJ1cmwiO3M6Mjk6Imh0dHA6Ly9jcGNvbnRhY3RzLmV3aWlkaW5lLmNhIjt9czo2OiJfZmxhc2giO2E6Mjp7czozOiJvbGQiO2E6MDp7fXM6MzoibmV3IjthOjA6e319fQ==', '1765416835'),
('s4vguUFdbdAm9OsGgcd3xnWtyDP0OGsP5wnvjMdU', NULL, '3.146.111.124', 'cypex.ai/scanning Mozilla/5.0 (Macintosh; Intel Mac OS X 10_15_7) Chrome/126.0.0.0 Safari/537.36', 'YTozOntzOjY6Il90b2tlbiI7czo0MDoib2d2RDExMjFiQWtkZU9oWXhLWGticDExZjdtaUpoZlk2YUdLRzRtaSI7czo5OiJfcHJldmlvdXMiO2E6MTp7czozOiJ1cmwiO3M6MzA6Imh0dHA6Ly9jcGNhbGVuZGFycy5ld2lpZGluZS5jYSI7fXM6NjoiX2ZsYXNoIjthOjI6e3M6Mzoib2xkIjthOjA6e31zOjM6Im5ldyI7YTowOnt9fX0=', '1765390435'),
('T8yk32VKK6Kt57SQLxqLaH4DIa75LsrRkuElCJno', NULL, '159.89.12.166', 'Mozilla/5.0 (l9scan/2.0.2343e2536313e2830323e24373; +https://leakix.net)', 'YTozOntzOjY6Il90b2tlbiI7czo0MDoiOHQycG40TzRYelFwWWdudXA1WlZ2cER3REZhV1o3ekRDQWdlTmRaTyI7czo5OiJfcHJldmlvdXMiO2E6MTp7czozOiJ1cmwiO3M6NjU6Imh0dHBzOi8vZXdpaWRpbmUuY2EuZXdpaWRpbmUuY2EvP3Jlc3Rfcm91dGU9JTJGd3AlMkZ2MiUyRnVzZXJzJTJGIjt9czo2OiJfZmxhc2giO2E6Mjp7czozOiJvbGQiO2E6MDp7fXM6MzoibmV3IjthOjA6e319fQ==', '1765403294'),
('uFGHluVtE9gW1e6awp8jRCLu3l0SsSM5qAfvj2It', NULL, '182.42.111.213', 'Mozilla/5.0 (iPhone; CPU iPhone OS 13_2_3 like Mac OS X) AppleWebKit/605.1.15 (KHTML, like Gecko) Version/13.0.3 Mobile/15E148 Safari/604.1', 'YTo1OntzOjY6Il90b2tlbiI7czo0MDoiMGhGMWs3VFJiaXlZcTlTdE4wOHZYMm9IY0JIc05lOFQwanlOMk9MQyI7czoyMDoiY2hlY2tfbWlncmF0ZV9zdGF0dXMiO3M6NDoiR29vZCI7czoxNToiY3VzdG9tZXJfaXNfcnRsIjtiOjA7czo5OiJfcHJldmlvdXMiO2E6MTp7czozOiJ1cmwiO3M6MjI6Imh0dHA6Ly93d3cuZXdpaWRpbmUuY2EiO31zOjY6Il9mbGFzaCI7YToyOntzOjM6Im9sZCI7YTowOnt9czozOiJuZXciO2E6MDp7fX19', '1765393430'),
('w7C4R58ZoISc6Rbm0AA5itK4dqcGwO7qbuEIabuP', '10', '152.59.85.194', 'Mozilla/5.0 (Linux; Android 10; K) AppleWebKit/537.36 (KHTML, like Gecko) Chrome/142.0.0.0 Mobile Safari/537.36', '[encoded data, 18480 characters]', '1765388311'),
('z4YXWvbMi2ORwBmQmsUzCb6hWaNhBFX7w6WN4bE0', NULL, '170.106.165.76', 'Mozilla/5.0 (iPhone; CPU iPhone OS 13_2_3 like Mac OS X) AppleWebKit/605.1.15 (KHTML, like Gecko) Version/13.0.3 Mobile/15E148 Safari/604.1', 'YTo1OntzOjY6Il90b2tlbiI7czo0MDoiWEVWekNIYWZPZ2JYSkwzU0JVSjJOU1RTWTRzRndGVTd6UVUzWlFWWCI7czoyMDoiY2hlY2tfbWlncmF0ZV9zdGF0dXMiO3M6NDoiR29vZCI7czoxNToiY3VzdG9tZXJfaXNfcnRsIjtiOjA7czo5OiJfcHJldmlvdXMiO2E6MTp7czozOiJ1cmwiO3M6MTg6Imh0dHA6Ly9ld2lpZGluZS5jYSI7fXM6NjoiX2ZsYXNoIjthOjI6e3M6Mzoib2xkIjthOjA6e31zOjM6Im5ldyI7YTowOnt9fX0=', '1765411863');


