-- Laravel Native Database Backup
-- Generated: 2025-12-08 02:00:02
-- Database: ewiidine_backend

CREATE DATABASE IF NOT EXISTS `ewiidine_backend`;
USE `ewiidine_backend`;


-- Table structure for table `areas`
CREATE TABLE `areas` (
  `id` bigint(20) unsigned NOT NULL AUTO_INCREMENT,
  `branch_id` bigint(20) unsigned DEFAULT NULL,
  `area_name` varchar(191) NOT NULL,
  `created_at` timestamp NULL DEFAULT NULL,
  `updated_at` timestamp NULL DEFAULT NULL,
  PRIMARY KEY (`id`),
  KEY `areas_branch_id_foreign` (`branch_id`),
  CONSTRAINT `areas_branch_id_foreign` FOREIGN KEY (`branch_id`) REFERENCES `branches` (`id`) ON DELETE CASCADE ON UPDATE CASCADE
) ENGINE=InnoDB AUTO_INCREMENT=15 DEFAULT CHARSET=utf8mb4 COLLATE=utf8mb4_unicode_ci;

-- Dumping data for table `areas`
INSERT INTO `areas` VALUES
('1', '3', 'Roof Top', '2025-09-20 12:23:30', '2025-09-20 12:23:30'),
('2', '3', 'Ground Floor', '2025-09-20 12:23:38', '2025-09-20 12:23:38'),
('3', '4', 'Roof Top', '2025-09-20 12:57:57', '2025-09-20 12:57:57'),
('4', '4', 'Ground Floor', '2025-09-20 12:58:17', '2025-09-20 12:58:17'),
('5', '4', 'Premium Loundge', '2025-09-20 12:58:25', '2025-09-20 12:58:25'),
('6', '5', 'Ground Floor', '2025-10-07 15:00:54', '2025-10-07 15:00:54'),
('7', '5', 'Rooftop', '2025-10-24 14:51:13', '2025-10-24 14:51:13'),
('8', '5', 'Floor 1', '2025-10-25 13:02:26', '2025-10-25 13:02:26'),
('9', '29', 'rooftop', '2025-11-12 14:16:22', '2025-11-12 14:16:22'),
('10', '27', 'sec4', '2025-11-15 13:12:34', '2025-11-15 13:12:34'),
('11', '31', 'Main Dining Hall', '2025-12-05 20:07:32', '2025-12-05 20:07:32'),
('12', '31', 'Outdoor Patio / Terrace', '2025-12-05 20:07:42', '2025-12-05 20:07:42'),
('13', '31', 'Bar Counter Seating', '2025-12-05 20:07:52', '2025-12-05 20:07:52'),
('14', '31', 'Booth Seating', '2025-12-05 20:07:59', '2025-12-05 20:07:59');


-- Table structure for table `branch_delivery_settings`
CREATE TABLE `branch_delivery_settings` (
  `id` bigint(20) unsigned NOT NULL AUTO_INCREMENT,
  `branch_id` bigint(20) unsigned NOT NULL,
  `max_radius` decimal(8,2) NOT NULL DEFAULT 5.00,
  `unit` enum('km','miles') NOT NULL DEFAULT 'km',
  `fee_type` varchar(191) NOT NULL DEFAULT 'fixed',
  `fixed_fee` decimal(8,2) DEFAULT NULL,
  `per_distance_rate` decimal(8,2) DEFAULT NULL,
  `free_delivery_over_amount` decimal(8,2) DEFAULT NULL,
  `free_delivery_within_radius` double DEFAULT NULL,
  `delivery_schedule_start` time DEFAULT NULL,
  `delivery_schedule_end` time DEFAULT NULL,
  `prep_time_minutes` int(11) NOT NULL DEFAULT 20,
  `additional_eta_buffer_time` int(11) DEFAULT NULL,
  `avg_delivery_speed_kmh` int(11) NOT NULL DEFAULT 30,
  `is_enabled` tinyint(1) NOT NULL DEFAULT 1,
  `created_at` timestamp NULL DEFAULT NULL,
  `updated_at` timestamp NULL DEFAULT NULL,
  PRIMARY KEY (`id`),
  KEY `branch_delivery_settings_branch_id_foreign` (`branch_id`),
  CONSTRAINT `branch_delivery_settings_branch_id_foreign` FOREIGN KEY (`branch_id`) REFERENCES `branches` (`id`) ON DELETE CASCADE ON UPDATE CASCADE
) ENGINE=InnoDB AUTO_INCREMENT=2 DEFAULT CHARSET=utf8mb4 COLLATE=utf8mb4_unicode_ci;

-- Dumping data for table `branch_delivery_settings`
INSERT INTO `branch_delivery_settings` VALUES
('1', '5', '5.00', 'km', 'fixed', '10.00', NULL, NULL, '2', NULL, NULL, '20', '0', '30', '1', '2025-10-18 17:38:24', '2025-10-18 17:38:24');


-- Table structure for table `branches`
CREATE TABLE `branches` (
  `id` bigint(20) unsigned NOT NULL AUTO_INCREMENT,
  `unique_hash` varchar(64) DEFAULT NULL,
  `restaurant_id` bigint(20) unsigned DEFAULT NULL,
  `name` varchar(191) NOT NULL,
  `cloned_branch_name` varchar(191) DEFAULT NULL,
  `cloned_branch_id` varchar(191) DEFAULT NULL,
  `is_menu_clone` tinyint(1) NOT NULL DEFAULT 0,
  `is_item_categories_clone` tinyint(1) NOT NULL DEFAULT 0,
  `is_menu_items_clone` tinyint(1) NOT NULL DEFAULT 0,
  `is_item_modifiers_clone` tinyint(1) NOT NULL DEFAULT 0,
  `is_clone_reservation_settings` tinyint(1) NOT NULL DEFAULT 0,
  `is_clone_delivery_settings` tinyint(1) NOT NULL DEFAULT 0,
  `is_clone_kot_setting` tinyint(1) NOT NULL DEFAULT 0,
  `is_modifiers_groups_clone` tinyint(1) NOT NULL DEFAULT 0,
  `address` varchar(191) DEFAULT NULL,
  `created_at` timestamp NULL DEFAULT NULL,
  `updated_at` timestamp NULL DEFAULT NULL,
  `lat` decimal(10,7) DEFAULT NULL,
  `lng` decimal(10,7) DEFAULT NULL,
  `count_orders` int(11) NOT NULL DEFAULT 0,
  `total_orders` int(11) NOT NULL DEFAULT -1,
  PRIMARY KEY (`id`),
  UNIQUE KEY `branches_unique_hash_unique` (`unique_hash`),
  KEY `branches_restaurant_id_foreign` (`restaurant_id`),
  CONSTRAINT `branches_restaurant_id_foreign` FOREIGN KEY (`restaurant_id`) REFERENCES `restaurants` (`id`) ON DELETE CASCADE ON UPDATE CASCADE
) ENGINE=InnoDB AUTO_INCREMENT=32 DEFAULT CHARSET=utf8mb4 COLLATE=utf8mb4_unicode_ci;

-- Dumping data for table `branches`
INSERT INTO `branches` VALUES
('1', '236a9f36ba17de102192', '1', 'East Ryann', NULL, NULL, '0', '0', '0', '0', '0', '0', '0', '0', '1933 Trantow Ports\nNorth Maiya, IN 36181-1654', '2025-09-17 05:36:43', '2025-09-17 05:36:44', NULL, NULL, '0', '-1'),
('2', '9b88bdaaf32ff43b0efa', '1', 'Port Maudiemouth', NULL, NULL, '0', '0', '0', '0', '0', '0', '0', '0', '4839 Skiles Greens Apt. 934\nSouth Dorothy, HI 63471-6063', '2025-09-17 05:36:44', '2025-09-17 05:36:44', NULL, NULL, '0', '-1'),
('3', '44d04158af269bb0295f', '2', 'Kosi Road', NULL, NULL, '0', '0', '0', '0', '0', '0', '0', '0', 'Kosi Road', '2025-09-17 10:02:45', '2025-11-26 00:00:04', NULL, NULL, '0', '-1'),
('4', 'da13321c2c3594be0816', '3', 'Montreal Branch', NULL, NULL, '0', '0', '0', '0', '0', '0', '0', '0', '1250 Boul René Lévesque O Bur 2200 Montreal,Québec H3B 4W8Canada\n', '2025-09-20 12:56:44', '2025-09-20 12:56:44', NULL, NULL, '0', '-1'),
('5', '48928f740c3b5a40d588', '4', 'MESS ONE', NULL, NULL, '0', '0', '0', '0', '0', '0', '0', '0', 'IIM L MESS', '2025-10-07 15:00:09', '2025-12-08 00:00:05', '26.9405032', '80.8958627', '0', '-1'),
('27', 'bff2acdc76d7c6af7a45', '26', 'sihdi', NULL, NULL, '0', '0', '0', '0', '0', '0', '0', '0', 'sector 7', '2025-11-07 17:23:03', '2025-11-07 17:23:03', NULL, NULL, '0', '-1'),
('28', 'b005b0960c9da17dc45c', '27', 'Dhaba', NULL, NULL, '0', '0', '0', '0', '0', '0', '0', '0', 'ssss', '2025-11-08 10:32:26', '2025-11-08 10:32:26', NULL, NULL, '0', '-1'),
('29', '6a1d7ccd7af2ddcbc0a5', '28', 'sgar', NULL, NULL, '0', '0', '0', '0', '0', '0', '0', '0', 'ssss', '2025-11-12 14:15:50', '2025-11-12 14:15:50', NULL, NULL, '0', '-1'),
('30', '8cfc726f9e2bcca25b5e', '29', 'sweet sweet', NULL, NULL, '0', '0', '0', '0', '0', '0', '0', '0', 'as', '2025-11-13 15:41:43', '2025-11-13 15:41:43', NULL, NULL, '0', '-1'),
('31', '79dd65dd83936e900954', '30', 'Testing', NULL, NULL, '0', '0', '0', '0', '0', '0', '0', '0', 'tttttt', '2025-11-15 07:46:25', '2025-12-06 00:00:05', NULL, NULL, '0', '-1');


-- Table structure for table `cache`
CREATE TABLE `cache` (
  `key` varchar(191) NOT NULL,
  `value` mediumtext NOT NULL,
  `expiration` int(11) NOT NULL,
  PRIMARY KEY (`key`)
) ENGINE=InnoDB DEFAULT CHARSET=utf8mb4 COLLATE=utf8mb4_unicode_ci;


-- Table structure for table `cache_locks`
CREATE TABLE `cache_locks` (
  `key` varchar(191) NOT NULL,
  `owner` varchar(191) NOT NULL,
  `expiration` int(11) NOT NULL,
  PRIMARY KEY (`key`)
) ENGINE=InnoDB DEFAULT CHARSET=utf8mb4 COLLATE=utf8mb4_unicode_ci;


-- Table structure for table `cart_header_images`
CREATE TABLE `cart_header_images` (
  `id` bigint(20) unsigned NOT NULL AUTO_INCREMENT,
  `cart_header_setting_id` bigint(20) unsigned NOT NULL,
  `image_path` varchar(191) NOT NULL,
  `alt_text` varchar(191) DEFAULT NULL,
  `sort_order` int(11) NOT NULL DEFAULT 0,
  `created_at` timestamp NULL DEFAULT NULL,
  `updated_at` timestamp NULL DEFAULT NULL,
  PRIMARY KEY (`id`),
  KEY `cart_header_images_cart_header_setting_id_foreign` (`cart_header_setting_id`),
  CONSTRAINT `cart_header_images_cart_header_setting_id_foreign` FOREIGN KEY (`cart_header_setting_id`) REFERENCES `cart_header_settings` (`id`) ON DELETE CASCADE
) ENGINE=InnoDB DEFAULT CHARSET=utf8mb4 COLLATE=utf8mb4_unicode_ci;


-- Table structure for table `cart_header_settings`
CREATE TABLE `cart_header_settings` (
  `id` bigint(20) unsigned NOT NULL AUTO_INCREMENT,
  `restaurant_id` bigint(20) unsigned NOT NULL,
  `header_type` enum('text','image') NOT NULL DEFAULT 'text',
  `header_text` text DEFAULT NULL,
  `is_header_disabled` tinyint(1) NOT NULL DEFAULT 0,
  `created_at` timestamp NULL DEFAULT NULL,
  `updated_at` timestamp NULL DEFAULT NULL,
  PRIMARY KEY (`id`),
  KEY `cart_header_settings_restaurant_id_foreign` (`restaurant_id`),
  CONSTRAINT `cart_header_settings_restaurant_id_foreign` FOREIGN KEY (`restaurant_id`) REFERENCES `restaurants` (`id`) ON DELETE CASCADE
) ENGINE=InnoDB AUTO_INCREMENT=4 DEFAULT CHARSET=utf8mb4 COLLATE=utf8mb4_unicode_ci;

-- Dumping data for table `cart_header_settings`
INSERT INTO `cart_header_settings` VALUES
('1', '1', 'text', 'Ready to Satisfy Your Cravings? Place Your Order Now!', '0', '2025-09-17 06:06:31', '2025-09-17 06:06:31'),
('2', '4', 'text', 'Ready to Satisfy Your Cravings? Place Your Order', '0', '2025-10-07 15:49:38', '2025-10-07 15:51:19'),
('3', '4', 'text', 'Pressure Is Temporary, Fooding is Permanent at HELL', '0', '2025-10-07 15:50:37', '2025-10-07 15:50:37');


-- Table structure for table `cart_item_modifier_options`
CREATE TABLE `cart_item_modifier_options` (
  `id` bigint(20) unsigned NOT NULL AUTO_INCREMENT,
  `cart_item_id` bigint(20) unsigned DEFAULT NULL,
  `modifier_option_id` bigint(20) unsigned DEFAULT NULL,
  `created_at` timestamp NULL DEFAULT NULL,
  `updated_at` timestamp NULL DEFAULT NULL,
  PRIMARY KEY (`id`),
  KEY `cart_item_modifier_options_cart_item_id_foreign` (`cart_item_id`),
  KEY `cart_item_modifier_options_modifier_option_id_foreign` (`modifier_option_id`),
  CONSTRAINT `cart_item_modifier_options_cart_item_id_foreign` FOREIGN KEY (`cart_item_id`) REFERENCES `cart_items` (`id`) ON DELETE CASCADE,
  CONSTRAINT `cart_item_modifier_options_modifier_option_id_foreign` FOREIGN KEY (`modifier_option_id`) REFERENCES `modifier_options` (`id`) ON DELETE CASCADE
) ENGINE=InnoDB DEFAULT CHARSET=utf8mb4 COLLATE=utf8mb4_unicode_ci;


-- Table structure for table `cash_denominations`
CREATE TABLE `cash_denominations` (
  `id` bigint(20) unsigned NOT NULL AUTO_INCREMENT,
  `restaurant_id` bigint(20) unsigned DEFAULT NULL,
  `branch_id` bigint(20) unsigned DEFAULT NULL,
  `value` int(11) NOT NULL,
  `sort_order` int(11) NOT NULL DEFAULT 0,
  `is_active` tinyint(1) NOT NULL DEFAULT 1,
  `created_at` timestamp NULL DEFAULT NULL,
  `updated_at` timestamp NULL DEFAULT NULL,
  PRIMARY KEY (`id`)
) ENGINE=InnoDB DEFAULT CHARSET=utf8mb4 COLLATE=utf8mb4_unicode_ci;


-- Table structure for table `cash_register_approvals`
CREATE TABLE `cash_register_approvals` (
  `id` bigint(20) unsigned NOT NULL AUTO_INCREMENT,
  `cash_register_session_id` bigint(20) unsigned NOT NULL,
  `approved_by` bigint(20) unsigned NOT NULL,
  `approved_at` datetime NOT NULL,
  `manager_note` text DEFAULT NULL,
  `created_at` timestamp NULL DEFAULT NULL,
  `updated_at` timestamp NULL DEFAULT NULL,
  PRIMARY KEY (`id`)
) ENGINE=InnoDB DEFAULT CHARSET=utf8mb4 COLLATE=utf8mb4_unicode_ci;


-- Table structure for table `cash_register_global_settings`
CREATE TABLE `cash_register_global_settings` (
  `id` bigint(20) unsigned NOT NULL AUTO_INCREMENT,
  `purchase_code` varchar(191) DEFAULT NULL,
  `supported_until` timestamp NULL DEFAULT NULL,
  `purchased_on` timestamp NULL DEFAULT NULL,
  `license_type` varchar(20) DEFAULT NULL,
  `notify_update` tinyint(1) NOT NULL DEFAULT 1,
  `created_at` timestamp NULL DEFAULT NULL,
  `updated_at` timestamp NULL DEFAULT NULL,
  PRIMARY KEY (`id`)
) ENGINE=InnoDB AUTO_INCREMENT=2 DEFAULT CHARSET=utf8mb4 COLLATE=utf8mb4_unicode_ci;

-- Dumping data for table `cash_register_global_settings`
INSERT INTO `cash_register_global_settings` VALUES
('1', '65100125-205d-420e-b03c-0faa1e6f02b9', '2026-04-16 03:07:13', NULL, NULL, '1', '2025-10-15 12:16:30', '2025-10-15 12:16:31');


-- Table structure for table `cash_register_sessions`
CREATE TABLE `cash_register_sessions` (
  `id` bigint(20) unsigned NOT NULL AUTO_INCREMENT,
  `cash_register_id` bigint(20) unsigned NOT NULL,
  `restaurant_id` bigint(20) unsigned NOT NULL,
  `branch_id` bigint(20) unsigned NOT NULL,
  `opened_by` bigint(20) unsigned NOT NULL,
  `opened_at` datetime NOT NULL,
  `opening_float` decimal(12,2) NOT NULL DEFAULT 0.00,
  `closed_by` bigint(20) unsigned DEFAULT NULL,
  `approved_by` bigint(20) unsigned DEFAULT NULL,
  `approved_at` datetime DEFAULT NULL,
  `closed_at` datetime DEFAULT NULL,
  `expected_cash` decimal(12,2) NOT NULL DEFAULT 0.00,
  `counted_cash` decimal(12,2) NOT NULL DEFAULT 0.00,
  `discrepancy` decimal(12,2) NOT NULL DEFAULT 0.00,
  `status` varchar(191) NOT NULL DEFAULT 'open',
  `closing_note` text DEFAULT NULL,
  `created_at` timestamp NULL DEFAULT NULL,
  `updated_at` timestamp NULL DEFAULT NULL,
  PRIMARY KEY (`id`)
) ENGINE=InnoDB AUTO_INCREMENT=5 DEFAULT CHARSET=utf8mb4 COLLATE=utf8mb4_unicode_ci;

-- Dumping data for table `cash_register_sessions`
INSERT INTO `cash_register_sessions` VALUES
('1', '1', '4', '5', '7', '2025-10-15 15:58:04', '10000.00', '7', '7', '2025-10-17 23:59:11', '2025-10-17 23:58:58', '11623.00', '11700.00', '77.00', 'closed', '', '2025-10-15 15:58:04', '2025-10-17 23:59:11'),
('2', '1', '4', '5', '7', '2025-10-17 23:59:32', '1000.00', '7', '7', '2025-10-18 00:01:15', '2025-10-18 00:01:10', '1100.00', '1100.00', '0.00', 'closed', '', '2025-10-17 23:59:32', '2025-10-18 00:01:15'),
('3', '1', '4', '5', '7', '2025-10-24 15:07:35', '1000.00', '7', '7', '2025-10-24 15:09:42', '2025-10-24 15:09:04', '1400.00', '1400.00', '0.00', 'closed', '', '2025-10-24 15:07:35', '2025-10-24 15:09:42'),
('4', '2', '2', '3', '4', '2025-11-25 07:39:44', '0.00', NULL, NULL, NULL, NULL, '0.00', '0.00', '0.00', 'open', NULL, '2025-11-25 07:39:44', '2025-11-25 07:39:44');


-- Table structure for table `cash_register_settings`
CREATE TABLE `cash_register_settings` (
  `id` bigint(20) unsigned NOT NULL AUTO_INCREMENT,
  `restaurant_id` bigint(20) unsigned NOT NULL,
  `force_open_after_login` tinyint(1) NOT NULL DEFAULT 0,
  `force_open_roles` longtext CHARACTER SET utf8mb4 COLLATE utf8mb4_bin DEFAULT NULL CHECK (json_valid(`force_open_roles`)),
  `created_at` timestamp NULL DEFAULT NULL,
  `updated_at` timestamp NULL DEFAULT NULL,
  PRIMARY KEY (`id`),
  UNIQUE KEY `cash_register_settings_restaurant_id_unique` (`restaurant_id`),
  CONSTRAINT `cash_register_settings_restaurant_id_foreign` FOREIGN KEY (`restaurant_id`) REFERENCES `restaurants` (`id`) ON DELETE CASCADE
) ENGINE=InnoDB DEFAULT CHARSET=utf8mb4 COLLATE=utf8mb4_unicode_ci;


-- Table structure for table `cash_registers`
CREATE TABLE `cash_registers` (
  `id` bigint(20) unsigned NOT NULL AUTO_INCREMENT,
  `restaurant_id` bigint(20) unsigned NOT NULL,
  `branch_id` bigint(20) unsigned NOT NULL,
  `name` varchar(191) NOT NULL,
  `is_active` tinyint(1) NOT NULL DEFAULT 1,
  `created_at` timestamp NULL DEFAULT NULL,
  `updated_at` timestamp NULL DEFAULT NULL,
  PRIMARY KEY (`id`)
) ENGINE=InnoDB AUTO_INCREMENT=3 DEFAULT CHARSET=utf8mb4 COLLATE=utf8mb4_unicode_ci;

-- Dumping data for table `cash_registers`
INSERT INTO `cash_registers` VALUES
('1', '4', '5', 'Default Register', '1', '2025-10-15 15:49:47', '2025-10-15 15:49:47'),
('2', '2', '3', 'Default Register', '1', '2025-11-25 07:39:37', '2025-11-25 07:39:37');


-- Table structure for table `contacts`
CREATE TABLE `contacts` (
  `id` bigint(20) unsigned NOT NULL AUTO_INCREMENT,
  `language_setting_id` bigint(20) unsigned DEFAULT NULL,
  `email` varchar(191) DEFAULT NULL,
  `contact_company` varchar(191) DEFAULT NULL,
  `image` varchar(200) DEFAULT NULL,
  `address` text DEFAULT NULL,
  `created_at` timestamp NULL DEFAULT NULL,
  `updated_at` timestamp NULL DEFAULT NULL,
  PRIMARY KEY (`id`),
  KEY `contacts_language_setting_id_foreign` (`language_setting_id`),
  CONSTRAINT `contacts_language_setting_id_foreign` FOREIGN KEY (`language_setting_id`) REFERENCES `language_settings` (`id`) ON DELETE CASCADE ON UPDATE CASCADE
) ENGINE=InnoDB AUTO_INCREMENT=2 DEFAULT CHARSET=utf8mb4 COLLATE=utf8mb4_unicode_ci;

-- Dumping data for table `contacts`
INSERT INTO `contacts` VALUES
('1', '1', 'support@example.com', 'Bond Hobbs Inc', NULL, '957 Jamie Station, Lamontborough, SD 27319-9459', '2025-09-17 05:36:44', '2025-09-17 05:36:44');


-- Table structure for table `countries`
CREATE TABLE `countries` (
  `id` bigint(20) unsigned NOT NULL AUTO_INCREMENT,
  `countries_code` char(2) NOT NULL,
  `countries_name` varchar(191) NOT NULL,
  `phonecode` varchar(191) NOT NULL,
  PRIMARY KEY (`id`),
  KEY `countries_countries_code_index` (`countries_code`)
) ENGINE=InnoDB AUTO_INCREMENT=250 DEFAULT CHARSET=utf8mb4 COLLATE=utf8mb4_unicode_ci;

-- Dumping data for table `countries`
INSERT INTO `countries` VALUES
('1', 'AF', 'Afghanistan', '93'),
('2', 'AX', 'Åland Islands', '358'),
('3', 'AL', 'Albania', '355'),
('4', 'DZ', 'Algeria', '213'),
('5', 'AS', 'American Samoa', '1684'),
('6', 'AD', 'Andorra', '376'),
('7', 'AO', 'Angola', '244'),
('8', 'AI', 'Anguilla', '1264'),
('9', 'AQ', 'Antarctica', '0'),
('10', 'AG', 'Antigua and Barbuda', '1268'),
('11', 'AR', 'Argentina', '54'),
('12', 'AM', 'Armenia', '374'),
('13', 'AW', 'Aruba', '297'),
('14', 'AU', 'Australia', '61'),
('15', 'AT', 'Austria', '43'),
('16', 'AZ', 'Azerbaijan', '994'),
('17', 'BS', 'Bahamas', '1242'),
('18', 'BH', 'Bahrain', '973'),
('19', 'BD', 'Bangladesh', '880'),
('20', 'BB', 'Barbados', '1246'),
('21', 'BY', 'Belarus', '375'),
('22', 'BE', 'Belgium', '32'),
('23', 'BZ', 'Belize', '501'),
('24', 'BJ', 'Benin', '229'),
('25', 'BM', 'Bermuda', '1441'),
('26', 'BT', 'Bhutan', '975'),
('27', 'BO', 'Bolivia, Plurinational State of', '591'),
('28', 'BQ', 'Bonaire, Sint Eustatius and Saba', '599'),
('29', 'BA', 'Bosnia and Herzegovina', '387'),
('30', 'BW', 'Botswana', '267'),
('31', 'BV', 'Bouvet Island', '0'),
('32', 'BR', 'Brazil', '55'),
('33', 'IO', 'British Indian Ocean Territory', '246'),
('34', 'BN', 'Brunei Darussalam', '673'),
('35', 'BG', 'Bulgaria', '359'),
('36', 'BF', 'Burkina Faso', '226'),
('37', 'BI', 'Burundi', '257'),
('38', 'KH', 'Cambodia', '855'),
('39', 'CM', 'Cameroon', '237'),
('40', 'CA', 'Canada', '1'),
('41', 'CV', 'Cape Verde', '238'),
('42', 'KY', 'Cayman Islands', '1345'),
('43', 'CF', 'Central African Republic', '236'),
('44', 'TD', 'Chad', '235'),
('45', 'CL', 'Chile', '56'),
('46', 'CN', 'China', '86'),
('47', 'CX', 'Christmas Island', '61'),
('48', 'CC', 'Cocos (Keeling) Islands', '672'),
('49', 'CO', 'Colombia', '57'),
('50', 'KM', 'Comoros', '269'),
('51', 'CG', 'Congo', '242'),
('52', 'CD', 'Congo, the Democratic Republic of the', '242'),
('53', 'CK', 'Cook Islands', '682'),
('54', 'CR', 'Costa Rica', '506'),
('55', 'CI', 'Côte d\'Ivoire', '225'),
('56', 'HR', 'Croatia', '385'),
('57', 'CU', 'Cuba', '53'),
('58', 'CW', 'Curaçao', '599'),
('59', 'CY', 'Cyprus', '357'),
('60', 'CZ', 'Czech Republic', '420'),
('61', 'DK', 'Denmark', '45'),
('62', 'DJ', 'Djibouti', '253'),
('63', 'DM', 'Dominica', '1767'),
('64', 'DO', 'Dominican Republic', '1809'),
('65', 'EC', 'Ecuador', '593'),
('66', 'EG', 'Egypt', '20'),
('67', 'SV', 'El Salvador', '503'),
('68', 'GQ', 'Equatorial Guinea', '240'),
('69', 'ER', 'Eritrea', '291'),
('70', 'EE', 'Estonia', '372'),
('71', 'ET', 'Ethiopia', '251'),
('72', 'FK', 'Falkland Islands (Malvinas)', '500'),
('73', 'FO', 'Faroe Islands', '298'),
('74', 'FJ', 'Fiji', '679'),
('75', 'FI', 'Finland', '358'),
('76', 'FR', 'France', '33'),
('77', 'GF', 'French Guiana', '594'),
('78', 'PF', 'French Polynesia', '689'),
('79', 'TF', 'French Southern Territories', '0'),
('80', 'GA', 'Gabon', '241'),
('81', 'GM', 'Gambia', '220'),
('82', 'GE', 'Georgia', '995'),
('83', 'DE', 'Germany', '49'),
('84', 'GH', 'Ghana', '233'),
('85', 'GI', 'Gibraltar', '350'),
('86', 'GR', 'Greece', '30'),
('87', 'GL', 'Greenland', '299'),
('88', 'GD', 'Grenada', '1473'),
('89', 'GP', 'Guadeloupe', '590'),
('90', 'GU', 'Guam', '1671'),
('91', 'GT', 'Guatemala', '502'),
('92', 'GG', 'Guernsey', '44'),
('93', 'GN', 'Guinea', '224'),
('94', 'GW', 'Guinea-Bissau', '245'),
('95', 'GY', 'Guyana', '592'),
('96', 'HT', 'Haiti', '509'),
('97', 'HM', 'Heard Island and McDonald Islands', '0'),
('98', 'VA', 'Holy See (Vatican City State)', '39'),
('99', 'HN', 'Honduras', '504'),
('100', 'HK', 'Hong Kong', '852'),
('101', 'HU', 'Hungary', '36'),
('102', 'IS', 'Iceland', '354'),
('103', 'IN', 'India', '91'),
('104', 'ID', 'Indonesia', '62'),
('105', 'IR', 'Iran, Islamic Republic of', '98'),
('106', 'IQ', 'Iraq', '964'),
('107', 'IE', 'Ireland', '353'),
('108', 'IM', 'Isle of Man', '44'),
('109', 'IL', 'Israel', '972'),
('110', 'IT', 'Italy', '39'),
('111', 'JM', 'Jamaica', '1876'),
('112', 'JP', 'Japan', '81'),
('113', 'JE', 'Jersey', '44'),
('114', 'JO', 'Jordan', '962'),
('115', 'KZ', 'Kazakhstan', '7'),
('116', 'KE', 'Kenya', '254'),
('117', 'KI', 'Kiribati', '686'),
('118', 'KP', 'Korea, Democratic People\'s Republic of', '850'),
('119', 'KR', 'Korea, Republic of', '82'),
('120', 'KW', 'Kuwait', '965'),
('121', 'KG', 'Kyrgyzstan', '996'),
('122', 'LA', 'Lao People\'s Democratic Republic', '856'),
('123', 'LV', 'Latvia', '371'),
('124', 'LB', 'Lebanon', '961'),
('125', 'LS', 'Lesotho', '266'),
('126', 'LR', 'Liberia', '231'),
('127', 'LY', 'Libya', '218'),
('128', 'LI', 'Liechtenstein', '423'),
('129', 'LT', 'Lithuania', '370'),
('130', 'LU', 'Luxembourg', '352'),
('131', 'MO', 'Macao', '853'),
('132', 'MK', 'Macedonia, the Former Yugoslav Republic of', '389'),
('133', 'MG', 'Madagascar', '261'),
('134', 'MW', 'Malawi', '265'),
('135', 'MY', 'Malaysia', '60'),
('136', 'MV', 'Maldives', '960'),
('137', 'ML', 'Mali', '223'),
('138', 'MT', 'Malta', '356'),
('139', 'MH', 'Marshall Islands', '692'),
('140', 'MQ', 'Martinique', '596'),
('141', 'MR', 'Mauritania', '222'),
('142', 'MU', 'Mauritius', '230'),
('143', 'YT', 'Mayotte', '269'),
('144', 'MX', 'Mexico', '52'),
('145', 'FM', 'Micronesia, Federated States of', '691'),
('146', 'MD', 'Moldova, Republic of', '373'),
('147', 'MC', 'Monaco', '377'),
('148', 'MN', 'Mongolia', '976'),
('149', 'ME', 'Montenegro', '382'),
('150', 'MS', 'Montserrat', '1664'),
('151', 'MA', 'Morocco', '212'),
('152', 'MZ', 'Mozambique', '258'),
('153', 'MM', 'Myanmar', '95'),
('154', 'NA', 'Namibia', '264'),
('155', 'NR', 'Nauru', '674'),
('156', 'NP', 'Nepal', '977'),
('157', 'NL', 'Netherlands', '31'),
('158', 'NC', 'New Caledonia', '687'),
('159', 'NZ', 'New Zealand', '64'),
('160', 'NI', 'Nicaragua', '505'),
('161', 'NE', 'Niger', '227'),
('162', 'NG', 'Nigeria', '234'),
('163', 'NU', 'Niue', '683'),
('164', 'NF', 'Norfolk Island', '672'),
('165', 'MP', 'Northern Mariana Islands', '1670'),
('166', 'NO', 'Norway', '47'),
('167', 'OM', 'Oman', '968'),
('168', 'PK', 'Pakistan', '92'),
('169', 'PW', 'Palau', '680'),
('170', 'PS', 'Palestine, State of', '970'),
('171', 'PA', 'Panama', '507'),
('172', 'PG', 'Papua New Guinea', '675'),
('173', 'PY', 'Paraguay', '595'),
('174', 'PE', 'Peru', '51'),
('175', 'PH', 'Philippines', '63'),
('176', 'PN', 'Pitcairn', '0'),
('177', 'PL', 'Poland', '48'),
('178', 'PT', 'Portugal', '351'),
('179', 'PR', 'Puerto Rico', '1787'),
('180', 'QA', 'Qatar', '974'),
('181', 'RE', 'Réunion', '262'),
('182', 'RO', 'Romania', '40'),
('183', 'RU', 'Russian Federation', '7'),
('184', 'RW', 'Rwanda', '250'),
('185', 'BL', 'Saint Barthélemy', '590'),
('186', 'SH', 'Saint Helena, Ascension and Tristan da Cunha', '290'),
('187', 'KN', 'Saint Kitts and Nevis', '1869'),
('188', 'LC', 'Saint Lucia', '1758'),
('189', 'MF', 'Saint Martin (French part)', '590'),
('190', 'PM', 'Saint Pierre and Miquelon', '508'),
('191', 'VC', 'Saint Vincent and the Grenadines', '1784'),
('192', 'WS', 'Samoa', '684'),
('193', 'SM', 'San Marino', '378'),
('194', 'ST', 'Sao Tome and Principe', '239'),
('195', 'SA', 'Saudi Arabia', '966'),
('196', 'SN', 'Senegal', '221'),
('197', 'RS', 'Serbia', '381'),
('198', 'SC', 'Seychelles', '248'),
('199', 'SL', 'Sierra Leone', '232'),
('200', 'SG', 'Singapore', '65'),
('201', 'SX', 'Sint Maarten (Dutch part)', '1'),
('202', 'SK', 'Slovakia', '421'),
('203', 'SI', 'Slovenia', '386'),
('204', 'SB', 'Solomon Islands', '677'),
('205', 'SO', 'Somalia', '252'),
('206', 'ZA', 'South Africa', '27'),
('207', 'GS', 'South Georgia and the South Sandwich Islands', '0'),
('208', 'SS', 'South Sudan', '211'),
('209', 'ES', 'Spain', '34'),
('210', 'LK', 'Sri Lanka', '94'),
('211', 'SD', 'Sudan', '249'),
('212', 'SR', 'Suriname', '597'),
('213', 'SJ', 'Svalbard and Jan Mayen', '47'),
('214', 'SZ', 'Swaziland', '268'),
('215', 'SE', 'Sweden', '46'),
('216', 'CH', 'Switzerland', '41'),
('217', 'SY', 'Syrian Arab Republic', '963'),
('218', 'TW', 'Taiwan, Province of China', '886'),
('219', 'TJ', 'Tajikistan', '992'),
('220', 'TZ', 'Tanzania, United Republic of', '255'),
('221', 'TH', 'Thailand', '66'),
('222', 'TL', 'Timor-Leste', '670'),
('223', 'TG', 'Togo', '228'),
('224', 'TK', 'Tokelau', '690'),
('225', 'TO', 'Tonga', '676'),
('226', 'TT', 'Trinidad and Tobago', '1868'),
('227', 'TN', 'Tunisia', '216'),
('228', 'TR', 'Turkey', '90'),
('229', 'TM', 'Turkmenistan', '7370'),
('230', 'TC', 'Turks and Caicos Islands', '1649'),
('231', 'TV', 'Tuvalu', '688'),
('232', 'UG', 'Uganda', '256'),
('233', 'UA', 'Ukraine', '380'),
('234', 'AE', 'United Arab Emirates', '971'),
('235', 'GB', 'United Kingdom', '44'),
('236', 'US', 'United States', '1'),
('237', 'UM', 'United States Minor Outlying Islands', '1'),
('238', 'UY', 'Uruguay', '598'),
('239', 'UZ', 'Uzbekistan', '998'),
('240', 'VU', 'Vanuatu', '678'),
('241', 'VE', 'Venezuela, Bolivarian Republic of', '58'),
('242', 'VN', 'Viet Nam', '84'),
('243', 'VG', 'Virgin Islands, British', '1284'),
('244', 'VI', 'Virgin Islands, U.S.', '1340'),
('245', 'WF', 'Wallis and Futuna', '681'),
('246', 'EH', 'Western Sahara', '212'),
('247', 'YE', 'Yemen', '967'),
('248', 'ZM', 'Zambia', '260'),
('249', 'ZW', 'Zimbabwe', '263');


-- Table structure for table `currencies`
CREATE TABLE `currencies` (
  `id` bigint(20) unsigned NOT NULL AUTO_INCREMENT,
  `restaurant_id` bigint(20) unsigned DEFAULT NULL,
  `currency_name` varchar(191) NOT NULL,
  `currency_code` varchar(191) NOT NULL,
  `currency_symbol` varchar(191) NOT NULL,
  `currency_position` enum('left','right','left_with_space','right_with_space') NOT NULL DEFAULT 'left',
  `no_of_decimal` int(10) unsigned NOT NULL DEFAULT 2,
  `thousand_separator` varchar(191) DEFAULT ',',
  `decimal_separator` varchar(191) DEFAULT '.',
  `exchange_rate` decimal(16,2) DEFAULT NULL,
  `usd_price` decimal(16,2) DEFAULT NULL,
  `is_cryptocurrency` enum('yes','no') NOT NULL DEFAULT 'no',
  PRIMARY KEY (`id`),
  KEY `currencies_restaurant_id_foreign` (`restaurant_id`),
  CONSTRAINT `currencies_restaurant_id_foreign` FOREIGN KEY (`restaurant_id`) REFERENCES `restaurants` (`id`) ON DELETE CASCADE ON UPDATE CASCADE
) ENGINE=InnoDB AUTO_INCREMENT=150 DEFAULT CHARSET=utf8mb4 COLLATE=utf8mb4_unicode_ci;

-- Dumping data for table `currencies`
INSERT INTO `currencies` VALUES
('1', '1', 'Dollars', 'USD', '$', 'left', '2', ',', '.', NULL, NULL, 'no'),
('2', '1', 'Rupee', 'INR', '₹', 'left', '2', ',', '.', NULL, NULL, 'no'),
('3', '1', 'Pounds', 'GBP', '£', 'left', '2', ',', '.', NULL, NULL, 'no'),
('4', '1', 'Euros', 'EUR', '€', 'left', '2', ',', '.', NULL, NULL, 'no'),
('5', '2', 'US Dollars', 'USD', '$', 'left', '2', ',', '.', NULL, NULL, 'no'),
('6', '2', 'Rupee', 'INR', '₹', 'left', '2', ',', '.', NULL, NULL, 'no'),
('7', '2', 'Pounds', 'GBP', '£', 'left', '2', ',', '.', NULL, NULL, 'no'),
('8', '2', 'Euros', 'EUR', '€', 'left', '2', ',', '.', NULL, NULL, 'no'),
('9', '2', 'Canadian Dollar', 'CAD', '$', 'left', '2', ',', '.', NULL, NULL, 'no'),
('10', '3', 'US Dollars', 'USD', '$', 'left', '2', ',', '.', NULL, NULL, 'no'),
('11', '3', 'Rupee', 'INR', '₹', 'left', '2', ',', '.', NULL, NULL, 'no'),
('12', '3', 'Pounds', 'GBP', '£', 'left', '2', ',', '.', NULL, NULL, 'no'),
('13', '3', 'Euros', 'EUR', '€', 'left', '2', ',', '.', NULL, NULL, 'no'),
('14', '3', 'Canadian Dollar', 'CAD', '$', 'left', '2', ',', '.', NULL, NULL, 'no'),
('15', '4', 'US Dollars', 'USD', '$', 'left', '2', ',', '.', NULL, NULL, 'no'),
('16', '4', 'Indian Rupee', 'INR', '₹', 'left', '2', ',', '.', NULL, NULL, 'no'),
('17', '4', 'Pounds', 'GBP', '£', 'left', '2', ',', '.', NULL, NULL, 'no'),
('18', '4', 'Euros', 'EUR', '€', 'left', '2', ',', '.', NULL, NULL, 'no'),
('19', '4', 'Canadian Dollar', 'CAD', '$', 'left', '2', ',', '.', NULL, NULL, 'no'),
('125', '26', 'US Dollars', 'USD', '$', 'left', '2', ',', '.', NULL, NULL, 'no'),
('126', '26', 'Indian Rupee', 'INR', '₹', 'left', '2', ',', '.', NULL, NULL, 'no'),
('127', '26', 'Pounds', 'GBP', '£', 'left', '2', ',', '.', NULL, NULL, 'no'),
('128', '26', 'Euros', 'EUR', '€', 'left', '2', ',', '.', NULL, NULL, 'no'),
('129', '26', 'Canadian Dollar', 'CAD', '$', 'left', '2', ',', '.', NULL, NULL, 'no'),
('130', '27', 'US Dollars', 'USD', '$', 'left', '2', ',', '.', NULL, NULL, 'no'),
('131', '27', 'Indian Rupee', 'INR', '₹', 'left', '2', ',', '.', NULL, NULL, 'no'),
('132', '27', 'Pounds', 'GBP', '£', 'left', '2', ',', '.', NULL, NULL, 'no'),
('133', '27', 'Euros', 'EUR', '€', 'left', '2', ',', '.', NULL, NULL, 'no'),
('134', '27', 'Canadian Dollar', 'CAD', '$', 'left', '2', ',', '.', NULL, NULL, 'no'),
('135', '28', 'US Dollars', 'USD', '$', 'left', '2', ',', '.', NULL, NULL, 'no'),
('136', '28', 'Indian Rupee', 'INR', '₹', 'left', '2', ',', '.', NULL, NULL, 'no'),
('137', '28', 'Pounds', 'GBP', '£', 'left', '2', ',', '.', NULL, NULL, 'no'),
('138', '28', 'Euros', 'EUR', '€', 'left', '2', ',', '.', NULL, NULL, 'no'),
('139', '28', 'Canadian Dollar', 'CAD', '$', 'left', '2', ',', '.', NULL, NULL, 'no'),
('140', '29', 'US Dollars', 'USD', '$', 'left', '2', ',', '.', NULL, NULL, 'no'),
('141', '29', 'Indian Rupee', 'INR', '₹', 'left', '2', ',', '.', NULL, NULL, 'no'),
('142', '29', 'Pounds', 'GBP', '£', 'left', '2', ',', '.', NULL, NULL, 'no'),
('143', '29', 'Euros', 'EUR', '€', 'left', '2', ',', '.', NULL, NULL, 'no'),
('144', '29', 'Canadian Dollar', 'CAD', '$', 'left', '2', ',', '.', NULL, NULL, 'no'),
('145', '30', 'US Dollars', 'USD', '$', 'left', '2', ',', '.', NULL, NULL, 'no'),
('146', '30', 'Indian Rupee', 'INR', '₹', 'left', '2', ',', '.', NULL, NULL, 'no'),
('147', '30', 'Pounds', 'GBP', '£', 'left', '2', ',', '.', NULL, NULL, 'no'),
('148', '30', 'Euros', 'EUR', '€', 'left', '2', ',', '.', NULL, NULL, 'no'),
('149', '30', 'Canadian Dollar', 'CAD', '$', 'left', '2', ',', '.', NULL, NULL, 'no');


-- Table structure for table `custom_menus`
CREATE TABLE `custom_menus` (
  `id` bigint(20) unsigned NOT NULL AUTO_INCREMENT,
  `menu_name` varchar(191) NOT NULL,
  `menu_slug` varchar(191) NOT NULL,
  `menu_content` longtext DEFAULT NULL,
  `is_active` tinyint(1) NOT NULL DEFAULT 1,
  `position` enum('header','footer') NOT NULL DEFAULT 'header',
  `sort_order` int(11) NOT NULL DEFAULT 0,
  `created_at` timestamp NULL DEFAULT NULL,
  `updated_at` timestamp NULL DEFAULT NULL,
  PRIMARY KEY (`id`),
  UNIQUE KEY `custom_menus_menu_slug_unique` (`menu_slug`)
) ENGINE=InnoDB DEFAULT CHARSET=utf8mb4 COLLATE=utf8mb4_unicode_ci;


-- Table structure for table `customer_addresses`
CREATE TABLE `customer_addresses` (
  `id` bigint(20) unsigned NOT NULL AUTO_INCREMENT,
  `customer_id` bigint(20) unsigned DEFAULT NULL,
  `label` varchar(191) DEFAULT NULL,
  `address` text DEFAULT NULL,
  `lat` decimal(10,7) DEFAULT NULL,
  `lng` decimal(10,7) DEFAULT NULL,
  `created_at` timestamp NULL DEFAULT NULL,
  `updated_at` timestamp NULL DEFAULT NULL,
  PRIMARY KEY (`id`),
  KEY `customer_addresses_customer_id_foreign` (`customer_id`),
  CONSTRAINT `customer_addresses_customer_id_foreign` FOREIGN KEY (`customer_id`) REFERENCES `customers` (`id`) ON DELETE CASCADE ON UPDATE CASCADE
) ENGINE=InnoDB DEFAULT CHARSET=utf8mb4 COLLATE=utf8mb4_unicode_ci;


-- Table structure for table `database_backup_settings`
CREATE TABLE `database_backup_settings` (
  `id` bigint(20) unsigned NOT NULL AUTO_INCREMENT,
  `license_type` varchar(20) DEFAULT NULL,
  `purchase_code` varchar(191) DEFAULT NULL,
  `purchased_on` timestamp NULL DEFAULT NULL,
  `supported_until` timestamp NULL DEFAULT NULL,
  `notify_update` tinyint(1) NOT NULL DEFAULT 1,
  `is_enabled` tinyint(1) NOT NULL DEFAULT 0,
  `frequency` enum('daily','weekly','monthly') NOT NULL DEFAULT 'daily',
  `backup_time` time NOT NULL DEFAULT '02:00:00',
  `retention_days` int(11) NOT NULL DEFAULT 30,
  `max_backups` int(11) NOT NULL DEFAULT 10,
  `include_files` tinyint(1) NOT NULL DEFAULT 0,
  `include_modules` tinyint(1) NOT NULL DEFAULT 0,
  `storage_location` enum('local','storage_setting') NOT NULL DEFAULT 'local',
  `storage_config` longtext CHARACTER SET utf8mb4 COLLATE utf8mb4_bin DEFAULT NULL CHECK (json_valid(`storage_config`)),
  `created_at` timestamp NULL DEFAULT NULL,
  `updated_at` timestamp NULL DEFAULT NULL,
  PRIMARY KEY (`id`)
) ENGINE=InnoDB AUTO_INCREMENT=2 DEFAULT CHARSET=utf8mb4 COLLATE=utf8mb4_unicode_ci;

-- Dumping data for table `database_backup_settings`
INSERT INTO `database_backup_settings` VALUES
('1', NULL, NULL, NULL, NULL, '1', '1', 'daily', '02:00:00', '180', '10', '1', '1', 'storage_setting', '{\"filesystem\":\"wasabi\",\"auth_keys\":{\"driver\":\"s3\",\"access_key\":\"MLB2O84AO2WEMN4EU8N6\",\"secret_key\":\"O1trSCPlnClNcozZXzmj5XZEAKAgYe3s06ltibog\",\"region\":\"ca-central-1\",\"bucket\":\"ewiidine\"},\"status\":\"enabled\"}', '2025-09-17 05:48:02', '2025-10-16 12:09:05');


-- Table structure for table `database_backups`
CREATE TABLE `database_backups` (
  `id` bigint(20) unsigned NOT NULL AUTO_INCREMENT,
  `filename` varchar(191) NOT NULL,
  `file_path` varchar(191) NOT NULL,
  `file_size` varchar(191) DEFAULT NULL,
  `status` enum('completed','failed','in_progress') NOT NULL DEFAULT 'in_progress',
  `error_message` text DEFAULT NULL,
  `backup_type` enum('manual','scheduled') NOT NULL DEFAULT 'manual',
  `version` varchar(191) DEFAULT NULL,
  `stored_on` varchar(191) NOT NULL DEFAULT 'local',
  `completed_at` timestamp NULL DEFAULT NULL,
  `created_at` timestamp NULL DEFAULT NULL,
  `updated_at` timestamp NULL DEFAULT NULL,
  PRIMARY KEY (`id`)
) ENGINE=InnoDB AUTO_INCREMENT=58 DEFAULT CHARSET=utf8mb4 COLLATE=utf8mb4_unicode_ci;

-- Dumping data for table `database_backups`
INSERT INTO `database_backups` VALUES
('47', 'combined_backup_v1.2.56_2025-11-28_02-00-25.tar.gz', 'backups/combined_backup_v1.2.56_2025-11-28_02-00-25.tar.gz', '372010293', 'completed', NULL, 'scheduled', '1.2.56', 'wasabi', '2025-11-28 02:00:44', '2025-11-28 02:00:02', '2025-11-28 02:00:44'),
('48', 'combined_backup_v1.2.56_2025-11-29_02-00-19.tar.gz', 'backups/combined_backup_v1.2.56_2025-11-29_02-00-19.tar.gz', '157256350', 'completed', NULL, 'scheduled', '1.2.56', 'wasabi', '2025-11-29 02:00:27', '2025-11-29 02:00:01', '2025-11-29 02:00:27'),
('49', 'combined_backup_v1.2.56_2025-11-30_02-00-19.tar.gz', 'backups/combined_backup_v1.2.56_2025-11-30_02-00-19.tar.gz', '157271616', 'completed', NULL, 'scheduled', '1.2.56', 'wasabi', '2025-11-30 02:00:31', '2025-11-30 02:00:01', '2025-11-30 02:00:31'),
('50', 'combined_backup_v1.2.56_2025-12-01_02-00-19.tar.gz', 'backups/combined_backup_v1.2.56_2025-12-01_02-00-19.tar.gz', '157304209', 'completed', NULL, 'scheduled', '1.2.56', 'wasabi', '2025-12-01 02:00:28', '2025-12-01 02:00:02', '2025-12-01 02:00:28'),
('51', 'combined_backup_v1.2.56_2025-12-02_02-00-19.tar.gz', 'backups/combined_backup_v1.2.56_2025-12-02_02-00-19.tar.gz', '157351591', 'completed', NULL, 'scheduled', '1.2.56', 'wasabi', '2025-12-02 02:00:27', '2025-12-02 02:00:01', '2025-12-02 02:00:27'),
('52', 'combined_backup_v1.2.56_2025-12-03_02-00-19.tar.gz', 'backups/combined_backup_v1.2.56_2025-12-03_02-00-19.tar.gz', '157372545', 'completed', NULL, 'scheduled', '1.2.56', 'wasabi', '2025-12-03 02:00:28', '2025-12-03 02:00:02', '2025-12-03 02:00:28'),
('53', 'combined_backup_v1.2.57_2025-12-04_02-00-19.tar.gz', 'backups/combined_backup_v1.2.57_2025-12-04_02-00-19.tar.gz', '157514371', 'completed', NULL, 'scheduled', '1.2.57', 'wasabi', '2025-12-04 02:00:27', '2025-12-04 02:00:01', '2025-12-04 02:00:27'),
('54', 'combined_backup_v1.2.59_2025-12-05_02-00-19.tar.gz', 'backups/combined_backup_v1.2.59_2025-12-05_02-00-19.tar.gz', '157475871', 'completed', NULL, 'scheduled', '1.2.59', 'wasabi', '2025-12-05 02:00:28', '2025-12-05 02:00:02', '2025-12-05 02:00:28'),
('55', 'combined_backup_v1.2.59_2025-12-06_02-00-19.tar.gz', 'backups/combined_backup_v1.2.59_2025-12-06_02-00-19.tar.gz', '157498167', 'completed', NULL, 'scheduled', '1.2.59', 'wasabi', '2025-12-06 02:00:28', '2025-12-06 02:00:01', '2025-12-06 02:00:28'),
('56', 'combined_backup_v1.2.59_2025-12-07_02-00-20.tar.gz', 'backups/combined_backup_v1.2.59_2025-12-07_02-00-20.tar.gz', '157509853', 'completed', NULL, 'scheduled', '1.2.59', 'wasabi', '2025-12-07 02:00:34', '2025-12-07 02:00:02', '2025-12-07 02:00:34'),
('57', 'backup_v1.2.59_2025-12-08_02-00-02.sql', '', NULL, 'in_progress', NULL, 'scheduled', '1.2.59', 'wasabi', NULL, '2025-12-08 02:00:02', '2025-12-08 02:00:02');


-- Table structure for table `delivery_executives`
CREATE TABLE `delivery_executives` (
  `id` bigint(20) unsigned NOT NULL AUTO_INCREMENT,
  `branch_id` bigint(20) unsigned NOT NULL,
  `name` varchar(191) NOT NULL,
  `phone` varchar(191) DEFAULT NULL,
  `photo` varchar(191) DEFAULT NULL,
  `status` enum('available','on_delivery','inactive') NOT NULL DEFAULT 'available',
  `created_at` timestamp NULL DEFAULT NULL,
  `updated_at` timestamp NULL DEFAULT NULL,
  PRIMARY KEY (`id`),
  KEY `delivery_executives_branch_id_foreign` (`branch_id`),
  CONSTRAINT `delivery_executives_branch_id_foreign` FOREIGN KEY (`branch_id`) REFERENCES `branches` (`id`) ON DELETE CASCADE
) ENGINE=InnoDB AUTO_INCREMENT=2 DEFAULT CHARSET=utf8mb4 COLLATE=utf8mb4_unicode_ci;

-- Dumping data for table `delivery_executives`
INSERT INTO `delivery_executives` VALUES
('1', '5', 'Ram Sharma', '70178881812', NULL, 'available', '2025-10-24 15:04:34', '2025-10-24 15:04:34');


-- Table structure for table `delivery_fee_tiers`
CREATE TABLE `delivery_fee_tiers` (
  `id` bigint(20) unsigned NOT NULL AUTO_INCREMENT,
  `branch_id` bigint(20) unsigned NOT NULL,
  `min_distance` double DEFAULT NULL,
  `max_distance` double DEFAULT NULL,
  `fee` decimal(8,2) DEFAULT NULL,
  `created_at` timestamp NULL DEFAULT NULL,
  `updated_at` timestamp NULL DEFAULT NULL,
  PRIMARY KEY (`id`),
  KEY `delivery_fee_tiers_branch_id_foreign` (`branch_id`),
  CONSTRAINT `delivery_fee_tiers_branch_id_foreign` FOREIGN KEY (`branch_id`) REFERENCES `branches` (`id`) ON DELETE CASCADE
) ENGINE=InnoDB DEFAULT CHARSET=utf8mb4 COLLATE=utf8mb4_unicode_ci;


-- Table structure for table `delivery_platforms`
CREATE TABLE `delivery_platforms` (
  `id` bigint(20) unsigned NOT NULL AUTO_INCREMENT,
  `branch_id` bigint(20) unsigned DEFAULT NULL,
  `name` varchar(191) NOT NULL,
  `logo` varchar(191) DEFAULT NULL,
  `commission_type` enum('percent','fixed') NOT NULL DEFAULT 'percent',
  `commission_value` decimal(16,2) DEFAULT NULL,
  `is_active` tinyint(1) NOT NULL DEFAULT 1,
  `created_at` timestamp NULL DEFAULT NULL,
  `updated_at` timestamp NULL DEFAULT NULL,
  PRIMARY KEY (`id`),
  KEY `delivery_platforms_branch_id_foreign` (`branch_id`),
  CONSTRAINT `delivery_platforms_branch_id_foreign` FOREIGN KEY (`branch_id`) REFERENCES `branches` (`id`) ON DELETE CASCADE ON UPDATE CASCADE
) ENGINE=InnoDB AUTO_INCREMENT=3 DEFAULT CHARSET=utf8mb4 COLLATE=utf8mb4_unicode_ci;

-- Dumping data for table `delivery_platforms`
INSERT INTO `delivery_platforms` VALUES
('1', '5', 'Swiggy', NULL, 'percent', '20.00', '1', '2025-10-24 02:43:18', '2025-10-24 02:43:18'),
('2', '5', 'Zomato', NULL, 'percent', '20.00', '1', '2025-10-24 15:23:37', '2025-10-24 15:23:37');


-- Table structure for table `denominations`
CREATE TABLE `denominations` (
  `id` bigint(20) unsigned NOT NULL AUTO_INCREMENT,
  `uuid` char(36) NOT NULL,
  `name` varchar(191) NOT NULL,
  `value` decimal(10,2) NOT NULL,
  `type` enum('coin','note','bill') NOT NULL,
  `description` text DEFAULT NULL,
  `is_active` tinyint(1) NOT NULL DEFAULT 1,
  `branch_id` bigint(20) unsigned DEFAULT NULL,
  `restaurant_id` bigint(20) unsigned DEFAULT NULL,
  `created_at` timestamp NULL DEFAULT NULL,
  `updated_at` timestamp NULL DEFAULT NULL,
  `deleted_at` timestamp NULL DEFAULT NULL,
  PRIMARY KEY (`id`),
  UNIQUE KEY `denominations_uuid_unique` (`uuid`),
  UNIQUE KEY `unique_denomination_per_branch` (`value`,`type`,`branch_id`,`restaurant_id`),
  KEY `denominations_branch_id_restaurant_id_index` (`branch_id`,`restaurant_id`),
  KEY `denominations_type_is_active_index` (`type`,`is_active`),
  KEY `denominations_value_type_index` (`value`,`type`),
  KEY `denominations_restaurant_id_foreign` (`restaurant_id`),
  CONSTRAINT `denominations_branch_id_foreign` FOREIGN KEY (`branch_id`) REFERENCES `branches` (`id`) ON DELETE CASCADE,
  CONSTRAINT `denominations_restaurant_id_foreign` FOREIGN KEY (`restaurant_id`) REFERENCES `restaurants` (`id`) ON DELETE CASCADE
) ENGINE=InnoDB AUTO_INCREMENT=5 DEFAULT CHARSET=utf8mb4 COLLATE=utf8mb4_unicode_ci;

-- Dumping data for table `denominations`
INSERT INTO `denominations` VALUES
('1', 'c578aac0-04bc-4489-a5dc-e4823908ecf9', '10 Rupee Coin', '10.00', 'coin', NULL, '1', '5', '4', '2025-10-17 23:56:39', '2025-10-17 23:56:39', NULL),
('2', '3f7eb1e3-c9a4-44d1-afa1-e70782e1f577', '100 Rupee', '100.00', 'note', NULL, '1', '5', '4', '2025-10-17 23:56:53', '2025-10-17 23:56:53', NULL),
('3', 'e51f3ce4-ad6c-4637-b043-279d2f508ad7', '200  Note', '200.00', 'note', NULL, '1', '5', '4', '2025-10-17 23:57:04', '2025-10-17 23:57:04', NULL),
('4', 'f1f86633-2170-4caa-8145-4d59e0da8250', '500 Note', '500.00', 'note', NULL, '1', '5', '4', '2025-10-17 23:57:15', '2025-10-17 23:57:15', NULL);


-- Table structure for table `desktop_applications`
CREATE TABLE `desktop_applications` (
  `id` bigint(20) unsigned NOT NULL AUTO_INCREMENT,
  `windows_file_path` varchar(191) DEFAULT NULL,
  `mac_file_path` varchar(191) DEFAULT NULL,
  `linux_file_path` varchar(191) DEFAULT NULL,
  `created_at` timestamp NULL DEFAULT NULL,
  `updated_at` timestamp NULL DEFAULT NULL,
  PRIMARY KEY (`id`)
) ENGINE=InnoDB AUTO_INCREMENT=2 DEFAULT CHARSET=utf8mb4 COLLATE=utf8mb4_unicode_ci;

-- Dumping data for table `desktop_applications`
INSERT INTO `desktop_applications` VALUES
('1', 'https://ewiidine.ca/', 'https://ewiidine.ca/downloads/Mac_EwiiDine_App.zip', 'https://envato.froid.works/app/download/linux', '2025-09-17 05:36:43', '2025-10-16 11:50:58');


-- Table structure for table `epay_payments`
CREATE TABLE `epay_payments` (
  `id` bigint(20) unsigned NOT NULL AUTO_INCREMENT,
  `epay_payment_id` varchar(191) DEFAULT NULL,
  `order_id` bigint(20) unsigned NOT NULL,
  `amount` decimal(10,2) NOT NULL,
  `payment_status` enum('pending','completed','failed') NOT NULL DEFAULT 'pending',
  `payment_date` timestamp NULL DEFAULT NULL,
  `payment_error_response` longtext CHARACTER SET utf8mb4 COLLATE utf8mb4_bin DEFAULT NULL CHECK (json_valid(`payment_error_response`)),
  `epay_invoice_id` varchar(191) DEFAULT NULL,
  `epay_secret_hash` varchar(191) DEFAULT NULL,
  `epay_access_token` text DEFAULT NULL,
  `created_at` timestamp NULL DEFAULT NULL,
  `updated_at` timestamp NULL DEFAULT NULL,
  PRIMARY KEY (`id`),
  KEY `epay_payments_order_id_foreign` (`order_id`),
  CONSTRAINT `epay_payments_order_id_foreign` FOREIGN KEY (`order_id`) REFERENCES `orders` (`id`) ON DELETE CASCADE
) ENGINE=InnoDB DEFAULT CHARSET=utf8mb4 COLLATE=utf8mb4_unicode_ci;


-- Table structure for table `expense_categories`
CREATE TABLE `expense_categories` (
  `id` bigint(20) unsigned NOT NULL AUTO_INCREMENT,
  `branch_id` bigint(20) unsigned NOT NULL,
  `name` varchar(191) NOT NULL,
  `description` varchar(191) DEFAULT NULL,
  `is_active` tinyint(1) NOT NULL DEFAULT 1,
  `created_at` timestamp NULL DEFAULT NULL,
  `updated_at` timestamp NULL DEFAULT NULL,
  PRIMARY KEY (`id`),
  KEY `expense_categories_branch_id_foreign` (`branch_id`),
  CONSTRAINT `expense_categories_branch_id_foreign` FOREIGN KEY (`branch_id`) REFERENCES `branches` (`id`) ON DELETE CASCADE ON UPDATE CASCADE
) ENGINE=InnoDB AUTO_INCREMENT=311 DEFAULT CHARSET=utf8mb4 COLLATE=utf8mb4_unicode_ci;

-- Dumping data for table `expense_categories`
INSERT INTO `expense_categories` VALUES
('1', '1', 'Rent', 'Monthly rent for restaurant space', '1', '2025-09-17 05:36:44', '2025-09-17 05:36:44'),
('2', '1', 'Utilities', 'Electricity, water, gas, and other utilities', '1', '2025-09-17 05:36:44', '2025-09-17 05:36:44'),
('3', '1', 'Salaries', 'Employee salaries and wages', '1', '2025-09-17 05:36:44', '2025-09-17 05:36:44'),
('4', '1', 'Ingredients', 'Food ingredients and raw materials', '1', '2025-09-17 05:36:44', '2025-09-17 05:36:44'),
('5', '1', 'Equipment', 'Kitchen equipment and appliances', '1', '2025-09-17 05:36:44', '2025-09-17 05:36:44'),
('6', '1', 'Marketing', 'Advertising and promotional expenses', '1', '2025-09-17 05:36:44', '2025-09-17 05:36:44'),
('7', '1', 'Insurance', 'Business insurance and liability coverage', '1', '2025-09-17 05:36:44', '2025-09-17 05:36:44'),
('8', '1', 'Maintenance', 'Repairs and maintenance costs', '1', '2025-09-17 05:36:44', '2025-09-17 05:36:44'),
('9', '1', 'Licenses', 'Business licenses and permits', '1', '2025-09-17 05:36:44', '2025-09-17 05:36:44'),
('10', '1', 'Miscellaneous', 'Other miscellaneous expenses', '1', '2025-09-17 05:36:44', '2025-09-17 05:36:44'),
('11', '2', 'Rent', 'Monthly rent for restaurant space', '1', '2025-09-17 05:36:44', '2025-09-17 05:36:44'),
('12', '2', 'Utilities', 'Electricity, water, gas, and other utilities', '1', '2025-09-17 05:36:44', '2025-09-17 05:36:44'),
('13', '2', 'Salaries', 'Employee salaries and wages', '1', '2025-09-17 05:36:44', '2025-09-17 05:36:44'),
('14', '2', 'Ingredients', 'Food ingredients and raw materials', '1', '2025-09-17 05:36:44', '2025-09-17 05:36:44'),
('15', '2', 'Equipment', 'Kitchen equipment and appliances', '1', '2025-09-17 05:36:44', '2025-09-17 05:36:44'),
('16', '2', 'Marketing', 'Advertising and promotional expenses', '1', '2025-09-17 05:36:44', '2025-09-17 05:36:44'),
('17', '2', 'Insurance', 'Business insurance and liability coverage', '1', '2025-09-17 05:36:44', '2025-09-17 05:36:44'),
('18', '2', 'Maintenance', 'Repairs and maintenance costs', '1', '2025-09-17 05:36:44', '2025-09-17 05:36:44'),
('19', '2', 'Licenses', 'Business licenses and permits', '1', '2025-09-17 05:36:44', '2025-09-17 05:36:44'),
('20', '2', 'Miscellaneous', 'Other miscellaneous expenses', '1', '2025-09-17 05:36:44', '2025-09-17 05:36:44'),
('21', '3', 'Rent', 'Monthly rent for restaurant space', '1', '2025-09-17 10:02:45', '2025-09-17 10:02:45'),
('22', '3', 'Utilities', 'Electricity, water, gas, and other utilities', '1', '2025-09-17 10:02:45', '2025-09-17 10:02:45'),
('23', '3', 'Salaries', 'Employee salaries and wages', '1', '2025-09-17 10:02:45', '2025-09-17 10:02:45'),
('24', '3', 'Ingredients', 'Food ingredients and raw materials', '1', '2025-09-17 10:02:45', '2025-09-17 10:02:45'),
('25', '3', 'Equipment', 'Kitchen equipment and appliances', '1', '2025-09-17 10:02:45', '2025-09-17 10:02:45'),
('26', '3', 'Marketing', 'Advertising and promotional expenses', '1', '2025-09-17 10:02:45', '2025-09-17 10:02:45'),
('27', '3', 'Insurance', 'Business insurance and liability coverage', '1', '2025-09-17 10:02:45', '2025-09-17 10:02:45'),
('28', '3', 'Maintenance', 'Repairs and maintenance costs', '1', '2025-09-17 10:02:45', '2025-09-17 10:02:45'),
('29', '3', 'Licenses', 'Business licenses and permits', '1', '2025-09-17 10:02:45', '2025-09-17 10:02:45'),
('30', '3', 'Miscellaneous', 'Other miscellaneous expenses', '1', '2025-09-17 10:02:45', '2025-09-17 10:02:45'),
('31', '4', 'Rent', 'Monthly rent for restaurant space', '1', '2025-09-20 12:56:44', '2025-09-20 12:56:44'),
('32', '4', 'Utilities', 'Electricity, water, gas, and other utilities', '1', '2025-09-20 12:56:44', '2025-09-20 12:56:44'),
('33', '4', 'Salaries', 'Employee salaries and wages', '1', '2025-09-20 12:56:44', '2025-09-20 12:56:44'),
('34', '4', 'Ingredients', 'Food ingredients and raw materials', '1', '2025-09-20 12:56:44', '2025-09-20 12:56:44'),
('35', '4', 'Equipment', 'Kitchen equipment and appliances', '1', '2025-09-20 12:56:44', '2025-09-20 12:56:44'),
('36', '4', 'Marketing', 'Advertising and promotional expenses', '1', '2025-09-20 12:56:44', '2025-09-20 12:56:44'),
('37', '4', 'Insurance', 'Business insurance and liability coverage', '1', '2025-09-20 12:56:44', '2025-09-20 12:56:44'),
('38', '4', 'Maintenance', 'Repairs and maintenance costs', '1', '2025-09-20 12:56:44', '2025-09-20 12:56:44'),
('39', '4', 'Licenses', 'Business licenses and permits', '1', '2025-09-20 12:56:44', '2025-09-20 12:56:44'),
('40', '4', 'Miscellaneous', 'Other miscellaneous expenses', '1', '2025-09-20 12:56:44', '2025-09-20 12:56:44'),
('41', '5', 'Rent', 'Monthly rent for restaurant space', '1', '2025-10-07 15:00:09', '2025-10-07 15:00:09'),
('42', '5', 'Utilities', 'Electricity, water, gas, and other utilities', '1', '2025-10-07 15:00:09', '2025-10-07 15:00:09'),
('43', '5', 'Salaries', 'Employee salaries and wages', '1', '2025-10-07 15:00:09', '2025-10-07 15:00:09'),
('44', '5', 'Ingredients', 'Food ingredients and raw materials', '1', '2025-10-07 15:00:09', '2025-10-07 15:00:09'),
('45', '5', 'Equipment', 'Kitchen equipment and appliances', '1', '2025-10-07 15:00:09', '2025-10-07 15:00:09'),
('46', '5', 'Marketing', 'Advertising and promotional expenses', '1', '2025-10-07 15:00:09', '2025-10-07 15:00:09'),
('47', '5', 'Insurance', 'Business insurance and liability coverage', '1', '2025-10-07 15:00:09', '2025-10-07 15:00:09'),
('48', '5', 'Maintenance', 'Repairs and maintenance costs', '1', '2025-10-07 15:00:09', '2025-10-07 15:00:09'),
('49', '5', 'Licenses', 'Business licenses and permits', '1', '2025-10-07 15:00:09', '2025-10-07 15:00:09'),
('50', '5', 'Miscellaneous', 'Other miscellaneous expenses', '1', '2025-10-07 15:00:09', '2025-10-07 15:00:09'),
('261', '27', 'Rent', 'Monthly rent for restaurant space', '1', '2025-11-07 17:23:03', '2025-11-07 17:23:03'),
('262', '27', 'Utilities', 'Electricity, water, gas, and other utilities', '1', '2025-11-07 17:23:03', '2025-11-07 17:23:03'),
('263', '27', 'Salaries', 'Employee salaries and wages', '1', '2025-11-07 17:23:03', '2025-11-07 17:23:03'),
('264', '27', 'Ingredients', 'Food ingredients and raw materials', '1', '2025-11-07 17:23:03', '2025-11-07 17:23:03'),
('265', '27', 'Equipment', 'Kitchen equipment and appliances', '1', '2025-11-07 17:23:03', '2025-11-07 17:23:03'),
('266', '27', 'Marketing', 'Advertising and promotional expenses', '1', '2025-11-07 17:23:03', '2025-11-07 17:23:03'),
('267', '27', 'Insurance', 'Business insurance and liability coverage', '1', '2025-11-07 17:23:03', '2025-11-07 17:23:03'),
('268', '27', 'Maintenance', 'Repairs and maintenance costs', '1', '2025-11-07 17:23:03', '2025-11-07 17:23:03'),
('269', '27', 'Licenses', 'Business licenses and permits', '1', '2025-11-07 17:23:03', '2025-11-07 17:23:03'),
('270', '27', 'Miscellaneous', 'Other miscellaneous expenses', '1', '2025-11-07 17:23:03', '2025-11-07 17:23:03'),
('271', '28', 'Rent', 'Monthly rent for restaurant space', '1', '2025-11-08 10:32:27', '2025-11-08 10:32:27'),
('272', '28', 'Utilities', 'Electricity, water, gas, and other utilities', '1', '2025-11-08 10:32:27', '2025-11-08 10:32:27'),
('273', '28', 'Salaries', 'Employee salaries and wages', '1', '2025-11-08 10:32:27', '2025-11-08 10:32:27'),
('274', '28', 'Ingredients', 'Food ingredients and raw materials', '1', '2025-11-08 10:32:27', '2025-11-08 10:32:27'),
('275', '28', 'Equipment', 'Kitchen equipment and appliances', '1', '2025-11-08 10:32:27', '2025-11-08 10:32:27'),
('276', '28', 'Marketing', 'Advertising and promotional expenses', '1', '2025-11-08 10:32:27', '2025-11-08 10:32:27'),
('277', '28', 'Insurance', 'Business insurance and liability coverage', '1', '2025-11-08 10:32:27', '2025-11-08 10:32:27'),
('278', '28', 'Maintenance', 'Repairs and maintenance costs', '1', '2025-11-08 10:32:27', '2025-11-08 10:32:27'),
('279', '28', 'Licenses', 'Business licenses and permits', '1', '2025-11-08 10:32:27', '2025-11-08 10:32:27'),
('280', '28', 'Miscellaneous', 'Other miscellaneous expenses', '1', '2025-11-08 10:32:27', '2025-11-08 10:32:27'),
('281', '29', 'Rent', 'Monthly rent for restaurant space', '1', '2025-11-12 14:15:51', '2025-11-12 14:15:51'),
('282', '29', 'Utilities', 'Electricity, water, gas, and other utilities', '1', '2025-11-12 14:15:51', '2025-11-12 14:15:51'),
('283', '29', 'Salaries', 'Employee salaries and wages', '1', '2025-11-12 14:15:51', '2025-11-12 14:15:51'),
('284', '29', 'Ingredients', 'Food ingredients and raw materials', '1', '2025-11-12 14:15:51', '2025-11-12 14:15:51'),
('285', '29', 'Equipment', 'Kitchen equipment and appliances', '1', '2025-11-12 14:15:51', '2025-11-12 14:15:51'),
('286', '29', 'Marketing', 'Advertising and promotional expenses', '1', '2025-11-12 14:15:51', '2025-11-12 14:15:51'),
('287', '29', 'Insurance', 'Business insurance and liability coverage', '1', '2025-11-12 14:15:51', '2025-11-12 14:15:51'),
('288', '29', 'Maintenance', 'Repairs and maintenance costs', '1', '2025-11-12 14:15:51', '2025-11-12 14:15:51'),
('289', '29', 'Licenses', 'Business licenses and permits', '1', '2025-11-12 14:15:51', '2025-11-12 14:15:51'),
('290', '29', 'Miscellaneous', 'Other miscellaneous expenses', '1', '2025-11-12 14:15:51', '2025-11-12 14:15:51'),
('291', '30', 'Rent', 'Monthly rent for restaurant space', '1', '2025-11-13 15:41:44', '2025-11-13 15:41:44'),
('292', '30', 'Utilities', 'Electricity, water, gas, and other utilities', '1', '2025-11-13 15:41:44', '2025-11-13 15:41:44'),
('293', '30', 'Salaries', 'Employee salaries and wages', '1', '2025-11-13 15:41:44', '2025-11-13 15:41:44'),
('294', '30', 'Ingredients', 'Food ingredients and raw materials', '1', '2025-11-13 15:41:44', '2025-11-13 15:41:44'),
('295', '30', 'Equipment', 'Kitchen equipment and appliances', '1', '2025-11-13 15:41:44', '2025-11-13 15:41:44'),
('296', '30', 'Marketing', 'Advertising and promotional expenses', '1', '2025-11-13 15:41:44', '2025-11-13 15:41:44'),
('297', '30', 'Insurance', 'Business insurance and liability coverage', '1', '2025-11-13 15:41:44', '2025-11-13 15:41:44'),
('298', '30', 'Maintenance', 'Repairs and maintenance costs', '1', '2025-11-13 15:41:44', '2025-11-13 15:41:44'),
('299', '30', 'Licenses', 'Business licenses and permits', '1', '2025-11-13 15:41:44', '2025-11-13 15:41:44'),
('300', '30', 'Miscellaneous', 'Other miscellaneous expenses', '1', '2025-11-13 15:41:44', '2025-11-13 15:41:44'),
('301', '31', 'Rent', 'Monthly rent for restaurant space', '1', '2025-11-15 07:46:25', '2025-11-15 07:46:25'),
('302', '31', 'Utilities', 'Electricity, water, gas, and other utilities', '1', '2025-11-15 07:46:25', '2025-11-15 07:46:25'),
('303', '31', 'Salaries', 'Employee salaries and wages', '1', '2025-11-15 07:46:25', '2025-11-15 07:46:25'),
('304', '31', 'Ingredients', 'Food ingredients and raw materials', '1', '2025-11-15 07:46:25', '2025-11-15 07:46:25'),
('305', '31', 'Equipment', 'Kitchen equipment and appliances', '1', '2025-11-15 07:46:25', '2025-11-15 07:46:25'),
('306', '31', 'Marketing', 'Advertising and promotional expenses', '1', '2025-11-15 07:46:25', '2025-11-15 07:46:25'),
('307', '31', 'Insurance', 'Business insurance and liability coverage', '1', '2025-11-15 07:46:25', '2025-11-15 07:46:25'),
('308', '31', 'Maintenance', 'Repairs and maintenance costs', '1', '2025-11-15 07:46:25', '2025-11-15 07:46:25'),
('309', '31', 'Licenses', 'Business licenses and permits', '1', '2025-11-15 07:46:25', '2025-11-15 07:46:25'),
('310', '31', 'Miscellaneous', 'Other miscellaneous expenses', '1', '2025-11-15 07:46:25', '2025-11-15 07:46:25');


-- Table structure for table `expenses`
CREATE TABLE `expenses` (
  `id` bigint(20) unsigned NOT NULL AUTO_INCREMENT,
  `expense_category_id` bigint(20) unsigned DEFAULT NULL,
  `branch_id` bigint(20) unsigned NOT NULL,
  `expense_title` varchar(191) DEFAULT NULL,
  `description` text DEFAULT NULL,
  `amount` decimal(10,2) NOT NULL,
  `expense_date` date NOT NULL,
  `payment_status` varchar(191) NOT NULL,
  `payment_date` date DEFAULT NULL,
  `payment_due_date` date DEFAULT NULL,
  `payment_method` varchar(191) DEFAULT NULL,
  `receipt_path` varchar(191) DEFAULT NULL,
  `created_at` timestamp NULL DEFAULT NULL,
  `updated_at` timestamp NULL DEFAULT NULL,
  PRIMARY KEY (`id`),
  KEY `expenses_expense_category_id_foreign` (`expense_category_id`),
  KEY `expenses_branch_id_foreign` (`branch_id`),
  CONSTRAINT `expenses_branch_id_foreign` FOREIGN KEY (`branch_id`) REFERENCES `branches` (`id`) ON DELETE CASCADE ON UPDATE CASCADE,
  CONSTRAINT `expenses_expense_category_id_foreign` FOREIGN KEY (`expense_category_id`) REFERENCES `expense_categories` (`id`) ON DELETE SET NULL
) ENGINE=InnoDB AUTO_INCREMENT=2 DEFAULT CHARSET=utf8mb4 COLLATE=utf8mb4_unicode_ci;

-- Dumping data for table `expenses`
INSERT INTO `expenses` VALUES
('1', '45', '5', 'Payment For Salt', NULL, '10.00', '2025-10-18', 'paid', '2025-10-16', '2025-10-15', 'cash', NULL, '2025-10-18 00:13:40', '2025-10-18 00:13:40');


-- Table structure for table `failed_jobs`
CREATE TABLE `failed_jobs` (
  `id` bigint(20) unsigned NOT NULL AUTO_INCREMENT,
  `uuid` varchar(191) NOT NULL,
  `connection` text NOT NULL,
  `queue` text NOT NULL,
  `payload` longtext NOT NULL,
  `exception` longtext NOT NULL,
  `failed_at` timestamp NOT NULL DEFAULT current_timestamp(),
  PRIMARY KEY (`id`),
  UNIQUE KEY `failed_jobs_uuid_unique` (`uuid`)
) ENGINE=InnoDB DEFAULT CHARSET=utf8mb4 COLLATE=utf8mb4_unicode_ci;


-- Table structure for table `file_storage`
CREATE TABLE `file_storage` (
  `id` int(10) unsigned NOT NULL AUTO_INCREMENT,
  `restaurant_id` bigint(20) unsigned DEFAULT NULL,
  `path` varchar(191) NOT NULL,
  `filename` varchar(191) NOT NULL,
  `type` varchar(50) DEFAULT NULL,
  `size` int(10) unsigned NOT NULL,
  `storage_location` enum('local','aws_s3','digitalocean','wasabi','minio') NOT NULL DEFAULT 'local',
  `created_at` timestamp NULL DEFAULT NULL,
  `updated_at` timestamp NULL DEFAULT NULL,
  PRIMARY KEY (`id`),
  KEY `file_storage_restaurant_id_foreign` (`restaurant_id`),
  CONSTRAINT `file_storage_restaurant_id_foreign` FOREIGN KEY (`restaurant_id`) REFERENCES `restaurants` (`id`) ON DELETE CASCADE ON UPDATE CASCADE
) ENGINE=InnoDB AUTO_INCREMENT=306 DEFAULT CHARSET=utf8mb4 COLLATE=utf8mb4_unicode_ci;

-- Dumping data for table `file_storage`
INSERT INTO `file_storage` VALUES
('1', '1', 'qrcodes', 'qrcode-branch-1-1.png', 'image/png', '2764', 'wasabi', '2025-09-17 05:36:44', '2025-10-15 12:20:25'),
('3', '1', 'qrcodes', 'qrcode-branch-2-1.png', 'image/png', '2767', 'wasabi', '2025-09-17 05:36:44', '2025-10-15 12:20:25'),
('11', NULL, 'favicons/super-admin/', 'android-chrome-192x192.png', 'image/png', '26099', 'wasabi', '2025-09-17 06:11:53', '2025-10-15 12:20:26'),
('12', NULL, 'favicons/super-admin/', 'android-chrome-512x512.png', 'image/png', '131816', 'wasabi', '2025-09-17 06:11:53', '2025-10-15 12:20:26'),
('13', NULL, 'favicons/super-admin/', 'apple-touch-icon.png', 'image/png', '23503', 'wasabi', '2025-09-17 06:11:53', '2025-10-15 12:20:28'),
('14', NULL, 'favicons/super-admin/', 'favicon-16x16.png', 'image/png', '836', 'wasabi', '2025-09-17 06:11:53', '2025-10-15 12:20:28'),
('15', NULL, 'favicons/super-admin/', 'favicon-32x32.png', 'image/png', '1966', 'wasabi', '2025-09-17 06:11:53', '2025-10-15 12:20:28'),
('16', NULL, 'favicons/super-admin/', 'favicon.ico', 'image/vnd.microsoft.icon', '15406', 'wasabi', '2025-09-17 06:11:53', '2025-10-15 12:20:28'),
('17', '2', 'qrcodes', 'qrcode-branch-3-2.png', 'image/png', '2550', 'wasabi', '2025-09-17 10:02:45', '2025-10-15 12:20:28'),
('18', '2', 'qrcodes', 'qrcode-3-t01.png', 'image/png', '4740', 'wasabi', '2025-09-20 12:24:08', '2025-10-15 12:20:28'),
('19', '2', 'qrcodes', 'qrcode-3-r01.png', 'image/png', '4707', 'wasabi', '2025-09-20 12:24:21', '2025-10-15 12:20:28'),
('20', '3', 'qrcodes', 'qrcode-branch-4-3.png', 'image/png', '2777', 'wasabi', '2025-09-20 12:56:44', '2025-10-15 12:20:28'),
('21', '3', 'qrcodes', 'qrcode-4-t01.png', 'image/png', '4797', 'wasabi', '2025-09-20 12:58:07', '2025-10-15 12:20:28'),
('22', '3', 'qrcodes', 'qrcode-4-g01.png', 'image/png', '5096', 'wasabi', '2025-09-20 12:58:41', '2025-10-15 12:20:30'),
('23', '4', 'qrcodes', 'qrcode-branch-5-4.png', 'image/png', '2558', 'wasabi', '2025-10-07 15:00:09', '2025-10-15 12:20:30'),
('25', '4', 'qrcodes', 'qrcode-5-to1.png', 'image/png', '4694', 'wasabi', '2025-10-07 15:01:13', '2025-10-15 12:20:30'),
('26', '4', 'logo', 'fe8a6d219504148863cf356c9b23c71a.jpeg', 'image/jpeg', '11469', 'wasabi', '2025-10-07 15:29:17', '2025-10-15 12:20:30'),
('27', '4', 'qrcodes', 'qrcode-5-t02.png', 'image/png', '4986', 'wasabi', '2025-10-07 15:39:05', '2025-10-15 12:20:30'),
('28', '4', 'item', 'd53454ebe29fd1e1a47b90f692d86a6d.jpeg', 'image/jpeg', '204767', 'wasabi', '2025-10-08 08:47:24', '2025-10-15 12:20:30'),
('29', '4', 'item', '4892a1ba87cee5b2016d3505c120e7ae.jpeg', 'image/jpeg', '102740', 'wasabi', '2025-10-08 08:48:17', '2025-10-15 12:20:30'),
('30', '4', 'item', '4f724ef832d4425388dab42acfde2c3a.jpeg', 'image/jpeg', '96281', 'wasabi', '2025-10-08 08:49:15', '2025-10-15 12:20:30'),
('31', '4', 'item', '32b2d8f2eb55ef6c04737415608e768b.jpeg', 'image/jpeg', '286503', 'wasabi', '2025-10-08 08:50:17', '2025-10-15 12:20:31'),
('32', '4', 'item', '48cf1b5a9b4fde5d842184d3961bc5f3.jpeg', 'image/jpeg', '347340', 'wasabi', '2025-10-08 08:53:49', '2025-10-15 12:20:31'),
('33', NULL, '/', '6c4aeee7ac4e8e2ff6ae6faf68f0629e.jpg', 'image/jpeg', '68318', 'wasabi', '2025-10-15 12:19:55', '2025-10-15 12:19:55'),
('34', '4', 'favicons/restaurant/moms-biryani/', 'android-chrome-192x192.png', 'image/png', '52133', 'wasabi', '2025-10-15 12:31:03', '2025-10-15 12:31:03'),
('35', '4', 'favicons/restaurant/moms-biryani/', 'android-chrome-512x512.png', 'image/png', '246150', 'wasabi', '2025-10-15 12:31:03', '2025-10-15 12:31:03'),
('36', '4', 'favicons/restaurant/moms-biryani/', 'apple-touch-icon.png', 'image/png', '46964', 'wasabi', '2025-10-15 12:31:04', '2025-10-15 12:31:04'),
('37', '4', 'favicons/restaurant/moms-biryani/', 'favicon-16x16.png', 'image/png', '1000', 'wasabi', '2025-10-15 12:31:04', '2025-10-15 12:31:04'),
('38', '4', 'favicons/restaurant/moms-biryani/', 'favicon-32x32.png', 'image/png', '2756', 'wasabi', '2025-10-15 12:31:04', '2025-10-15 12:31:04'),
('39', '4', 'favicons/restaurant/moms-biryani/', 'favicon.ico', 'image/vnd.microsoft.icon', '15406', 'wasabi', '2025-10-15 12:31:04', '2025-10-15 12:31:04'),
('40', '4', 'qrcodes', 'qrcode-5-r01.png', 'image/png', '4726', 'wasabi', '2025-10-24 14:51:31', '2025-10-24 14:51:31'),
('41', '4', 'qrcodes', 'qrcode-5-r02.png', 'image/png', '4937', 'wasabi', '2025-10-24 14:51:45', '2025-10-24 14:51:45'),
('42', '4', 'qrcodes', 'qrcode-5-f01.png', 'image/png', '4740', 'wasabi', '2025-10-25 13:02:44', '2025-10-25 13:02:44'),
('43', '4', 'qrcodes', 'qrcode-5-f02.png', 'image/png', '5014', 'wasabi', '2025-10-25 13:03:55', '2025-10-25 13:03:55'),
('44', NULL, 'profile-photos', 'a6d28818e84ab926d02f2a417bd89542.jpeg', 'image/jpeg', '808167', 'wasabi', '2025-10-26 18:27:17', '2025-10-26 18:27:17'),
('45', NULL, 'profile-photos', '335000c1aea612025f606d90ed5649e5.jpeg', 'image/jpeg', '808167', 'wasabi', '2025-10-26 18:27:18', '2025-10-26 18:27:18'),
('66', '26', 'qrcodes', 'qrcode-branch-27-26.png', 'image/png', '2572', 'wasabi', '2025-11-07 17:23:03', '2025-11-07 17:23:03'),
('67', NULL, 'favicons/super-admin/', 'android-chrome-192x192.png', 'image/png', '23624', 'wasabi', '2025-11-07 17:49:13', '2025-11-07 17:49:13'),
('68', NULL, 'favicons/super-admin/', 'android-chrome-512x512.png', 'image/png', '108434', 'wasabi', '2025-11-07 17:49:13', '2025-11-07 17:49:13'),
('69', NULL, 'favicons/super-admin/', 'apple-touch-icon.png', 'image/png', '21525', 'wasabi', '2025-11-07 17:49:14', '2025-11-07 17:49:14'),
('70', NULL, 'favicons/super-admin/', 'favicon-16x16.png', 'image/png', '854', 'wasabi', '2025-11-07 17:49:14', '2025-11-07 17:49:14'),
('71', NULL, 'favicons/super-admin/', 'favicon-32x32.png', 'image/png', '1988', 'wasabi', '2025-11-07 17:49:14', '2025-11-07 17:49:14'),
('72', '26', 'offline-invoice', 'c4308617f0f149cfed75486be733e6ae.png', 'image/png', '235164', 'wasabi', '2025-11-08 07:26:10', '2025-11-08 07:26:10'),
('73', '27', 'qrcodes', 'qrcode-branch-28-27.png', 'image/png', '2797', 'wasabi', '2025-11-08 10:32:26', '2025-11-08 10:32:26'),
('74', '27', 'offline-invoice', '970330d67f7a25f1e2ebdc94709d0d9a.png', 'image/png', '1678232', 'wasabi', '2025-11-08 10:35:39', '2025-11-08 10:35:39'),
('75', '4', 'qrcodes', 'qrcode-5-to3.png', 'image/png', '4881', 'wasabi', '2025-11-12 08:50:38', '2025-11-12 08:50:38'),
('76', '28', 'qrcodes', 'qrcode-branch-29-28.png', 'image/png', '2800', 'wasabi', '2025-11-12 14:15:50', '2025-11-12 14:15:50'),
('77', '28', 'qrcodes', 'qrcode-29-xyz.png', 'image/png', '4936', 'wasabi', '2025-11-12 14:20:16', '2025-11-12 14:20:16'),
('78', '29', 'qrcodes', 'qrcode-branch-30-29.png', 'image/png', '2590', 'wasabi', '2025-11-13 15:41:43', '2025-11-13 15:41:43'),
('79', '29', 'offline-invoice', 'e70a56a6cda779498e1b983dd5eac660.png', 'image/png', '235164', 'wasabi', '2025-11-13 15:42:38', '2025-11-13 15:42:38'),
('80', '30', 'qrcodes', 'qrcode-branch-31-30.png', 'image/png', '2756', 'wasabi', '2025-11-15 07:46:25', '2025-11-15 07:46:25'),
('81', '30', 'offline-invoice', 'bb954913362561203460e2de3dfea064.svg', 'image/svg+xml', '5016', 'wasabi', '2025-11-15 07:49:09', '2025-11-15 07:49:09'),
('82', '26', 'qrcodes', 'qrcode-27-332.png', 'image/png', '4749', 'wasabi', '2025-11-15 13:14:03', '2025-11-15 13:14:03'),
('83', NULL, '/', '29cd6b0cc73da0dbdb8818b82e1402e4.png', 'image/png', '31802', 'wasabi', '2025-11-26 09:26:35', '2025-11-26 09:49:20'),
('84', NULL, '/', 'c38cd3d9b9d1bebf1f12feef212c81a3.avif', 'image/avif', '224365', 'wasabi', '2025-11-26 09:48:21', '2025-11-26 09:48:21'),
('85', NULL, 'favicons/super-admin/', 'favicon.ico', 'image/vnd.microsoft.icon', '15406', 'wasabi', '2025-11-27 16:49:55', '2025-11-27 16:49:55'),
('86', NULL, '/', '70cbd606f3efb0d1251cb85a73a2b4a2.jpg', 'image/jpeg', '488686', 'wasabi', '2025-11-28 07:24:07', '2025-11-28 07:24:07'),
('87', '4', 'item', '55c3abd472c4d9e2b7fa752e7556f942.jpg', 'image/jpeg', '11420', 'wasabi', '2025-11-28 10:26:53', '2025-11-28 10:32:54'),
('88', '4', 'item', 'f0907b5bff73659264a3a36ca98f0059.jpg', 'image/jpeg', '10405', 'wasabi', '2025-11-28 10:27:59', '2025-11-28 10:32:54'),
('89', '4', 'item', '21fa291ebc22727e4818a4d942959f8a.jpg', 'image/jpeg', '10405', 'wasabi', '2025-11-28 10:33:14', '2025-11-28 10:33:14'),
('90', '4', 'item', '9993284d2b8beb2e91d9b9dacf64cd2c.png', 'image/png', '26347', 'wasabi', '2025-11-28 10:33:41', '2025-11-28 10:33:41'),
('91', '4', 'item', '824f21f229f33eaf8df95f959785c95e.jpg', 'image/jpeg', '8577', 'wasabi', '2025-11-28 10:34:39', '2025-11-28 10:34:39'),
('92', '4', 'item', '9850bc475903ac2b63cdeaa046f0873a.jpg', 'image/jpeg', '11420', 'wasabi', '2025-11-28 10:43:22', '2025-11-28 10:43:22'),
('93', '4', 'item', 'fcfd1d51d634e81a24402be51da92be7.jpg', 'image/jpeg', '11420', 'wasabi', '2025-11-28 11:26:19', '2025-11-28 11:26:19'),
('94', NULL, 'profile-photos', 'ebe1f74a5670cbabfad4688d0b066896.jpg', 'image/jpeg', '17508', 'wasabi', '2025-11-29 09:21:46', '2025-11-29 09:21:46'),
('95', '2', 'qrcodes', 'qrcode-3-t-01.png', 'image/png', '4810', 'wasabi', '2025-12-02 08:30:15', '2025-12-02 08:30:15'),
('96', '2', 'qrcodes', 'qrcode-3-t-02.png', 'image/png', '5061', 'wasabi', '2025-12-02 08:30:15', '2025-12-02 08:30:15'),
('97', '2', 'qrcodes', 'qrcode-3-t-03.png', 'image/png', '5157', 'wasabi', '2025-12-02 08:30:15', '2025-12-02 08:30:15'),
('98', '2', 'qrcodes', 'qrcode-3-t-04.png', 'image/png', '4966', 'wasabi', '2025-12-02 08:30:15', '2025-12-02 08:30:15'),
('99', '2', 'qrcodes', 'qrcode-3-t-05.png', 'image/png', '4997', 'wasabi', '2025-12-02 08:30:15', '2025-12-02 08:30:15'),
('100', '2', 'qrcodes', 'qrcode-3-t-06.png', 'image/png', '5168', 'wasabi', '2025-12-02 08:30:16', '2025-12-02 08:30:16'),
('101', '2', 'qrcodes', 'qrcode-3-t-07.png', 'image/png', '4937', 'wasabi', '2025-12-02 08:30:16', '2025-12-02 08:30:16'),
('102', '2', 'qrcodes', 'qrcode-3-t-08.png', 'image/png', '5154', 'wasabi', '2025-12-02 08:30:16', '2025-12-02 08:30:16'),
('103', '2', 'qrcodes', 'qrcode-3-t-09.png', 'image/png', '5117', 'wasabi', '2025-12-02 08:30:16', '2025-12-02 08:30:16'),
('104', '2', 'qrcodes', 'qrcode-3-t-10.png', 'image/png', '4787', 'wasabi', '2025-12-02 08:30:16', '2025-12-02 08:30:16'),
('105', '2', 'qrcodes', 'qrcode-3-t-11.png', 'image/png', '4406', 'wasabi', '2025-12-02 08:30:17', '2025-12-02 08:30:17'),
('106', '2', 'qrcodes', 'qrcode-3-t-12.png', 'image/png', '4784', 'wasabi', '2025-12-02 08:30:17', '2025-12-02 08:30:17'),
('107', '2', 'qrcodes', 'qrcode-3-t-13.png', 'image/png', '4796', 'wasabi', '2025-12-02 08:30:17', '2025-12-02 08:30:17'),
('108', '2', 'qrcodes', 'qrcode-3-4.png', 'image/png', '4291', 'wasabi', '2025-12-02 08:38:23', '2025-12-02 08:38:23'),
('109', '2', 'qrcodes', 'qrcode-3-2.png', 'image/png', '4449', 'wasabi', '2025-12-02 08:38:24', '2025-12-02 08:38:24'),
('110', '2', 'qrcodes', 'qrcode-3-3.png', 'image/png', '4469', 'wasabi', '2025-12-02 08:38:24', '2025-12-02 08:38:24'),
('111', '2', 'qrcodes', 'qrcode-3-5.png', 'image/png', '4336', 'wasabi', '2025-12-02 08:38:24', '2025-12-02 08:38:24'),
('112', '2', 'qrcodes', 'qrcode-3-6.png', 'image/png', '4524', 'wasabi', '2025-12-02 08:38:24', '2025-12-02 08:38:24'),
('113', '2', 'qrcodes', 'qrcode-3-7.png', 'image/png', '4255', 'wasabi', '2025-12-02 08:38:24', '2025-12-02 08:38:24'),
('114', '4', 'qrcodes', 'qrcode-5-g01.png', 'image/png', '5087', 'wasabi', '2025-12-02 10:14:57', '2025-12-02 10:14:57'),
('115', '4', 'qrcodes', 'qrcode-5-g02.png', 'image/png', '5346', 'wasabi', '2025-12-02 10:14:57', '2025-12-02 10:14:57'),
('116', '4', 'qrcodes', 'qrcode-5-g03.png', 'image/png', '5423', 'wasabi', '2025-12-02 10:14:58', '2025-12-02 10:14:58'),
('117', '4', 'qrcodes', 'qrcode-5-g04.png', 'image/png', '5322', 'wasabi', '2025-12-02 10:14:58', '2025-12-02 10:14:58'),
('118', '4', 'qrcodes', 'qrcode-5-g05.png', 'image/png', '5387', 'wasabi', '2025-12-02 10:14:58', '2025-12-02 10:14:58'),
('119', '4', 'qrcodes', 'qrcode-5-g06.png', 'image/png', '5498', 'wasabi', '2025-12-02 10:14:58', '2025-12-02 10:14:58'),
('120', '4', 'qrcodes', 'qrcode-5-g07.png', 'image/png', '5237', 'wasabi', '2025-12-02 10:14:58', '2025-12-02 10:14:58'),
('121', '4', 'qrcodes', 'qrcode-5-g08.png', 'image/png', '5470', 'wasabi', '2025-12-02 10:14:58', '2025-12-02 10:14:58'),
('122', '4', 'qrcodes', 'qrcode-5-g09.png', 'image/png', '5450', 'wasabi', '2025-12-02 10:14:58', '2025-12-02 10:14:58'),
('123', '4', 'qrcodes', 'qrcode-5-g10.png', 'image/png', '5131', 'wasabi', '2025-12-02 10:14:58', '2025-12-02 10:14:58'),
('124', '4', 'qrcodes', 'qrcode-5-g11.png', 'image/png', '4734', 'wasabi', '2025-12-02 10:14:58', '2025-12-02 10:14:58'),
('125', '4', 'qrcodes', 'qrcode-5-g12.png', 'image/png', '5167', 'wasabi', '2025-12-02 10:14:58', '2025-12-02 10:14:58'),
('126', '4', 'qrcodes', 'qrcode-5-g13.png', 'image/png', '5220', 'wasabi', '2025-12-02 10:14:58', '2025-12-02 10:14:58'),
('127', '4', 'qrcodes', 'qrcode-5-g14.png', 'image/png', '4939', 'wasabi', '2025-12-02 10:14:58', '2025-12-02 10:14:58'),
('128', '4', 'qrcodes', 'qrcode-5-g15.png', 'image/png', '5107', 'wasabi', '2025-12-02 10:14:58', '2025-12-02 10:14:58'),
('129', '4', 'qrcodes', 'qrcode-5-g16.png', 'image/png', '5307', 'wasabi', '2025-12-02 10:14:59', '2025-12-02 10:14:59'),
('130', '4', 'qrcodes', 'qrcode-5-g17.png', 'image/png', '4884', 'wasabi', '2025-12-02 10:14:59', '2025-12-02 10:14:59'),
('131', '4', 'qrcodes', 'qrcode-5-g18.png', 'image/png', '5210', 'wasabi', '2025-12-02 10:14:59', '2025-12-02 10:14:59'),
('132', '4', 'qrcodes', 'qrcode-5-g19.png', 'image/png', '5194', 'wasabi', '2025-12-02 10:14:59', '2025-12-02 10:14:59'),
('133', '4', 'qrcodes', 'qrcode-5-g20.png', 'image/png', '5372', 'wasabi', '2025-12-02 10:14:59', '2025-12-02 10:14:59'),
('134', '4', 'qrcodes', 'qrcode-5-g21.png', 'image/png', '5069', 'wasabi', '2025-12-02 10:14:59', '2025-12-02 10:14:59'),
('135', '4', 'qrcodes', 'qrcode-5-g22.png', 'image/png', '4931', 'wasabi', '2025-12-02 10:14:59', '2025-12-02 10:14:59'),
('136', '4', 'qrcodes', 'qrcode-5-g23.png', 'image/png', '5282', 'wasabi', '2025-12-02 10:14:59', '2025-12-02 10:14:59'),
('137', '4', 'qrcodes', 'qrcode-5-g24.png', 'image/png', '5222', 'wasabi', '2025-12-02 10:14:59', '2025-12-02 10:14:59'),
('138', '4', 'qrcodes', 'qrcode-5-g25.png', 'image/png', '5282', 'wasabi', '2025-12-02 10:14:59', '2025-12-02 10:14:59'),
('139', '4', 'qrcodes', 'qrcode-5-g26.png', 'image/png', '5353', 'wasabi', '2025-12-02 10:15:00', '2025-12-02 10:15:00'),
('140', '4', 'qrcodes', 'qrcode-5-g27.png', 'image/png', '5207', 'wasabi', '2025-12-02 10:15:00', '2025-12-02 10:15:00'),
('141', '4', 'qrcodes', 'qrcode-5-g28.png', 'image/png', '5342', 'wasabi', '2025-12-02 10:15:00', '2025-12-02 10:15:00'),
('142', '4', 'qrcodes', 'qrcode-5-g29.png', 'image/png', '5440', 'wasabi', '2025-12-02 10:15:00', '2025-12-02 10:15:00'),
('143', '4', 'qrcodes', 'qrcode-5-g30.png', 'image/png', '5398', 'wasabi', '2025-12-02 10:15:00', '2025-12-02 10:15:00'),
('144', '4', 'qrcodes', 'qrcode-5-g31.png', 'image/png', '5175', 'wasabi', '2025-12-02 10:15:00', '2025-12-02 10:15:00'),
('145', '4', 'qrcodes', 'qrcode-5-g32.png', 'image/png', '5247', 'wasabi', '2025-12-02 10:15:00', '2025-12-02 10:15:00'),
('146', '4', 'qrcodes', 'qrcode-5-g33.png', 'image/png', '4834', 'wasabi', '2025-12-02 10:15:00', '2025-12-02 10:15:00'),
('147', '4', 'qrcodes', 'qrcode-5-g34.png', 'image/png', '5256', 'wasabi', '2025-12-02 10:15:00', '2025-12-02 10:15:00'),
('148', '4', 'qrcodes', 'qrcode-5-g35.png', 'image/png', '5317', 'wasabi', '2025-12-02 10:15:00', '2025-12-02 10:15:00'),
('149', '4', 'qrcodes', 'qrcode-5-g36.png', 'image/png', '5461', 'wasabi', '2025-12-02 10:15:00', '2025-12-02 10:15:00'),
('150', '4', 'qrcodes', 'qrcode-5-g37.png', 'image/png', '5283', 'wasabi', '2025-12-02 10:15:01', '2025-12-02 10:15:01'),
('151', '4', 'qrcodes', 'qrcode-5-g38.png', 'image/png', '5337', 'wasabi', '2025-12-02 10:15:01', '2025-12-02 10:15:01'),
('152', '4', 'qrcodes', 'qrcode-5-g39.png', 'image/png', '5360', 'wasabi', '2025-12-02 10:15:01', '2025-12-02 10:15:01'),
('153', '4', 'qrcodes', 'qrcode-5-g40.png', 'image/png', '5279', 'wasabi', '2025-12-02 10:15:01', '2025-12-02 10:15:01'),
('154', '4', 'qrcodes', 'qrcode-5-g41.png', 'image/png', '4928', 'wasabi', '2025-12-02 10:15:01', '2025-12-02 10:15:01'),
('155', '4', 'qrcodes', 'qrcode-5-g42.png', 'image/png', '5245', 'wasabi', '2025-12-02 10:15:01', '2025-12-02 10:15:01'),
('156', '4', 'qrcodes', 'qrcode-5-g43.png', 'image/png', '5261', 'wasabi', '2025-12-02 10:15:01', '2025-12-02 10:15:01'),
('157', '4', 'qrcodes', 'qrcode-5-g44.png', 'image/png', '4819', 'wasabi', '2025-12-02 10:15:01', '2025-12-02 10:15:01'),
('158', '4', 'qrcodes', 'qrcode-5-g45.png', 'image/png', '5141', 'wasabi', '2025-12-02 10:15:02', '2025-12-02 10:15:02'),
('159', '4', 'qrcodes', 'qrcode-5-g46.png', 'image/png', '5302', 'wasabi', '2025-12-02 10:15:02', '2025-12-02 10:15:02'),
('160', '4', 'qrcodes', 'qrcode-5-g47.png', 'image/png', '5008', 'wasabi', '2025-12-02 10:15:02', '2025-12-02 10:15:02'),
('161', '4', 'qrcodes', 'qrcode-5-g48.png', 'image/png', '5280', 'wasabi', '2025-12-02 10:15:02', '2025-12-02 10:15:02'),
('162', '4', 'qrcodes', 'qrcode-5-g49.png', 'image/png', '5277', 'wasabi', '2025-12-02 10:15:02', '2025-12-02 10:15:02'),
('163', '4', 'qrcodes', 'qrcode-5-g50.png', 'image/png', '5402', 'wasabi', '2025-12-02 10:15:02', '2025-12-02 10:15:02'),
('164', '4', 'qrcodes', 'qrcode-5-g51.png', 'image/png', '5058', 'wasabi', '2025-12-02 10:15:02', '2025-12-02 10:15:02'),
('165', '4', 'qrcodes', 'qrcode-5-g52.png', 'image/png', '5291', 'wasabi', '2025-12-02 10:15:02', '2025-12-02 10:15:02'),
('166', '4', 'qrcodes', 'qrcode-5-g53.png', 'image/png', '5293', 'wasabi', '2025-12-02 10:15:02', '2025-12-02 10:15:02'),
('167', '4', 'qrcodes', 'qrcode-5-g54.png', 'image/png', '5136', 'wasabi', '2025-12-02 10:15:02', '2025-12-02 10:15:02'),
('168', '4', 'qrcodes', 'qrcode-5-g55.png', 'image/png', '4915', 'wasabi', '2025-12-02 10:15:03', '2025-12-02 10:15:03'),
('169', '4', 'qrcodes', 'qrcode-5-g56.png', 'image/png', '5474', 'wasabi', '2025-12-02 10:15:03', '2025-12-02 10:15:03'),
('170', '4', 'qrcodes', 'qrcode-5-g57.png', 'image/png', '5120', 'wasabi', '2025-12-02 10:15:03', '2025-12-02 10:15:03'),
('171', '4', 'qrcodes', 'qrcode-5-g58.png', 'image/png', '5346', 'wasabi', '2025-12-02 10:15:03', '2025-12-02 10:15:03'),
('172', '4', 'qrcodes', 'qrcode-5-g59.png', 'image/png', '5410', 'wasabi', '2025-12-02 10:15:03', '2025-12-02 10:15:03'),
('173', '4', 'qrcodes', 'qrcode-5-g60.png', 'image/png', '5555', 'wasabi', '2025-12-02 10:15:03', '2025-12-02 10:15:03'),
('174', '4', 'qrcodes', 'qrcode-5-g61.png', 'image/png', '5252', 'wasabi', '2025-12-02 10:15:03', '2025-12-02 10:15:03'),
('175', '4', 'qrcodes', 'qrcode-5-g62.png', 'image/png', '5339', 'wasabi', '2025-12-02 10:15:03', '2025-12-02 10:15:03'),
('176', '4', 'qrcodes', 'qrcode-5-g63.png', 'image/png', '5464', 'wasabi', '2025-12-02 10:15:03', '2025-12-02 10:15:03'),
('177', '4', 'qrcodes', 'qrcode-5-g64.png', 'image/png', '5282', 'wasabi', '2025-12-02 10:15:03', '2025-12-02 10:15:03'),
('178', '4', 'qrcodes', 'qrcode-5-g65.png', 'image/png', '5430', 'wasabi', '2025-12-02 10:15:03', '2025-12-02 10:15:03'),
('179', '4', 'qrcodes', 'qrcode-5-g66.png', 'image/png', '5082', 'wasabi', '2025-12-02 10:15:03', '2025-12-02 10:15:03'),
('180', '4', 'qrcodes', 'qrcode-5-g67.png', 'image/png', '5345', 'wasabi', '2025-12-02 10:15:03', '2025-12-02 10:15:03'),
('181', '4', 'qrcodes', 'qrcode-5-g68.png', 'image/png', '5455', 'wasabi', '2025-12-02 10:15:04', '2025-12-02 10:15:04'),
('182', '4', 'qrcodes', 'qrcode-5-g69.png', 'image/png', '5474', 'wasabi', '2025-12-02 10:15:04', '2025-12-02 10:15:04'),
('183', '4', 'qrcodes', 'qrcode-5-g70.png', 'image/png', '5204', 'wasabi', '2025-12-02 10:15:04', '2025-12-02 10:15:04'),
('184', '30', 'qrcodes', 'qrcode-31-mdh-01.png', 'image/png', '5386', 'wasabi', '2025-12-05 20:12:52', '2025-12-05 20:12:52'),
('185', '30', 'qrcodes', 'qrcode-31-mdh-02.png', 'image/png', '5690', 'wasabi', '2025-12-05 20:12:52', '2025-12-05 20:12:52'),
('186', '30', 'qrcodes', 'qrcode-31-mdh-03.png', 'image/png', '5735', 'wasabi', '2025-12-05 20:12:52', '2025-12-05 20:12:52'),
('187', '30', 'qrcodes', 'qrcode-31-mdh-04.png', 'image/png', '5462', 'wasabi', '2025-12-05 20:12:52', '2025-12-05 20:12:52'),
('188', '30', 'qrcodes', 'qrcode-31-mdh-05.png', 'image/png', '5619', 'wasabi', '2025-12-05 20:12:52', '2025-12-05 20:12:52'),
('189', '30', 'qrcodes', 'qrcode-31-mdh-06.png', 'image/png', '5834', 'wasabi', '2025-12-05 20:12:52', '2025-12-05 20:12:52'),
('190', '30', 'qrcodes', 'qrcode-31-mdh-07.png', 'image/png', '5478', 'wasabi', '2025-12-05 20:12:52', '2025-12-05 20:12:52'),
('191', '30', 'qrcodes', 'qrcode-31-mdh-08.png', 'image/png', '5777', 'wasabi', '2025-12-05 20:12:53', '2025-12-05 20:12:53'),
('192', '30', 'qrcodes', 'qrcode-31-mdh-09.png', 'image/png', '5762', 'wasabi', '2025-12-05 20:12:53', '2025-12-05 20:12:53'),
('193', '30', 'qrcodes', 'qrcode-31-mdh-10.png', 'image/png', '5368', 'wasabi', '2025-12-05 20:12:53', '2025-12-05 20:12:53'),
('194', '30', 'qrcodes', 'qrcode-31-mdh-11.png', 'image/png', '4884', 'wasabi', '2025-12-05 20:12:53', '2025-12-05 20:12:53'),
('195', '30', 'qrcodes', 'qrcode-31-mdh-12.png', 'image/png', '5336', 'wasabi', '2025-12-05 20:12:53', '2025-12-05 20:12:53'),
('196', '30', 'qrcodes', 'qrcode-31-mdh-13.png', 'image/png', '5363', 'wasabi', '2025-12-05 20:12:53', '2025-12-05 20:12:53'),
('197', '30', 'qrcodes', 'qrcode-31-mdh-14.png', 'image/png', '5093', 'wasabi', '2025-12-05 20:12:53', '2025-12-05 20:12:53'),
('198', '30', 'qrcodes', 'qrcode-31-mdh-15.png', 'image/png', '5263', 'wasabi', '2025-12-05 20:12:53', '2025-12-05 20:12:53'),
('199', '30', 'qrcodes', 'qrcode-31-mdh-16.png', 'image/png', '5364', 'wasabi', '2025-12-05 20:12:53', '2025-12-05 20:12:53'),
('200', '30', 'qrcodes', 'qrcode-31-mdh-17.png', 'image/png', '5148', 'wasabi', '2025-12-05 20:12:53', '2025-12-05 20:12:53'),
('201', '30', 'qrcodes', 'qrcode-31-mdh-18.png', 'image/png', '5365', 'wasabi', '2025-12-05 20:12:53', '2025-12-05 20:12:53'),
('202', '30', 'qrcodes', 'qrcode-31-mdh-19.png', 'image/png', '5423', 'wasabi', '2025-12-05 20:12:54', '2025-12-05 20:12:54'),
('203', '30', 'qrcodes', 'qrcode-31-mdh-20.png', 'image/png', '5661', 'wasabi', '2025-12-05 20:12:54', '2025-12-05 20:12:54'),
('204', '30', 'qrcodes', 'qrcode-31-mdh-21.png', 'image/png', '5354', 'wasabi', '2025-12-05 20:12:54', '2025-12-05 20:12:54'),
('205', '30', 'qrcodes', 'qrcode-31-mdh-22.png', 'image/png', '5131', 'wasabi', '2025-12-05 20:12:54', '2025-12-05 20:12:54'),
('206', '30', 'qrcodes', 'qrcode-31-mdh-23.png', 'image/png', '5640', 'wasabi', '2025-12-05 20:12:54', '2025-12-05 20:12:54'),
('207', '30', 'qrcodes', 'qrcode-31-mdh-24.png', 'image/png', '5347', 'wasabi', '2025-12-05 20:12:54', '2025-12-05 20:12:54'),
('208', '30', 'qrcodes', 'qrcode-31-mdh-25.png', 'image/png', '5566', 'wasabi', '2025-12-05 20:12:54', '2025-12-05 20:12:54'),
('209', '30', 'qrcodes', 'qrcode-31-mdh-26.png', 'image/png', '5668', 'wasabi', '2025-12-05 20:12:54', '2025-12-05 20:12:54'),
('210', '30', 'qrcodes', 'qrcode-31-mdh-27.png', 'image/png', '5393', 'wasabi', '2025-12-05 20:12:54', '2025-12-05 20:12:54'),
('211', '30', 'qrcodes', 'qrcode-31-mdh-28.png', 'image/png', '5697', 'wasabi', '2025-12-05 20:12:54', '2025-12-05 20:12:54'),
('212', '30', 'qrcodes', 'qrcode-31-mdh-29.png', 'image/png', '5641', 'wasabi', '2025-12-05 20:12:54', '2025-12-05 20:12:54'),
('213', '30', 'qrcodes', 'qrcode-31-mdh-30.png', 'image/png', '5702', 'wasabi', '2025-12-05 20:12:54', '2025-12-05 20:12:54'),
('214', '30', 'qrcodes', 'qrcode-31-mdh-31.png', 'image/png', '5354', 'wasabi', '2025-12-05 20:12:55', '2025-12-05 20:12:55'),
('215', '30', 'qrcodes', 'qrcode-31-mdh-32.png', 'image/png', '5634', 'wasabi', '2025-12-05 20:12:55', '2025-12-05 20:12:55'),
('216', '30', 'qrcodes', 'qrcode-31-op-01.png', 'image/png', '5080', 'wasabi', '2025-12-05 20:13:27', '2025-12-05 20:13:27'),
('217', '30', 'qrcodes', 'qrcode-31-op-02.png', 'image/png', '5312', 'wasabi', '2025-12-05 20:13:27', '2025-12-05 20:13:27'),
('218', '30', 'qrcodes', 'qrcode-31-op-03.png', 'image/png', '5335', 'wasabi', '2025-12-05 20:13:27', '2025-12-05 20:13:27'),
('219', '30', 'qrcodes', 'qrcode-31-op-04.png', 'image/png', '5162', 'wasabi', '2025-12-05 20:13:27', '2025-12-05 20:13:27'),
('220', '30', 'qrcodes', 'qrcode-31-op-05.png', 'image/png', '5305', 'wasabi', '2025-12-05 20:13:27', '2025-12-05 20:13:27'),
('221', '30', 'qrcodes', 'qrcode-31-op-06.png', 'image/png', '5429', 'wasabi', '2025-12-05 20:13:27', '2025-12-05 20:13:27'),
('222', '30', 'qrcodes', 'qrcode-31-op-07.png', 'image/png', '5165', 'wasabi', '2025-12-05 20:13:27', '2025-12-05 20:13:27'),
('223', '30', 'qrcodes', 'qrcode-31-op-08.png', 'image/png', '5420', 'wasabi', '2025-12-05 20:13:28', '2025-12-05 20:13:28'),
('224', '30', 'qrcodes', 'qrcode-31-op-09.png', 'image/png', '5441', 'wasabi', '2025-12-05 20:13:28', '2025-12-05 20:13:28'),
('225', '30', 'qrcodes', 'qrcode-31-op-10.png', 'image/png', '5076', 'wasabi', '2025-12-05 20:13:28', '2025-12-05 20:13:28'),
('226', '30', 'qrcodes', 'qrcode-31-op-11.png', 'image/png', '4774', 'wasabi', '2025-12-05 20:13:28', '2025-12-05 20:13:28'),
('227', '30', 'qrcodes', 'qrcode-31-op-12.png', 'image/png', '5103', 'wasabi', '2025-12-05 20:13:28', '2025-12-05 20:13:28'),
('228', '30', 'qrcodes', 'qrcode-31-op-13.png', 'image/png', '5111', 'wasabi', '2025-12-05 20:13:28', '2025-12-05 20:13:28'),
('229', '30', 'qrcodes', 'qrcode-31-op-14.png', 'image/png', '4886', 'wasabi', '2025-12-05 20:13:28', '2025-12-05 20:13:28'),
('230', '30', 'qrcodes', 'qrcode-31-op-15.png', 'image/png', '5034', 'wasabi', '2025-12-05 20:13:28', '2025-12-05 20:13:28'),
('231', '30', 'qrcodes', 'qrcode-31-op-16.png', 'image/png', '5135', 'wasabi', '2025-12-05 20:13:28', '2025-12-05 20:13:28'),
('232', '30', 'qrcodes', 'qrcode-31-op-17.png', 'image/png', '4929', 'wasabi', '2025-12-05 20:13:28', '2025-12-05 20:13:28'),
('233', '30', 'qrcodes', 'qrcode-31-op-18.png', 'image/png', '5163', 'wasabi', '2025-12-05 20:13:28', '2025-12-05 20:13:28'),
('234', '30', 'qrcodes', 'qrcode-31-op-19.png', 'image/png', '5151', 'wasabi', '2025-12-05 20:13:28', '2025-12-05 20:13:28'),
('235', '30', 'qrcodes', 'qrcode-31-op-20.png', 'image/png', '5273', 'wasabi', '2025-12-05 20:13:29', '2025-12-05 20:13:29'),
('236', '30', 'qrcodes', 'qrcode-31-bar-01.png', 'image/png', '4800', 'wasabi', '2025-12-05 20:13:52', '2025-12-05 20:13:52'),
('237', '30', 'qrcodes', 'qrcode-31-bar-02.png', 'image/png', '5073', 'wasabi', '2025-12-05 20:13:52', '2025-12-05 20:13:52'),
('238', '30', 'qrcodes', 'qrcode-31-bar-03.png', 'image/png', '5102', 'wasabi', '2025-12-05 20:13:52', '2025-12-05 20:13:52'),
('239', '30', 'qrcodes', 'qrcode-31-bar-04.png', 'image/png', '4968', 'wasabi', '2025-12-05 20:13:53', '2025-12-05 20:13:53'),
('240', '30', 'qrcodes', 'qrcode-31-bar-05.png', 'image/png', '5047', 'wasabi', '2025-12-05 20:13:53', '2025-12-05 20:13:53'),
('241', '30', 'qrcodes', 'qrcode-31-bar-06.png', 'image/png', '5180', 'wasabi', '2025-12-05 20:13:53', '2025-12-05 20:13:53'),
('242', '30', 'qrcodes', 'qrcode-31-bar-07.png', 'image/png', '4941', 'wasabi', '2025-12-05 20:13:53', '2025-12-05 20:13:53'),
('243', '30', 'qrcodes', 'qrcode-31-bar-08.png', 'image/png', '5188', 'wasabi', '2025-12-05 20:13:53', '2025-12-05 20:13:53'),
('244', '30', 'qrcodes', 'qrcode-31-bar-09.png', 'image/png', '5143', 'wasabi', '2025-12-05 20:13:53', '2025-12-05 20:13:53'),
('245', '30', 'qrcodes', 'qrcode-31-bar-10.png', 'image/png', '4815', 'wasabi', '2025-12-05 20:13:53', '2025-12-05 20:13:53'),
('246', '30', 'qrcodes', 'qrcode-31-bar-11.png', 'image/png', '4352', 'wasabi', '2025-12-05 20:13:53', '2025-12-05 20:13:53'),
('247', '30', 'qrcodes', 'qrcode-31-bar-12.png', 'image/png', '4809', 'wasabi', '2025-12-05 20:13:53', '2025-12-05 20:13:53'),
('248', '30', 'qrcodes', 'qrcode-31-bar-13.png', 'image/png', '4792', 'wasabi', '2025-12-05 20:13:53', '2025-12-05 20:13:53'),
('249', '30', 'qrcodes', 'qrcode-31-bar-14.png', 'image/png', '4597', 'wasabi', '2025-12-05 20:13:53', '2025-12-05 20:13:53'),
('250', '30', 'qrcodes', 'qrcode-31-bar-15.png', 'image/png', '4635', 'wasabi', '2025-12-05 20:13:53', '2025-12-05 20:13:53'),
('251', '30', 'qrcodes', 'qrcode-31-bar-16.png', 'image/png', '4877', 'wasabi', '2025-12-05 20:13:54', '2025-12-05 20:13:54'),
('252', '30', 'qrcodes', 'qrcode-31-bar-17.png', 'image/png', '4578', 'wasabi', '2025-12-05 20:13:54', '2025-12-05 20:13:54'),
('253', '30', 'qrcodes', 'qrcode-31-bar-18.png', 'image/png', '4822', 'wasabi', '2025-12-05 20:13:54', '2025-12-05 20:13:54'),
('254', '30', 'qrcodes', 'qrcode-31-bar-19.png', 'image/png', '4828', 'wasabi', '2025-12-05 20:13:54', '2025-12-05 20:13:54'),
('255', '30', 'qrcodes', 'qrcode-31-bar-20.png', 'image/png', '5081', 'wasabi', '2025-12-05 20:13:54', '2025-12-05 20:13:54'),
('256', '30', 'qrcodes', 'qrcode-31-bs-01.png', 'image/png', '4933', 'wasabi', '2025-12-05 20:14:18', '2025-12-05 20:14:18'),
('257', '30', 'qrcodes', 'qrcode-31-bs-02.png', 'image/png', '5241', 'wasabi', '2025-12-05 20:14:18', '2025-12-05 20:14:18'),
('258', '30', 'qrcodes', 'qrcode-31-bs-03.png', 'image/png', '5357', 'wasabi', '2025-12-05 20:14:18', '2025-12-05 20:14:18'),
('259', '30', 'qrcodes', 'qrcode-31-bs-04.png', 'image/png', '5119', 'wasabi', '2025-12-05 20:14:18', '2025-12-05 20:14:18'),
('260', '30', 'qrcodes', 'qrcode-31-bs-05.png', 'image/png', '5244', 'wasabi', '2025-12-05 20:14:18', '2025-12-05 20:14:18'),
('261', '30', 'qrcodes', 'qrcode-31-bs-06.png', 'image/png', '5310', 'wasabi', '2025-12-05 20:14:18', '2025-12-05 20:14:18'),
('262', '30', 'qrcodes', 'qrcode-31-bs-07.png', 'image/png', '5120', 'wasabi', '2025-12-05 20:14:18', '2025-12-05 20:14:18'),
('263', '30', 'qrcodes', 'qrcode-31-bs-08.png', 'image/png', '5314', 'wasabi', '2025-12-05 20:14:18', '2025-12-05 20:14:18'),
('264', '30', 'qrcodes', 'qrcode-31-bs-09.png', 'image/png', '5287', 'wasabi', '2025-12-05 20:14:19', '2025-12-05 20:14:19'),
('265', '30', 'qrcodes', 'qrcode-31-bs-10.png', 'image/png', '4989', 'wasabi', '2025-12-05 20:14:19', '2025-12-05 20:14:19'),
('266', '30', 'qrcodes', 'qrcode-31-bs-11.png', 'image/png', '4599', 'wasabi', '2025-12-05 20:14:19', '2025-12-05 20:14:19'),
('267', '30', 'qrcodes', 'qrcode-31-bs-12.png', 'image/png', '4942', 'wasabi', '2025-12-05 20:14:19', '2025-12-05 20:14:19'),
('268', '30', 'qrcodes', 'qrcode-31-bs-13.png', 'image/png', '4965', 'wasabi', '2025-12-05 20:14:19', '2025-12-05 20:14:19'),
('269', '30', 'qrcodes', 'qrcode-31-bs-14.png', 'image/png', '4779', 'wasabi', '2025-12-05 20:14:19', '2025-12-05 20:14:19'),
('270', '30', 'qrcodes', 'qrcode-31-bs-15.png', 'image/png', '4878', 'wasabi', '2025-12-05 20:14:19', '2025-12-05 20:14:19'),
('271', '30', 'qrcodes', 'qrcode-31-bs-16.png', 'image/png', '4982', 'wasabi', '2025-12-05 20:14:19', '2025-12-05 20:14:19'),
('272', '30', 'qrcodes', 'qrcode-31-bs-17.png', 'image/png', '4812', 'wasabi', '2025-12-05 20:14:19', '2025-12-05 20:14:19'),
('273', '30', 'qrcodes', 'qrcode-31-bs-18.png', 'image/png', '4983', 'wasabi', '2025-12-05 20:14:19', '2025-12-05 20:14:19'),
('274', '30', 'qrcodes', 'qrcode-31-bs-19.png', 'image/png', '5036', 'wasabi', '2025-12-05 20:14:19', '2025-12-05 20:14:19'),
('275', '30', 'qrcodes', 'qrcode-31-bs-20.png', 'image/png', '5208', 'wasabi', '2025-12-05 20:14:19', '2025-12-05 20:14:19'),
('276', '30', 'qrcodes', 'qrcode-31-bs-21.png', 'image/png', '4971', 'wasabi', '2025-12-05 20:14:20', '2025-12-05 20:14:20'),
('277', '30', 'qrcodes', 'qrcode-31-bs-22.png', 'image/png', '4830', 'wasabi', '2025-12-05 20:14:20', '2025-12-05 20:14:20'),
('278', '30', 'qrcodes', 'qrcode-31-bs-23.png', 'image/png', '5166', 'wasabi', '2025-12-05 20:14:20', '2025-12-05 20:14:20'),
('279', '30', 'qrcodes', 'qrcode-31-bs-24.png', 'image/png', '4973', 'wasabi', '2025-12-05 20:14:20', '2025-12-05 20:14:20'),
('280', '30', 'qrcodes', 'qrcode-31-bs-25.png', 'image/png', '5126', 'wasabi', '2025-12-05 20:14:20', '2025-12-05 20:14:20'),
('281', '30', 'qrcodes', 'qrcode-31-bs-26.png', 'image/png', '5285', 'wasabi', '2025-12-05 20:14:20', '2025-12-05 20:14:20'),
('282', '30', 'qrcodes', 'qrcode-31-bs-27.png', 'image/png', '5027', 'wasabi', '2025-12-05 20:14:20', '2025-12-05 20:14:20'),
('283', '30', 'qrcodes', 'qrcode-31-bs-28.png', 'image/png', '5210', 'wasabi', '2025-12-05 20:14:20', '2025-12-05 20:14:20'),
('284', '30', 'qrcodes', 'qrcode-31-bs-29.png', 'image/png', '5259', 'wasabi', '2025-12-05 20:14:20', '2025-12-05 20:14:20'),
('285', '30', 'qrcodes', 'qrcode-31-bs-30.png', 'image/png', '5296', 'wasabi', '2025-12-05 20:14:20', '2025-12-05 20:14:20'),
('286', '30', 'qrcodes', 'qrcode-31-bs-31.png', 'image/png', '4956', 'wasabi', '2025-12-05 20:14:20', '2025-12-05 20:14:20'),
('287', '30', 'qrcodes', 'qrcode-31-bs-32.png', 'image/png', '5158', 'wasabi', '2025-12-05 20:14:20', '2025-12-05 20:14:20'),
('288', '30', 'qrcodes', 'qrcode-31-bs-33.png', 'image/png', '4820', 'wasabi', '2025-12-05 20:14:21', '2025-12-05 20:14:21'),
('289', '30', 'qrcodes', 'qrcode-31-bs-34.png', 'image/png', '5075', 'wasabi', '2025-12-05 20:14:21', '2025-12-05 20:14:21'),
('290', '30', 'qrcodes', 'qrcode-31-bs-35.png', 'image/png', '5187', 'wasabi', '2025-12-05 20:14:21', '2025-12-05 20:14:21'),
('291', '30', 'qrcodes', 'qrcode-31-bs-36.png', 'image/png', '5339', 'wasabi', '2025-12-05 20:14:21', '2025-12-05 20:14:21'),
('292', '30', 'qrcodes', 'qrcode-31-bs-37.png', 'image/png', '5076', 'wasabi', '2025-12-05 20:14:21', '2025-12-05 20:14:21'),
('293', '30', 'qrcodes', 'qrcode-31-bs-38.png', 'image/png', '5278', 'wasabi', '2025-12-05 20:14:21', '2025-12-05 20:14:21'),
('294', '30', 'qrcodes', 'qrcode-31-bs-39.png', 'image/png', '5281', 'wasabi', '2025-12-05 20:14:21', '2025-12-05 20:14:21'),
('295', '30', 'qrcodes', 'qrcode-31-bs-40.png', 'image/png', '5172', 'wasabi', '2025-12-05 20:14:21', '2025-12-05 20:14:21'),
('296', '30', 'qrcodes', 'qrcode-31-bs-41.png', 'image/png', '4806', 'wasabi', '2025-12-05 20:14:21', '2025-12-05 20:14:21'),
('297', '30', 'qrcodes', 'qrcode-31-bs-42.png', 'image/png', '5057', 'wasabi', '2025-12-05 20:14:21', '2025-12-05 20:14:21'),
('298', '30', 'qrcodes', 'qrcode-31-bs-43.png', 'image/png', '5120', 'wasabi', '2025-12-05 20:14:21', '2025-12-05 20:14:21'),
('299', '30', 'qrcodes', 'qrcode-31-bs-44.png', 'image/png', '4625', 'wasabi', '2025-12-05 20:14:21', '2025-12-05 20:14:21'),
('300', '30', 'qrcodes', 'qrcode-31-bs-45.png', 'image/png', '5026', 'wasabi', '2025-12-05 20:14:21', '2025-12-05 20:14:21'),
('301', '30', 'qrcodes', 'qrcode-31-bs-46.png', 'image/png', '5115', 'wasabi', '2025-12-05 20:14:22', '2025-12-05 20:14:22'),
('302', '30', 'qrcodes', 'qrcode-31-bs-47.png', 'image/png', '4908', 'wasabi', '2025-12-05 20:14:22', '2025-12-05 20:14:22'),
('303', '30', 'qrcodes', 'qrcode-31-bs-48.png', 'image/png', '5119', 'wasabi', '2025-12-05 20:14:22', '2025-12-05 20:14:22'),
('304', '30', 'qrcodes', 'qrcode-31-bs-49.png', 'image/png', '5171', 'wasabi', '2025-12-05 20:14:22', '2025-12-05 20:14:22'),
('305', '30', 'qrcodes', 'qrcode-31-bs-50.png', 'image/png', '5201', 'wasabi', '2025-12-05 20:14:22', '2025-12-05 20:14:22');


-- Table structure for table `file_storage_settings`
CREATE TABLE `file_storage_settings` (
  `id` int(10) unsigned NOT NULL AUTO_INCREMENT,
  `filesystem` varchar(191) NOT NULL,
  `auth_keys` text DEFAULT NULL,
  `status` enum('enabled','disabled') NOT NULL DEFAULT 'disabled',
  `created_at` timestamp NULL DEFAULT NULL,
  `updated_at` timestamp NULL DEFAULT NULL,
  PRIMARY KEY (`id`)
) ENGINE=InnoDB AUTO_INCREMENT=3 DEFAULT CHARSET=utf8mb4 COLLATE=utf8mb4_unicode_ci;

-- Dumping data for table `file_storage_settings`
INSERT INTO `file_storage_settings` VALUES
('1', 'local', NULL, 'disabled', '2025-09-17 05:36:41', '2025-11-28 10:32:49'),
('2', 'wasabi', 'eyJpdiI6Ikw5b1VHVXFtejRNTFcraWxYeS9BK0E9PSIsInZhbHVlIjoiQlRwVnJBZVErUUtZL2tzRVFiK0RlQm9JbFBQckZQTUd4Z1JKU1dSMEYrZHE0bCtNY3hHUllWR3hTRWNzZ2xqODZ4a3pkbWFka2Z5R3pjQktpSXJsbG8vbWIzS3FJQUFLekg1WWczTHEyY2g3WThFQk1jcjRrempxRTBtdUZVcTVtRy80NTdDNXhwV2l2QVhpMTZybWRtcHBXamI3N0R5R1Y4d01Cc0gydU40MmRscERuUmZpREI2bFZRbVh6cDV3ZWhWcEI0aktSSkxaU3ZYcDU1NkZJUT09IiwibWFjIjoiNjQ4NTgxMTMyZWMxYWZlZTdlZTg0OTIxZDk2ODM3MDY1YTA1N2Q0NWQ2MDkyZWM5ZGE2OWEyNDQxMjQ0NWIzZSIsInRhZyI6IiJ9', 'enabled', '2025-09-28 12:43:25', '2025-11-28 10:32:49');


-- Table structure for table `flags`
CREATE TABLE `flags` (
  `id` bigint(20) unsigned NOT NULL AUTO_INCREMENT,
  `capital` varchar(191) DEFAULT NULL,
  `code` varchar(191) DEFAULT NULL,
  `continent` varchar(191) DEFAULT NULL,
  `name` varchar(191) DEFAULT NULL,
  PRIMARY KEY (`id`)
) ENGINE=InnoDB AUTO_INCREMENT=267 DEFAULT CHARSET=utf8mb4 COLLATE=utf8mb4_unicode_ci;

-- Dumping data for table `flags`
INSERT INTO `flags` VALUES
('1', 'Kabul', 'af', 'Asia', 'Afghanistan'),
('2', 'Mariehamn', 'ax', 'Europe', 'Aland Islands'),
('3', 'Tirana', 'al', 'Europe', 'Albania'),
('4', 'Algiers', 'dz', 'Africa', 'Algeria'),
('5', 'Pago Pago', 'as', 'Oceania', 'American Samoa'),
('6', 'Andorra la Vella', 'ad', 'Europe', 'Andorra'),
('7', 'Luanda', 'ao', 'Africa', 'Angola'),
('8', 'The Valley', 'ai', 'North America', 'Anguilla'),
('9', '', 'aq', '', 'Antarctica'),
('10', 'St. John\'s', 'ag', 'North America', 'Antigua and Barbuda'),
('11', 'Buenos Aires', 'ar', 'South America', 'Argentina'),
('12', 'Yerevan', 'am', 'Asia', 'Armenia'),
('13', 'Oranjestad', 'aw', 'South America', 'Aruba'),
('14', 'Georgetown', 'ac', 'Africa', 'Ascension Island'),
('15', 'Canberra', 'au', 'Oceania', 'Australia'),
('16', 'Vienna', 'at', 'Europe', 'Austria'),
('17', 'Baku', 'az', 'Asia', 'Azerbaijan'),
('18', 'Nassau', 'bs', 'North America', 'Bahamas'),
('19', 'Manama', 'bh', 'Asia', 'Bahrain'),
('20', 'Dhaka', 'bd', 'Asia', 'Bangladesh'),
('21', 'Bridgetown', 'bb', 'North America', 'Barbados'),
('22', 'Minsk', 'by', 'Europe', 'Belarus'),
('23', 'Brussels', 'be', 'Europe', 'Belgium'),
('24', 'Belmopan', 'bz', 'North America', 'Belize'),
('25', 'Porto-Novo', 'bj', 'Africa', 'Benin'),
('26', 'Hamilton', 'bm', 'North America', 'Bermuda'),
('27', 'Thimphu', 'bt', 'Asia', 'Bhutan'),
('28', 'Sucre', 'bo', 'South America', 'Bolivia'),
('29', 'Kralendijk', 'bq', 'South America', 'Bonaire, Sint Eustatius and Saba'),
('30', 'Sarajevo', 'ba', 'Europe', 'Bosnia and Herzegovina'),
('31', 'Gaborone', 'bw', 'Africa', 'Botswana'),
('32', '', 'bv', '', 'Bouvet Island'),
('33', 'Brasília', 'br', 'South America', 'Brazil'),
('34', 'Diego Garcia', 'io', 'Asia', 'British Indian Ocean Territory'),
('35', 'Bandar Seri Begawan', 'bn', 'Asia', 'Brunei Darussalam'),
('36', 'Sofia', 'bg', 'Europe', 'Bulgaria'),
('37', 'Ouagadougou', 'bf', 'Africa', 'Burkina Faso'),
('38', 'Bujumbura', 'bi', 'Africa', 'Burundi'),
('39', 'Praia', 'cv', 'Africa', 'Cabo Verde'),
('40', 'Phnom Penh', 'kh', 'Asia', 'Cambodia'),
('41', 'Yaoundé', 'cm', 'Africa', 'Cameroon'),
('42', 'Ottawa', 'ca', 'North America', 'Canada'),
('43', '', 'ic', '', 'Canary Islands'),
('44', '', 'es-ct', '', 'Catalonia'),
('45', 'George Town', 'ky', 'North America', 'Cayman Islands'),
('46', 'Bangui', 'cf', 'Africa', 'Central African Republic'),
('47', '', 'cefta', '', 'Central European Free Trade Agreement'),
('48', '', 'ea', '', 'Ceuta & Melilla'),
('49', 'N\'Djamena', 'td', 'Africa', 'Chad'),
('50', 'Santiago', 'cl', 'South America', 'Chile'),
('51', 'Beijing', 'cn', 'Asia', 'China'),
('52', 'Flying Fish Cove', 'cx', 'Asia', 'Christmas Island'),
('53', '', 'cp', '', 'Clipperton Island'),
('54', 'West Island', 'cc', 'Asia', 'Cocos (Keeling) Islands'),
('55', 'Bogotá', 'co', 'South America', 'Colombia'),
('56', 'Moroni', 'km', 'Africa', 'Comoros'),
('57', 'Avarua', 'ck', 'Oceania', 'Cook Islands'),
('58', 'San José', 'cr', 'North America', 'Costa Rica'),
('59', 'Zagreb', 'hr', 'Europe', 'Croatia'),
('60', 'Havana', 'cu', 'North America', 'Cuba'),
('61', 'Willemstad', 'cw', 'South America', 'Curaçao'),
('62', 'Nicosia', 'cy', 'Europe', 'Cyprus'),
('63', 'Prague', 'cz', 'Europe', 'Czech Republic'),
('64', 'Yamoussoukro', 'ci', 'Africa', 'Côte d\'Ivoire'),
('65', 'Kinshasa', 'cd', 'Africa', 'Democratic Republic of the Congo'),
('66', 'Copenhagen', 'dk', 'Europe', 'Denmark'),
('67', '', 'dg', '', 'Diego Garcia'),
('68', 'Djibouti', 'dj', 'Africa', 'Djibouti'),
('69', 'Roseau', 'dm', 'North America', 'Dominica'),
('70', 'Santo Domingo', 'do', 'North America', 'Dominican Republic'),
('71', 'Quito', 'ec', 'South America', 'Ecuador'),
('72', 'Cairo', 'eg', 'Africa', 'Egypt'),
('73', 'San Salvador', 'sv', 'North America', 'El Salvador'),
('74', 'London', 'gb-eng', 'Europe', 'England'),
('75', 'Malabo', 'gq', 'Africa', 'Equatorial Guinea'),
('76', 'Asmara', 'er', 'Africa', 'Eritrea'),
('77', 'Tallinn', 'ee', 'Europe', 'Estonia'),
('78', 'Lobamba, Mbabane', 'sz', 'Africa', 'Eswatini'),
('79', 'Addis Ababa', 'et', 'Africa', 'Ethiopia'),
('80', '', 'eu', '', 'Europe'),
('81', 'Stanley', 'fk', 'South America', 'Falkland Islands'),
('82', 'Tórshavn', 'fo', 'Europe', 'Faroe Islands'),
('83', 'Palikir', 'fm', 'Oceania', 'Federated States of Micronesia'),
('84', 'Suva', 'fj', 'Oceania', 'Fiji'),
('85', 'Helsinki', 'fi', 'Europe', 'Finland'),
('86', 'Paris', 'fr', 'Europe', 'France'),
('87', 'Cayenne', 'gf', 'South America', 'French Guiana'),
('88', 'Papeete', 'pf', 'Oceania', 'French Polynesia'),
('89', 'Saint-Pierre, Réunion', 'tf', 'Africa', 'French Southern Territories'),
('90', 'Libreville', 'ga', 'Africa', 'Gabon'),
('91', '', 'es-ga', '', 'Galicia'),
('92', 'Banjul', 'gm', 'Africa', 'Gambia'),
('93', 'Tbilisi', 'ge', 'Asia', 'Georgia'),
('94', 'Berlin', 'de', 'Europe', 'Germany'),
('95', 'Accra', 'gh', 'Africa', 'Ghana'),
('96', 'Gibraltar', 'gi', 'Europe', 'Gibraltar'),
('97', 'Athens', 'gr', 'Europe', 'Greece'),
('98', 'Nuuk', 'gl', 'North America', 'Greenland'),
('99', 'St. George\'s', 'gd', 'North America', 'Grenada'),
('100', 'Basse-Terre', 'gp', 'North America', 'Guadeloupe'),
('101', 'Hagåtña', 'gu', 'Oceania', 'Guam'),
('102', 'Guatemala City', 'gt', 'North America', 'Guatemala'),
('103', 'Saint Peter Port', 'gg', 'Europe', 'Guernsey'),
('104', 'Conakry', 'gn', 'Africa', 'Guinea'),
('105', 'Bissau', 'gw', 'Africa', 'Guinea-Bissau'),
('106', 'Georgetown', 'gy', 'South America', 'Guyana'),
('107', 'Port-au-Prince', 'ht', 'North America', 'Haiti'),
('108', '', 'hm', '', 'Heard Island and McDonald Islands'),
('109', 'Vatican City', 'va', 'Europe', 'Holy See'),
('110', 'Tegucigalpa', 'hn', 'North America', 'Honduras'),
('111', 'Hong Kong', 'hk', 'Asia', 'Hong Kong'),
('112', 'Budapest', 'hu', 'Europe', 'Hungary'),
('113', 'Reykjavik', 'is', 'Europe', 'Iceland'),
('114', 'New Delhi', 'in', 'Asia', 'India'),
('115', 'Jakarta', 'id', 'Asia', 'Indonesia'),
('116', 'Tehran', 'ir', 'Asia', 'Iran'),
('117', 'Baghdad', 'iq', 'Asia', 'Iraq'),
('118', 'Dublin', 'ie', 'Europe', 'Ireland'),
('119', 'Douglas', 'im', 'Europe', 'Isle of Man'),
('120', 'Jerusalem', 'il', 'Asia', 'Israel'),
('121', 'Rome', 'it', 'Europe', 'Italy'),
('122', 'Kingston', 'jm', 'North America', 'Jamaica'),
('123', 'Tokyo', 'jp', 'Asia', 'Japan'),
('124', 'Saint Helier', 'je', 'Europe', 'Jersey'),
('125', 'Amman', 'jo', 'Asia', 'Jordan'),
('126', 'Astana', 'kz', 'Asia', 'Kazakhstan'),
('127', 'Nairobi', 'ke', 'Africa', 'Kenya'),
('128', 'South Tarawa', 'ki', 'Oceania', 'Kiribati'),
('129', 'Pristina', 'xk', 'Europe', 'Kosovo'),
('130', 'Kuwait City', 'kw', 'Asia', 'Kuwait'),
('131', 'Bishkek', 'kg', 'Asia', 'Kyrgyzstan'),
('132', 'Vientiane', 'la', 'Asia', 'Laos'),
('133', 'Riga', 'lv', 'Europe', 'Latvia'),
('134', 'Beirut', 'lb', 'Asia', 'Lebanon'),
('135', 'Maseru', 'ls', 'Africa', 'Lesotho'),
('136', 'Monrovia', 'lr', 'Africa', 'Liberia'),
('137', 'Tripoli', 'ly', 'Africa', 'Libya'),
('138', 'Vaduz', 'li', 'Europe', 'Liechtenstein'),
('139', 'Vilnius', 'lt', 'Europe', 'Lithuania'),
('140', 'Luxembourg City', 'lu', 'Europe', 'Luxembourg'),
('141', 'Macau', 'mo', 'Asia', 'Macau'),
('142', 'Antananarivo', 'mg', 'Africa', 'Madagascar'),
('143', 'Lilongwe', 'mw', 'Africa', 'Malawi'),
('144', 'Kuala Lumpur', 'my', 'Asia', 'Malaysia'),
('145', 'Malé', 'mv', 'Asia', 'Maldives'),
('146', 'Bamako', 'ml', 'Africa', 'Mali'),
('147', 'Valletta', 'mt', 'Europe', 'Malta'),
('148', 'Majuro', 'mh', 'Oceania', 'Marshall Islands'),
('149', 'Fort-de-France', 'mq', 'North America', 'Martinique'),
('150', 'Nouakchott', 'mr', 'Africa', 'Mauritania'),
('151', 'Port Louis', 'mu', 'Africa', 'Mauritius'),
('152', 'Mamoudzou', 'yt', 'Africa', 'Mayotte'),
('153', 'Mexico City', 'mx', 'North America', 'Mexico'),
('154', 'Chișinău', 'md', 'Europe', 'Moldova'),
('155', 'Monaco', 'mc', 'Europe', 'Monaco'),
('156', 'Ulaanbaatar', 'mn', 'Asia', 'Mongolia'),
('157', 'Podgorica', 'me', 'Europe', 'Montenegro'),
('158', 'Little Bay, Brades, Plymouth', 'ms', 'North America', 'Montserrat'),
('159', 'Rabat', 'ma', 'Africa', 'Morocco'),
('160', 'Maputo', 'mz', 'Africa', 'Mozambique'),
('161', 'Naypyidaw', 'mm', 'Asia', 'Myanmar'),
('162', 'Windhoek', 'na', 'Africa', 'Namibia'),
('163', 'Yaren District', 'nr', 'Oceania', 'Nauru'),
('164', 'Kathmandu', 'np', 'Asia', 'Nepal'),
('165', 'Amsterdam', 'nl', 'Europe', 'Netherlands'),
('166', 'Nouméa', 'nc', 'Oceania', 'New Caledonia'),
('167', 'Wellington', 'nz', 'Oceania', 'New Zealand'),
('168', 'Managua', 'ni', 'North America', 'Nicaragua'),
('169', 'Niamey', 'ne', 'Africa', 'Niger'),
('170', 'Abuja', 'ng', 'Africa', 'Nigeria'),
('171', 'Alofi', 'nu', 'Oceania', 'Niue'),
('172', 'Kingston', 'nf', 'Oceania', 'Norfolk Island'),
('173', 'Pyongyang', 'kp', 'Asia', 'North Korea'),
('174', 'Skopje', 'mk', 'Europe', 'North Macedonia'),
('175', 'Belfast', 'gb-nir', 'Europe', 'Northern Ireland'),
('176', 'Saipan', 'mp', 'Oceania', 'Northern Mariana Islands'),
('177', 'Oslo', 'no', 'Europe', 'Norway'),
('178', 'Muscat', 'om', 'Asia', 'Oman'),
('179', 'Islamabad', 'pk', 'Asia', 'Pakistan'),
('180', 'Ngerulmud', 'pw', 'Oceania', 'Palau'),
('181', 'Panama City', 'pa', 'North America', 'Panama'),
('182', 'Port Moresby', 'pg', 'Oceania', 'Papua New Guinea'),
('183', 'Asunción', 'py', 'South America', 'Paraguay'),
('184', 'Lima', 'pe', 'South America', 'Peru'),
('185', 'Manila', 'ph', 'Asia', 'Philippines'),
('186', 'Adamstown', 'pn', 'Oceania', 'Pitcairn'),
('187', 'Warsaw', 'pl', 'Europe', 'Poland'),
('188', 'Lisbon', 'pt', 'Europe', 'Portugal'),
('189', 'San Juan', 'pr', 'North America', 'Puerto Rico'),
('190', 'Doha', 'qa', 'Asia', 'Qatar'),
('191', 'Brazzaville', 'cg', 'Africa', 'Republic of the Congo'),
('192', 'Bucharest', 'ro', 'Europe', 'Romania'),
('193', 'Moscow', 'ru', 'Europe', 'Russia'),
('194', 'Kigali', 'rw', 'Africa', 'Rwanda'),
('195', 'Saint-Denis', 're', 'Africa', 'Réunion'),
('196', 'Gustavia', 'bl', 'North America', 'Saint Barthélemy'),
('197', 'Jamestown', 'sh', 'Africa', 'Saint Helena, Ascension and Tristan da Cunha'),
('198', 'Basseterre', 'kn', 'North America', 'Saint Kitts and Nevis'),
('199', 'Castries', 'lc', 'North America', 'Saint Lucia'),
('200', 'Marigot', 'mf', 'North America', 'Saint Martin'),
('201', 'Saint-Pierre', 'pm', 'North America', 'Saint Pierre and Miquelon'),
('202', 'Kingstown', 'vc', 'North America', 'Saint Vincent and the Grenadines'),
('203', 'Apia', 'ws', 'Oceania', 'Samoa'),
('204', 'San Marino', 'sm', 'Europe', 'San Marino'),
('205', 'São Tomé', 'st', 'Africa', 'Sao Tome and Principe'),
('206', 'Riyadh', 'sa', 'Asia', 'Saudi Arabia'),
('207', 'Edinburgh', 'gb-sct', 'Europe', 'Scotland'),
('208', 'Dakar', 'sn', 'Africa', 'Senegal'),
('209', 'Belgrade', 'rs', 'Europe', 'Serbia'),
('210', 'Victoria', 'sc', 'Africa', 'Seychelles'),
('211', 'Freetown', 'sl', 'Africa', 'Sierra Leone'),
('212', 'Singapore', 'sg', 'Asia', 'Singapore'),
('213', 'Philipsburg', 'sx', 'North America', 'Sint Maarten'),
('214', 'Bratislava', 'sk', 'Europe', 'Slovakia'),
('215', 'Ljubljana', 'si', 'Europe', 'Slovenia'),
('216', 'Honiara', 'sb', 'Oceania', 'Solomon Islands'),
('217', 'Mogadishu', 'so', 'Africa', 'Somalia'),
('218', 'Pretoria', 'za', 'Africa', 'South Africa'),
('219', 'King Edward Point', 'gs', 'Antarctica', 'South Georgia and the South Sandwich Islands'),
('220', 'Seoul', 'kr', 'Asia', 'South Korea'),
('221', 'Juba', 'ss', 'Africa', 'South Sudan'),
('222', 'Madrid', 'es', 'Europe', 'Spain'),
('223', 'Sri Jayawardenepura Kotte, Colombo', 'lk', 'Asia', 'Sri Lanka'),
('224', 'Ramallah', 'ps', 'Asia', 'State of Palestine'),
('225', 'Khartoum', 'sd', 'Africa', 'Sudan'),
('226', 'Paramaribo', 'sr', 'South America', 'Suriname'),
('227', 'Longyearbyen', 'sj', 'Europe', 'Svalbard and Jan Mayen'),
('228', 'Stockholm', 'se', 'Europe', 'Sweden'),
('229', 'Bern', 'ch', 'Europe', 'Switzerland'),
('230', 'Damascus', 'sy', 'Asia', 'Syria'),
('231', 'Taipei', 'tw', 'Asia', 'Taiwan'),
('232', 'Dushanbe', 'tj', 'Asia', 'Tajikistan'),
('233', 'Dodoma', 'tz', 'Africa', 'Tanzania'),
('234', 'Bangkok', 'th', 'Asia', 'Thailand'),
('235', 'Dili', 'tl', 'Asia', 'Timor-Leste'),
('236', 'Lomé', 'tg', 'Africa', 'Togo'),
('237', 'Nukunonu, Atafu,Tokelau', 'tk', 'Oceania', 'Tokelau'),
('238', 'Nukuʻalofa', 'to', 'Oceania', 'Tonga'),
('239', 'Port of Spain', 'tt', 'South America', 'Trinidad and Tobago'),
('240', '', 'ta', '', 'Tristan da Cunha'),
('241', 'Tunis', 'tn', 'Africa', 'Tunisia'),
('242', 'Ankara', 'tr', 'Asia', 'Turkey'),
('243', 'Ashgabat', 'tm', 'Asia', 'Turkmenistan'),
('244', 'Cockburn Town', 'tc', 'North America', 'Turks and Caicos Islands'),
('245', 'Funafuti', 'tv', 'Oceania', 'Tuvalu'),
('246', 'Kampala', 'ug', 'Africa', 'Uganda'),
('247', 'Kiev', 'ua', 'Europe', 'Ukraine'),
('248', 'Abu Dhabi', 'ae', 'Asia', 'United Arab Emirates'),
('249', 'London', 'gb', 'Europe', 'United Kingdom'),
('250', '', 'un', '', 'United Nations'),
('251', 'Washington, D.C.', 'um', 'North America', 'United States Minor Outlying Islands'),
('252', 'Washington, D.C.', 'us', 'North America', 'United States of America'),
('253', '', 'xx', '', 'Unknown'),
('254', 'Montevideo', 'uy', 'South America', 'Uruguay'),
('255', 'Tashkent', 'uz', 'Asia', 'Uzbekistan'),
('256', 'Port Vila', 'vu', 'Oceania', 'Vanuatu'),
('257', 'Caracas', 've', 'South America', 'Venezuela'),
('258', 'Hanoi', 'vn', 'Asia', 'Vietnam'),
('259', 'Road Town', 'vg', 'North America', 'Virgin Islands (British)'),
('260', 'Charlotte Amalie', 'vi', 'North America', 'Virgin Islands (U.S.)'),
('261', 'Cardiff', 'gb-wls', 'Europe', 'Wales'),
('262', 'Mata-Utu', 'wf', 'Oceania', 'Wallis and Futuna'),
('263', 'Laayoune', 'eh', 'Africa', 'Western Sahara'),
('264', 'Sana\'a', 'ye', 'Asia', 'Yemen'),
('265', 'Lusaka', 'zm', 'Africa', 'Zambia'),
('266', 'Harare', 'zw', 'Africa', 'Zimbabwe');


-- Table structure for table `flutterwave_payments`
CREATE TABLE `flutterwave_payments` (
  `id` bigint(20) unsigned NOT NULL AUTO_INCREMENT,
  `flutterwave_payment_id` varchar(191) DEFAULT NULL,
  `order_id` bigint(20) unsigned NOT NULL,
  `amount` decimal(10,2) NOT NULL,
  `payment_status` enum('pending','completed','failed') NOT NULL DEFAULT 'pending',
  `payment_date` timestamp NULL DEFAULT NULL,
  `payment_error_response` longtext CHARACTER SET utf8mb4 COLLATE utf8mb4_bin DEFAULT NULL CHECK (json_valid(`payment_error_response`)),
  `created_at` timestamp NULL DEFAULT NULL,
  `updated_at` timestamp NULL DEFAULT NULL,
  PRIMARY KEY (`id`),
  KEY `flutterwave_payments_order_id_foreign` (`order_id`),
  CONSTRAINT `flutterwave_payments_order_id_foreign` FOREIGN KEY (`order_id`) REFERENCES `orders` (`id`) ON DELETE CASCADE
) ENGINE=InnoDB DEFAULT CHARSET=utf8mb4 COLLATE=utf8mb4_unicode_ci;


-- Table structure for table `front_details`
CREATE TABLE `front_details` (
  `id` bigint(20) unsigned NOT NULL AUTO_INCREMENT,
  `language_setting_id` bigint(20) unsigned DEFAULT NULL,
  `header_title` varchar(200) DEFAULT NULL,
  `header_description` text DEFAULT NULL,
  `image` varchar(200) DEFAULT NULL,
  `feature_with_image_heading` varchar(191) DEFAULT NULL,
  `review_heading` varchar(191) DEFAULT NULL,
  `feature_with_icon_heading` varchar(191) DEFAULT NULL,
  `comments_heading` varchar(191) DEFAULT NULL,
  `price_heading` varchar(191) DEFAULT NULL,
  `price_description` varchar(191) DEFAULT NULL,
  `faq_heading` varchar(191) DEFAULT NULL,
  `faq_description` text DEFAULT NULL,
  `contact_heading` text DEFAULT NULL,
  `footer_copyright_text` text DEFAULT NULL,
  `created_at` timestamp NULL DEFAULT NULL,
  `updated_at` timestamp NULL DEFAULT NULL,
  PRIMARY KEY (`id`),
  KEY `front_details_language_setting_id_foreign` (`language_setting_id`),
  CONSTRAINT `front_details_language_setting_id_foreign` FOREIGN KEY (`language_setting_id`) REFERENCES `language_settings` (`id`) ON DELETE CASCADE ON UPDATE CASCADE
) ENGINE=InnoDB AUTO_INCREMENT=2 DEFAULT CHARSET=utf8mb4 COLLATE=utf8mb4_unicode_ci;

-- Dumping data for table `front_details`
INSERT INTO `front_details` VALUES
('1', '1', 'Restaurant POS software made simple!', 'Easily manage orders, menus, and tables in one place. Save time, reduce errors, and grow your business faster', NULL, 'Take Control of Your Restaurant', 'What Restaurant Owners Are Saying', 'Powerful Features Built to Elevate Your Restaurant Operations', NULL, 'Simple, Transparent Pricing', 'Get everything you need to manage your restaurant with one affordable plan.', 'Your questions, answered', 'Answers to the most frequently asked questions.', 'Contact', '© 2025 TableTrack. All Rights Reserved.', '2025-09-17 05:36:44', '2025-09-17 05:36:44');


-- Table structure for table `front_faq_settings`
CREATE TABLE `front_faq_settings` (
  `id` bigint(20) unsigned NOT NULL AUTO_INCREMENT,
  `language_setting_id` bigint(20) unsigned DEFAULT NULL,
  `question` text DEFAULT NULL,
  `answer` text DEFAULT NULL,
  `created_at` timestamp NULL DEFAULT NULL,
  `updated_at` timestamp NULL DEFAULT NULL,
  PRIMARY KEY (`id`),
  KEY `front_faq_settings_language_setting_id_foreign` (`language_setting_id`),
  CONSTRAINT `front_faq_settings_language_setting_id_foreign` FOREIGN KEY (`language_setting_id`) REFERENCES `language_settings` (`id`) ON DELETE CASCADE ON UPDATE CASCADE
) ENGINE=InnoDB AUTO_INCREMENT=7 DEFAULT CHARSET=utf8mb4 COLLATE=utf8mb4_unicode_ci;

-- Dumping data for table `front_faq_settings`
INSERT INTO `front_faq_settings` VALUES
('1', '1', 'How can I contact customer support 1?', 'Our dedicated support team is available via email to assist you with any questions or technical issues.', NULL, NULL),
('2', '1', 'How can I contact customer support?', 'Our dedicated support team is available via email to assist you with any questions or technical issues.', NULL, NULL),
('3', '1', 'How can I contact customer support?', 'Our dedicated support team is available via email to assist you with any questions or technical issues.', NULL, NULL),
('4', '1', 'How can I contact customer support?', 'Our dedicated support team is available via email to assist you with any questions or technical issues.', NULL, NULL),
('5', '1', 'How can I contact customer support?', 'Our dedicated support team is available via email to assist you with any questions or technical issues.', NULL, NULL),
('6', '1', 'How can I contact customer support?', 'Our dedicated support team is available via email to assist you with any questions or technical issues.', NULL, NULL);


-- Table structure for table `front_features`
CREATE TABLE `front_features` (
  `id` int(10) unsigned NOT NULL AUTO_INCREMENT,
  `language_setting_id` bigint(20) unsigned DEFAULT NULL,
  `title` varchar(191) NOT NULL,
  `description` longtext DEFAULT NULL,
  `image` longtext DEFAULT NULL,
  `icon` longtext DEFAULT NULL,
  `type` enum('image','icon','task','bills','team','apps') NOT NULL DEFAULT 'image',
  `created_at` timestamp NULL DEFAULT NULL,
  `updated_at` timestamp NULL DEFAULT NULL,
  PRIMARY KEY (`id`),
  KEY `front_features_language_setting_id_foreign` (`language_setting_id`),
  CONSTRAINT `front_features_language_setting_id_foreign` FOREIGN KEY (`language_setting_id`) REFERENCES `language_settings` (`id`) ON DELETE CASCADE ON UPDATE CASCADE
) ENGINE=InnoDB AUTO_INCREMENT=12 DEFAULT CHARSET=utf8mb4 COLLATE=utf8mb4_unicode_ci;

-- Dumping data for table `front_features`
INSERT INTO `front_features` VALUES
('1', '1', 'Streamline Order Management', 'Never lose track of an order again. All your customer orders—from dine-in to takeout—are organized and easily accessible in one place.\n                                Speed up service and keep your kitchen running smoothly.', NULL, NULL, 'image', NULL, NULL),
('2', '1', 'Optimize Table Reservations', 'Maximize seating efficiency with real-time table tracking and reservations. Reduce wait times and ensure no table sits empty during peak hours, improving customer experience and turnover.', NULL, NULL, 'image', NULL, NULL),
('3', '1', 'Effortless Menu Management', 'Easily add, edit, or remove items from your menu on the go. Highlight specials, update prices, and keep everything in sync across all platforms, so your staff and customers always see the latest offerings.', NULL, NULL, 'image', NULL, NULL),
('4', '1', 'QR Code Menu', 'Contactless Ordering Made Easy', '<svg xmlns=\"http://www.w3.org/2000/svg\" width=\"16\" height=\"16\" fill=\"currentColor\"\n                            class=\"bi bi-qr-code-scan text-skin-base dark:text-skin-base size-6\" viewBox=\"0 0 16 16\">\n                            <path\n                                d=\"M0 .5A.5.5 0 0 1 .5 0h3a.5.5 0 0 1 0 1H1v2.5a.5.5 0 0 1-1 0zm12 0a.5.5 0 0 1 .5-.5h3a.5.5 0 0 1 .5.5v3a.5.5 0 0 1-1 0V1h-2.5a.5.5 0 0 1-.5-.5M.5 12a.5.5 0 0 1 .5.5V15h2.5a.5.5 0 0 1 0 1h-3a.5.5 0 0 1-.5-.5v-3a.5.5 0 0 1 .5-.5m15 0a.5.5 0 0 1 .5.5v3a.5.5 0 0 1-.5.5h-3a.5.5 0 0 1 0-1H15v-2.5a.5.5 0 0 1 .5-.5M4 4h1v1H4z\" />\n                            <path d=\"M7 2H2v5h5zM3 3h3v3H3zm2 8H4v1h1z\" />\n                            <path d=\"M7 9H2v5h5zm-4 1h3v3H3zm8-6h1v1h-1z\" />\n                            <path\n                                d=\"M9 2h5v5H9zm1 1v3h3V3zM8 8v2h1v1H8v1h2v-2h1v2h1v-1h2v-1h-3V8zm2 2H9V9h1zm4 2h-1v1h-2v1h3zm-4 2v-1H8v1z\" />\n                            <path d=\"M12 9h2V8h-2z\" />\n                        </svg>', 'bi-qr-code', 'icon', NULL, NULL),
('5', '1', 'Payment Gateway Integration', 'Fast, Secure, and Flexible Payments using Stripe and Razorpay', '<svg xmlns=\"http://www.w3.org/2000/svg\" width=\"16\" height=\"16\" fill=\"currentColor\"\n                        class=\"bi bi-qr-code-scan text-skin-base dark:text-skin-base size-6\" viewBox=\"0 0 16 16\">\n                        <path\n                            d=\"M2 0a2 2 0 0 0-2 2v12a2 2 0 0 0 2 2h12a2 2 0 0 0 2-2V2a2 2 0 0 0-2-2zm6.226 5.385c-.584 0-.937.164-.937.593 0 .468.607.674 1.36.93 1.228.415 2.844.963 2.851 2.993C11.5 11.868 9.924 13 7.63 13a7.7 7.7 0 0 1-3.009-.626V9.758c.926.506 2.095.88 3.01.88.617 0 1.058-.165 1.058-.671 0-.518-.658-.755-1.453-1.041C6.026 8.49 4.5 7.94 4.5 6.11 4.5 4.165 5.988 3 8.226 3a7.3 7.3 0 0 1 2.734.505v2.583c-.838-.45-1.896-.703-2.734-.703\" />\n                    </svg>', 'bi-credit-card', 'icon', NULL, NULL),
('6', '1', 'Staff Management', 'Separate login for every staff role with different permissions.', '<svg xmlns=\"http://www.w3.org/2000/svg\" width=\"16\" height=\"16\" fill=\"currentColor\"\n                        class=\"bi bi-qr-code-scan text-skin-base dark:text-skin-base size-6\" viewBox=\"0 0 16 16\">\n                        <path\n                            d=\"M15 14s1 0 1-1-1-4-5-4-5 3-5 4 1 1 1 1zm-7.978-1L7 12.996c.001-.264.167-1.03.76-1.72C8.312 10.629 9.282 10 11 10c1.717 0 2.687.63 3.24 1.276.593.69.758 1.457.76 1.72l-.008.002-.014.002zM11 7a2 2 0 1 0 0-4 2 2 0 0 0 0 4m3-2a3 3 0 1 1-6 0 3 3 0 0 1 6 0M6.936 9.28a6 6 0 0 0-1.23-.247A7 7 0 0 0 5 9c-4 0-5 3-5 4q0 1 1 1h4.216A2.24 2.24 0 0 1 5 13c0-1.01.377-2.042 1.09-2.904.243-.294.526-.569.846-.816M4.92 10A5.5 5.5 0 0 0 4 13H1c0-.26.164-1.03.76-1.724.545-.636 1.492-1.256 3.16-1.275ZM1.5 5.5a3 3 0 1 1 6 0 3 3 0 0 1-6 0m3-2a2 2 0 1 0 0 4 2 2 0 0 0 0-4\" />\n                    </svg>', 'bi-people', 'icon', NULL, NULL),
('7', '1', 'POS (Point of Sale)', 'Complete POS Integration', '<svg class=\"size-6 transition duration-75 text-skin-base dark:text-skin-base\" fill=\"currentColor\"\n                        viewBox=\"0 -0.5 25 25\" viewBox=\"0 0 24 24\" xmlns=\"http://www.w3.org/2000/svg\">\n                        <g id=\"SVGRepo_bgCarrier\" stroke-width=\"0\"></g>\n                        <g id=\"SVGRepo_tracerCarrier\" stroke-linecap=\"round\" stroke-linejoin=\"round\"></g>\n                        <g id=\"SVGRepo_iconCarrier\">\n                            <path fill-rule=\"evenodd\"\n                                d=\"M16,6 L20,6 C21.1045695,6 22,6.8954305 22,8 L22,16 C22,17.1045695 21.1045695,18 20,18 L16,18 L16,19.9411765 C16,21.0658573 15.1177541,22 14,22 L4,22 C2.88224586,22 2,21.0658573 2,19.9411765 L2,4.05882353 C2,2.93414267 2.88224586,2 4,2 L14,2 C15.1177541,2 16,2.93414267 16,4.05882353 L16,6 Z M20,11 L16,11 L16,16 L20,16 L20,11 Z M14,19.9411765 L14,4.05882353 C14,4.01396021 13.9868154,4 14,4 L4,4 C4.01318464,4 4,4.01396021 4,4.05882353 L4,19.9411765 C4,19.9860398 4.01318464,20 4,20 L14,20 C13.9868154,20 14,19.9860398 14,19.9411765 Z M5,19 L5,17 L7,17 L7,19 L5,19 Z M8,19 L8,17 L10,17 L10,19 L8,19 Z M11,19 L11,17 L13,17 L13,19 L11,19 Z M5,16 L5,14 L7,14 L7,16 L5,16 Z M8,16 L8,14 L10,14 L10,16 L8,16 Z M11,16 L11,14 L13,14 L13,16 L11,16 Z M13,5 L13,13 L5,13 L5,5 L13,5 Z M7,7 L7,11 L11,11 L11,7 L7,7 Z M20,9 L20,8 L16,8 L16,9 L20,9 Z\">\n                            </path>\n                        </g>\n                    </svg>', 'bi-pos', 'icon', NULL, NULL),
('8', '1', 'Custom Floor Plans', 'Design Your Restaurants Layout.', '<svg xmlns=\"http://www.w3.org/2000/svg\" width=\"16\" height=\"16\" fill=\"currentColor\"\n                        class=\"bi bi-qr-code-scan text-skin-base dark:text-skin-base size-6\" viewBox=\"0 0 16 16\">\n                        <path\n                            d=\"M8.235 1.559a.5.5 0 0 0-.47 0l-7.5 4a.5.5 0 0 0 0 .882L3.188 8 .264 9.559a.5.5 0 0 0 0 .882l7.5 4a.5.5 0 0 0 .47 0l7.5-4a.5.5 0 0 0 0-.882L12.813 8l2.922-1.559a.5.5 0 0 0 0-.882zm3.515 7.008L14.438 10 8 13.433 1.562 10 4.25 8.567l3.515 1.874a.5.5 0 0 0 .47 0zM8 9.433 1.562 6 8 2.567 14.438 6z\" />\n                    </svg>', 'bi-grid-3x3-gap', 'icon', NULL, NULL),
('9', '1', 'Kitchen Order Tickets (KOT)', 'Efficient Kitchen Workflow.', '<svg xmlns=\"http://www.w3.org/2000/svg\" width=\"16\" height=\"16\" fill=\"currentColor\"\n                        class=\"bi bi-qr-code-scan text-skin-base dark:text-skin-base size-6\" viewBox=\"0 0 16 16\">\n                        <path\n                            d=\"M3 4.5a.5.5 0 0 1 .5-.5h6a.5.5 0 1 1 0 1h-6a.5.5 0 0 1-.5-.5m0 2a.5.5 0 0 1 .5-.5h6a.5.5 0 1 1 0 1h-6a.5.5 0 0 1-.5-.5m0 2a.5.5 0 0 1 .5-.5h6a.5.5 0 1 1 0 1h-6a.5.5 0 0 1-.5-.5m0 2a.5.5 0 0 1 .5-.5h6a.5.5 0 0 1 0 1h-6a.5.5 0 0 1-.5-.5m0 2a.5.5 0 0 1 .5-.5h6a.5.5 0 0 1 0 1h-6a.5.5 0 0 1-.5-.5M11.5 4a.5.5 0 0 0 0 1h1a.5.5 0 0 0 0-1zm0 2a.5.5 0 0 0 0 1h1a.5.5 0 0 0 0-1zm0 2a.5.5 0 0 0 0 1h1a.5.5 0 0 0 0-1zm0 2a.5.5 0 0 0 0 1h1a.5.5 0 0 0 0-1zm0 2a.5.5 0 0 0 0 1h1a.5.5 0 0 0 0-1z\" />\n                        <path\n                            d=\"M2.354.646a.5.5 0 0 0-.801.13l-.5 1A.5.5 0 0 0 1 2v13H.5a.5.5 0 0 0 0 1h15a.5.5 0 0 0 0-1H15V2a.5.5 0 0 0-.053-.224l-.5-1a.5.5 0 0 0-.8-.13L13 1.293l-.646-.647a.5.5 0 0 0-.708 0L11 1.293l-.646-.647a.5.5 0 0 0-.708 0L9 1.293 8.354.646a.5.5 0 0 0-.708 0L7 1.293 6.354.646a.5.5 0 0 0-.708 0L5 1.293 4.354.646a.5.5 0 0 0-.708 0L3 1.293zm-.217 1.198.51.51a.5.5 0 0 0 .707 0L4 1.707l.646.647a.5.5 0 0 0 .708 0L6 1.707l.646.647a.5.5 0 0 0 .708 0L8 1.707l.646.647a.5.5 0 0 0 .708 0L10 1.707l.646.647a.5.5 0 0 0 .708 0L12 1.707l.646.647a.5.5 0 0 0 .708 0l.509-.51.137.274V15H2V2.118z\" />\n                    </svg>', 'bi-receipt', 'icon', NULL, NULL),
('10', '1', 'Bill Printing', 'Quick and Accurate Billing.', '<svg xmlns=\"http://www.w3.org/2000/svg\" width=\"16\" height=\"16\" fill=\"currentColor\"\n                        class=\"bi bi-qr-code-scan text-skin-base dark:text-skin-base size-6\" viewBox=\"0 0 16 16\">\n                        <path d=\"M2.5 8a.5.5 0 1 0 0-1 .5.5 0 0 0 0 1\" />\n                        <path\n                            d=\"M5 1a2 2 0 0 0-2 2v2H2a2 2 0 0 0-2 2v3a2 2 0 0 0 2 2h1v1a2 2 0 0 0 2 2h6a2 2 0 0 0 2-2v-1h1a2 2 0 0 0 2-2V7a2 2 0 0 0-2-2h-1V3a2 2 0 0 0-2-2zM4 3a1 1 0 0 1 1-1h6a1 1 0 0 1 1 1v2H4zm1 5a2 2 0 0 0-2 2v1H2a1 1 0 0 1-1-1V7a1 1 0 0 1 1-1h12a1 1 0 0 1 1 1v3a1 1 0 0 1-1 1h-1v-1a2 2 0 0 0-2-2zm7 2v3a1 1 0 0 1-1 1H5a1 1 0 0 1-1-1v-3a1 1 0 0 1 1-1h6a1 1 0 0 1 1 1\" />\n                    </svg>', 'bi-printer', 'icon', NULL, NULL),
('11', '1', 'Reports', 'Data-Driven Decisions.', '<svg xmlns=\"http://www.w3.org/2000/svg\" width=\"16\" height=\"16\" fill=\"currentColor\" class=\"bi bi-qr-code-scan text-skin-base dark:text-skin-base size-6\" viewBox=\"0 0 16 16\">\n                    <path fill-rule=\"evenodd\" d=\"M0 0h1v15h15v1H0zm10 3.5a.5.5 0 0 1 .5-.5h4a.5.5 0 0 1 .5.5v4a.5.5 0 0 1-1 0V4.9l-3.613 4.417a.5.5 0 0 1-.74.037L7.06 6.767l-3.656 5.027a.5.5 0 0 1-.808-.588l4-5.5a.5.5 0 0 1 .758-.06l2.609 2.61L13.445 4H10.5a.5.5 0 0 1-.5-.5\"></path>\n                    </svg>', 'bi-arrow-right-circle-fill', 'icon', NULL, NULL);


-- Table structure for table `front_review_settings`
CREATE TABLE `front_review_settings` (
  `id` bigint(20) unsigned NOT NULL AUTO_INCREMENT,
  `language_setting_id` bigint(20) unsigned DEFAULT NULL,
  `reviews` text DEFAULT NULL,
  `reviewer_name` varchar(191) DEFAULT NULL,
  `reviewer_designation` varchar(191) DEFAULT NULL,
  `created_at` timestamp NULL DEFAULT NULL,
  `updated_at` timestamp NULL DEFAULT NULL,
  PRIMARY KEY (`id`),
  KEY `front_review_settings_language_setting_id_foreign` (`language_setting_id`),
  CONSTRAINT `front_review_settings_language_setting_id_foreign` FOREIGN KEY (`language_setting_id`) REFERENCES `language_settings` (`id`) ON DELETE CASCADE ON UPDATE CASCADE
) ENGINE=InnoDB AUTO_INCREMENT=4 DEFAULT CHARSET=utf8mb4 COLLATE=utf8mb4_unicode_ci;

-- Dumping data for table `front_review_settings`
INSERT INTO `front_review_settings` VALUES
('1', '1', '\" It has completely transformed how we operate. Managing orders, tables, and staff all from one platform has reduced our workload and made everything run more smoothly. \"', 'John Martin', 'Owner of Riverbend Bistro', NULL, NULL),
('2', '1', '\" The QR Code menu and payment integration have made a huge difference for us, especially after the pandemic. Customers love the ease, and we’ve seen faster table turnover.\"', 'Emily Thompson', 'Manager at Lakeside Grill', NULL, NULL),
('3', '1', '\" We are able to track every order in real time, keep our menu updated, and quickly manage payments. It is like having an extra set of hands in the restaurant.\"', 'Michael Scott', 'Owner of Downtown Eats', NULL, NULL);


-- Table structure for table `global_currencies`
CREATE TABLE `global_currencies` (
  `id` bigint(20) unsigned NOT NULL AUTO_INCREMENT,
  `currency_name` varchar(191) NOT NULL,
  `currency_symbol` varchar(191) NOT NULL,
  `currency_code` varchar(191) NOT NULL,
  `exchange_rate` decimal(16,2) DEFAULT NULL,
  `usd_price` decimal(16,2) DEFAULT NULL,
  `is_cryptocurrency` enum('yes','no') NOT NULL DEFAULT 'no',
  `currency_position` enum('left','right','left_with_space','right_with_space') NOT NULL DEFAULT 'left',
  `no_of_decimal` int(10) unsigned NOT NULL DEFAULT 2,
  `thousand_separator` varchar(191) DEFAULT NULL,
  `decimal_separator` varchar(191) DEFAULT NULL,
  `status` enum('enable','disable') NOT NULL DEFAULT 'enable',
  `created_at` timestamp NULL DEFAULT NULL,
  `updated_at` timestamp NULL DEFAULT NULL,
  `deleted_at` timestamp NULL DEFAULT NULL,
  PRIMARY KEY (`id`)
) ENGINE=InnoDB AUTO_INCREMENT=6 DEFAULT CHARSET=utf8mb4 COLLATE=utf8mb4_unicode_ci;

-- Dumping data for table `global_currencies`
INSERT INTO `global_currencies` VALUES
('1', 'US Dollars', '$', 'USD', NULL, NULL, 'no', 'left', '2', ',', '.', 'enable', '2025-09-17 05:36:40', '2025-09-17 06:12:50', NULL),
('2', 'Indian Rupee', '₹', 'INR', NULL, NULL, 'no', 'left', '2', ',', '.', 'enable', '2025-09-17 05:36:40', '2025-09-20 14:32:54', NULL),
('3', 'Pounds', '£', 'GBP', NULL, NULL, 'no', 'left', '2', ',', '.', 'enable', '2025-09-17 05:36:40', '2025-09-17 05:36:40', NULL),
('4', 'Euros', '€', 'EUR', NULL, NULL, 'no', 'left', '2', ',', '.', 'enable', '2025-09-17 05:36:40', '2025-09-17 05:36:40', NULL),
('5', 'Canadian Dollar', '$', 'CAD', NULL, NULL, 'no', 'left', '2', ',', '.', 'enable', '2025-09-17 06:12:38', '2025-09-17 06:12:38', NULL);


-- Table structure for table `inventory_global_settings`
CREATE TABLE `inventory_global_settings` (
  `id` bigint(20) unsigned NOT NULL AUTO_INCREMENT,
  `license_type` varchar(20) DEFAULT NULL,
  `purchase_code` varchar(191) DEFAULT NULL,
  `purchased_on` timestamp NULL DEFAULT NULL,
  `supported_until` timestamp NULL DEFAULT NULL,
  `notify_update` tinyint(1) NOT NULL DEFAULT 1,
  `created_at` timestamp NULL DEFAULT NULL,
  `updated_at` timestamp NULL DEFAULT NULL,
  PRIMARY KEY (`id`)
) ENGINE=InnoDB AUTO_INCREMENT=2 DEFAULT CHARSET=utf8mb4 COLLATE=utf8mb4_unicode_ci;

-- Dumping data for table `inventory_global_settings`
INSERT INTO `inventory_global_settings` VALUES
('1', NULL, 'd', NULL, NULL, '1', '2025-09-17 05:48:09', '2025-09-17 05:49:12');


-- Table structure for table `inventory_item_categories`
CREATE TABLE `inventory_item_categories` (
  `id` bigint(20) unsigned NOT NULL AUTO_INCREMENT,
  `branch_id` bigint(20) unsigned NOT NULL,
  `name` varchar(191) NOT NULL,
  `created_at` timestamp NULL DEFAULT NULL,
  `updated_at` timestamp NULL DEFAULT NULL,
  PRIMARY KEY (`id`),
  KEY `inventory_item_categories_branch_id_foreign` (`branch_id`),
  CONSTRAINT `inventory_item_categories_branch_id_foreign` FOREIGN KEY (`branch_id`) REFERENCES `branches` (`id`) ON DELETE CASCADE ON UPDATE CASCADE
) ENGINE=InnoDB AUTO_INCREMENT=466 DEFAULT CHARSET=utf8mb4 COLLATE=utf8mb4_unicode_ci;

-- Dumping data for table `inventory_item_categories`
INSERT INTO `inventory_item_categories` VALUES
('1', '1', 'Meat & Poultry', '2025-09-17 05:48:09', '2025-09-17 05:48:09'),
('2', '1', 'Seafood', '2025-09-17 05:48:09', '2025-09-17 05:48:09'),
('3', '1', 'Dairy & Eggs', '2025-09-17 05:48:09', '2025-09-17 05:48:09'),
('4', '1', 'Fresh Produce', '2025-09-17 05:48:09', '2025-09-17 05:48:09'),
('5', '1', 'Herbs & Spices', '2025-09-17 05:48:09', '2025-09-17 05:48:09'),
('6', '1', 'Dry Goods', '2025-09-17 05:48:09', '2025-09-17 05:48:09'),
('7', '1', 'Canned Goods', '2025-09-17 05:48:09', '2025-09-17 05:48:09'),
('8', '1', 'Beverages', '2025-09-17 05:48:09', '2025-09-17 05:48:09'),
('9', '1', 'Condiments & Sauces', '2025-09-17 05:48:09', '2025-09-17 05:48:09'),
('10', '1', 'Baking Supplies', '2025-09-17 05:48:09', '2025-09-17 05:48:09'),
('11', '1', 'Oils & Vinegars', '2025-09-17 05:48:09', '2025-09-17 05:48:09'),
('12', '1', 'Frozen Foods', '2025-09-17 05:48:09', '2025-09-17 05:48:09'),
('13', '1', 'Cleaning Supplies', '2025-09-17 05:48:09', '2025-09-17 05:48:09'),
('14', '1', 'Kitchen Equipment', '2025-09-17 05:48:09', '2025-09-17 05:48:09'),
('15', '1', 'Disposables', '2025-09-17 05:48:09', '2025-09-17 05:48:09'),
('16', '2', 'Meat & Poultry', '2025-09-17 05:48:09', '2025-09-17 05:48:09'),
('17', '2', 'Seafood', '2025-09-17 05:48:09', '2025-09-17 05:48:09'),
('18', '2', 'Dairy & Eggs', '2025-09-17 05:48:09', '2025-09-17 05:48:09'),
('19', '2', 'Fresh Produce', '2025-09-17 05:48:09', '2025-09-17 05:48:09'),
('20', '2', 'Herbs & Spices', '2025-09-17 05:48:09', '2025-09-17 05:48:09'),
('21', '2', 'Dry Goods', '2025-09-17 05:48:09', '2025-09-17 05:48:09'),
('22', '2', 'Canned Goods', '2025-09-17 05:48:09', '2025-09-17 05:48:09'),
('23', '2', 'Beverages', '2025-09-17 05:48:09', '2025-09-17 05:48:09'),
('24', '2', 'Condiments & Sauces', '2025-09-17 05:48:09', '2025-09-17 05:48:09'),
('25', '2', 'Baking Supplies', '2025-09-17 05:48:09', '2025-09-17 05:48:09'),
('26', '2', 'Oils & Vinegars', '2025-09-17 05:48:09', '2025-09-17 05:48:09'),
('27', '2', 'Frozen Foods', '2025-09-17 05:48:09', '2025-09-17 05:48:09'),
('28', '2', 'Cleaning Supplies', '2025-09-17 05:48:09', '2025-09-17 05:48:09'),
('29', '2', 'Kitchen Equipment', '2025-09-17 05:48:09', '2025-09-17 05:48:09'),
('30', '2', 'Disposables', '2025-09-17 05:48:09', '2025-09-17 05:48:09'),
('31', '3', 'Meat & Poultry', '2025-09-17 10:02:45', '2025-09-17 10:02:45'),
('32', '3', 'Seafood', '2025-09-17 10:02:45', '2025-09-17 10:02:45'),
('33', '3', 'Dairy & Eggs', '2025-09-17 10:02:45', '2025-09-17 10:02:45'),
('34', '3', 'Fresh Produce', '2025-09-17 10:02:45', '2025-09-17 10:02:45'),
('35', '3', 'Herbs & Spices', '2025-09-17 10:02:45', '2025-09-17 10:02:45'),
('36', '3', 'Dry Goods', '2025-09-17 10:02:45', '2025-09-17 10:02:45'),
('37', '3', 'Canned Goods', '2025-09-17 10:02:45', '2025-09-17 10:02:45'),
('38', '3', 'Beverages', '2025-09-17 10:02:45', '2025-09-17 10:02:45'),
('39', '3', 'Condiments & Sauces', '2025-09-17 10:02:45', '2025-09-17 10:02:45'),
('40', '3', 'Baking Supplies', '2025-09-17 10:02:45', '2025-09-17 10:02:45'),
('41', '3', 'Oils & Vinegars', '2025-09-17 10:02:45', '2025-09-17 10:02:45'),
('42', '3', 'Frozen Foods', '2025-09-17 10:02:45', '2025-09-17 10:02:45'),
('43', '3', 'Cleaning Supplies', '2025-09-17 10:02:45', '2025-09-17 10:02:45'),
('44', '3', 'Kitchen Equipment', '2025-09-17 10:02:45', '2025-09-17 10:02:45'),
('45', '3', 'Disposables', '2025-09-17 10:02:45', '2025-09-17 10:02:45'),
('46', '4', 'Meat & Poultry', '2025-09-20 12:56:44', '2025-09-20 12:56:44'),
('47', '4', 'Seafood', '2025-09-20 12:56:44', '2025-09-20 12:56:44'),
('48', '4', 'Dairy & Eggs', '2025-09-20 12:56:44', '2025-09-20 12:56:44'),
('49', '4', 'Fresh Produce', '2025-09-20 12:56:44', '2025-09-20 12:56:44'),
('50', '4', 'Herbs & Spices', '2025-09-20 12:56:44', '2025-09-20 12:56:44'),
('51', '4', 'Dry Goods', '2025-09-20 12:56:44', '2025-09-20 12:56:44'),
('52', '4', 'Canned Goods', '2025-09-20 12:56:44', '2025-09-20 12:56:44'),
('53', '4', 'Beverages', '2025-09-20 12:56:44', '2025-09-20 12:56:44'),
('54', '4', 'Condiments & Sauces', '2025-09-20 12:56:44', '2025-09-20 12:56:44'),
('55', '4', 'Baking Supplies', '2025-09-20 12:56:44', '2025-09-20 12:56:44'),
('56', '4', 'Oils & Vinegars', '2025-09-20 12:56:44', '2025-09-20 12:56:44'),
('57', '4', 'Frozen Foods', '2025-09-20 12:56:44', '2025-09-20 12:56:44'),
('58', '4', 'Cleaning Supplies', '2025-09-20 12:56:44', '2025-09-20 12:56:44'),
('59', '4', 'Kitchen Equipment', '2025-09-20 12:56:44', '2025-09-20 12:56:44'),
('60', '4', 'Disposables', '2025-09-20 12:56:44', '2025-09-20 12:56:44'),
('61', '5', 'Meat & Poultry', '2025-10-07 15:00:09', '2025-10-07 15:00:09'),
('62', '5', 'Seafood', '2025-10-07 15:00:09', '2025-10-07 15:00:09'),
('63', '5', 'Dairy & Eggs', '2025-10-07 15:00:09', '2025-10-07 15:00:09'),
('64', '5', 'Fresh Produce', '2025-10-07 15:00:09', '2025-10-07 15:00:09'),
('65', '5', 'Herbs & Spices', '2025-10-07 15:00:09', '2025-10-07 15:00:09'),
('66', '5', 'Dry Goods', '2025-10-07 15:00:09', '2025-10-07 15:00:09'),
('67', '5', 'Canned Goods', '2025-10-07 15:00:09', '2025-10-07 15:00:09'),
('68', '5', 'Beverages', '2025-10-07 15:00:09', '2025-10-07 15:00:09'),
('69', '5', 'Condiments & Sauces', '2025-10-07 15:00:09', '2025-10-07 15:00:09'),
('70', '5', 'Baking Supplies', '2025-10-07 15:00:09', '2025-10-07 15:00:09'),
('71', '5', 'Oils & Vinegars', '2025-10-07 15:00:09', '2025-10-07 15:00:09'),
('72', '5', 'Frozen Foods', '2025-10-07 15:00:09', '2025-10-07 15:00:09'),
('73', '5', 'Cleaning Supplies', '2025-10-07 15:00:09', '2025-10-07 15:00:09'),
('74', '5', 'Kitchen Equipment', '2025-10-07 15:00:09', '2025-10-07 15:00:09'),
('75', '5', 'Disposables', '2025-10-07 15:00:09', '2025-10-07 15:00:09'),
('391', '27', 'Meat & Poultry', '2025-11-07 17:23:03', '2025-11-07 17:23:03'),
('392', '27', 'Seafood', '2025-11-07 17:23:03', '2025-11-07 17:23:03'),
('393', '27', 'Dairy & Eggs', '2025-11-07 17:23:03', '2025-11-07 17:23:03'),
('394', '27', 'Fresh Produce', '2025-11-07 17:23:03', '2025-11-07 17:23:03'),
('395', '27', 'Herbs & Spices', '2025-11-07 17:23:03', '2025-11-07 17:23:03'),
('396', '27', 'Dry Goods', '2025-11-07 17:23:03', '2025-11-07 17:23:03'),
('397', '27', 'Canned Goods', '2025-11-07 17:23:03', '2025-11-07 17:23:03'),
('398', '27', 'Beverages', '2025-11-07 17:23:03', '2025-11-07 17:23:03'),
('399', '27', 'Condiments & Sauces', '2025-11-07 17:23:03', '2025-11-07 17:23:03'),
('400', '27', 'Baking Supplies', '2025-11-07 17:23:03', '2025-11-07 17:23:03'),
('401', '27', 'Oils & Vinegars', '2025-11-07 17:23:03', '2025-11-07 17:23:03'),
('402', '27', 'Frozen Foods', '2025-11-07 17:23:03', '2025-11-07 17:23:03'),
('403', '27', 'Cleaning Supplies', '2025-11-07 17:23:03', '2025-11-07 17:23:03'),
('404', '27', 'Kitchen Equipment', '2025-11-07 17:23:03', '2025-11-07 17:23:03'),
('405', '27', 'Disposables', '2025-11-07 17:23:03', '2025-11-07 17:23:03'),
('406', '28', 'Meat & Poultry', '2025-11-08 10:32:26', '2025-11-08 10:32:26'),
('407', '28', 'Seafood', '2025-11-08 10:32:26', '2025-11-08 10:32:26'),
('408', '28', 'Dairy & Eggs', '2025-11-08 10:32:26', '2025-11-08 10:32:26'),
('409', '28', 'Fresh Produce', '2025-11-08 10:32:26', '2025-11-08 10:32:26'),
('410', '28', 'Herbs & Spices', '2025-11-08 10:32:26', '2025-11-08 10:32:26'),
('411', '28', 'Dry Goods', '2025-11-08 10:32:26', '2025-11-08 10:32:26'),
('412', '28', 'Canned Goods', '2025-11-08 10:32:26', '2025-11-08 10:32:26'),
('413', '28', 'Beverages', '2025-11-08 10:32:26', '2025-11-08 10:32:26'),
('414', '28', 'Condiments & Sauces', '2025-11-08 10:32:26', '2025-11-08 10:32:26'),
('415', '28', 'Baking Supplies', '2025-11-08 10:32:26', '2025-11-08 10:32:26'),
('416', '28', 'Oils & Vinegars', '2025-11-08 10:32:26', '2025-11-08 10:32:26'),
('417', '28', 'Frozen Foods', '2025-11-08 10:32:26', '2025-11-08 10:32:26'),
('418', '28', 'Cleaning Supplies', '2025-11-08 10:32:26', '2025-11-08 10:32:26'),
('419', '28', 'Kitchen Equipment', '2025-11-08 10:32:26', '2025-11-08 10:32:26'),
('420', '28', 'Disposables', '2025-11-08 10:32:26', '2025-11-08 10:32:26'),
('421', '29', 'Meat & Poultry', '2025-11-12 14:15:50', '2025-11-12 14:15:50'),
('422', '29', 'Seafood', '2025-11-12 14:15:50', '2025-11-12 14:15:50'),
('423', '29', 'Dairy & Eggs', '2025-11-12 14:15:50', '2025-11-12 14:15:50'),
('424', '29', 'Fresh Produce', '2025-11-12 14:15:50', '2025-11-12 14:15:50'),
('425', '29', 'Herbs & Spices', '2025-11-12 14:15:50', '2025-11-12 14:15:50'),
('426', '29', 'Dry Goods', '2025-11-12 14:15:50', '2025-11-12 14:15:50'),
('427', '29', 'Canned Goods', '2025-11-12 14:15:50', '2025-11-12 14:15:50'),
('428', '29', 'Beverages', '2025-11-12 14:15:50', '2025-11-12 14:15:50'),
('429', '29', 'Condiments & Sauces', '2025-11-12 14:15:50', '2025-11-12 14:15:50'),
('430', '29', 'Baking Supplies', '2025-11-12 14:15:50', '2025-11-12 14:15:50'),
('431', '29', 'Oils & Vinegars', '2025-11-12 14:15:50', '2025-11-12 14:15:50'),
('432', '29', 'Frozen Foods', '2025-11-12 14:15:50', '2025-11-12 14:15:50'),
('433', '29', 'Cleaning Supplies', '2025-11-12 14:15:50', '2025-11-12 14:15:50'),
('434', '29', 'Kitchen Equipment', '2025-11-12 14:15:50', '2025-11-12 14:15:50'),
('435', '29', 'Disposables', '2025-11-12 14:15:50', '2025-11-12 14:15:50'),
('436', '30', 'Meat & Poultry', '2025-11-13 15:41:43', '2025-11-13 15:41:43'),
('437', '30', 'Seafood', '2025-11-13 15:41:43', '2025-11-13 15:41:43'),
('438', '30', 'Dairy & Eggs', '2025-11-13 15:41:43', '2025-11-13 15:41:43'),
('439', '30', 'Fresh Produce', '2025-11-13 15:41:43', '2025-11-13 15:41:43'),
('440', '30', 'Herbs & Spices', '2025-11-13 15:41:43', '2025-11-13 15:41:43'),
('441', '30', 'Dry Goods', '2025-11-13 15:41:43', '2025-11-13 15:41:43'),
('442', '30', 'Canned Goods', '2025-11-13 15:41:43', '2025-11-13 15:41:43'),
('443', '30', 'Beverages', '2025-11-13 15:41:43', '2025-11-13 15:41:43'),
('444', '30', 'Condiments & Sauces', '2025-11-13 15:41:43', '2025-11-13 15:41:43'),
('445', '30', 'Baking Supplies', '2025-11-13 15:41:43', '2025-11-13 15:41:43'),
('446', '30', 'Oils & Vinegars', '2025-11-13 15:41:43', '2025-11-13 15:41:43'),
('447', '30', 'Frozen Foods', '2025-11-13 15:41:43', '2025-11-13 15:41:43'),
('448', '30', 'Cleaning Supplies', '2025-11-13 15:41:43', '2025-11-13 15:41:43'),
('449', '30', 'Kitchen Equipment', '2025-11-13 15:41:43', '2025-11-13 15:41:43'),
('450', '30', 'Disposables', '2025-11-13 15:41:43', '2025-11-13 15:41:43'),
('451', '31', 'Meat & Poultry', '2025-11-15 07:46:25', '2025-11-15 07:46:25'),
('452', '31', 'Seafood', '2025-11-15 07:46:25', '2025-11-15 07:46:25'),
('453', '31', 'Dairy & Eggs', '2025-11-15 07:46:25', '2025-11-15 07:46:25'),
('454', '31', 'Fresh Produce', '2025-11-15 07:46:25', '2025-11-15 07:46:25'),
('455', '31', 'Herbs & Spices', '2025-11-15 07:46:25', '2025-11-15 07:46:25'),
('456', '31', 'Dry Goods', '2025-11-15 07:46:25', '2025-11-15 07:46:25'),
('457', '31', 'Canned Goods', '2025-11-15 07:46:25', '2025-11-15 07:46:25'),
('458', '31', 'Beverages', '2025-11-15 07:46:25', '2025-11-15 07:46:25'),
('459', '31', 'Condiments & Sauces', '2025-11-15 07:46:25', '2025-11-15 07:46:25'),
('460', '31', 'Baking Supplies', '2025-11-15 07:46:25', '2025-11-15 07:46:25'),
('461', '31', 'Oils & Vinegars', '2025-11-15 07:46:25', '2025-11-15 07:46:25'),
('462', '31', 'Frozen Foods', '2025-11-15 07:46:25', '2025-11-15 07:46:25'),
('463', '31', 'Cleaning Supplies', '2025-11-15 07:46:25', '2025-11-15 07:46:25'),
('464', '31', 'Kitchen Equipment', '2025-11-15 07:46:25', '2025-11-15 07:46:25'),
('465', '31', 'Disposables', '2025-11-15 07:46:25', '2025-11-15 07:46:25');


-- Table structure for table `inventory_items`
CREATE TABLE `inventory_items` (
  `id` bigint(20) unsigned NOT NULL AUTO_INCREMENT,
  `branch_id` bigint(20) unsigned NOT NULL,
  `name` varchar(191) NOT NULL,
  `description` text DEFAULT NULL,
  `inventory_item_category_id` bigint(20) unsigned NOT NULL,
  `unit_id` bigint(20) unsigned NOT NULL,
  `threshold_quantity` decimal(16,2) NOT NULL DEFAULT 0.00,
  `created_at` timestamp NULL DEFAULT NULL,
  `updated_at` timestamp NULL DEFAULT NULL,
  `preferred_supplier_id` bigint(20) unsigned DEFAULT NULL,
  `photo_path` varchar(191) DEFAULT NULL,
  `reorder_quantity` decimal(16,2) NOT NULL DEFAULT 0.00,
  `unit_purchase_price` decimal(16,2) NOT NULL DEFAULT 0.00,
  PRIMARY KEY (`id`),
  KEY `inventory_items_branch_id_foreign` (`branch_id`),
  KEY `inventory_items_inventory_item_category_id_foreign` (`inventory_item_category_id`),
  KEY `inventory_items_unit_id_foreign` (`unit_id`),
  KEY `inventory_items_preferred_supplier_id_foreign` (`preferred_supplier_id`),
  CONSTRAINT `inventory_items_branch_id_foreign` FOREIGN KEY (`branch_id`) REFERENCES `branches` (`id`) ON DELETE CASCADE ON UPDATE CASCADE,
  CONSTRAINT `inventory_items_inventory_item_category_id_foreign` FOREIGN KEY (`inventory_item_category_id`) REFERENCES `inventory_item_categories` (`id`) ON DELETE CASCADE ON UPDATE CASCADE,
  CONSTRAINT `inventory_items_preferred_supplier_id_foreign` FOREIGN KEY (`preferred_supplier_id`) REFERENCES `suppliers` (`id`) ON DELETE SET NULL,
  CONSTRAINT `inventory_items_unit_id_foreign` FOREIGN KEY (`unit_id`) REFERENCES `units` (`id`) ON DELETE CASCADE ON UPDATE CASCADE
) ENGINE=InnoDB AUTO_INCREMENT=3 DEFAULT CHARSET=utf8mb4 COLLATE=utf8mb4_unicode_ci;

-- Dumping data for table `inventory_items`
INSERT INTO `inventory_items` VALUES
('1', '5', 'Salt', NULL, '65', '41', '10.00', '2025-10-18 00:03:43', '2025-10-18 00:03:43', '1', NULL, '5.00', '10.00'),
('2', '5', 'Chicken', NULL, '61', '45', '50.00', '2025-10-18 17:41:25', '2025-10-18 17:41:25', '1', NULL, '50.00', '5.00');


-- Table structure for table `inventory_movements`
CREATE TABLE `inventory_movements` (
  `id` bigint(20) unsigned NOT NULL AUTO_INCREMENT,
  `branch_id` bigint(20) unsigned NOT NULL,
  `inventory_item_id` bigint(20) unsigned NOT NULL,
  `quantity` decimal(16,2) NOT NULL DEFAULT 0.00,
  `transaction_type` enum('in','out','waste','transfer') NOT NULL DEFAULT 'in',
  `waste_reason` enum('expiry','spoilage','customer_complaint','over_preparation','other') DEFAULT NULL,
  `added_by` bigint(20) unsigned DEFAULT NULL,
  `supplier_id` bigint(20) unsigned DEFAULT NULL,
  `transfer_branch_id` bigint(20) unsigned DEFAULT NULL,
  `created_at` timestamp NULL DEFAULT NULL,
  `updated_at` timestamp NULL DEFAULT NULL,
  `unit_purchase_price` decimal(16,2) NOT NULL DEFAULT 0.00,
  `expiration_date` date DEFAULT NULL,
  PRIMARY KEY (`id`),
  KEY `inventory_movements_branch_id_foreign` (`branch_id`),
  KEY `inventory_movements_inventory_item_id_foreign` (`inventory_item_id`),
  KEY `inventory_movements_added_by_foreign` (`added_by`),
  KEY `inventory_movements_supplier_id_foreign` (`supplier_id`),
  KEY `inventory_movements_transfer_branch_id_foreign` (`transfer_branch_id`),
  CONSTRAINT `inventory_movements_added_by_foreign` FOREIGN KEY (`added_by`) REFERENCES `users` (`id`) ON DELETE CASCADE ON UPDATE CASCADE,
  CONSTRAINT `inventory_movements_branch_id_foreign` FOREIGN KEY (`branch_id`) REFERENCES `branches` (`id`) ON DELETE CASCADE ON UPDATE CASCADE,
  CONSTRAINT `inventory_movements_inventory_item_id_foreign` FOREIGN KEY (`inventory_item_id`) REFERENCES `inventory_items` (`id`) ON DELETE CASCADE ON UPDATE CASCADE,
  CONSTRAINT `inventory_movements_supplier_id_foreign` FOREIGN KEY (`supplier_id`) REFERENCES `suppliers` (`id`) ON DELETE SET NULL ON UPDATE CASCADE,
  CONSTRAINT `inventory_movements_transfer_branch_id_foreign` FOREIGN KEY (`transfer_branch_id`) REFERENCES `branches` (`id`) ON DELETE SET NULL ON UPDATE CASCADE
) ENGINE=InnoDB AUTO_INCREMENT=67 DEFAULT CHARSET=utf8mb4 COLLATE=utf8mb4_unicode_ci;

-- Dumping data for table `inventory_movements`
INSERT INTO `inventory_movements` VALUES
('1', '5', '1', '100.00', 'in', NULL, '7', '1', NULL, '2025-10-18 00:04:22', '2025-10-18 00:04:22', '10.00', '2026-12-13'),
('2', '5', '2', '1000.00', 'in', NULL, '7', '1', NULL, '2025-10-18 17:42:11', '2025-10-18 17:42:11', '5.00', '2026-10-18'),
('3', '5', '1', '1.00', 'out', NULL, '9', NULL, NULL, '2025-10-18 18:28:48', '2025-10-18 18:28:48', '0.00', NULL),
('4', '5', '2', '5.00', 'out', NULL, '9', NULL, NULL, '2025-10-18 18:28:48', '2025-10-18 18:28:48', '0.00', NULL),
('5', '5', '1', '2.00', 'out', NULL, '9', NULL, NULL, '2025-10-18 18:28:48', '2025-10-18 18:28:48', '0.00', NULL),
('6', '5', '2', '7.00', 'out', NULL, '9', NULL, NULL, '2025-10-18 18:28:48', '2025-10-18 18:28:48', '0.00', NULL),
('7', '5', '2', '15.00', 'out', NULL, '9', NULL, NULL, '2025-10-18 18:28:48', '2025-10-18 18:28:48', '0.00', NULL),
('8', '5', '1', '3.00', 'out', NULL, '9', NULL, NULL, '2025-10-18 18:28:48', '2025-10-18 18:28:48', '0.00', NULL),
('9', '5', '1', '1.00', 'out', NULL, NULL, NULL, NULL, '2025-10-24 02:25:28', '2025-10-24 02:25:28', '0.00', NULL),
('10', '5', '2', '5.00', 'out', NULL, NULL, NULL, NULL, '2025-10-24 02:25:28', '2025-10-24 02:25:28', '0.00', NULL),
('11', '5', '1', '2.00', 'out', NULL, NULL, NULL, NULL, '2025-10-24 02:25:28', '2025-10-24 02:25:28', '0.00', NULL),
('12', '5', '2', '7.00', 'out', NULL, NULL, NULL, NULL, '2025-10-24 02:25:28', '2025-10-24 02:25:28', '0.00', NULL),
('13', '5', '2', '15.00', 'out', NULL, NULL, NULL, NULL, '2025-10-24 02:25:28', '2025-10-24 02:25:28', '0.00', NULL),
('14', '5', '1', '3.00', 'out', NULL, NULL, NULL, NULL, '2025-10-24 02:25:28', '2025-10-24 02:25:28', '0.00', NULL),
('15', '5', '1', '1.00', 'out', NULL, NULL, NULL, NULL, '2025-10-24 02:32:05', '2025-10-24 02:32:05', '0.00', NULL),
('16', '5', '2', '5.00', 'out', NULL, NULL, NULL, NULL, '2025-10-24 02:32:05', '2025-10-24 02:32:05', '0.00', NULL),
('17', '5', '1', '2.00', 'out', NULL, NULL, NULL, NULL, '2025-10-24 02:32:05', '2025-10-24 02:32:05', '0.00', NULL),
('18', '5', '2', '7.00', 'out', NULL, NULL, NULL, NULL, '2025-10-24 02:32:05', '2025-10-24 02:32:05', '0.00', NULL),
('19', '5', '2', '15.00', 'out', NULL, NULL, NULL, NULL, '2025-10-24 02:32:05', '2025-10-24 02:32:05', '0.00', NULL),
('20', '5', '1', '3.00', 'out', NULL, NULL, NULL, NULL, '2025-10-24 02:32:05', '2025-10-24 02:32:05', '0.00', NULL),
('21', '5', '1', '1.00', 'out', NULL, NULL, NULL, NULL, '2025-10-24 02:33:07', '2025-10-24 02:33:07', '0.00', NULL),
('22', '5', '2', '5.00', 'out', NULL, NULL, NULL, NULL, '2025-10-24 02:33:07', '2025-10-24 02:33:07', '0.00', NULL),
('23', '5', '1', '2.00', 'out', NULL, NULL, NULL, NULL, '2025-10-24 02:33:07', '2025-10-24 02:33:07', '0.00', NULL),
('24', '5', '2', '7.00', 'out', NULL, NULL, NULL, NULL, '2025-10-24 02:33:07', '2025-10-24 02:33:07', '0.00', NULL),
('25', '5', '2', '15.00', 'out', NULL, NULL, NULL, NULL, '2025-10-24 02:33:07', '2025-10-24 02:33:07', '0.00', NULL),
('26', '5', '1', '3.00', 'out', NULL, NULL, NULL, NULL, '2025-10-24 02:33:07', '2025-10-24 02:33:07', '0.00', NULL),
('27', '5', '1', '1.00', 'out', NULL, '7', NULL, NULL, '2025-10-24 02:39:47', '2025-10-24 02:39:47', '0.00', NULL),
('28', '5', '2', '5.00', 'out', NULL, '7', NULL, NULL, '2025-10-24 02:39:47', '2025-10-24 02:39:47', '0.00', NULL),
('29', '5', '1', '2.00', 'out', NULL, '7', NULL, NULL, '2025-10-24 02:39:47', '2025-10-24 02:39:47', '0.00', NULL),
('30', '5', '2', '7.00', 'out', NULL, '7', NULL, NULL, '2025-10-24 02:39:47', '2025-10-24 02:39:47', '0.00', NULL),
('31', '5', '2', '15.00', 'out', NULL, '7', NULL, NULL, '2025-10-24 02:39:47', '2025-10-24 02:39:47', '0.00', NULL),
('32', '5', '1', '3.00', 'out', NULL, '7', NULL, NULL, '2025-10-24 02:39:47', '2025-10-24 02:39:47', '0.00', NULL),
('33', '5', '1', '1.00', 'out', NULL, NULL, NULL, NULL, '2025-10-24 08:05:24', '2025-10-24 08:05:24', '0.00', NULL),
('34', '5', '2', '5.00', 'out', NULL, NULL, NULL, NULL, '2025-10-24 08:05:24', '2025-10-24 08:05:24', '0.00', NULL),
('35', '5', '1', '2.00', 'out', NULL, NULL, NULL, NULL, '2025-10-24 08:05:24', '2025-10-24 08:05:24', '0.00', NULL),
('36', '5', '2', '7.00', 'out', NULL, NULL, NULL, NULL, '2025-10-24 08:05:24', '2025-10-24 08:05:24', '0.00', NULL),
('37', '5', '2', '15.00', 'out', NULL, NULL, NULL, NULL, '2025-10-24 08:05:24', '2025-10-24 08:05:24', '0.00', NULL),
('38', '5', '1', '3.00', 'out', NULL, NULL, NULL, NULL, '2025-10-24 08:05:24', '2025-10-24 08:05:24', '0.00', NULL),
('39', '5', '1', '1.00', 'out', NULL, '7', NULL, NULL, '2025-10-24 15:19:40', '2025-10-24 15:19:40', '0.00', NULL),
('40', '5', '2', '5.00', 'out', NULL, '7', NULL, NULL, '2025-10-24 15:19:40', '2025-10-24 15:19:40', '0.00', NULL),
('41', '5', '1', '2.00', 'out', NULL, '7', NULL, NULL, '2025-10-24 15:19:40', '2025-10-24 15:19:40', '0.00', NULL),
('42', '5', '2', '7.00', 'out', NULL, '7', NULL, NULL, '2025-10-24 15:19:40', '2025-10-24 15:19:40', '0.00', NULL),
('43', '5', '2', '15.00', 'out', NULL, '7', NULL, NULL, '2025-10-24 15:19:40', '2025-10-24 15:19:40', '0.00', NULL),
('44', '5', '1', '3.00', 'out', NULL, '7', NULL, NULL, '2025-10-24 15:19:40', '2025-10-24 15:19:40', '0.00', NULL),
('45', '5', '1', '1.00', 'out', NULL, NULL, NULL, NULL, '2025-10-25 06:26:39', '2025-10-25 06:26:39', '0.00', NULL),
('46', '5', '2', '5.00', 'out', NULL, NULL, NULL, NULL, '2025-10-25 06:26:39', '2025-10-25 06:26:39', '0.00', NULL),
('47', '5', '1', '2.00', 'out', NULL, NULL, NULL, NULL, '2025-10-25 06:26:39', '2025-10-25 06:26:39', '0.00', NULL),
('48', '5', '2', '7.00', 'out', NULL, NULL, NULL, NULL, '2025-10-25 06:26:39', '2025-10-25 06:26:39', '0.00', NULL),
('49', '5', '2', '15.00', 'out', NULL, NULL, NULL, NULL, '2025-10-25 06:26:39', '2025-10-25 06:26:39', '0.00', NULL),
('50', '5', '1', '3.00', 'out', NULL, NULL, NULL, NULL, '2025-10-25 06:26:39', '2025-10-25 06:26:39', '0.00', NULL),
('51', '5', '1', '1.00', 'out', NULL, NULL, NULL, NULL, '2025-10-27 08:34:14', '2025-10-27 08:34:14', '0.00', NULL),
('52', '5', '2', '5.00', 'out', NULL, NULL, NULL, NULL, '2025-10-27 08:34:14', '2025-10-27 08:34:14', '0.00', NULL),
('53', '5', '1', '2.00', 'out', NULL, NULL, NULL, NULL, '2025-10-27 08:34:14', '2025-10-27 08:34:14', '0.00', NULL),
('54', '5', '2', '7.00', 'out', NULL, NULL, NULL, NULL, '2025-10-27 08:34:14', '2025-10-27 08:34:14', '0.00', NULL),
('55', '5', '2', '15.00', 'out', NULL, NULL, NULL, NULL, '2025-10-27 08:34:14', '2025-10-27 08:34:14', '0.00', NULL),
('56', '5', '1', '3.00', 'out', NULL, NULL, NULL, NULL, '2025-10-27 08:34:14', '2025-10-27 08:34:14', '0.00', NULL),
('57', '5', '1', '1.00', 'out', NULL, NULL, NULL, NULL, '2025-10-27 09:44:37', '2025-10-27 09:44:37', '0.00', NULL),
('58', '5', '2', '5.00', 'out', NULL, NULL, NULL, NULL, '2025-10-27 09:44:37', '2025-10-27 09:44:37', '0.00', NULL),
('59', '5', '1', '2.00', 'out', NULL, NULL, NULL, NULL, '2025-10-27 09:44:37', '2025-10-27 09:44:37', '0.00', NULL),
('60', '5', '2', '7.00', 'out', NULL, NULL, NULL, NULL, '2025-10-27 09:44:37', '2025-10-27 09:44:37', '0.00', NULL),
('61', '5', '2', '15.00', 'out', NULL, NULL, NULL, NULL, '2025-10-27 09:44:37', '2025-10-27 09:44:37', '0.00', NULL),
('62', '5', '1', '3.00', 'out', NULL, NULL, NULL, NULL, '2025-10-27 09:44:37', '2025-10-27 09:44:37', '0.00', NULL),
('63', '5', '1', '2.00', 'out', NULL, NULL, NULL, NULL, '2025-10-31 14:52:44', '2025-10-31 14:52:44', '0.00', NULL),
('64', '5', '2', '7.00', 'out', NULL, NULL, NULL, NULL, '2025-10-31 14:52:44', '2025-10-31 14:52:44', '0.00', NULL),
('65', '5', '1', '1.00', 'out', NULL, NULL, NULL, NULL, '2025-11-06 14:26:59', '2025-11-06 14:26:59', '0.00', NULL),
('66', '5', '2', '5.00', 'out', NULL, NULL, NULL, NULL, '2025-11-06 14:26:59', '2025-11-06 14:26:59', '0.00', NULL);


-- Table structure for table `inventory_settings`
CREATE TABLE `inventory_settings` (
  `id` bigint(20) unsigned NOT NULL AUTO_INCREMENT,
  `restaurant_id` bigint(20) unsigned NOT NULL,
  `allow_auto_purchase` tinyint(1) NOT NULL DEFAULT 0,
  `created_at` timestamp NULL DEFAULT NULL,
  `updated_at` timestamp NULL DEFAULT NULL,
  PRIMARY KEY (`id`),
  KEY `inventory_settings_restaurant_id_foreign` (`restaurant_id`),
  CONSTRAINT `inventory_settings_restaurant_id_foreign` FOREIGN KEY (`restaurant_id`) REFERENCES `restaurants` (`id`) ON DELETE CASCADE
) ENGINE=InnoDB AUTO_INCREMENT=40 DEFAULT CHARSET=utf8mb4 COLLATE=utf8mb4_unicode_ci;

-- Dumping data for table `inventory_settings`
INSERT INTO `inventory_settings` VALUES
('1', '1', '0', '2025-09-17 05:48:09', '2025-09-17 05:48:09'),
('2', '1', '0', '2025-09-17 05:48:09', '2025-09-17 05:48:09'),
('3', '2', '0', '2025-09-17 10:02:45', '2025-09-17 10:02:45'),
('4', '3', '0', '2025-09-20 12:56:44', '2025-09-20 12:56:44'),
('5', '4', '1', '2025-10-07 15:00:09', '2025-10-18 17:40:32'),
('7', '1', '0', '2025-10-15 12:17:24', '2025-10-15 12:17:24'),
('8', '2', '0', '2025-10-15 12:17:24', '2025-10-15 12:17:24'),
('9', '3', '0', '2025-10-15 12:17:24', '2025-10-15 12:17:24'),
('10', '4', '0', '2025-10-15 12:17:24', '2025-10-15 12:17:24'),
('11', '1', '0', '2025-10-27 08:16:00', '2025-10-27 08:16:00'),
('12', '2', '0', '2025-10-27 08:16:00', '2025-10-27 08:16:00'),
('13', '3', '0', '2025-10-27 08:16:00', '2025-10-27 08:16:00'),
('14', '4', '0', '2025-10-27 08:16:00', '2025-10-27 08:16:00'),
('35', '26', '0', '2025-11-07 17:23:03', '2025-11-07 17:23:03'),
('36', '27', '0', '2025-11-08 10:32:26', '2025-11-08 10:32:26'),
('37', '28', '0', '2025-11-12 14:15:50', '2025-11-12 14:15:50'),
('38', '29', '0', '2025-11-13 15:41:43', '2025-11-13 15:41:43'),
('39', '30', '0', '2025-11-15 07:46:25', '2025-11-15 07:46:25');


-- Table structure for table `inventory_stocks`
CREATE TABLE `inventory_stocks` (
  `id` bigint(20) unsigned NOT NULL AUTO_INCREMENT,
  `branch_id` bigint(20) unsigned NOT NULL,
  `inventory_item_id` bigint(20) unsigned NOT NULL,
  `quantity` decimal(16,2) NOT NULL DEFAULT 0.00,
  `created_at` timestamp NULL DEFAULT NULL,
  `updated_at` timestamp NULL DEFAULT NULL,
  PRIMARY KEY (`id`),
  KEY `inventory_stocks_branch_id_foreign` (`branch_id`),
  KEY `inventory_stocks_inventory_item_id_foreign` (`inventory_item_id`),
  CONSTRAINT `inventory_stocks_branch_id_foreign` FOREIGN KEY (`branch_id`) REFERENCES `branches` (`id`) ON DELETE CASCADE ON UPDATE CASCADE,
  CONSTRAINT `inventory_stocks_inventory_item_id_foreign` FOREIGN KEY (`inventory_item_id`) REFERENCES `inventory_items` (`id`) ON DELETE CASCADE ON UPDATE CASCADE
) ENGINE=InnoDB AUTO_INCREMENT=3 DEFAULT CHARSET=utf8mb4 COLLATE=utf8mb4_unicode_ci;

-- Dumping data for table `inventory_stocks`
INSERT INTO `inventory_stocks` VALUES
('1', '5', '1', '37.00', '2025-10-18 00:04:22', '2025-11-06 14:26:59'),
('2', '5', '2', '718.00', '2025-10-18 17:42:11', '2025-11-06 14:26:59');


-- Table structure for table `item_categories`
CREATE TABLE `item_categories` (
  `id` bigint(20) unsigned NOT NULL AUTO_INCREMENT,
  `branch_id` bigint(20) unsigned DEFAULT NULL,
  `category_name` text DEFAULT NULL,
  `sort_order` int(10) unsigned NOT NULL DEFAULT 0,
  `created_at` timestamp NULL DEFAULT NULL,
  `updated_at` timestamp NULL DEFAULT NULL,
  PRIMARY KEY (`id`),
  KEY `item_categories_branch_id_foreign` (`branch_id`),
  CONSTRAINT `item_categories_branch_id_foreign` FOREIGN KEY (`branch_id`) REFERENCES `branches` (`id`) ON DELETE CASCADE ON UPDATE CASCADE
) ENGINE=InnoDB AUTO_INCREMENT=72 DEFAULT CHARSET=utf8mb4 COLLATE=utf8mb4_unicode_ci;

-- Dumping data for table `item_categories`
INSERT INTO `item_categories` VALUES
('1', '1', '{\"en\":\"Indian Veg Curries\"}', '0', '2025-09-17 06:04:57', '2025-09-17 06:04:57'),
('2', '1', '{\"en\":\"Indian Non-Veg Curries\"}', '0', '2025-09-17 06:04:57', '2025-09-17 06:04:57'),
('3', '1', '{\"en\":\"South Indian\"}', '0', '2025-09-17 06:04:57', '2025-09-17 06:04:57'),
('4', '1', '{\"en\":\"Biryani & Rice\"}', '0', '2025-09-17 06:04:57', '2025-09-17 06:04:57'),
('5', '1', '{\"en\":\"Indian Breads\"}', '0', '2025-09-17 06:04:57', '2025-09-17 06:04:57'),
('6', '1', '{\"en\":\"Chaat & Street Food\"}', '0', '2025-09-17 06:04:57', '2025-09-17 06:04:57'),
('7', '1', '{\"en\":\"Tandoor & Kebabs\"}', '0', '2025-09-17 06:04:58', '2025-09-17 06:04:58'),
('8', '1', '{\"en\":\"Indo-Chinese\"}', '0', '2025-09-17 06:04:58', '2025-09-17 06:04:58'),
('9', '1', '{\"en\":\"Continental & Pastas\"}', '0', '2025-09-17 06:04:58', '2025-09-17 06:04:58'),
('10', '1', '{\"en\":\"Pizzas\"}', '0', '2025-09-17 06:04:58', '2025-09-17 06:04:58'),
('11', '1', '{\"en\":\"Burgers & Sandwiches\"}', '0', '2025-09-17 06:04:58', '2025-09-17 06:04:58'),
('12', '1', '{\"en\":\"Desserts\"}', '0', '2025-09-17 06:04:58', '2025-09-17 06:04:58'),
('13', '1', '{\"en\":\"Beverages\"}', '0', '2025-09-17 06:04:58', '2025-09-17 06:04:58'),
('14', '3', '{\"en\":\"Indian Veg Curries\"}', '0', '2025-09-19 20:04:20', '2025-09-19 20:04:20'),
('15', '3', '{\"en\":\"Indian Non-Veg Curries\"}', '0', '2025-09-19 20:04:20', '2025-09-19 20:04:20'),
('16', '3', '{\"en\":\"South Indian\"}', '0', '2025-09-19 20:04:20', '2025-09-19 20:04:20'),
('17', '3', '{\"en\":\"Biryani & Rice\"}', '0', '2025-09-19 20:04:20', '2025-09-19 20:04:20'),
('18', '3', '{\"en\":\"Indian Breads\"}', '0', '2025-09-19 20:04:20', '2025-09-19 20:04:20'),
('19', '3', '{\"en\":\"Chaat & Street Food\"}', '0', '2025-09-19 20:04:20', '2025-09-19 20:04:20'),
('20', '3', '{\"en\":\"Tandoor & Kebabs\"}', '0', '2025-09-19 20:04:21', '2025-09-19 20:04:21'),
('21', '3', '{\"en\":\"Indo-Chinese\"}', '0', '2025-09-19 20:04:21', '2025-09-19 20:04:21'),
('22', '3', '{\"en\":\"Continental & Pastas\"}', '0', '2025-09-19 20:04:21', '2025-09-19 20:04:21'),
('23', '3', '{\"en\":\"Pizzas\"}', '0', '2025-09-19 20:04:21', '2025-09-19 20:04:21'),
('24', '3', '{\"en\":\"Burgers & Sandwiches\"}', '0', '2025-09-19 20:04:21', '2025-09-19 20:04:21'),
('25', '3', '{\"en\":\"Desserts\"}', '0', '2025-09-19 20:04:21', '2025-09-19 20:04:21'),
('26', '3', '{\"en\":\"Beverages\"}', '0', '2025-09-19 20:04:21', '2025-09-19 20:04:21'),
('27', '4', '{\"en\":\"Pizza\"}', '0', '2025-09-20 12:59:15', '2025-09-20 12:59:15'),
('30', '5', '{\"en\":\"North Indian\"}', '0', '2025-10-08 08:40:56', '2025-10-08 08:41:09'),
('31', '5', '{\"en\":\"Street Food\"}', '0', '2025-10-08 08:41:33', '2025-10-08 08:41:33'),
('32', '5', '{\"en\":\"Snacks & Starters\"}', '0', '2025-10-08 08:41:39', '2025-10-08 08:41:39'),
('33', '5', '{\"en\":\"Desserts & Sweets\"}', '0', '2025-10-08 08:41:48', '2025-10-08 08:41:48'),
('34', '5', '{\"en\":\"Soups & Starters\"}', '0', '2025-10-25 12:50:56', '2025-10-25 12:50:56'),
('35', '5', '{\"en\":\"Sandwiches & Wraps\"}', '0', '2025-10-25 12:51:06', '2025-10-25 12:51:06'),
('36', '5', '{\"en\":\"Main Courses / Entrées\"}', '0', '2025-10-25 12:51:22', '2025-10-25 12:51:22'),
('37', '5', '{\"en\":\"Healthy Bowls\"}', '0', '2025-10-25 12:51:40', '2025-10-25 12:51:40'),
('38', '5', '{\"en\":\"Bistro Specials\"}', '0', '2025-10-25 12:51:47', '2025-10-25 12:51:47'),
('39', '5', '{\"en\":\"Drinks\"}', '0', '2025-10-25 12:51:58', '2025-10-25 12:51:58'),
('40', '5', '{\"en\":\"Soups\"}', '0', '2025-11-17 13:46:42', '2025-11-17 13:46:42'),
('41', '5', '{\"en\":\"Salads Bowl\"}', '0', '2025-11-17 13:46:42', '2025-11-17 13:46:42'),
('42', '5', '{\"en\":\"Signature Chicken Wings\"}', '0', '2025-11-17 13:46:42', '2025-11-17 13:46:42'),
('43', '5', '{\"en\":\"Small Plates Non-Vegetarian\"}', '0', '2025-11-17 13:46:42', '2025-11-17 13:46:42'),
('44', '5', '{\"en\":\"Small Plates Vegetarian\"}', '0', '2025-11-17 13:46:42', '2025-11-17 13:46:42'),
('45', '5', '{\"en\":\"Signature Jims Grill Platter\"}', '0', '2025-11-17 13:46:42', '2025-11-17 13:46:42'),
('46', '5', '{\"en\":\"Toka Taki\"}', '0', '2025-11-17 13:46:42', '2025-11-17 13:46:42'),
('47', '5', '{\"en\":\"Dimsum\"}', '0', '2025-11-17 13:46:42', '2025-11-17 13:46:42'),
('48', '5', '{\"en\":\"Grills Bite Non vegetarian\"}', '0', '2025-11-17 13:46:42', '2025-11-17 13:46:42'),
('49', '5', '{\"en\":\"Grills Bite Vegetarian\"}', '0', '2025-11-17 13:46:42', '2025-11-17 13:46:42'),
('50', '5', '{\"en\":\"Sharing Meal Non vegetarian\"}', '0', '2025-11-17 13:46:42', '2025-11-17 13:46:42'),
('51', '5', '{\"en\":\"Sharing Meal vegetarian\"}', '0', '2025-11-17 13:46:42', '2025-11-17 13:46:42'),
('52', '5', '{\"en\":\"Rice/Biryani / Noodles\"}', '0', '2025-11-17 13:46:42', '2025-11-17 13:46:42'),
('53', '5', '{\"en\":\"Indo -China Meal\"}', '0', '2025-11-17 13:46:42', '2025-11-17 13:46:42'),
('54', '5', '{\"en\":\"Breads\"}', '0', '2025-11-17 13:46:42', '2025-11-17 13:46:42'),
('55', '5', '{\"en\":\"Desserts\"}', '0', '2025-11-17 13:46:42', '2025-11-17 13:46:42'),
('56', '5', '{\"en\":\"Hot & cold Beverages\"}', '0', '2025-11-17 13:46:42', '2025-11-17 13:46:42'),
('57', '27', '{\"en\":\"Snacks & Street Food\"}', '0', '2025-11-26 08:30:24', '2025-11-26 08:30:24'),
('58', '27', '{\"en\":\"Main Course\"}', '0', '2025-11-26 08:30:36', '2025-11-26 08:30:36'),
('59', '27', '{\"en\":\"Beverages\"}', '0', '2025-11-26 08:30:46', '2025-11-26 08:30:46'),
('66', '31', '{\"en\":\"Starters & Appetizers\"}', '0', '2025-12-05 19:53:43', '2025-12-05 19:53:43'),
('67', '31', '{\"en\":\"Main Dishes\"}', '0', '2025-12-05 19:53:43', '2025-12-05 19:53:43'),
('68', '31', '{\"en\":\"Sides\"}', '0', '2025-12-05 19:53:43', '2025-12-05 19:53:43'),
('69', '31', '{\"en\":\"Soups & Specials\"}', '0', '2025-12-05 19:53:43', '2025-12-05 19:53:43'),
('70', '31', '{\"en\":\"Desserts\"}', '0', '2025-12-05 19:53:43', '2025-12-05 19:53:43'),
('71', '31', '{\"en\":\"Beverages\"}', '0', '2025-12-05 19:53:43', '2025-12-05 19:53:43');


-- Table structure for table `item_modifiers`
CREATE TABLE `item_modifiers` (
  `id` bigint(20) unsigned NOT NULL AUTO_INCREMENT,
  `menu_item_id` bigint(20) unsigned DEFAULT NULL,
  `menu_item_variation_id` bigint(20) unsigned DEFAULT NULL,
  `modifier_group_id` bigint(20) unsigned DEFAULT NULL,
  `is_required` tinyint(1) NOT NULL DEFAULT 0,
  `allow_multiple_selection` tinyint(1) NOT NULL DEFAULT 0,
  `created_at` timestamp NULL DEFAULT NULL,
  `updated_at` timestamp NULL DEFAULT NULL,
  PRIMARY KEY (`id`),
  KEY `item_modifiers_menu_item_id_foreign` (`menu_item_id`),
  KEY `item_modifiers_modifier_group_id_foreign` (`modifier_group_id`),
  KEY `item_modifiers_menu_item_variation_id_foreign` (`menu_item_variation_id`),
  CONSTRAINT `item_modifiers_menu_item_id_foreign` FOREIGN KEY (`menu_item_id`) REFERENCES `menu_items` (`id`) ON DELETE CASCADE ON UPDATE CASCADE,
  CONSTRAINT `item_modifiers_menu_item_variation_id_foreign` FOREIGN KEY (`menu_item_variation_id`) REFERENCES `menu_item_variations` (`id`) ON DELETE CASCADE,
  CONSTRAINT `item_modifiers_modifier_group_id_foreign` FOREIGN KEY (`modifier_group_id`) REFERENCES `modifier_groups` (`id`) ON DELETE CASCADE ON UPDATE CASCADE
) ENGINE=InnoDB AUTO_INCREMENT=3 DEFAULT CHARSET=utf8mb4 COLLATE=utf8mb4_unicode_ci;

-- Dumping data for table `item_modifiers`
INSERT INTO `item_modifiers` VALUES
('1', '509', NULL, '1', '0', '1', NULL, '2025-10-24 14:50:57'),
('2', '510', '15', '1', '1', '1', '2025-10-25 13:01:56', '2025-12-03 18:05:49');


-- Table structure for table `job_batches`
CREATE TABLE `job_batches` (
  `id` varchar(191) NOT NULL,
  `name` varchar(191) NOT NULL,
  `total_jobs` int(11) NOT NULL,
  `pending_jobs` int(11) NOT NULL,
  `failed_jobs` int(11) NOT NULL,
  `failed_job_ids` longtext NOT NULL,
  `options` mediumtext DEFAULT NULL,
  `cancelled_at` int(11) DEFAULT NULL,
  `created_at` int(11) NOT NULL,
  `finished_at` int(11) DEFAULT NULL,
  PRIMARY KEY (`id`)
) ENGINE=InnoDB DEFAULT CHARSET=utf8mb4 COLLATE=utf8mb4_unicode_ci;


-- Table structure for table `jobs`
CREATE TABLE `jobs` (
  `id` bigint(20) unsigned NOT NULL AUTO_INCREMENT,
  `queue` varchar(191) NOT NULL,
  `payload` longtext NOT NULL,
  `attempts` tinyint(3) unsigned NOT NULL,
  `reserved_at` int(10) unsigned DEFAULT NULL,
  `available_at` int(10) unsigned NOT NULL,
  `created_at` int(10) unsigned NOT NULL,
  PRIMARY KEY (`id`),
  KEY `jobs_queue_index` (`queue`)
) ENGINE=InnoDB DEFAULT CHARSET=utf8mb4 COLLATE=utf8mb4_unicode_ci;


-- Table structure for table `kiosk_ads`
CREATE TABLE `kiosk_ads` (
  `id` bigint(20) unsigned NOT NULL AUTO_INCREMENT,
  `heading` varchar(191) NOT NULL,
  `description` varchar(191) NOT NULL,
  `image` varchar(191) NOT NULL,
  `is_active` tinyint(1) NOT NULL DEFAULT 1,
  `created_at` timestamp NULL DEFAULT NULL,
  `updated_at` timestamp NULL DEFAULT NULL,
  PRIMARY KEY (`id`)
) ENGINE=InnoDB DEFAULT CHARSET=utf8mb4 COLLATE=utf8mb4_unicode_ci;


-- Table structure for table `kiosk_global_settings`
CREATE TABLE `kiosk_global_settings` (
  `id` bigint(20) unsigned NOT NULL AUTO_INCREMENT,
  `license_type` varchar(20) DEFAULT NULL,
  `purchase_code` varchar(191) DEFAULT NULL,
  `purchased_on` timestamp NULL DEFAULT NULL,
  `supported_until` timestamp NULL DEFAULT NULL,
  `notify_update` tinyint(1) NOT NULL DEFAULT 1,
  `created_at` timestamp NULL DEFAULT NULL,
  `updated_at` timestamp NULL DEFAULT NULL,
  PRIMARY KEY (`id`)
) ENGINE=InnoDB AUTO_INCREMENT=2 DEFAULT CHARSET=utf8mb4 COLLATE=utf8mb4_unicode_ci;

-- Dumping data for table `kiosk_global_settings`
INSERT INTO `kiosk_global_settings` VALUES
('1', NULL, '65100125-205d-420e-b03c-0faa1e6f02b9', NULL, '2026-04-16 03:07:13', '1', '2025-09-28 12:08:47', '2025-10-15 12:16:47');


-- Table structure for table `kiosks`
CREATE TABLE `kiosks` (
  `id` bigint(20) unsigned NOT NULL AUTO_INCREMENT,
  `branch_id` bigint(20) unsigned NOT NULL,
  `code` varchar(64) NOT NULL,
  `name` varchar(100) DEFAULT NULL,
  `is_active` tinyint(1) NOT NULL DEFAULT 1,
  `last_seen_at` timestamp NULL DEFAULT NULL,
  `created_at` timestamp NULL DEFAULT NULL,
  `updated_at` timestamp NULL DEFAULT NULL,
  PRIMARY KEY (`id`),
  UNIQUE KEY `kiosks_code_unique` (`code`),
  KEY `kiosks_branch_id_foreign` (`branch_id`),
  CONSTRAINT `kiosks_branch_id_foreign` FOREIGN KEY (`branch_id`) REFERENCES `branches` (`id`) ON DELETE CASCADE
) ENGINE=InnoDB AUTO_INCREMENT=6 DEFAULT CHARSET=utf8mb4 COLLATE=utf8mb4_unicode_ci;

-- Dumping data for table `kiosks`
INSERT INTO `kiosks` VALUES
('1', '1', '775441', 'East Ryann', '1', NULL, '2025-10-15 12:16:46', '2025-10-15 12:16:46'),
('2', '2', '893272', 'Port Maudiemouth', '1', NULL, '2025-10-15 12:16:46', '2025-10-15 12:16:46'),
('3', '3', '108513', 'Kosi Road', '1', NULL, '2025-10-15 12:16:46', '2025-10-15 12:16:46'),
('4', '4', '200574', 'Montreal Branch', '1', NULL, '2025-10-15 12:16:46', '2025-10-15 12:16:46'),
('5', '5', '922825', 'MESS ONE', '1', NULL, '2025-10-15 12:16:46', '2025-10-15 12:16:46');


-- Table structure for table `kitchen_global_settings`
CREATE TABLE `kitchen_global_settings` (
  `id` bigint(20) unsigned NOT NULL AUTO_INCREMENT,
  `license_type` varchar(20) DEFAULT NULL,
  `purchase_code` varchar(191) DEFAULT NULL,
  `purchased_on` timestamp NULL DEFAULT NULL,
  `supported_until` timestamp NULL DEFAULT NULL,
  `notify_update` tinyint(1) NOT NULL DEFAULT 1,
  `created_at` timestamp NULL DEFAULT NULL,
  `updated_at` timestamp NULL DEFAULT NULL,
  PRIMARY KEY (`id`)
) ENGINE=InnoDB AUTO_INCREMENT=2 DEFAULT CHARSET=utf8mb4 COLLATE=utf8mb4_unicode_ci;

-- Dumping data for table `kitchen_global_settings`
INSERT INTO `kitchen_global_settings` VALUES
('1', NULL, 'k', NULL, NULL, '1', '2025-09-17 05:48:21', '2025-09-17 05:49:25');


-- Table structure for table `kot_cancel_reasons`
CREATE TABLE `kot_cancel_reasons` (
  `id` bigint(20) unsigned NOT NULL AUTO_INCREMENT,
  `restaurant_id` bigint(20) unsigned DEFAULT NULL,
  `reason` varchar(191) NOT NULL,
  `cancel_order` tinyint(1) NOT NULL DEFAULT 0,
  `cancel_kot` tinyint(1) NOT NULL DEFAULT 0,
  `created_at` timestamp NULL DEFAULT NULL,
  `updated_at` timestamp NULL DEFAULT NULL,
  PRIMARY KEY (`id`),
  KEY `kot_cancel_reasons_restaurant_id_foreign` (`restaurant_id`),
  CONSTRAINT `kot_cancel_reasons_restaurant_id_foreign` FOREIGN KEY (`restaurant_id`) REFERENCES `restaurants` (`id`) ON DELETE CASCADE ON UPDATE CASCADE
) ENGINE=InnoDB AUTO_INCREMENT=11 DEFAULT CHARSET=utf8mb4 COLLATE=utf8mb4_unicode_ci;

-- Dumping data for table `kot_cancel_reasons`
INSERT INTO `kot_cancel_reasons` VALUES
('1', '1', 'Customer changed their mind', '1', '0', '2025-09-17 05:36:44', '2025-09-17 05:36:44'),
('2', '1', 'Customer requested to cancel', '1', '0', '2025-09-17 05:36:44', '2025-09-17 05:36:44'),
('3', '1', 'Payment issues', '1', '0', '2025-09-17 05:36:44', '2025-09-17 05:36:44'),
('4', '1', 'Customer no longer wants the order', '1', '0', '2025-09-17 05:36:44', '2025-09-17 05:36:44'),
('5', '1', 'Ingredient not available', '0', '1', '2025-09-17 05:36:44', '2025-09-17 05:36:44'),
('6', '1', 'Preparation time too long', '0', '1', '2025-09-17 05:36:44', '2025-09-17 05:36:44'),
('7', '1', 'Quality issue with ingredients', '0', '1', '2025-09-17 05:36:44', '2025-09-17 05:36:44'),
('8', '1', 'System error/Technical issue', '1', '1', '2025-09-17 05:36:44', '2025-09-17 05:36:44'),
('9', '1', 'Restaurant closing early', '1', '1', '2025-09-17 05:36:44', '2025-09-17 05:36:44'),
('10', '1', 'Other', '1', '1', '2025-09-17 05:36:44', '2025-09-17 05:36:44');


-- Table structure for table `kot_item_modifier_options`
CREATE TABLE `kot_item_modifier_options` (
  `id` bigint(20) unsigned NOT NULL AUTO_INCREMENT,
  `kot_item_id` bigint(20) unsigned NOT NULL,
  `modifier_option_id` bigint(20) unsigned NOT NULL,
  `created_at` timestamp NULL DEFAULT NULL,
  `updated_at` timestamp NULL DEFAULT NULL,
  PRIMARY KEY (`id`),
  KEY `kot_item_modifier_options_kot_item_id_foreign` (`kot_item_id`),
  KEY `kot_item_modifier_options_modifier_option_id_foreign` (`modifier_option_id`),
  CONSTRAINT `kot_item_modifier_options_kot_item_id_foreign` FOREIGN KEY (`kot_item_id`) REFERENCES `kot_items` (`id`) ON DELETE CASCADE ON UPDATE CASCADE,
  CONSTRAINT `kot_item_modifier_options_modifier_option_id_foreign` FOREIGN KEY (`modifier_option_id`) REFERENCES `modifier_options` (`id`) ON DELETE CASCADE ON UPDATE CASCADE
) ENGINE=InnoDB AUTO_INCREMENT=5 DEFAULT CHARSET=utf8mb4 COLLATE=utf8mb4_unicode_ci;

-- Dumping data for table `kot_item_modifier_options`
INSERT INTO `kot_item_modifier_options` VALUES
('1', '59', '1', NULL, NULL),
('2', '61', '2', NULL, NULL),
('3', '72', '1', NULL, NULL),
('4', '73', '2', NULL, NULL);


-- Table structure for table `kot_items`
CREATE TABLE `kot_items` (
  `id` bigint(20) unsigned NOT NULL AUTO_INCREMENT,
  `kot_id` bigint(20) unsigned NOT NULL,
  `order_item_id` bigint(20) unsigned DEFAULT NULL,
  `transaction_id` varchar(191) DEFAULT NULL,
  `menu_item_id` bigint(20) unsigned NOT NULL,
  `menu_item_variation_id` bigint(20) unsigned DEFAULT NULL,
  `note` text DEFAULT NULL,
  `quantity` int(11) NOT NULL,
  `status` enum('pending','cooking','ready','cancelled') DEFAULT NULL,
  `cancel_reason_id` bigint(20) unsigned DEFAULT NULL,
  `cancel_reason_text` text DEFAULT NULL,
  `cancelled_by` bigint(20) unsigned DEFAULT NULL,
  `created_at` timestamp NULL DEFAULT NULL,
  `updated_at` timestamp NULL DEFAULT NULL,
  PRIMARY KEY (`id`),
  KEY `kot_items_kot_id_foreign` (`kot_id`),
  KEY `kot_items_menu_item_id_foreign` (`menu_item_id`),
  KEY `kot_items_menu_item_variation_id_foreign` (`menu_item_variation_id`),
  KEY `kot_items_cancel_reason_id_foreign` (`cancel_reason_id`),
  KEY `kot_items_order_item_id_foreign` (`order_item_id`),
  KEY `kot_items_cancelled_by_foreign` (`cancelled_by`),
  CONSTRAINT `kot_items_cancel_reason_id_foreign` FOREIGN KEY (`cancel_reason_id`) REFERENCES `kot_cancel_reasons` (`id`) ON DELETE CASCADE ON UPDATE CASCADE,
  CONSTRAINT `kot_items_cancelled_by_foreign` FOREIGN KEY (`cancelled_by`) REFERENCES `users` (`id`) ON DELETE SET NULL ON UPDATE CASCADE,
  CONSTRAINT `kot_items_kot_id_foreign` FOREIGN KEY (`kot_id`) REFERENCES `kots` (`id`) ON DELETE CASCADE ON UPDATE CASCADE,
  CONSTRAINT `kot_items_menu_item_id_foreign` FOREIGN KEY (`menu_item_id`) REFERENCES `menu_items` (`id`) ON DELETE CASCADE,
  CONSTRAINT `kot_items_menu_item_variation_id_foreign` FOREIGN KEY (`menu_item_variation_id`) REFERENCES `menu_item_variations` (`id`) ON DELETE CASCADE,
  CONSTRAINT `kot_items_order_item_id_foreign` FOREIGN KEY (`order_item_id`) REFERENCES `order_items` (`id`) ON DELETE CASCADE ON UPDATE CASCADE
) ENGINE=InnoDB AUTO_INCREMENT=127 DEFAULT CHARSET=utf8mb4 COLLATE=utf8mb4_unicode_ci;

-- Dumping data for table `kot_items`
INSERT INTO `kot_items` VALUES
('1', '1', NULL, 'TXN_68ce9d21bd2a93.28356548_231480', '251', NULL, '', '1', NULL, NULL, NULL, NULL, '2025-09-20 12:25:05', '2025-09-20 12:25:05'),
('2', '1', NULL, 'TXN_68ce9d21bd2a93.28356548_231480', '252', NULL, '', '1', NULL, NULL, NULL, NULL, '2025-09-20 12:25:05', '2025-09-20 12:25:05'),
('5', '4', NULL, 'TXN_68e62861d3eb76.37324333_776395', '503', '2', '', '1', NULL, NULL, NULL, NULL, '2025-10-08 09:01:21', '2025-10-08 09:01:21'),
('6', '4', NULL, 'TXN_68e62861d3eb76.37324333_776395', '504', '6', '', '1', NULL, NULL, NULL, NULL, '2025-10-08 09:01:21', '2025-10-08 09:01:21'),
('7', '4', NULL, 'TXN_68e62861d3eb76.37324333_776395', '506', '10', '', '1', NULL, NULL, NULL, NULL, '2025-10-08 09:01:21', '2025-10-08 09:01:21'),
('8', '5', NULL, 'TXN_68e63e3e517e69.31196617_301189', '504', '4', '', '1', NULL, NULL, NULL, NULL, '2025-10-08 10:34:38', '2025-10-08 10:34:38'),
('9', '6', NULL, NULL, '507', NULL, '', '1', NULL, NULL, NULL, NULL, '2025-10-15 12:33:29', '2025-10-15 12:33:29'),
('10', '7', NULL, 'KIOSK_TXN_68ef9521a16ec0.32691058', '503', NULL, NULL, '1', NULL, NULL, NULL, NULL, '2025-10-15 12:35:45', '2025-10-15 12:35:45'),
('11', '7', NULL, 'KIOSK_TXN_68ef9521a16ec0.32691058', '504', NULL, NULL, '2', NULL, NULL, NULL, NULL, '2025-10-15 12:35:45', '2025-10-15 12:35:45'),
('12', '8', NULL, 'KIOSK_TXN_68ef95b8481505.85338088', '503', '3', NULL, '2', NULL, NULL, NULL, NULL, '2025-10-15 12:38:16', '2025-10-15 12:38:16'),
('13', '8', NULL, 'KIOSK_TXN_68ef95b8481505.85338088', '503', '2', NULL, '2', NULL, NULL, NULL, NULL, '2025-10-15 12:38:16', '2025-10-15 12:38:16'),
('14', '9', NULL, NULL, '504', '4', NULL, '1', NULL, NULL, NULL, NULL, '2025-10-15 12:40:33', '2025-10-15 12:40:33'),
('15', '10', NULL, 'TXN_68f0dec5bc7488.23372968_650415', '503', '2', '', '1', NULL, NULL, NULL, NULL, '2025-10-16 12:02:13', '2025-10-16 12:02:13'),
('16', '11', NULL, 'TXN_68f0e5e92bf222.61353201_589451', '504', '4', '', '1', NULL, NULL, NULL, NULL, '2025-10-16 12:32:41', '2025-10-16 12:32:41'),
('17', '12', NULL, 'TXN_68f0e7ed518392.11253318_184380', '504', '4', '', '1', NULL, NULL, NULL, NULL, '2025-10-16 12:41:17', '2025-10-16 12:41:17'),
('18', '13', NULL, 'TXN_68f0e98f88fcf0.97081858_196506', '503', '2', '', '1', NULL, NULL, NULL, NULL, '2025-10-16 12:48:15', '2025-10-16 12:48:15'),
('20', '15', NULL, 'TXN_68f0f1253d9812.85311588_548223', '503', '1', '', '1', NULL, NULL, NULL, NULL, '2025-10-16 13:20:37', '2025-10-16 13:20:37'),
('21', '16', NULL, 'TXN_68f0f342b770d2.44028867_382578', '503', '1', '', '1', NULL, NULL, NULL, NULL, '2025-10-16 13:29:38', '2025-10-16 13:29:38'),
('22', '17', NULL, 'TXN_68f0f92d3d7cb8.57476962_970704', '504', '4', '', '1', NULL, NULL, NULL, NULL, '2025-10-16 13:54:53', '2025-10-16 13:54:53'),
('23', '18', NULL, 'TXN_68f0f9a7428d31.03319738_156288', '503', '1', '', '1', NULL, NULL, NULL, NULL, '2025-10-16 13:56:55', '2025-10-16 13:56:55'),
('24', '19', NULL, 'TXN_68f0fa8b5df871.67446827_444391', '503', '1', '', '1', NULL, NULL, NULL, NULL, '2025-10-16 14:00:43', '2025-10-16 14:00:43'),
('25', '20', NULL, 'TXN_68f0ff436d7e31.26322864_733895', '503', '1', '', '1', NULL, NULL, NULL, NULL, '2025-10-16 14:20:51', '2025-10-16 14:20:51'),
('26', '21', NULL, 'TXN_68f11186a40d88.85359813_642469', '503', '2', '', '1', NULL, NULL, NULL, NULL, '2025-10-16 15:38:46', '2025-10-16 15:38:46'),
('27', '22', NULL, 'TXN_68f11493951c64.13647932_350258', '504', '4', '', '1', NULL, NULL, NULL, NULL, '2025-10-16 15:51:47', '2025-10-16 15:51:47'),
('28', '23', NULL, 'TXN_68f11df6b45478.84597662_879041', '503', '1', '', '1', NULL, NULL, NULL, NULL, '2025-10-16 16:31:50', '2025-10-16 16:31:50'),
('29', '24', NULL, 'TXN_68f11f5c936752.69173031_207616', '503', '1', '', '1', NULL, NULL, NULL, NULL, '2025-10-16 16:37:48', '2025-10-16 16:37:48'),
('30', '25', NULL, 'TXN_68f12534eac280.48739786_102422', '503', '1', '', '1', NULL, NULL, NULL, NULL, '2025-10-16 17:02:45', '2025-10-16 17:02:45'),
('31', '26', NULL, 'TXN_68f12d9ec2a981.97878175_856288', '251', NULL, '', '2', NULL, NULL, NULL, NULL, '2025-10-16 17:38:38', '2025-10-16 17:38:38'),
('32', '27', NULL, 'TXN_68f12e35eb2419.11533676_187640', '503', '2', '', '1', NULL, NULL, NULL, NULL, '2025-10-16 17:41:10', '2025-10-16 17:41:10'),
('33', '27', NULL, 'TXN_68f12e35eb2419.11533676_187640', '505', '8', '', '1', NULL, NULL, NULL, NULL, '2025-10-16 17:41:10', '2025-10-16 17:41:10'),
('34', '28', NULL, 'TXN_68f2d1c10efc73.86184169_610422', '503', '2', '', '1', 'ready', NULL, NULL, NULL, '2025-10-17 23:31:13', '2025-10-18 00:20:03'),
('35', '28', NULL, 'TXN_68f2d1c10efc73.86184169_610422', '504', '6', '', '1', 'ready', NULL, NULL, NULL, '2025-10-17 23:31:13', '2025-10-18 00:20:03'),
('36', '29', NULL, NULL, '507', NULL, '', '1', 'ready', NULL, NULL, NULL, '2025-10-17 23:40:44', '2025-10-18 00:20:01'),
('37', '29', NULL, NULL, '505', '8', NULL, '1', 'ready', NULL, NULL, NULL, '2025-10-17 23:40:44', '2025-10-18 00:20:01'),
('38', '30', NULL, NULL, '505', '8', NULL, '1', 'ready', NULL, NULL, NULL, '2025-10-17 23:42:52', '2025-10-18 00:19:56'),
('39', '31', NULL, 'TXN_68f2d4f8bb1f42.34426374_425498', '504', '5', '', '1', 'ready', NULL, NULL, NULL, '2025-10-17 23:44:56', '2025-10-18 00:19:45'),
('40', '32', NULL, NULL, '506', '10', NULL, '1', 'ready', NULL, NULL, NULL, '2025-10-17 23:47:26', '2025-10-18 00:19:46'),
('41', '33', NULL, NULL, '503', '1', NULL, '3', 'ready', NULL, NULL, NULL, '2025-10-17 23:49:05', '2025-10-18 00:18:45'),
('42', '34', NULL, NULL, '505', '8', NULL, '1', 'ready', NULL, NULL, NULL, '2025-10-17 23:51:30', '2025-10-18 00:19:43'),
('43', '34', NULL, NULL, '507', NULL, '', '1', 'ready', NULL, NULL, NULL, '2025-10-17 23:51:30', '2025-10-18 00:19:43'),
('44', '35', NULL, 'KIOSK_TXN_68f2d73349bab0.75415852', '503', '2', NULL, '1', 'ready', NULL, NULL, NULL, '2025-10-17 23:54:27', '2025-10-18 00:19:42'),
('45', '35', NULL, 'KIOSK_TXN_68f2d73349bab0.75415852', '504', '6', NULL, '1', 'ready', NULL, NULL, NULL, '2025-10-17 23:54:27', '2025-10-18 00:19:42'),
('46', '36', NULL, NULL, '503', '1', NULL, '3', 'ready', NULL, NULL, NULL, '2025-10-18 00:05:52', '2025-10-18 00:19:54'),
('47', '37', NULL, NULL, '507', NULL, '', '1', 'ready', NULL, NULL, NULL, '2025-10-18 00:07:59', '2025-10-18 00:19:37'),
('48', '38', NULL, NULL, '503', '1', NULL, '1', 'ready', NULL, NULL, NULL, '2025-10-18 00:09:20', '2025-10-18 00:19:26'),
('49', '39', NULL, NULL, '504', '5', NULL, '1', NULL, NULL, NULL, NULL, '2025-10-18 17:25:40', '2025-10-18 17:25:40'),
('50', '40', NULL, 'KIOSK_TXN_68f3ce74859f57.71863120', '507', NULL, NULL, '1', NULL, NULL, NULL, NULL, '2025-10-18 17:29:24', '2025-10-18 17:29:24'),
('51', '41', NULL, NULL, '503', '3', NULL, '1', NULL, NULL, NULL, NULL, '2025-10-18 17:45:50', '2025-10-18 17:45:50'),
('52', '42', NULL, 'TXN_68f3dc48227c63.69436210_587956', '503', '1', '', '1', NULL, NULL, NULL, NULL, '2025-10-18 18:28:24', '2025-10-18 18:28:24'),
('53', '43', NULL, 'TXN_68fae377308866.64667514_242686', '503', '3', '', '1', 'ready', NULL, NULL, NULL, '2025-10-24 02:24:55', '2025-10-24 15:15:49'),
('54', '44', NULL, 'TXN_68fae4436c6376.32408368_690123', '503', '3', '', '1', 'ready', NULL, NULL, NULL, '2025-10-24 02:28:19', '2025-10-24 15:15:53'),
('55', '45', NULL, 'TXN_68fae4d68a5be2.70313865_172721', '503', '3', '', '1', 'ready', NULL, NULL, NULL, '2025-10-24 02:30:46', '2025-10-24 15:15:49'),
('56', '46', NULL, 'TXN_68fae5a469e1f0.38965568_491018', '503', '3', '', '1', NULL, NULL, NULL, NULL, '2025-10-24 02:34:12', '2025-10-24 02:34:12'),
('57', '47', NULL, 'KIOSK_TXN_68fae6f37dcbb1.17912335', '503', '3', NULL, '1', 'ready', NULL, NULL, NULL, '2025-10-24 02:39:47', '2025-10-24 15:15:48'),
('58', '48', NULL, 'TXN_68fb33264034c1.82188861_150016', '503', '3', '', '1', 'ready', NULL, NULL, NULL, '2025-10-24 08:04:54', '2025-10-24 15:15:46'),
('59', '49', NULL, 'TXN_68fb936144c5c0.85366552_757268', '509', '13', '', '1', 'ready', NULL, NULL, NULL, '2025-10-24 14:55:29', '2025-10-24 15:14:55'),
('60', '50', NULL, NULL, '503', '3', NULL, '1', 'ready', NULL, NULL, NULL, '2025-10-24 15:03:18', '2025-10-24 15:14:44'),
('61', '51', NULL, NULL, '509', '13', NULL, '1', 'ready', NULL, NULL, NULL, '2025-10-24 15:03:18', '2025-10-24 15:14:29'),
('62', '52', NULL, NULL, '503', '3', NULL, '1', 'ready', NULL, NULL, NULL, '2025-10-24 15:12:01', '2025-10-24 15:14:18'),
('63', '53', NULL, NULL, '503', '3', NULL, '2', 'ready', NULL, NULL, NULL, '2025-10-24 15:17:55', '2025-10-24 15:18:44'),
('64', '54', NULL, NULL, '505', '7', NULL, '2', 'ready', NULL, NULL, NULL, '2025-10-24 15:17:55', '2025-10-24 15:18:43'),
('65', '54', NULL, NULL, '507', NULL, '', '1', 'ready', NULL, NULL, NULL, '2025-10-24 15:17:55', '2025-10-24 15:18:43'),
('66', '55', NULL, 'KIOSK_TXN_68fb990c30d636.60122123', '503', '3', NULL, '1', 'ready', NULL, NULL, NULL, '2025-10-24 15:19:40', '2025-10-24 15:20:56'),
('67', '55', NULL, 'KIOSK_TXN_68fb990c30d636.60122123', '504', '5', NULL, '1', 'ready', NULL, NULL, NULL, '2025-10-24 15:19:40', '2025-10-24 15:20:56'),
('68', '56', NULL, 'TXN_68fc57f0399db1.50117952_364289', '252', NULL, '', '2', NULL, NULL, NULL, NULL, '2025-10-25 04:54:08', '2025-10-25 04:54:08'),
('69', '57', NULL, 'TXN_68fc6d77230d03.96692444_378586', '503', '1', '', '1', NULL, NULL, NULL, NULL, '2025-10-25 06:25:59', '2025-10-25 06:25:59'),
('70', '58', NULL, 'TXN_68fc6e5acfbd48.90231901_253331', '504', '4', '', '1', NULL, NULL, NULL, NULL, '2025-10-25 06:29:46', '2025-10-25 06:29:46'),
('71', '59', NULL, 'TXN_68fc77830b1da2.56348875_457592', '504', '6', '', '1', NULL, NULL, NULL, NULL, '2025-10-25 07:08:51', '2025-10-25 07:08:51'),
('72', '59', NULL, 'TXN_68fc77830b1da2.56348875_457592', '509', '13', '', '1', NULL, NULL, NULL, NULL, '2025-10-25 07:08:51', '2025-10-25 07:08:51'),
('73', '60', NULL, 'TXN_68fccb07228e12.18684759_803076', '510', '15', '', '1', 'ready', NULL, NULL, NULL, '2025-10-25 13:05:11', '2025-10-25 13:09:01'),
('74', '61', NULL, 'TXN_68fccb611eea08.93188830_842371', '503', '3', '', '1', NULL, NULL, NULL, NULL, '2025-10-25 13:06:41', '2025-10-25 13:06:41'),
('75', '62', NULL, NULL, '507', NULL, '', '3', 'ready', NULL, NULL, NULL, '2025-10-25 13:22:55', '2025-10-25 13:23:25'),
('76', '63', NULL, 'TXN_68fcd0f94a08b4.58067945_556267', '504', '6', '', '1', 'ready', NULL, NULL, NULL, '2025-10-25 13:30:33', '2025-10-25 13:32:24'),
('77', '64', NULL, 'TXN_68ff2e669fdda2.19244022_537360', '503', '3', '', '1', NULL, NULL, NULL, NULL, '2025-10-27 08:33:42', '2025-10-27 08:33:42'),
('78', '65', NULL, 'TXN_68ff3ee7afeeb1.84124161_154687', '503', '1', '', '1', NULL, NULL, NULL, NULL, '2025-10-27 09:44:07', '2025-10-27 09:44:07'),
('79', '66', NULL, 'TXN_6904cd1be4d188.53805857_163380', '503', '2', '', '1', 'ready', NULL, NULL, NULL, '2025-10-31 14:52:11', '2025-10-31 14:53:47'),
('80', '67', NULL, 'TXN_690cb00a55da05.48803001_906465', '503', '1', '', '1', NULL, NULL, NULL, NULL, '2025-11-06 14:26:18', '2025-11-06 14:26:18'),
('81', '68', NULL, 'TXN_690efbfc54c7b5.77165461_252028', '510', '14', '', '1', NULL, NULL, NULL, NULL, '2025-11-08 08:14:52', '2025-11-08 08:14:52'),
('82', '69', NULL, 'TXN_6925767fc285f2.33668884_993165', '510', '14', '', '1', 'ready', NULL, NULL, NULL, '2025-11-25 09:27:27', '2025-11-25 09:34:50'),
('83', '70', NULL, 'TXN_692586a92d46a5.98952834_872162', '252', NULL, '', '1', NULL, NULL, NULL, NULL, '2025-11-25 10:36:25', '2025-11-25 10:36:25'),
('87', '74', NULL, 'TXN_6932ddefdc6243.09503516_260819', '506', '9', '', '1', NULL, NULL, NULL, NULL, '2025-12-05 13:28:15', '2025-12-05 13:28:15'),
('88', '75', NULL, 'TXN_6932dee63ca6d1.81565417_268981', '506', '9', '', '1', NULL, NULL, NULL, NULL, '2025-12-05 13:32:22', '2025-12-05 13:32:22'),
('89', '76', NULL, 'TXN_6932e1bc838794.33266014_816085', '506', '9', '', '1', NULL, NULL, NULL, NULL, '2025-12-05 13:44:28', '2025-12-05 13:44:28'),
('90', '77', NULL, 'TXN_6932e1bcc15960.50076823_199125', '506', '9', '', '1', NULL, NULL, NULL, NULL, '2025-12-05 13:44:28', '2025-12-05 13:44:28'),
('92', '79', NULL, 'TXN_6932e1ea993ab2.52034547_770551', '504', '4', '', '1', NULL, NULL, NULL, NULL, '2025-12-05 13:45:14', '2025-12-05 13:45:14'),
('93', '80', NULL, 'TXN_6932e3c7bd37c3.77506780_573790', '504', '4', '', '1', NULL, NULL, NULL, NULL, '2025-12-05 13:53:11', '2025-12-05 13:53:11'),
('94', '81', NULL, 'TXN_6932e3c8086be8.17034457_419098', '504', '4', '', '1', NULL, NULL, NULL, NULL, '2025-12-05 13:53:12', '2025-12-05 13:53:12'),
('96', '83', NULL, 'TXN_6932e43aa93f99.70125341_121227', '504', '4', '', '1', NULL, NULL, NULL, NULL, '2025-12-05 13:55:06', '2025-12-05 13:55:06'),
('97', '84', NULL, 'TXN_6932e54e363cc3.71918549_672572', '504', '4', '', '1', NULL, NULL, NULL, NULL, '2025-12-05 13:59:42', '2025-12-05 13:59:42'),
('98', '85', NULL, 'TXN_6932e75903bd25.69542716_485951', '504', '4', '', '1', NULL, NULL, NULL, NULL, '2025-12-05 14:08:25', '2025-12-05 14:08:25'),
('99', '86', NULL, 'TXN_6932e75941ecd8.86626353_840944', '504', '4', '', '1', NULL, NULL, NULL, NULL, '2025-12-05 14:08:25', '2025-12-05 14:08:25'),
('100', '87', NULL, 'TXN_6932e839295939.20248470_513786', '504', '4', '', '1', NULL, NULL, NULL, NULL, '2025-12-05 14:12:09', '2025-12-05 14:12:09'),
('101', '88', NULL, 'TXN_6932e91223ac85.62765883_529397', '504', '4', '', '1', NULL, NULL, NULL, NULL, '2025-12-05 14:15:46', '2025-12-05 14:15:46'),
('102', '89', NULL, 'TXN_6932e930a80770.71102940_641125', '503', '2', '', '1', NULL, NULL, NULL, NULL, '2025-12-05 14:16:16', '2025-12-05 14:16:16'),
('103', '90', NULL, 'TXN_6932ebafadfc47.36423330_330133', '503', '2', '', '1', NULL, NULL, NULL, NULL, '2025-12-05 14:26:55', '2025-12-05 14:26:55'),
('104', '91', NULL, 'TXN_6932ebff5f7142.07903884_241789', '550', NULL, '', '2', NULL, NULL, NULL, NULL, '2025-12-05 14:28:15', '2025-12-05 14:28:15'),
('105', '92', NULL, 'TXN_6932ed348700a1.00568750_549817', '504', '5', '', '1', NULL, NULL, NULL, NULL, '2025-12-05 14:33:24', '2025-12-05 14:33:24'),
('106', '93', NULL, 'TXN_6932ed931dab68.69062563_299605', '621', NULL, '', '1', NULL, NULL, NULL, NULL, '2025-12-05 14:34:59', '2025-12-05 14:34:59'),
('107', '93', NULL, 'TXN_6932ed931dab68.69062563_299605', '631', NULL, '', '1', NULL, NULL, NULL, NULL, '2025-12-05 14:34:59', '2025-12-05 14:34:59'),
('108', '94', NULL, 'TXN_6932f68edfdba3.02961654_626918', '552', NULL, '', '1', NULL, NULL, NULL, NULL, '2025-12-05 15:13:18', '2025-12-05 15:13:18'),
('109', '95', NULL, 'TXN_6932f856ce0e08.41440604_534159', '552', NULL, '', '1', NULL, NULL, NULL, NULL, '2025-12-05 15:20:54', '2025-12-05 15:20:54'),
('110', '96', NULL, 'TXN_6932f8571947e1.08012106_620541', '552', NULL, '', '1', NULL, NULL, NULL, NULL, '2025-12-05 15:20:55', '2025-12-05 15:20:55'),
('111', '97', NULL, 'TXN_6932f877b24119.20091784_543037', '504', '4', '', '1', NULL, NULL, NULL, NULL, '2025-12-05 15:21:27', '2025-12-05 15:21:27'),
('113', '99', NULL, 'TXN_6932fb42046d82.32438552_190514', '504', '4', '', '1', NULL, NULL, NULL, NULL, '2025-12-05 15:33:22', '2025-12-05 15:33:22'),
('114', '100', NULL, 'TXN_6932fe62344de3.91701144_657477', '503', '1', '', '1', NULL, NULL, NULL, NULL, '2025-12-05 15:46:42', '2025-12-05 15:46:42'),
('115', '101', NULL, 'TXN_69333d9e43b7d3.93513518_274673', '730', NULL, '', '1', 'ready', NULL, NULL, NULL, '2025-12-05 20:16:30', '2025-12-05 20:18:23'),
('116', '101', NULL, 'TXN_69333d9e43b7d3.93513518_274673', '729', NULL, '', '1', 'ready', NULL, NULL, NULL, '2025-12-05 20:16:30', '2025-12-05 20:18:23'),
('117', '101', NULL, 'TXN_69333d9e43b7d3.93513518_274673', '731', NULL, '', '1', 'ready', NULL, NULL, NULL, '2025-12-05 20:16:30', '2025-12-05 20:18:23'),
('119', '103', NULL, 'TXN_6933d3c0863114.27345088_841267', '508', NULL, '', '1', NULL, NULL, NULL, NULL, '2025-12-06 06:57:04', '2025-12-06 06:57:04'),
('120', '104', NULL, 'TXN_69356ebf48ce62.28860031_300199', '508', NULL, '', '1', NULL, NULL, NULL, NULL, '2025-12-07 12:10:39', '2025-12-07 12:10:39'),
('121', '104', NULL, 'TXN_69356ebf48ce62.28860031_300199', '512', NULL, '', '1', NULL, NULL, NULL, NULL, '2025-12-07 12:10:39', '2025-12-07 12:10:39'),
('122', '105', NULL, 'TXN_693571089715b0.09735579_106226', '504', '4', '', '1', NULL, NULL, NULL, NULL, '2025-12-07 12:20:24', '2025-12-07 12:20:24'),
('124', '107', NULL, 'TXN_693572940d33e4.96759398_811228', '504', '5', '', '1', NULL, NULL, NULL, NULL, '2025-12-07 12:27:00', '2025-12-07 12:27:00'),
('125', '108', NULL, 'TXN_6935779a9af5f5.91508397_340569', '504', '5', '', '1', NULL, NULL, NULL, NULL, '2025-12-07 12:48:26', '2025-12-07 12:48:26'),
('126', '109', NULL, 'TXN_69357a182a5757.46828756_724843', '504', '5', '', '1', NULL, NULL, NULL, NULL, '2025-12-07 12:59:04', '2025-12-07 12:59:04');


-- Table structure for table `kot_places`
CREATE TABLE `kot_places` (
  `id` bigint(20) unsigned NOT NULL AUTO_INCREMENT,
  `printer_id` bigint(20) unsigned DEFAULT NULL,
  `branch_id` bigint(20) unsigned DEFAULT NULL,
  `name` varchar(191) NOT NULL,
  `type` varchar(191) DEFAULT NULL,
  `is_active` tinyint(1) NOT NULL DEFAULT 1,
  `is_default` tinyint(1) NOT NULL DEFAULT 0,
  `created_at` timestamp NULL DEFAULT NULL,
  `updated_at` timestamp NULL DEFAULT NULL,
  PRIMARY KEY (`id`),
  KEY `kot_places_branch_id_foreign` (`branch_id`),
  KEY `kot_places_printer_id_foreign` (`printer_id`),
  CONSTRAINT `kot_places_branch_id_foreign` FOREIGN KEY (`branch_id`) REFERENCES `branches` (`id`) ON DELETE CASCADE,
  CONSTRAINT `kot_places_printer_id_foreign` FOREIGN KEY (`printer_id`) REFERENCES `printers` (`id`) ON DELETE SET NULL
) ENGINE=InnoDB AUTO_INCREMENT=33 DEFAULT CHARSET=utf8mb4 COLLATE=utf8mb4_unicode_ci;

-- Dumping data for table `kot_places`
INSERT INTO `kot_places` VALUES
('1', '1', '1', 'Default Kitchen', 'food', '1', '1', '2025-09-17 05:36:44', '2025-09-17 05:36:44'),
('2', '2', '2', 'Default Kitchen', 'food', '1', '1', '2025-09-17 05:36:44', '2025-09-17 05:36:44'),
('3', '3', '3', 'Default Kitchen', 'food', '1', '1', '2025-09-17 10:02:45', '2025-09-17 10:02:45'),
('4', '4', '4', 'Default Kitchen', 'food', '1', '1', '2025-09-20 12:56:44', '2025-09-20 12:56:44'),
('5', '5', '5', 'Veg Kitchen', 'food', '1', '1', '2025-10-07 15:00:09', '2025-10-18 00:17:44'),
('7', '5', '5', 'Non Veg', NULL, '1', '0', '2025-10-18 00:16:22', '2025-10-18 00:16:22'),
('28', '27', '27', 'Default Kitchen', 'food', '1', '1', '2025-11-07 17:23:03', '2025-11-07 17:23:03'),
('29', '28', '28', 'Default Kitchen', 'food', '1', '1', '2025-11-08 10:32:27', '2025-11-08 10:32:27'),
('30', '29', '29', 'Default Kitchen', 'food', '1', '1', '2025-11-12 14:15:51', '2025-11-12 14:15:51'),
('31', '30', '30', 'Default Kitchen', 'food', '1', '1', '2025-11-13 15:41:44', '2025-11-13 15:41:44'),
('32', '31', '31', 'Default Kitchen', 'food', '1', '1', '2025-11-15 07:46:25', '2025-11-15 07:46:25');


-- Table structure for table `kot_settings`
CREATE TABLE `kot_settings` (
  `id` bigint(20) unsigned NOT NULL AUTO_INCREMENT,
  `branch_id` bigint(20) unsigned NOT NULL,
  `default_status` enum('pending','cooking') NOT NULL DEFAULT 'pending',
  `enable_item_level_status` tinyint(1) NOT NULL DEFAULT 1,
  `created_at` timestamp NULL DEFAULT NULL,
  `updated_at` timestamp NULL DEFAULT NULL,
  PRIMARY KEY (`id`),
  KEY `kot_settings_branch_id_foreign` (`branch_id`),
  CONSTRAINT `kot_settings_branch_id_foreign` FOREIGN KEY (`branch_id`) REFERENCES `branches` (`id`) ON DELETE CASCADE
) ENGINE=InnoDB AUTO_INCREMENT=34 DEFAULT CHARSET=utf8mb4 COLLATE=utf8mb4_unicode_ci;

-- Dumping data for table `kot_settings`
INSERT INTO `kot_settings` VALUES
('1', '1', 'pending', '1', '2025-09-17 05:36:44', '2025-09-17 05:36:44'),
('2', '1', 'pending', '1', '2025-09-17 05:36:44', '2025-09-17 05:36:44'),
('3', '2', 'pending', '1', '2025-09-17 05:36:44', '2025-09-17 05:36:44'),
('4', '2', 'pending', '1', '2025-09-17 05:36:44', '2025-09-17 05:36:44'),
('5', '3', 'pending', '1', '2025-09-17 10:02:45', '2025-09-17 10:02:45'),
('6', '4', 'pending', '1', '2025-09-20 12:56:44', '2025-09-20 12:56:44'),
('7', '5', 'cooking', '1', '2025-10-07 15:00:09', '2025-10-18 17:38:06'),
('29', '27', 'pending', '1', '2025-11-07 17:23:03', '2025-11-07 17:23:03'),
('30', '28', 'pending', '1', '2025-11-08 10:32:27', '2025-11-08 10:32:27'),
('31', '29', 'pending', '1', '2025-11-12 14:15:51', '2025-11-12 14:15:51'),
('32', '30', 'pending', '1', '2025-11-13 15:41:44', '2025-11-13 15:41:44'),
('33', '31', 'pending', '1', '2025-11-15 07:46:25', '2025-11-15 07:46:25');


-- Table structure for table `kots`
CREATE TABLE `kots` (
  `id` bigint(20) unsigned NOT NULL AUTO_INCREMENT,
  `branch_id` bigint(20) unsigned DEFAULT NULL,
  `kitchen_place_id` bigint(20) unsigned DEFAULT NULL,
  `kot_number` varchar(191) NOT NULL,
  `token_number` int(10) unsigned DEFAULT NULL,
  `order_id` bigint(20) unsigned NOT NULL,
  `order_type_id` bigint(20) unsigned DEFAULT NULL,
  `transaction_id` varchar(191) DEFAULT NULL,
  `note` text DEFAULT NULL,
  `status` enum('pending_confirmation','in_kitchen','food_ready','served','cancelled') NOT NULL DEFAULT 'in_kitchen',
  `cancel_reason_id` bigint(20) unsigned DEFAULT NULL,
  `cancel_reason_text` text DEFAULT NULL,
  `created_at` timestamp NULL DEFAULT NULL,
  `updated_at` timestamp NULL DEFAULT NULL,
  PRIMARY KEY (`id`),
  KEY `kots_order_id_foreign` (`order_id`),
  KEY `kots_branch_id_foreign` (`branch_id`),
  KEY `kots_cancel_reason_id_foreign` (`cancel_reason_id`),
  KEY `kots_kitchen_place_id_foreign` (`kitchen_place_id`),
  KEY `kots_order_type_id_foreign` (`order_type_id`),
  CONSTRAINT `kots_branch_id_foreign` FOREIGN KEY (`branch_id`) REFERENCES `branches` (`id`) ON DELETE CASCADE ON UPDATE CASCADE,
  CONSTRAINT `kots_cancel_reason_id_foreign` FOREIGN KEY (`cancel_reason_id`) REFERENCES `kot_cancel_reasons` (`id`) ON DELETE CASCADE ON UPDATE CASCADE,
  CONSTRAINT `kots_kitchen_place_id_foreign` FOREIGN KEY (`kitchen_place_id`) REFERENCES `kot_places` (`id`) ON DELETE SET NULL,
  CONSTRAINT `kots_order_id_foreign` FOREIGN KEY (`order_id`) REFERENCES `orders` (`id`) ON DELETE CASCADE,
  CONSTRAINT `kots_order_type_id_foreign` FOREIGN KEY (`order_type_id`) REFERENCES `order_types` (`id`) ON DELETE SET NULL
) ENGINE=InnoDB AUTO_INCREMENT=110 DEFAULT CHARSET=utf8mb4 COLLATE=utf8mb4_unicode_ci;

-- Dumping data for table `kots`
INSERT INTO `kots` VALUES
('1', '3', NULL, '2', NULL, '1', NULL, 'TXN_68ce9d21bd2a93.28356548_231480', NULL, 'in_kitchen', NULL, NULL, '2025-09-20 12:25:05', '2025-09-20 12:25:36'),
('2', '5', NULL, '2', NULL, '3', NULL, 'TXN_68e52e1bed0eb4.43546266_272353', NULL, 'in_kitchen', NULL, NULL, '2025-10-07 15:13:31', '2025-10-07 15:40:27'),
('3', '5', NULL, '4', NULL, '3', NULL, 'TXN_68e530fc5934d8.69290630_182249', NULL, 'in_kitchen', NULL, NULL, '2025-10-07 15:25:48', '2025-10-07 15:40:27'),
('4', '5', NULL, '6', NULL, '4', NULL, 'TXN_68e62861d3eb76.37324333_776395', NULL, 'pending_confirmation', NULL, NULL, '2025-10-08 09:01:21', '2025-10-08 09:01:21'),
('5', '5', NULL, '8', NULL, '5', NULL, 'TXN_68e63e3e517e69.31196617_301189', NULL, 'pending_confirmation', NULL, NULL, '2025-10-08 10:34:38', '2025-10-08 10:34:38'),
('6', '5', '5', '9', NULL, '7', '13', NULL, NULL, 'pending_confirmation', NULL, NULL, '2025-10-15 12:33:28', '2025-10-15 12:33:28'),
('7', '5', NULL, '11', NULL, '8', NULL, 'KIOSK_TXN_68ef9521a16ec0.32691058', NULL, 'pending_confirmation', NULL, NULL, '2025-10-15 12:35:45', '2025-10-15 12:35:45'),
('8', '5', NULL, '13', NULL, '9', NULL, 'KIOSK_TXN_68ef95b8481505.85338088', NULL, 'pending_confirmation', NULL, NULL, '2025-10-15 12:38:16', '2025-10-15 12:38:16'),
('9', '5', '5', '14', '1', '10', '13', NULL, NULL, 'pending_confirmation', NULL, NULL, '2025-10-15 12:40:33', '2025-10-15 12:40:33'),
('10', '5', NULL, '16', NULL, '11', '1', 'TXN_68f0dec5bc7488.23372968_650415', NULL, 'pending_confirmation', NULL, NULL, '2025-10-16 12:02:13', '2025-10-16 12:02:13'),
('11', '5', NULL, '18', NULL, '12', '1', 'TXN_68f0e5e92bf222.61353201_589451', NULL, 'pending_confirmation', NULL, NULL, '2025-10-16 12:32:41', '2025-10-16 12:32:41'),
('12', '5', NULL, '20', NULL, '13', '1', 'TXN_68f0e7ed518392.11253318_184380', NULL, 'pending_confirmation', NULL, NULL, '2025-10-16 12:41:17', '2025-10-16 12:41:17'),
('13', '5', NULL, '22', NULL, '14', '1', 'TXN_68f0e98f88fcf0.97081858_196506', NULL, 'pending_confirmation', NULL, NULL, '2025-10-16 12:48:15', '2025-10-16 12:48:15'),
('15', '5', NULL, '24', NULL, '16', '2', 'TXN_68f0f1253d9812.85311588_548223', NULL, 'pending_confirmation', NULL, NULL, '2025-10-16 13:20:37', '2025-10-16 13:20:37'),
('16', '5', NULL, '26', NULL, '17', '1', 'TXN_68f0f342b770d2.44028867_382578', NULL, 'pending_confirmation', NULL, NULL, '2025-10-16 13:29:38', '2025-10-16 13:29:38'),
('17', '5', NULL, '28', NULL, '18', '1', 'TXN_68f0f92d3d7cb8.57476962_970704', NULL, 'pending_confirmation', NULL, NULL, '2025-10-16 13:54:53', '2025-10-16 13:54:53'),
('18', '5', NULL, '30', NULL, '19', '1', 'TXN_68f0f9a7428d31.03319738_156288', NULL, 'pending_confirmation', NULL, NULL, '2025-10-16 13:56:55', '2025-10-16 13:56:55'),
('19', '5', NULL, '32', NULL, '20', '1', 'TXN_68f0fa8b5df871.67446827_444391', NULL, 'pending_confirmation', NULL, NULL, '2025-10-16 14:00:43', '2025-10-16 14:00:43'),
('20', '5', NULL, '34', NULL, '21', '1', 'TXN_68f0ff436d7e31.26322864_733895', NULL, 'pending_confirmation', NULL, NULL, '2025-10-16 14:20:51', '2025-10-16 14:20:51'),
('21', '5', NULL, '36', NULL, '22', '1', 'TXN_68f11186a40d88.85359813_642469', NULL, 'pending_confirmation', NULL, NULL, '2025-10-16 15:38:46', '2025-10-16 15:38:46'),
('22', '5', NULL, '38', NULL, '23', '1', 'TXN_68f11493951c64.13647932_350258', NULL, 'pending_confirmation', NULL, NULL, '2025-10-16 15:51:47', '2025-10-16 15:51:47'),
('23', '5', NULL, '40', NULL, '24', '1', 'TXN_68f11df6b45478.84597662_879041', NULL, 'pending_confirmation', NULL, NULL, '2025-10-16 16:31:50', '2025-10-16 16:31:50'),
('24', '5', NULL, '42', NULL, '25', '1', 'TXN_68f11f5c936752.69173031_207616', NULL, 'pending_confirmation', NULL, NULL, '2025-10-16 16:37:48', '2025-10-16 16:37:48'),
('25', '5', NULL, '44', NULL, '26', '1', 'TXN_68f12534eac280.48739786_102422', NULL, 'pending_confirmation', NULL, NULL, '2025-10-16 17:02:44', '2025-10-16 17:02:44'),
('26', '3', NULL, '4', NULL, '27', '1', 'TXN_68f12d9ec2a981.97878175_856288', NULL, 'pending_confirmation', NULL, NULL, '2025-10-16 17:38:38', '2025-10-16 17:38:38'),
('27', '5', NULL, '46', NULL, '28', '1', 'TXN_68f12e35eb2419.11533676_187640', NULL, 'pending_confirmation', NULL, NULL, '2025-10-16 17:41:09', '2025-10-16 17:41:09'),
('28', '5', NULL, '48', NULL, '29', '1', 'TXN_68f2d1c10efc73.86184169_610422', NULL, 'served', NULL, NULL, '2025-10-17 23:31:13', '2025-10-18 00:21:04'),
('29', '5', '5', '49', '1', '30', '13', NULL, NULL, 'served', NULL, NULL, '2025-10-17 23:40:44', '2025-10-18 00:21:01'),
('30', '5', '5', '50', '1', '31', '13', NULL, NULL, 'served', NULL, NULL, '2025-10-17 23:42:52', '2025-10-18 00:20:54'),
('31', '5', NULL, '52', NULL, '33', '1', 'TXN_68f2d4f8bb1f42.34426374_425498', NULL, 'served', NULL, NULL, '2025-10-17 23:44:56', '2025-10-18 00:20:51'),
('32', '5', '5', '53', '1', '34', '13', NULL, NULL, 'served', NULL, NULL, '2025-10-17 23:47:26', '2025-10-18 00:20:46'),
('33', '5', '5', '54', '1', '36', '13', NULL, NULL, 'served', NULL, NULL, '2025-10-17 23:49:05', '2025-10-18 00:20:45'),
('34', '5', '5', '55', '1', '37', '15', NULL, NULL, 'served', NULL, NULL, '2025-10-17 23:51:30', '2025-10-18 00:20:42'),
('35', '5', NULL, '57', NULL, '38', NULL, 'KIOSK_TXN_68f2d73349bab0.75415852', NULL, 'served', NULL, NULL, '2025-10-17 23:54:27', '2025-10-18 00:20:39'),
('36', '5', '5', '58', '1', '39', '13', NULL, NULL, 'served', NULL, NULL, '2025-10-18 00:05:52', '2025-10-18 00:20:33'),
('37', '5', '5', '59', '2', '40', '13', NULL, NULL, 'served', NULL, NULL, '2025-10-18 00:07:59', '2025-10-18 00:20:29'),
('38', '5', '5', '60', '3', '41', '13', NULL, NULL, 'served', NULL, NULL, '2025-10-18 00:09:19', '2025-10-18 00:20:26'),
('39', '5', '5', '61', '4', '42', '13', NULL, NULL, 'pending_confirmation', NULL, NULL, '2025-10-18 17:25:40', '2025-10-18 17:25:40'),
('40', '5', NULL, '63', '1', '43', NULL, 'KIOSK_TXN_68f3ce74859f57.71863120', NULL, 'pending_confirmation', NULL, NULL, '2025-10-18 17:29:24', '2025-10-18 17:29:24'),
('41', '5', '7', '64', '5', '44', '13', NULL, NULL, 'in_kitchen', NULL, NULL, '2025-10-18 17:45:50', '2025-10-18 17:45:50'),
('42', '5', NULL, '66', '6', '45', '13', 'TXN_68f3dc48227c63.69436210_587956', 'Make it spicy', 'in_kitchen', NULL, NULL, '2025-10-18 18:28:24', '2025-10-18 18:28:24'),
('43', '5', NULL, '68', '1', '46', '13', 'TXN_68fae377308866.64667514_242686', NULL, 'served', NULL, NULL, '2025-10-24 02:24:55', '2025-10-24 15:16:10'),
('44', '5', NULL, '70', '2', '47', '14', 'TXN_68fae4436c6376.32408368_690123', NULL, 'served', NULL, NULL, '2025-10-24 02:28:19', '2025-10-24 15:16:13'),
('45', '5', NULL, '72', '3', '48', '14', 'TXN_68fae4d68a5be2.70313865_172721', NULL, 'served', NULL, NULL, '2025-10-24 02:30:46', '2025-10-24 15:16:09'),
('46', '5', NULL, '74', '4', '49', '15', 'TXN_68fae5a469e1f0.38965568_491018', NULL, 'pending_confirmation', NULL, NULL, '2025-10-24 02:34:12', '2025-10-24 02:34:12'),
('47', '5', NULL, '76', '5', '50', NULL, 'KIOSK_TXN_68fae6f37dcbb1.17912335', NULL, 'served', NULL, NULL, '2025-10-24 02:39:47', '2025-10-24 15:16:09'),
('48', '5', NULL, '78', '6', '51', '13', 'TXN_68fb33264034c1.82188861_150016', NULL, 'served', NULL, NULL, '2025-10-24 08:04:54', '2025-10-24 15:16:07'),
('49', '5', NULL, '80', '7', '52', '13', 'TXN_68fb936144c5c0.85366552_757268', 'Give water with it', 'served', NULL, NULL, '2025-10-24 14:55:29', '2025-10-24 15:15:12'),
('50', '5', '7', '81', '8', '53', '13', NULL, NULL, 'served', NULL, NULL, '2025-10-24 15:03:18', '2025-10-24 15:15:17'),
('51', '5', '5', '82', '9', '53', '13', NULL, NULL, 'served', NULL, NULL, '2025-10-24 15:03:18', '2025-10-24 15:15:11'),
('52', '5', '7', '82', '10', '54', '13', NULL, NULL, 'served', NULL, NULL, '2025-10-24 15:12:01', '2025-10-24 15:15:09'),
('53', '5', '7', '83', '11', '55', '13', NULL, NULL, 'served', NULL, NULL, '2025-10-24 15:17:55', '2025-10-24 15:18:51'),
('54', '5', '5', '84', '12', '55', '13', NULL, NULL, 'served', NULL, NULL, '2025-10-24 15:17:55', '2025-10-24 15:18:50'),
('55', '5', NULL, '85', '13', '56', NULL, 'KIOSK_TXN_68fb990c30d636.60122123', NULL, 'served', NULL, NULL, '2025-10-24 15:19:40', '2025-10-24 15:21:02'),
('56', '3', NULL, '6', NULL, '57', '8', 'TXN_68fc57f0399db1.50117952_364289', NULL, 'pending_confirmation', NULL, NULL, '2025-10-25 04:54:08', '2025-10-25 04:54:08'),
('57', '5', NULL, '87', '1', '58', '14', 'TXN_68fc6d77230d03.96692444_378586', NULL, 'pending_confirmation', NULL, NULL, '2025-10-25 06:25:59', '2025-10-25 06:25:59'),
('58', '5', NULL, '89', '2', '59', '13', 'TXN_68fc6e5acfbd48.90231901_253331', NULL, 'pending_confirmation', NULL, NULL, '2025-10-25 06:29:46', '2025-10-25 06:29:46'),
('59', '5', NULL, '91', '3', '60', '14', 'TXN_68fc77830b1da2.56348875_457592', NULL, 'pending_confirmation', NULL, NULL, '2025-10-25 07:08:51', '2025-10-25 07:08:51'),
('60', '5', NULL, '93', '4', '61', '13', 'TXN_68fccb07228e12.18684759_803076', NULL, 'served', NULL, NULL, '2025-10-25 13:05:11', '2025-10-25 13:09:46'),
('61', '5', NULL, '95', '5', '62', '13', 'TXN_68fccb611eea08.93188830_842371', NULL, 'pending_confirmation', NULL, NULL, '2025-10-25 13:06:41', '2025-10-25 13:06:41'),
('62', '5', '5', '96', '6', '63', '13', NULL, NULL, 'served', NULL, NULL, '2025-10-25 13:22:55', '2025-10-25 13:23:33'),
('63', '5', NULL, '98', '7', '64', '13', 'TXN_68fcd0f94a08b4.58067945_556267', NULL, 'served', NULL, NULL, '2025-10-25 13:30:33', '2025-10-25 13:32:25'),
('64', '5', NULL, '100', '1', '65', '13', 'TXN_68ff2e669fdda2.19244022_537360', NULL, 'pending_confirmation', NULL, NULL, '2025-10-27 08:33:42', '2025-10-27 08:33:42'),
('65', '5', NULL, '102', '2', '66', '14', 'TXN_68ff3ee7afeeb1.84124161_154687', NULL, 'pending_confirmation', NULL, NULL, '2025-10-27 09:44:07', '2025-10-27 09:44:07'),
('66', '5', NULL, '104', '1', '67', '13', 'TXN_6904cd1be4d188.53805857_163380', NULL, 'served', NULL, NULL, '2025-10-31 14:52:11', '2025-10-31 14:54:07'),
('67', '5', NULL, '106', '1', '68', '14', 'TXN_690cb00a55da05.48803001_906465', NULL, 'pending_confirmation', NULL, NULL, '2025-11-06 14:26:18', '2025-11-06 14:26:18'),
('68', '5', NULL, '108', '1', '69', '14', 'TXN_690efbfc54c7b5.77165461_252028', NULL, 'pending_confirmation', NULL, NULL, '2025-11-08 08:14:52', '2025-11-08 08:14:52'),
('69', '5', NULL, '110', '1', '70', '14', 'TXN_6925767fc285f2.33668884_993165', NULL, 'food_ready', NULL, NULL, '2025-11-25 09:27:27', '2025-11-25 09:34:50'),
('70', '3', NULL, '8', NULL, '71', '8', 'TXN_692586a92d46a5.98952834_872162', NULL, 'pending_confirmation', NULL, NULL, '2025-11-25 10:36:25', '2025-11-25 10:36:25'),
('74', '5', NULL, '112', '1', '76', '14', 'TXN_6932ddefdc6243.09503516_260819', NULL, 'in_kitchen', NULL, NULL, '2025-12-05 13:28:15', '2025-12-05 13:28:15'),
('75', '5', NULL, '114', '2', '77', '14', 'TXN_6932dee63ca6d1.81565417_268981', NULL, 'in_kitchen', NULL, NULL, '2025-12-05 13:32:22', '2025-12-05 13:32:22'),
('76', '5', NULL, '116', '3', '78', '14', 'TXN_6932e1bc838794.33266014_816085', NULL, 'in_kitchen', NULL, NULL, '2025-12-05 13:44:28', '2025-12-05 13:44:28'),
('77', '5', NULL, '118', '4', '79', '14', 'TXN_6932e1bcc15960.50076823_199125', NULL, 'in_kitchen', NULL, NULL, '2025-12-05 13:44:28', '2025-12-05 13:44:28'),
('79', '5', NULL, '118', '5', '81', '14', 'TXN_6932e1ea993ab2.52034547_770551', NULL, 'in_kitchen', NULL, NULL, '2025-12-05 13:45:14', '2025-12-05 13:45:14'),
('80', '5', NULL, '120', '6', '82', '14', 'TXN_6932e3c7bd37c3.77506780_573790', NULL, 'in_kitchen', NULL, NULL, '2025-12-05 13:53:11', '2025-12-05 13:53:11'),
('81', '5', NULL, '122', '7', '83', '14', 'TXN_6932e3c8086be8.17034457_419098', NULL, 'in_kitchen', NULL, NULL, '2025-12-05 13:53:12', '2025-12-05 13:53:12'),
('83', '5', NULL, '124', '8', '85', '14', 'TXN_6932e43aa93f99.70125341_121227', NULL, 'in_kitchen', NULL, NULL, '2025-12-05 13:55:06', '2025-12-05 13:55:06'),
('84', '5', NULL, '126', '9', '86', '14', 'TXN_6932e54e363cc3.71918549_672572', NULL, 'in_kitchen', NULL, NULL, '2025-12-05 13:59:42', '2025-12-05 13:59:42'),
('85', '5', NULL, '128', '10', '87', '14', 'TXN_6932e75903bd25.69542716_485951', NULL, 'in_kitchen', NULL, NULL, '2025-12-05 14:08:25', '2025-12-05 14:08:25'),
('86', '5', NULL, '130', '11', '88', '14', 'TXN_6932e75941ecd8.86626353_840944', NULL, 'in_kitchen', NULL, NULL, '2025-12-05 14:08:25', '2025-12-05 14:08:25'),
('87', '5', NULL, '130', '12', '89', '14', 'TXN_6932e839295939.20248470_513786', NULL, 'in_kitchen', NULL, NULL, '2025-12-05 14:12:09', '2025-12-05 14:12:09'),
('88', '5', NULL, '132', '13', '90', '14', 'TXN_6932e91223ac85.62765883_529397', NULL, 'in_kitchen', NULL, NULL, '2025-12-05 14:15:46', '2025-12-05 14:15:46'),
('89', '5', NULL, '134', '14', '91', '14', 'TXN_6932e930a80770.71102940_641125', NULL, 'in_kitchen', NULL, NULL, '2025-12-05 14:16:16', '2025-12-05 14:16:16'),
('90', '5', NULL, '136', '15', '92', '14', 'TXN_6932ebafadfc47.36423330_330133', NULL, 'in_kitchen', NULL, NULL, '2025-12-05 14:26:55', '2025-12-05 14:26:55'),
('91', '5', NULL, '138', '16', '93', '14', 'TXN_6932ebff5f7142.07903884_241789', NULL, 'in_kitchen', NULL, NULL, '2025-12-05 14:28:15', '2025-12-05 14:28:15'),
('92', '5', NULL, '140', '17', '94', '14', 'TXN_6932ed348700a1.00568750_549817', NULL, 'in_kitchen', NULL, NULL, '2025-12-05 14:33:24', '2025-12-05 14:33:24'),
('93', '5', NULL, '142', '18', '95', '14', 'TXN_6932ed931dab68.69062563_299605', NULL, 'in_kitchen', NULL, NULL, '2025-12-05 14:34:59', '2025-12-05 14:34:59'),
('94', '5', NULL, '144', '19', '96', '14', 'TXN_6932f68edfdba3.02961654_626918', NULL, 'in_kitchen', NULL, NULL, '2025-12-05 15:13:18', '2025-12-05 15:13:18'),
('95', '5', NULL, '146', '20', '97', '14', 'TXN_6932f856ce0e08.41440604_534159', NULL, 'in_kitchen', NULL, NULL, '2025-12-05 15:20:54', '2025-12-05 15:20:54'),
('96', '5', NULL, '148', '21', '98', '14', 'TXN_6932f8571947e1.08012106_620541', NULL, 'in_kitchen', NULL, NULL, '2025-12-05 15:20:55', '2025-12-05 15:20:55'),
('97', '5', NULL, '150', '22', '99', '14', 'TXN_6932f877b24119.20091784_543037', NULL, 'in_kitchen', NULL, NULL, '2025-12-05 15:21:27', '2025-12-05 15:21:27'),
('99', '5', NULL, '152', '23', '101', '14', 'TXN_6932fb42046d82.32438552_190514', NULL, 'in_kitchen', NULL, NULL, '2025-12-05 15:33:22', '2025-12-05 15:33:22'),
('100', '5', NULL, '154', '24', '102', '14', 'TXN_6932fe62344de3.91701144_657477', NULL, 'in_kitchen', NULL, NULL, '2025-12-05 15:46:42', '2025-12-05 15:46:42'),
('101', '31', NULL, '2', NULL, '103', '91', 'TXN_69333d9e43b7d3.93513518_274673', NULL, 'served', NULL, NULL, '2025-12-05 20:16:30', '2025-12-05 20:18:28'),
('103', '5', NULL, '156', '1', '105', '14', 'TXN_6933d3c0863114.27345088_841267', NULL, 'in_kitchen', NULL, NULL, '2025-12-06 06:57:04', '2025-12-06 06:57:04'),
('104', '5', NULL, '158', '1', '106', '13', 'TXN_69356ebf48ce62.28860031_300199', NULL, 'in_kitchen', NULL, NULL, '2025-12-07 12:10:39', '2025-12-07 12:10:39'),
('105', '5', NULL, '160', '2', '107', '13', 'TXN_693571089715b0.09735579_106226', NULL, 'in_kitchen', NULL, NULL, '2025-12-07 12:20:24', '2025-12-07 12:20:24'),
('107', '5', NULL, '162', '3', '109', '13', 'TXN_693572940d33e4.96759398_811228', NULL, 'in_kitchen', NULL, NULL, '2025-12-07 12:27:00', '2025-12-07 12:27:00'),
('108', '5', NULL, '164', '4', '110', '14', 'TXN_6935779a9af5f5.91508397_340569', NULL, 'in_kitchen', NULL, NULL, '2025-12-07 12:48:26', '2025-12-07 12:48:26'),
('109', '5', NULL, '166', '5', '111', '14', 'TXN_69357a182a5757.46828756_724843', NULL, 'in_kitchen', NULL, NULL, '2025-12-07 12:59:04', '2025-12-07 12:59:04');


-- Table structure for table `language_pack_settings`
CREATE TABLE `language_pack_settings` (
  `id` bigint(20) unsigned NOT NULL AUTO_INCREMENT,
  `purchase_code` varchar(191) DEFAULT NULL,
  `supported_until` timestamp NULL DEFAULT NULL,
  `purchased_on` timestamp NULL DEFAULT NULL,
  `license_type` varchar(20) DEFAULT NULL,
  `notify_update` tinyint(1) NOT NULL DEFAULT 1,
  `created_at` timestamp NULL DEFAULT NULL,
  `updated_at` timestamp NULL DEFAULT NULL,
  PRIMARY KEY (`id`)
) ENGINE=InnoDB AUTO_INCREMENT=2 DEFAULT CHARSET=utf8mb4 COLLATE=utf8mb4_unicode_ci;

-- Dumping data for table `language_pack_settings`
INSERT INTO `language_pack_settings` VALUES
('1', '65100125-205d-420e-b03c-0faa1e6f02b9', '2026-04-16 03:07:13', NULL, NULL, '1', '2025-09-17 05:48:26', '2025-10-15 12:17:11');


-- Table structure for table `language_settings`
CREATE TABLE `language_settings` (
  `id` bigint(20) unsigned NOT NULL AUTO_INCREMENT,
  `language_code` varchar(191) NOT NULL,
  `language_name` varchar(191) NOT NULL,
  `flag_code` varchar(191) NOT NULL,
  `active` tinyint(1) NOT NULL DEFAULT 1,
  `is_rtl` tinyint(1) NOT NULL DEFAULT 0,
  `created_at` timestamp NULL DEFAULT NULL,
  `updated_at` timestamp NULL DEFAULT NULL,
  PRIMARY KEY (`id`)
) ENGINE=InnoDB AUTO_INCREMENT=20 DEFAULT CHARSET=utf8mb4 COLLATE=utf8mb4_unicode_ci;

-- Dumping data for table `language_settings`
INSERT INTO `language_settings` VALUES
('1', 'en', 'English', 'gb', '1', '0', NULL, '2025-11-15 10:43:17'),
('2', 'ar', 'Arabic', 'sa', '0', '1', NULL, '2025-11-15 10:43:17'),
('3', 'de', 'German', 'de', '0', '0', NULL, '2025-11-15 10:43:17'),
('4', 'es', 'Spanish', 'es', '1', '0', NULL, '2025-11-15 10:43:17'),
('5', 'et', 'Estonian', 'et', '0', '0', NULL, '2025-11-15 10:43:17'),
('6', 'fa', 'Farsi', 'ir', '0', '1', NULL, '2025-11-15 10:43:17'),
('7', 'fr', 'French', 'ca', '1', '0', NULL, '2025-11-15 10:43:17'),
('8', 'el', 'Greek', 'gr', '0', '0', NULL, '2025-11-15 10:43:17'),
('9', 'it', 'Italian', 'it', '0', '0', NULL, '2025-11-15 10:43:17'),
('10', 'nl', 'Dutch', 'nl', '0', '0', NULL, '2025-11-15 10:43:17'),
('11', 'pl', 'Polish', 'pl', '0', '0', NULL, '2025-11-15 10:43:17'),
('12', 'pt', 'Portuguese', 'pt', '0', '0', NULL, '2025-11-15 10:43:17'),
('13', 'pt-br', 'Portuguese (Brazil)', 'br', '0', '0', NULL, '2025-11-15 10:43:17'),
('14', 'ro', 'Romanian', 'ro', '0', '0', NULL, '2025-11-15 10:43:17'),
('15', 'ru', 'Russian', 'ru', '0', '0', NULL, '2025-11-15 10:43:17'),
('16', 'tr', 'Turkish', 'tr', '0', '0', NULL, '2025-11-15 10:43:17'),
('17', 'zh-CN', 'Chinese (S)', 'cn', '0', '0', NULL, '2025-11-15 10:43:17'),
('18', 'zh-TW', 'Chinese (T)', 'cn', '0', '0', NULL, '2025-11-15 10:43:17'),
('19', 'pa', 'ਪੰਜਾਬੀ', 'ca', '1', '0', '2025-10-25 08:41:54', '2025-11-15 10:43:17');


-- Table structure for table `ltm_translations`
CREATE TABLE `ltm_translations` (
  `id` bigint(20) unsigned NOT NULL AUTO_INCREMENT,
  `status` int(11) NOT NULL DEFAULT 0,
  `locale` varchar(191) NOT NULL,
  `group` varchar(191) NOT NULL,
  `key` text NOT NULL,
  `value` text DEFAULT NULL,
  `created_at` timestamp NULL DEFAULT NULL,
  `updated_at` timestamp NULL DEFAULT NULL,
  PRIMARY KEY (`id`)
) ENGINE=InnoDB AUTO_INCREMENT=26836 DEFAULT CHARSET=utf8mb4 COLLATE=utf8mb4_bin;
























































-- Table structure for table `menu_item_prices`
CREATE TABLE `menu_item_prices` (
  `id` bigint(20) unsigned NOT NULL AUTO_INCREMENT,
  `menu_item_id` bigint(20) unsigned NOT NULL,
  `order_type_id` bigint(20) unsigned NOT NULL,
  `delivery_app_id` bigint(20) unsigned DEFAULT NULL,
  `menu_item_variation_id` bigint(20) unsigned DEFAULT NULL,
  `calculated_price` decimal(16,2) NOT NULL,
  `override_price` decimal(16,2) DEFAULT NULL,
  `final_price` decimal(16,2) NOT NULL DEFAULT 0.00,
  `status` tinyint(1) NOT NULL DEFAULT 1,
  `created_at` timestamp NULL DEFAULT NULL,
  `updated_at` timestamp NULL DEFAULT NULL,
  PRIMARY KEY (`id`),
  KEY `menu_item_prices_menu_item_id_foreign` (`menu_item_id`),
  KEY `menu_item_prices_order_type_id_foreign` (`order_type_id`),
  KEY `menu_item_prices_delivery_app_id_foreign` (`delivery_app_id`),
  KEY `menu_item_prices_menu_item_variation_id_foreign` (`menu_item_variation_id`),
  CONSTRAINT `menu_item_prices_delivery_app_id_foreign` FOREIGN KEY (`delivery_app_id`) REFERENCES `delivery_platforms` (`id`) ON DELETE CASCADE ON UPDATE CASCADE,
  CONSTRAINT `menu_item_prices_menu_item_id_foreign` FOREIGN KEY (`menu_item_id`) REFERENCES `menu_items` (`id`) ON DELETE CASCADE ON UPDATE CASCADE,
  CONSTRAINT `menu_item_prices_menu_item_variation_id_foreign` FOREIGN KEY (`menu_item_variation_id`) REFERENCES `menu_item_variations` (`id`) ON DELETE CASCADE ON UPDATE CASCADE,
  CONSTRAINT `menu_item_prices_order_type_id_foreign` FOREIGN KEY (`order_type_id`) REFERENCES `order_types` (`id`) ON DELETE CASCADE ON UPDATE CASCADE
) ENGINE=InnoDB AUTO_INCREMENT=297 DEFAULT CHARSET=utf8mb4 COLLATE=utf8mb4_unicode_ci;

-- Dumping data for table `menu_item_prices`
INSERT INTO `menu_item_prices` VALUES
('1', '509', '13', NULL, '11', '10.00', NULL, '10.00', '1', '2025-10-24 14:49:12', '2025-10-24 14:49:12'),
('2', '509', '14', NULL, '11', '10.00', NULL, '10.00', '1', '2025-10-24 14:49:12', '2025-10-24 14:49:12'),
('3', '509', '15', NULL, '11', '10.00', NULL, '10.00', '1', '2025-10-24 14:49:12', '2025-10-24 14:49:12'),
('4', '509', '14', '1', '11', '10.00', NULL, '12.00', '1', '2025-10-24 14:49:12', '2025-10-24 14:49:12'),
('5', '509', '13', NULL, '12', '15.00', NULL, '15.00', '1', '2025-10-24 14:49:12', '2025-10-24 14:49:12'),
('6', '509', '14', NULL, '12', '15.00', NULL, '15.00', '1', '2025-10-24 14:49:12', '2025-10-24 14:49:12'),
('7', '509', '15', NULL, '12', '15.00', NULL, '15.00', '1', '2025-10-24 14:49:12', '2025-10-24 14:49:12'),
('8', '509', '14', '1', '12', '15.00', NULL, '18.00', '1', '2025-10-24 14:49:12', '2025-10-24 14:49:12'),
('9', '509', '13', NULL, '13', '20.00', NULL, '20.00', '1', '2025-10-24 14:49:12', '2025-10-24 14:49:12'),
('10', '509', '14', NULL, '13', '20.00', NULL, '20.00', '1', '2025-10-24 14:49:12', '2025-10-24 14:49:12'),
('11', '509', '15', NULL, '13', '20.00', NULL, '20.00', '1', '2025-10-24 14:49:12', '2025-10-24 14:49:12'),
('12', '509', '14', '1', '13', '20.00', NULL, '24.00', '1', '2025-10-24 14:49:12', '2025-10-24 14:49:12'),
('23', '510', '13', NULL, '14', '120.00', NULL, '120.00', '1', '2025-11-17 13:07:53', '2025-11-17 13:07:53'),
('24', '510', '14', NULL, '14', '120.00', NULL, '120.00', '1', '2025-11-17 13:07:53', '2025-11-17 13:07:53'),
('25', '510', '15', NULL, '14', '120.00', NULL, '120.00', '1', '2025-11-17 13:07:53', '2025-11-17 13:07:53'),
('26', '510', '14', '1', '14', '120.00', NULL, '144.00', '1', '2025-11-17 13:07:53', '2025-11-17 13:07:53'),
('27', '510', '14', '2', '14', '120.00', NULL, '144.00', '1', '2025-11-17 13:07:53', '2025-11-17 13:07:53'),
('28', '510', '13', NULL, '15', '180.00', NULL, '180.00', '1', '2025-11-17 13:07:53', '2025-11-17 13:07:53'),
('29', '510', '14', NULL, '15', '200.00', NULL, '200.00', '1', '2025-11-17 13:07:53', '2025-11-17 13:07:53'),
('30', '510', '15', NULL, '15', '200.00', NULL, '200.00', '1', '2025-11-17 13:07:53', '2025-11-17 13:07:53'),
('31', '510', '14', '1', '15', '200.00', NULL, '240.00', '1', '2025-11-17 13:07:53', '2025-11-17 13:07:53'),
('32', '510', '14', '2', '15', '200.00', NULL, '240.00', '1', '2025-11-17 13:07:53', '2025-11-17 13:07:53'),
('33', '652', '79', NULL, NULL, '50.00', NULL, '50.00', '1', '2025-11-26 08:31:49', '2025-11-26 08:31:49'),
('34', '652', '80', NULL, NULL, '50.00', NULL, '50.00', '1', '2025-11-26 08:31:49', '2025-11-26 08:31:49'),
('35', '652', '81', NULL, NULL, '50.00', NULL, '50.00', '1', '2025-11-26 08:31:49', '2025-11-26 08:31:49'),
('44', '653', '79', NULL, NULL, '100.00', NULL, '100.00', '1', '2025-11-26 09:56:35', '2025-11-26 09:56:35'),
('45', '653', '80', NULL, NULL, '100.00', NULL, '100.00', '1', '2025-11-26 09:56:35', '2025-11-26 09:56:35'),
('46', '653', '81', NULL, NULL, '100.00', NULL, '100.00', '1', '2025-11-26 09:56:35', '2025-11-26 09:56:35'),
('72', '642', '13', NULL, NULL, '250.00', NULL, '250.00', '1', '2025-11-26 12:10:10', '2025-11-26 12:10:10'),
('73', '642', '14', NULL, NULL, '250.00', NULL, '250.00', '1', '2025-11-26 12:10:10', '2025-11-26 12:10:10'),
('74', '642', '15', NULL, NULL, '250.00', NULL, '250.00', '1', '2025-11-26 12:10:10', '2025-11-26 12:10:10'),
('75', '642', '14', '1', NULL, '250.00', NULL, '300.00', '1', '2025-11-26 12:10:10', '2025-11-26 12:10:10'),
('76', '642', '14', '2', NULL, '250.00', NULL, '300.00', '1', '2025-11-26 12:10:10', '2025-11-26 12:10:10'),
('152', '503', '13', NULL, '1', '130.00', NULL, '130.00', '1', '2025-11-28 10:06:35', '2025-11-28 10:06:35'),
('153', '503', '14', NULL, '1', '130.00', NULL, '130.00', '1', '2025-11-28 10:06:35', '2025-11-28 10:06:35'),
('154', '503', '15', NULL, '1', '130.00', NULL, '130.00', '1', '2025-11-28 10:06:35', '2025-11-28 10:06:35'),
('155', '503', '14', '1', '1', '130.00', NULL, '156.00', '1', '2025-11-28 10:06:35', '2025-11-28 10:06:35'),
('156', '503', '14', '2', '1', '130.00', NULL, '156.00', '1', '2025-11-28 10:06:35', '2025-11-28 10:06:35'),
('157', '503', '13', NULL, '2', '250.00', NULL, '250.00', '1', '2025-11-28 10:06:35', '2025-11-28 10:06:35'),
('158', '503', '14', NULL, '2', '250.00', NULL, '250.00', '1', '2025-11-28 10:06:35', '2025-11-28 10:06:35'),
('159', '503', '15', NULL, '2', '250.00', NULL, '250.00', '1', '2025-11-28 10:06:35', '2025-11-28 10:06:35'),
('160', '503', '14', '1', '2', '250.00', NULL, '300.00', '1', '2025-11-28 10:06:35', '2025-11-28 10:06:35'),
('161', '503', '14', '2', '2', '250.00', NULL, '300.00', '1', '2025-11-28 10:06:35', '2025-11-28 10:06:35'),
('162', '503', '13', NULL, '3', '400.00', NULL, '400.00', '1', '2025-11-28 10:06:35', '2025-11-28 10:06:35'),
('163', '503', '14', NULL, '3', '400.00', NULL, '400.00', '1', '2025-11-28 10:06:35', '2025-11-28 10:06:35'),
('164', '503', '15', NULL, '3', '400.00', NULL, '400.00', '1', '2025-11-28 10:06:35', '2025-11-28 10:06:35'),
('165', '503', '14', '1', '3', '400.00', NULL, '480.00', '1', '2025-11-28 10:06:35', '2025-11-28 10:06:35'),
('166', '503', '14', '2', '3', '400.00', NULL, '480.00', '1', '2025-11-28 10:06:35', '2025-11-28 10:06:35'),
('212', '650', '13', NULL, NULL, '100.00', NULL, '100.00', '1', '2025-11-28 10:27:59', '2025-11-28 10:27:59'),
('213', '650', '14', NULL, NULL, '100.00', NULL, '100.00', '1', '2025-11-28 10:27:59', '2025-11-28 10:27:59'),
('214', '650', '15', NULL, NULL, '100.00', NULL, '100.00', '1', '2025-11-28 10:27:59', '2025-11-28 10:27:59'),
('215', '650', '14', '1', NULL, '100.00', NULL, '120.00', '1', '2025-11-28 10:27:59', '2025-11-28 10:27:59'),
('216', '650', '14', '2', NULL, '100.00', NULL, '120.00', '1', '2025-11-28 10:27:59', '2025-11-28 10:27:59'),
('232', '641', '13', NULL, NULL, '250.00', NULL, '250.00', '1', '2025-11-28 10:33:14', '2025-11-28 10:33:14'),
('233', '641', '14', NULL, NULL, '250.00', NULL, '250.00', '1', '2025-11-28 10:33:14', '2025-11-28 10:33:14'),
('234', '641', '15', NULL, NULL, '250.00', NULL, '250.00', '1', '2025-11-28 10:33:14', '2025-11-28 10:33:14'),
('235', '641', '14', '1', NULL, '250.00', NULL, '300.00', '1', '2025-11-28 10:33:14', '2025-11-28 10:33:14'),
('236', '641', '14', '2', NULL, '250.00', NULL, '300.00', '1', '2025-11-28 10:33:14', '2025-11-28 10:33:14'),
('237', '649', '13', NULL, NULL, '275.00', NULL, '275.00', '1', '2025-11-28 10:33:41', '2025-11-28 10:33:41'),
('238', '649', '14', NULL, NULL, '275.00', NULL, '275.00', '1', '2025-11-28 10:33:41', '2025-11-28 10:33:41'),
('239', '649', '15', NULL, NULL, '275.00', NULL, '275.00', '1', '2025-11-28 10:33:41', '2025-11-28 10:33:41'),
('240', '649', '14', '1', NULL, '275.00', NULL, '330.00', '1', '2025-11-28 10:33:41', '2025-11-28 10:33:41'),
('241', '649', '14', '2', NULL, '275.00', NULL, '330.00', '1', '2025-11-28 10:33:41', '2025-11-28 10:33:41'),
('262', '644', '13', NULL, NULL, '250.00', NULL, '250.00', '1', '2025-11-28 10:34:39', '2025-11-28 10:34:39'),
('263', '644', '14', NULL, NULL, '250.00', NULL, '250.00', '1', '2025-11-28 10:34:39', '2025-11-28 10:34:39'),
('264', '644', '15', NULL, NULL, '250.00', NULL, '250.00', '1', '2025-11-28 10:34:39', '2025-11-28 10:34:39'),
('265', '644', '14', '1', NULL, '250.00', NULL, '300.00', '1', '2025-11-28 10:34:39', '2025-11-28 10:34:39'),
('266', '644', '14', '2', NULL, '250.00', NULL, '300.00', '1', '2025-11-28 10:34:39', '2025-11-28 10:34:39'),
('267', '647', '13', NULL, NULL, '250.00', NULL, '250.00', '1', '2025-11-28 10:39:44', '2025-11-28 10:39:44'),
('268', '647', '14', NULL, NULL, '250.00', NULL, '250.00', '1', '2025-11-28 10:39:44', '2025-11-28 10:39:44'),
('269', '647', '15', NULL, NULL, '250.00', NULL, '250.00', '1', '2025-11-28 10:39:44', '2025-11-28 10:39:44'),
('270', '647', '14', '1', NULL, '250.00', NULL, '300.00', '1', '2025-11-28 10:39:44', '2025-11-28 10:39:44'),
('271', '647', '14', '2', NULL, '250.00', NULL, '300.00', '1', '2025-11-28 10:39:44', '2025-11-28 10:39:44'),
('272', '648', '13', NULL, NULL, '275.00', NULL, '275.00', '1', '2025-11-28 10:42:54', '2025-11-28 10:42:54'),
('273', '648', '14', NULL, NULL, '275.00', NULL, '275.00', '1', '2025-11-28 10:42:54', '2025-11-28 10:42:54'),
('274', '648', '15', NULL, NULL, '275.00', NULL, '275.00', '1', '2025-11-28 10:42:54', '2025-11-28 10:42:54'),
('275', '648', '14', '1', NULL, '275.00', NULL, '330.00', '1', '2025-11-28 10:42:54', '2025-11-28 10:42:54'),
('276', '648', '14', '2', NULL, '275.00', NULL, '330.00', '1', '2025-11-28 10:42:54', '2025-11-28 10:42:54'),
('277', '643', '13', NULL, NULL, '250.00', NULL, '250.00', '1', '2025-11-28 10:43:22', '2025-11-28 10:43:22'),
('278', '643', '14', NULL, NULL, '250.00', NULL, '250.00', '1', '2025-11-28 10:43:22', '2025-11-28 10:43:22'),
('279', '643', '15', NULL, NULL, '250.00', NULL, '250.00', '1', '2025-11-28 10:43:22', '2025-11-28 10:43:22'),
('280', '643', '14', '1', NULL, '250.00', NULL, '300.00', '1', '2025-11-28 10:43:22', '2025-11-28 10:43:22'),
('281', '643', '14', '2', NULL, '250.00', NULL, '300.00', '1', '2025-11-28 10:43:22', '2025-11-28 10:43:22'),
('282', '508', '13', NULL, NULL, '90.00', NULL, '90.00', '1', '2025-11-28 11:25:45', '2025-11-28 11:25:45'),
('283', '508', '14', NULL, NULL, '90.00', NULL, '90.00', '1', '2025-11-28 11:25:45', '2025-11-28 11:25:45'),
('284', '508', '15', NULL, NULL, '90.00', NULL, '90.00', '1', '2025-11-28 11:25:45', '2025-11-28 11:25:45'),
('285', '508', '14', '1', NULL, '90.00', NULL, '108.00', '1', '2025-11-28 11:25:45', '2025-11-28 11:25:45'),
('286', '508', '14', '2', NULL, '90.00', NULL, '108.00', '1', '2025-11-28 11:25:45', '2025-11-28 11:25:45'),
('292', '651', '13', NULL, NULL, '120.00', NULL, '120.00', '1', '2025-12-05 09:05:59', '2025-12-05 09:05:59'),
('293', '651', '14', NULL, NULL, '120.00', NULL, '120.00', '1', '2025-12-05 09:05:59', '2025-12-05 09:05:59'),
('294', '651', '15', NULL, NULL, '120.00', NULL, '120.00', '1', '2025-12-05 09:05:59', '2025-12-05 09:05:59'),
('295', '651', '14', '1', NULL, '120.00', NULL, '144.00', '1', '2025-12-05 09:05:59', '2025-12-05 09:05:59'),
('296', '651', '14', '2', NULL, '120.00', NULL, '144.00', '1', '2025-12-05 09:05:59', '2025-12-05 09:05:59');


-- Table structure for table `menu_item_tax`
CREATE TABLE `menu_item_tax` (
  `id` bigint(20) unsigned NOT NULL AUTO_INCREMENT,
  `menu_item_id` bigint(20) unsigned NOT NULL,
  `tax_id` bigint(20) unsigned NOT NULL,
  PRIMARY KEY (`id`),
  KEY `menu_item_tax_menu_item_id_foreign` (`menu_item_id`),
  KEY `menu_item_tax_tax_id_foreign` (`tax_id`),
  CONSTRAINT `menu_item_tax_menu_item_id_foreign` FOREIGN KEY (`menu_item_id`) REFERENCES `menu_items` (`id`) ON DELETE CASCADE ON UPDATE CASCADE,
  CONSTRAINT `menu_item_tax_tax_id_foreign` FOREIGN KEY (`tax_id`) REFERENCES `taxes` (`id`) ON DELETE CASCADE
) ENGINE=InnoDB DEFAULT CHARSET=utf8mb4 COLLATE=utf8mb4_unicode_ci;


-- Table structure for table `menu_item_translations`
CREATE TABLE `menu_item_translations` (
  `id` bigint(20) unsigned NOT NULL AUTO_INCREMENT,
  `menu_item_id` bigint(20) unsigned NOT NULL,
  `locale` varchar(191) NOT NULL,
  `item_name` varchar(191) NOT NULL,
  `description` text DEFAULT NULL,
  PRIMARY KEY (`id`),
  UNIQUE KEY `menu_item_translations_menu_item_id_locale_unique` (`menu_item_id`,`locale`),
  KEY `menu_item_translations_locale_index` (`locale`),
  CONSTRAINT `menu_item_translations_menu_item_id_foreign` FOREIGN KEY (`menu_item_id`) REFERENCES `menu_items` (`id`) ON DELETE CASCADE
) ENGINE=InnoDB AUTO_INCREMENT=22 DEFAULT CHARSET=utf8mb4 COLLATE=utf8mb4_unicode_ci;

-- Dumping data for table `menu_item_translations`
INSERT INTO `menu_item_translations` VALUES
('1', '501', 'en', 'Margherita Pizza', NULL),
('3', '503', 'en', 'Butter Chicken', 'Rich creamy chicken curry with butter and spices.'),
('4', '504', 'en', 'Paneer Butter Masala', 'Paneer cubes cooked in buttery tomato gravy.'),
('5', '505', 'en', 'Dal Makhani', 'Black lentils simmered overnight with cream.'),
('6', '506', 'en', 'Rogan Josh', 'Spicy lamb curry from Kashmir.'),
('7', '507', 'en', 'Pani Puri', 'Crispy puris filled with tangy spiced water.'),
('8', '508', 'en', 'Aloo Tikki Chaat', 'Crispy potato patties topped with chutneys.'),
('9', '509', 'en', 'Fresh Croissant', 'Test description for Fresh Croissant'),
('10', '510', 'en', 'Butternut Squash Soup', 'Creamy roasted butternut squash, herb oil, served with multigrain toast'),
('11', '652', 'en', 'Idli', 'Idli'),
('12', '653', 'en', 'paratha', 'paratha'),
('13', '651', 'en', 'Ice bucket', 'Ice bucket'),
('14', '642', 'en', 'Virgin Sangria', 'Non-alcoholic sangria'),
('15', '650', 'en', 'Aerated Beverages', 'Coke, Fanta, Sprite or Diet soda'),
('16', '649', 'en', 'Pineapple Mint Cooler', 'Pineapple and mint cooler'),
('17', '641', 'en', 'Virgin Mojito', 'Non-alcoholic mojito'),
('18', '648', 'en', 'Virgin Pina Colada', 'Pina colada mocktail'),
('19', '644', 'en', 'Fizzy Orange', 'Carbonated orange drink'),
('20', '647', 'en', 'Spicy Grande', 'Spicy mocktail'),
('21', '643', 'en', 'Lemonade', 'Fresh lemonade');


-- Table structure for table `menu_item_variations`
CREATE TABLE `menu_item_variations` (
  `id` bigint(20) unsigned NOT NULL AUTO_INCREMENT,
  `variation` varchar(191) NOT NULL,
  `price` decimal(16,2) NOT NULL,
  `menu_item_id` bigint(20) unsigned NOT NULL,
  `created_at` timestamp NULL DEFAULT NULL,
  `updated_at` timestamp NULL DEFAULT NULL,
  PRIMARY KEY (`id`),
  KEY `menu_item_variations_menu_item_id_foreign` (`menu_item_id`),
  CONSTRAINT `menu_item_variations_menu_item_id_foreign` FOREIGN KEY (`menu_item_id`) REFERENCES `menu_items` (`id`) ON DELETE CASCADE ON UPDATE CASCADE
) ENGINE=InnoDB AUTO_INCREMENT=16 DEFAULT CHARSET=utf8mb4 COLLATE=utf8mb4_unicode_ci;

-- Dumping data for table `menu_item_variations`
INSERT INTO `menu_item_variations` VALUES
('1', 'Small', '130.00', '503', '2025-10-08 08:47:24', '2025-11-28 10:06:35'),
('2', 'Half', '250.00', '503', '2025-10-08 08:47:24', '2025-11-28 10:06:35'),
('3', 'Full', '400.00', '503', '2025-10-08 08:47:24', '2025-11-28 10:06:35'),
('4', 'Small', '120.00', '504', '2025-10-08 08:48:17', '2025-10-08 08:48:17'),
('5', 'Half', '210.00', '504', '2025-10-08 08:48:17', '2025-10-08 08:48:17'),
('6', 'Full', '400.00', '504', '2025-10-08 08:48:17', '2025-10-08 08:48:17'),
('7', 'Half', '110.00', '505', '2025-10-08 08:49:15', '2025-10-08 08:49:15'),
('8', 'Full', '200.00', '505', '2025-10-08 08:49:15', '2025-10-08 08:49:15'),
('9', 'Half', '300.00', '506', '2025-10-08 08:50:17', '2025-10-08 08:50:17'),
('10', 'Full', '500.00', '506', '2025-10-08 08:50:17', '2025-10-08 08:50:17'),
('11', 'Small', '10.00', '509', '2025-10-24 14:49:12', '2025-10-24 14:49:12'),
('12', 'Medium', '15.00', '509', '2025-10-24 14:49:12', '2025-10-24 14:49:12'),
('13', 'Full', '20.00', '509', '2025-10-24 14:49:12', '2025-10-24 14:49:12'),
('14', 'Small', '120.00', '510', '2025-10-25 12:59:58', '2025-11-17 13:07:53'),
('15', 'Full', '200.00', '510', '2025-10-25 12:59:58', '2025-11-17 13:07:53');


-- Table structure for table `menu_items`
CREATE TABLE `menu_items` (
  `id` bigint(20) unsigned NOT NULL AUTO_INCREMENT,
  `branch_id` bigint(20) unsigned DEFAULT NULL,
  `kot_place_id` bigint(20) unsigned DEFAULT NULL,
  `item_name` varchar(191) NOT NULL,
  `image` varchar(191) DEFAULT NULL,
  `description` text DEFAULT NULL,
  `type` enum('veg','non-veg','egg','drink','other','halal') DEFAULT NULL,
  `price` decimal(16,2) DEFAULT NULL,
  `menu_id` bigint(20) unsigned NOT NULL,
  `item_category_id` bigint(20) unsigned NOT NULL,
  `created_at` timestamp NULL DEFAULT NULL,
  `updated_at` timestamp NULL DEFAULT NULL,
  `preparation_time` int(11) DEFAULT NULL,
  `is_available` tinyint(1) NOT NULL DEFAULT 1,
  `show_on_customer_site` tinyint(1) NOT NULL DEFAULT 1,
  `in_stock` tinyint(1) NOT NULL DEFAULT 1,
  `sort_order` int(10) unsigned NOT NULL DEFAULT 0,
  `batch_recipe_id` longtext DEFAULT NULL,
  `batch_serving_size` longtext DEFAULT NULL,
  `tax_inclusive` tinyint(1) NOT NULL DEFAULT 0,
  PRIMARY KEY (`id`),
  KEY `menu_items_menu_id_foreign` (`menu_id`),
  KEY `menu_items_item_category_id_foreign` (`item_category_id`),
  KEY `idx_branch_available` (`branch_id`,`is_available`),
  CONSTRAINT `menu_items_branch_id_foreign` FOREIGN KEY (`branch_id`) REFERENCES `branches` (`id`) ON DELETE CASCADE ON UPDATE CASCADE,
  CONSTRAINT `menu_items_item_category_id_foreign` FOREIGN KEY (`item_category_id`) REFERENCES `item_categories` (`id`) ON DELETE CASCADE ON UPDATE CASCADE,
  CONSTRAINT `menu_items_menu_id_foreign` FOREIGN KEY (`menu_id`) REFERENCES `menus` (`id`) ON DELETE CASCADE ON UPDATE CASCADE
) ENGINE=InnoDB AUTO_INCREMENT=759 DEFAULT CHARSET=utf8mb4 COLLATE=utf8mb4_unicode_ci;

-- Dumping data for table `menu_items`
INSERT INTO `menu_items` VALUES
('1', '1', '1', 'Paneer Butter Masala', NULL, 'Paneer Butter Masala from our Indian Veg Curries selection.', 'veg', '269.52', '1', '1', '2025-09-17 06:04:58', '2025-09-17 06:04:58', NULL, '1', '1', '1', '0', NULL, NULL, '0'),
('2', '1', '1', 'Kadai Paneer', NULL, 'Kadai Paneer from our Indian Veg Curries selection.', 'veg', '183.50', '1', '1', '2025-09-17 06:04:58', '2025-09-17 06:04:58', NULL, '1', '1', '1', '0', NULL, NULL, '0'),
('3', '1', '1', 'Shahi Paneer', NULL, 'Shahi Paneer from our Indian Veg Curries selection.', 'veg', '218.50', '1', '1', '2025-09-17 06:04:58', '2025-09-17 06:04:58', NULL, '1', '1', '1', '0', NULL, NULL, '0'),
('4', '1', '1', 'Palak Paneer', NULL, 'Palak Paneer from our Indian Veg Curries selection.', 'veg', '211.25', '1', '1', '2025-09-17 06:04:58', '2025-09-17 06:04:58', NULL, '1', '1', '1', '0', NULL, NULL, '0'),
('5', '1', '1', 'Matar Paneer', NULL, 'Matar Paneer from our Indian Veg Curries selection.', 'veg', '283.11', '1', '1', '2025-09-17 06:04:58', '2025-09-17 06:04:58', NULL, '1', '1', '1', '0', NULL, NULL, '0'),
('6', '1', '1', 'Paneer Tikka Masala', NULL, 'Paneer Tikka Masala from our Indian Veg Curries selection.', 'veg', '274.74', '1', '1', '2025-09-17 06:04:58', '2025-09-17 06:04:58', NULL, '1', '1', '1', '0', NULL, NULL, '0'),
('7', '1', '1', 'Dal Makhani', NULL, 'Dal Makhani from our Indian Veg Curries selection.', 'veg', '304.91', '1', '1', '2025-09-17 06:04:58', '2025-09-17 06:04:58', NULL, '1', '1', '1', '0', NULL, NULL, '0'),
('8', '1', '1', 'Dal Tadka', NULL, 'Dal Tadka from our Indian Veg Curries selection.', 'veg', '192.17', '1', '1', '2025-09-17 06:04:58', '2025-09-17 06:04:58', NULL, '1', '1', '1', '0', NULL, NULL, '0'),
('9', '1', '1', 'Chana Masala', NULL, 'Chana Masala from our Indian Veg Curries selection.', 'veg', '239.07', '1', '1', '2025-09-17 06:04:58', '2025-09-17 06:04:58', NULL, '1', '1', '1', '0', NULL, NULL, '0'),
('10', '1', '1', 'Aloo Gobi', NULL, 'Aloo Gobi from our Indian Veg Curries selection.', 'veg', '184.17', '1', '1', '2025-09-17 06:04:58', '2025-09-17 06:04:58', NULL, '1', '1', '1', '0', NULL, NULL, '0'),
('11', '1', '1', 'Baingan Bharta', NULL, 'Baingan Bharta from our Indian Veg Curries selection.', 'veg', '210.61', '1', '1', '2025-09-17 06:04:58', '2025-09-17 06:04:58', NULL, '1', '1', '1', '0', NULL, NULL, '0'),
('12', '1', '1', 'Bhindi Masala', NULL, 'Bhindi Masala from our Indian Veg Curries selection.', 'veg', '250.75', '1', '1', '2025-09-17 06:04:58', '2025-09-17 06:04:58', NULL, '1', '1', '1', '0', NULL, NULL, '0'),
('13', '1', '1', 'Mix Veg Curry', NULL, 'Mix Veg Curry from our Indian Veg Curries selection.', 'veg', '183.72', '1', '1', '2025-09-17 06:04:58', '2025-09-17 06:04:58', NULL, '1', '1', '1', '0', NULL, NULL, '0'),
('14', '1', '1', 'Malai Kofta', NULL, 'Malai Kofta from our Indian Veg Curries selection.', 'veg', '207.84', '1', '1', '2025-09-17 06:04:58', '2025-09-17 06:04:58', NULL, '1', '1', '1', '0', NULL, NULL, '0'),
('15', '1', '1', 'Veg Kolhapuri', NULL, 'Veg Kolhapuri from our Indian Veg Curries selection.', 'veg', '270.98', '1', '1', '2025-09-17 06:04:58', '2025-09-17 06:04:58', NULL, '1', '1', '1', '0', NULL, NULL, '0'),
('16', '1', '1', 'Navratan Korma', NULL, 'Navratan Korma from our Indian Veg Curries selection.', 'veg', '256.29', '1', '1', '2025-09-17 06:04:58', '2025-09-17 06:04:58', NULL, '1', '1', '1', '0', NULL, NULL, '0'),
('17', '1', '1', 'Methi Malai Matar', NULL, 'Methi Malai Matar from our Indian Veg Curries selection.', 'veg', '210.86', '1', '1', '2025-09-17 06:04:58', '2025-09-17 06:04:58', NULL, '1', '1', '1', '0', NULL, NULL, '0'),
('18', '1', '1', 'Kadhi Pakora', NULL, 'Kadhi Pakora from our Indian Veg Curries selection.', 'veg', '262.50', '1', '1', '2025-09-17 06:04:58', '2025-09-17 06:04:58', NULL, '1', '1', '1', '0', NULL, NULL, '0'),
('19', '1', '1', 'Paneer Lababdar', NULL, 'Paneer Lababdar from our Indian Veg Curries selection.', 'veg', '293.32', '1', '1', '2025-09-17 06:04:58', '2025-09-17 06:04:58', NULL, '1', '1', '1', '0', NULL, NULL, '0'),
('20', '1', '1', 'Veg Jaipuri', NULL, 'Veg Jaipuri from our Indian Veg Curries selection.', 'veg', '180.91', '1', '1', '2025-09-17 06:04:58', '2025-09-17 06:04:58', NULL, '1', '1', '1', '0', NULL, NULL, '0'),
('21', '1', '1', 'Butter Chicken', NULL, 'Butter Chicken from our Indian Non-Veg Curries selection.', 'non-veg', '381.16', '1', '2', '2025-09-17 06:04:58', '2025-09-17 06:04:58', NULL, '1', '1', '1', '0', NULL, NULL, '0'),
('22', '1', '1', 'Chicken Tikka Masala', NULL, 'Chicken Tikka Masala from our Indian Non-Veg Curries selection.', 'non-veg', '359.63', '1', '2', '2025-09-17 06:04:58', '2025-09-17 06:04:58', NULL, '1', '1', '1', '0', NULL, NULL, '0'),
('23', '1', '1', 'Chicken Korma', NULL, 'Chicken Korma from our Indian Non-Veg Curries selection.', 'non-veg', '288.05', '1', '2', '2025-09-17 06:04:58', '2025-09-17 06:04:58', NULL, '1', '1', '1', '0', NULL, NULL, '0'),
('24', '1', '1', 'Chicken Curry Home Style', NULL, 'Chicken Curry Home Style from our Indian Non-Veg Curries selection.', 'non-veg', '251.10', '1', '2', '2025-09-17 06:04:58', '2025-09-17 06:04:58', NULL, '1', '1', '1', '0', NULL, NULL, '0'),
('25', '1', '1', 'Chicken Chettinad', NULL, 'Chicken Chettinad from our Indian Non-Veg Curries selection.', 'non-veg', '411.44', '1', '2', '2025-09-17 06:04:58', '2025-09-17 06:04:58', NULL, '1', '1', '1', '0', NULL, NULL, '0'),
('26', '1', '1', 'Chicken Handi', NULL, 'Chicken Handi from our Indian Non-Veg Curries selection.', 'non-veg', '287.32', '1', '2', '2025-09-17 06:04:58', '2025-09-17 06:04:58', NULL, '1', '1', '1', '0', NULL, NULL, '0'),
('27', '1', '1', 'Chicken Bhuna', NULL, 'Chicken Bhuna from our Indian Non-Veg Curries selection.', 'non-veg', '238.55', '1', '2', '2025-09-17 06:04:58', '2025-09-17 06:04:58', NULL, '1', '1', '1', '0', NULL, NULL, '0'),
('28', '1', '1', 'Mutton Rogan Josh', NULL, 'Mutton Rogan Josh from our Indian Non-Veg Curries selection.', 'non-veg', '239.34', '1', '2', '2025-09-17 06:04:58', '2025-09-17 06:04:58', NULL, '1', '1', '1', '0', NULL, NULL, '0'),
('29', '1', '1', 'Mutton Korma', NULL, 'Mutton Korma from our Indian Non-Veg Curries selection.', 'non-veg', '389.50', '1', '2', '2025-09-17 06:04:58', '2025-09-17 06:04:58', NULL, '1', '1', '1', '0', NULL, NULL, '0'),
('30', '1', '1', 'Mutton Bhuna', NULL, 'Mutton Bhuna from our Indian Non-Veg Curries selection.', 'non-veg', '340.75', '1', '2', '2025-09-17 06:04:58', '2025-09-17 06:04:58', NULL, '1', '1', '1', '0', NULL, NULL, '0'),
('31', '1', '1', 'Fish Curry Goan', NULL, 'Fish Curry Goan from our Indian Non-Veg Curries selection.', 'non-veg', '381.43', '1', '2', '2025-09-17 06:04:58', '2025-09-17 06:04:58', NULL, '1', '1', '1', '0', NULL, NULL, '0'),
('32', '1', '1', 'Fish Curry Bengali', NULL, 'Fish Curry Bengali from our Indian Non-Veg Curries selection.', 'non-veg', '365.95', '1', '2', '2025-09-17 06:04:58', '2025-09-17 06:04:58', NULL, '1', '1', '1', '0', NULL, NULL, '0'),
('33', '1', '1', 'Prawn Masala', NULL, 'Prawn Masala from our Indian Non-Veg Curries selection.', 'non-veg', '327.25', '1', '2', '2025-09-17 06:04:58', '2025-09-17 06:04:58', NULL, '1', '1', '1', '0', NULL, NULL, '0'),
('34', '1', '1', 'Egg Curry', NULL, 'Egg Curry from our Indian Non-Veg Curries selection.', 'egg', '414.62', '1', '2', '2025-09-17 06:04:58', '2025-09-17 06:04:58', NULL, '1', '1', '1', '0', NULL, NULL, '0'),
('35', '1', '1', 'Keema Matar', NULL, 'Keema Matar from our Indian Non-Veg Curries selection.', 'non-veg', '295.71', '1', '2', '2025-09-17 06:04:58', '2025-09-17 06:04:58', NULL, '1', '1', '1', '0', NULL, NULL, '0'),
('36', '1', '1', 'Chicken Saagwala', NULL, 'Chicken Saagwala from our Indian Non-Veg Curries selection.', 'non-veg', '330.41', '1', '2', '2025-09-17 06:04:58', '2025-09-17 06:04:58', NULL, '1', '1', '1', '0', NULL, NULL, '0'),
('37', '1', '1', 'Chicken Vindaloo', NULL, 'Chicken Vindaloo from our Indian Non-Veg Curries selection.', 'non-veg', '385.88', '1', '2', '2025-09-17 06:04:58', '2025-09-17 06:04:58', NULL, '1', '1', '1', '0', NULL, NULL, '0'),
('38', '1', '1', 'Chicken Do Pyaza', NULL, 'Chicken Do Pyaza from our Indian Non-Veg Curries selection.', 'non-veg', '343.70', '1', '2', '2025-09-17 06:04:58', '2025-09-17 06:04:58', NULL, '1', '1', '1', '0', NULL, NULL, '0'),
('39', '1', '1', 'Idli Sambar', NULL, 'Idli Sambar from our South Indian selection.', 'veg', '200.64', '1', '3', '2025-09-17 06:04:58', '2025-09-17 06:04:58', NULL, '1', '1', '1', '0', NULL, NULL, '0'),
('40', '1', '1', 'Medu Vada Sambar', NULL, 'Medu Vada Sambar from our South Indian selection.', 'veg', '160.83', '1', '3', '2025-09-17 06:04:58', '2025-09-17 06:04:58', NULL, '1', '1', '1', '0', NULL, NULL, '0'),
('41', '1', '1', 'Plain Dosa', NULL, 'Plain Dosa from our South Indian selection.', 'veg', '178.64', '1', '3', '2025-09-17 06:04:58', '2025-09-17 06:04:58', NULL, '1', '1', '1', '0', NULL, NULL, '0'),
('42', '1', '1', 'Masala Dosa', NULL, 'Masala Dosa from our South Indian selection.', 'veg', '86.42', '1', '3', '2025-09-17 06:04:58', '2025-09-17 06:04:58', NULL, '1', '1', '1', '0', NULL, NULL, '0'),
('43', '1', '1', 'Onion Rava Dosa', NULL, 'Onion Rava Dosa from our South Indian selection.', 'veg', '111.91', '1', '3', '2025-09-17 06:04:58', '2025-09-17 06:04:58', NULL, '1', '1', '1', '0', NULL, NULL, '0'),
('44', '1', '1', 'Mysore Masala Dosa', NULL, 'Mysore Masala Dosa from our South Indian selection.', 'veg', '120.51', '1', '3', '2025-09-17 06:04:58', '2025-09-17 06:04:58', NULL, '1', '1', '1', '0', NULL, NULL, '0'),
('45', '1', '1', 'Ghee Roast Dosa', NULL, 'Ghee Roast Dosa from our South Indian selection.', 'veg', '91.17', '1', '3', '2025-09-17 06:04:58', '2025-09-17 06:04:58', NULL, '1', '1', '1', '0', NULL, NULL, '0'),
('46', '1', '1', 'Paper Dosa', NULL, 'Paper Dosa from our South Indian selection.', 'veg', '112.59', '1', '3', '2025-09-17 06:04:58', '2025-09-17 06:04:58', NULL, '1', '1', '1', '0', NULL, NULL, '0'),
('47', '1', '1', 'Paneer Dosa', NULL, 'Paneer Dosa from our South Indian selection.', 'veg', '94.14', '1', '3', '2025-09-17 06:04:58', '2025-09-17 06:04:58', NULL, '1', '1', '1', '0', NULL, NULL, '0'),
('48', '1', '1', 'Cheese Dosa', NULL, 'Cheese Dosa from our South Indian selection.', 'veg', '118.92', '1', '3', '2025-09-17 06:04:58', '2025-09-17 06:04:58', NULL, '1', '1', '1', '0', NULL, NULL, '0'),
('49', '1', '1', 'Uttapam Onion', NULL, 'Uttapam Onion from our South Indian selection.', 'veg', '169.00', '1', '3', '2025-09-17 06:04:58', '2025-09-17 06:04:58', NULL, '1', '1', '1', '0', NULL, NULL, '0'),
('50', '1', '1', 'Uttapam Mix Veg', NULL, 'Uttapam Mix Veg from our South Indian selection.', 'veg', '131.08', '1', '3', '2025-09-17 06:04:58', '2025-09-17 06:04:58', NULL, '1', '1', '1', '0', NULL, NULL, '0'),
('51', '1', '1', 'Pongal', NULL, 'Pongal from our South Indian selection.', 'veg', '131.83', '1', '3', '2025-09-17 06:04:58', '2025-09-17 06:04:58', NULL, '1', '1', '1', '0', NULL, NULL, '0'),
('52', '1', '1', 'Curd Rice', NULL, 'Curd Rice from our South Indian selection.', 'veg', '109.33', '1', '3', '2025-09-17 06:04:58', '2025-09-17 06:04:58', NULL, '1', '1', '1', '0', NULL, NULL, '0'),
('53', '1', '1', 'Lemon Rice', NULL, 'Lemon Rice from our South Indian selection.', 'veg', '117.38', '1', '3', '2025-09-17 06:04:58', '2025-09-17 06:04:58', NULL, '1', '1', '1', '0', NULL, NULL, '0'),
('54', '1', '1', 'Tamarind Rice', NULL, 'Tamarind Rice from our South Indian selection.', 'veg', '211.13', '1', '3', '2025-09-17 06:04:58', '2025-09-17 06:04:58', NULL, '1', '1', '1', '0', NULL, NULL, '0'),
('55', '1', '1', 'Sambar Rice', NULL, 'Sambar Rice from our South Indian selection.', 'veg', '170.72', '1', '3', '2025-09-17 06:04:58', '2025-09-17 06:04:58', NULL, '1', '1', '1', '0', NULL, NULL, '0'),
('56', '1', '1', 'Rasam Rice', NULL, 'Rasam Rice from our South Indian selection.', 'veg', '165.28', '1', '3', '2025-09-17 06:04:58', '2025-09-17 06:04:58', NULL, '1', '1', '1', '0', NULL, NULL, '0'),
('57', '1', '1', 'Veg Biryani', NULL, 'Veg Biryani from our Biryani & Rice selection.', 'veg', '164.50', '1', '4', '2025-09-17 06:04:58', '2025-09-17 06:04:58', NULL, '1', '1', '1', '0', NULL, NULL, '0'),
('58', '1', '1', 'Paneer Biryani', NULL, 'Paneer Biryani from our Biryani & Rice selection.', 'veg', '309.57', '1', '4', '2025-09-17 06:04:58', '2025-09-17 06:04:58', NULL, '1', '1', '1', '0', NULL, NULL, '0'),
('59', '1', '1', 'Mushroom Biryani', NULL, 'Mushroom Biryani from our Biryani & Rice selection.', 'veg', '162.48', '1', '4', '2025-09-17 06:04:58', '2025-09-17 06:04:58', NULL, '1', '1', '1', '0', NULL, NULL, '0'),
('60', '1', '1', 'Hyderabadi Veg Biryani', NULL, 'Hyderabadi Veg Biryani from our Biryani & Rice selection.', 'veg', '218.66', '1', '4', '2025-09-17 06:04:58', '2025-09-17 06:04:58', NULL, '1', '1', '1', '0', NULL, NULL, '0'),
('61', '1', '1', 'Jeera Rice', NULL, 'Jeera Rice from our Biryani & Rice selection.', 'veg', '377.28', '1', '4', '2025-09-17 06:04:58', '2025-09-17 06:04:58', NULL, '1', '1', '1', '0', NULL, NULL, '0'),
('62', '1', '1', 'Peas Pulao', NULL, 'Peas Pulao from our Biryani & Rice selection.', 'veg', '286.40', '1', '4', '2025-09-17 06:04:58', '2025-09-17 06:04:58', NULL, '1', '1', '1', '0', NULL, NULL, '0'),
('63', '1', '1', 'Veg Fried Rice', NULL, 'Veg Fried Rice from our Biryani & Rice selection.', 'veg', '264.81', '1', '4', '2025-09-17 06:04:58', '2025-09-17 06:04:58', NULL, '1', '1', '1', '0', NULL, NULL, '0'),
('64', '1', '1', 'Curd Rice Tempered', NULL, 'Curd Rice Tempered from our Biryani & Rice selection.', 'veg', '298.00', '1', '4', '2025-09-17 06:04:58', '2025-09-17 06:04:58', NULL, '1', '1', '1', '0', NULL, NULL, '0'),
('65', '1', '1', 'Chicken Biryani', NULL, 'Chicken Biryani from our Biryani & Rice selection.', 'non-veg', '339.14', '1', '4', '2025-09-17 06:04:58', '2025-09-17 06:04:58', NULL, '1', '1', '1', '0', NULL, NULL, '0'),
('66', '1', '1', 'Chicken Dum Biryani', NULL, 'Chicken Dum Biryani from our Biryani & Rice selection.', 'non-veg', '321.76', '1', '4', '2025-09-17 06:04:58', '2025-09-17 06:04:58', NULL, '1', '1', '1', '0', NULL, NULL, '0'),
('67', '1', '1', 'Chicken Tikka Biryani', NULL, 'Chicken Tikka Biryani from our Biryani & Rice selection.', 'non-veg', '179.55', '1', '4', '2025-09-17 06:04:58', '2025-09-17 06:04:58', NULL, '1', '1', '1', '0', NULL, NULL, '0'),
('68', '1', '1', 'Mutton Biryani', NULL, 'Mutton Biryani from our Biryani & Rice selection.', 'non-veg', '128.35', '1', '4', '2025-09-17 06:04:58', '2025-09-17 06:04:58', NULL, '1', '1', '1', '0', NULL, NULL, '0'),
('69', '1', '1', 'Egg Biryani', NULL, 'Egg Biryani from our Biryani & Rice selection.', 'egg', '202.02', '1', '4', '2025-09-17 06:04:58', '2025-09-17 06:04:58', NULL, '1', '1', '1', '0', NULL, NULL, '0'),
('70', '1', '1', 'Egg Fried Rice', NULL, 'Egg Fried Rice from our Biryani & Rice selection.', 'egg', '189.61', '1', '4', '2025-09-17 06:04:58', '2025-09-17 06:04:58', NULL, '1', '1', '1', '0', NULL, NULL, '0'),
('71', '1', '1', 'Prawn Biryani', NULL, 'Prawn Biryani from our Biryani & Rice selection.', 'non-veg', '174.86', '1', '4', '2025-09-17 06:04:58', '2025-09-17 06:04:58', NULL, '1', '1', '1', '0', NULL, NULL, '0'),
('72', '1', '1', 'Fish Biryani', NULL, 'Fish Biryani from our Biryani & Rice selection.', 'non-veg', '365.16', '1', '4', '2025-09-17 06:04:58', '2025-09-17 06:04:58', NULL, '1', '1', '1', '0', NULL, NULL, '0'),
('73', '1', '1', 'Schezwan Fried Rice', NULL, 'Schezwan Fried Rice from our Biryani & Rice selection.', 'veg', '347.86', '1', '4', '2025-09-17 06:04:58', '2025-09-17 06:04:58', NULL, '1', '1', '1', '0', NULL, NULL, '0'),
('74', '1', '1', 'Brown Rice Plain', NULL, 'Brown Rice Plain from our Biryani & Rice selection.', 'veg', '201.82', '1', '4', '2025-09-17 06:04:58', '2025-09-17 06:04:58', NULL, '1', '1', '1', '0', NULL, NULL, '0'),
('75', '1', '1', 'Tandoori Roti', NULL, 'Tandoori Roti from our Indian Breads selection.', 'veg', '85.54', '1', '5', '2025-09-17 06:04:58', '2025-09-17 06:04:58', NULL, '1', '1', '1', '0', NULL, NULL, '0'),
('76', '1', '1', 'Butter Roti', NULL, 'Butter Roti from our Indian Breads selection.', 'veg', '59.56', '1', '5', '2025-09-17 06:04:58', '2025-09-17 06:04:58', NULL, '1', '1', '1', '0', NULL, NULL, '0'),
('77', '1', '1', 'Plain Naan', NULL, 'Plain Naan from our Indian Breads selection.', 'veg', '111.45', '1', '5', '2025-09-17 06:04:58', '2025-09-17 06:04:58', NULL, '1', '1', '1', '0', NULL, NULL, '0'),
('78', '1', '1', 'Butter Naan', NULL, 'Butter Naan from our Indian Breads selection.', 'veg', '65.89', '1', '5', '2025-09-17 06:04:58', '2025-09-17 06:04:58', NULL, '1', '1', '1', '0', NULL, NULL, '0'),
('79', '1', '1', 'Garlic Naan', NULL, 'Garlic Naan from our Indian Breads selection.', 'veg', '46.49', '1', '5', '2025-09-17 06:04:58', '2025-09-17 06:04:58', NULL, '1', '1', '1', '0', NULL, NULL, '0'),
('80', '1', '1', 'Lachha Paratha', NULL, 'Lachha Paratha from our Indian Breads selection.', 'veg', '44.66', '1', '5', '2025-09-17 06:04:58', '2025-09-17 06:04:58', NULL, '1', '1', '1', '0', NULL, NULL, '0'),
('81', '1', '1', 'Aloo Paratha', NULL, 'Aloo Paratha from our Indian Breads selection.', 'veg', '76.14', '1', '5', '2025-09-17 06:04:58', '2025-09-17 06:04:58', NULL, '1', '1', '1', '0', NULL, NULL, '0'),
('82', '1', '1', 'Paneer Paratha', NULL, 'Paneer Paratha from our Indian Breads selection.', 'veg', '46.27', '1', '5', '2025-09-17 06:04:58', '2025-09-17 06:04:58', NULL, '1', '1', '1', '0', NULL, NULL, '0'),
('83', '1', '1', 'Missi Roti', NULL, 'Missi Roti from our Indian Breads selection.', 'veg', '78.46', '1', '5', '2025-09-17 06:04:58', '2025-09-17 06:04:58', NULL, '1', '1', '1', '0', NULL, NULL, '0'),
('84', '1', '1', 'Stuffed Kulcha', NULL, 'Stuffed Kulcha from our Indian Breads selection.', 'veg', '109.78', '1', '5', '2025-09-17 06:04:58', '2025-09-17 06:04:58', NULL, '1', '1', '1', '0', NULL, NULL, '0'),
('85', '1', '1', 'Amritsari Kulcha', NULL, 'Amritsari Kulcha from our Indian Breads selection.', 'veg', '59.94', '1', '5', '2025-09-17 06:04:58', '2025-09-17 06:04:58', NULL, '1', '1', '1', '0', NULL, NULL, '0'),
('86', '1', '1', 'Roomali Roti', NULL, 'Roomali Roti from our Indian Breads selection.', 'veg', '41.93', '1', '5', '2025-09-17 06:04:58', '2025-09-17 06:04:58', NULL, '1', '1', '1', '0', NULL, NULL, '0'),
('87', '1', '1', 'Pani Puri', NULL, 'Pani Puri from our Chaat & Street Food selection.', 'veg', '219.61', '1', '6', '2025-09-17 06:04:58', '2025-09-17 06:04:58', NULL, '1', '1', '1', '0', NULL, NULL, '0'),
('88', '1', '1', 'Sev Puri', NULL, 'Sev Puri from our Chaat & Street Food selection.', 'veg', '141.52', '1', '6', '2025-09-17 06:04:58', '2025-09-17 06:04:58', NULL, '1', '1', '1', '0', NULL, NULL, '0'),
('89', '1', '1', 'Dahi Puri', NULL, 'Dahi Puri from our Chaat & Street Food selection.', 'veg', '74.55', '1', '6', '2025-09-17 06:04:58', '2025-09-17 06:04:58', NULL, '1', '1', '1', '0', NULL, NULL, '0'),
('90', '1', '1', 'Bhel Puri', NULL, 'Bhel Puri from our Chaat & Street Food selection.', 'veg', '67.54', '1', '6', '2025-09-17 06:04:58', '2025-09-17 06:04:58', NULL, '1', '1', '1', '0', NULL, NULL, '0'),
('91', '1', '1', 'Ragda Pattice', NULL, 'Ragda Pattice from our Chaat & Street Food selection.', 'veg', '77.54', '1', '6', '2025-09-17 06:04:58', '2025-09-17 06:04:58', NULL, '1', '1', '1', '0', NULL, NULL, '0'),
('92', '1', '1', 'Aloo Tikki Chaat', NULL, 'Aloo Tikki Chaat from our Chaat & Street Food selection.', 'veg', '160.39', '1', '6', '2025-09-17 06:04:58', '2025-09-17 06:04:58', NULL, '1', '1', '1', '0', NULL, NULL, '0'),
('93', '1', '1', 'Papdi Chaat', NULL, 'Papdi Chaat from our Chaat & Street Food selection.', 'veg', '186.73', '1', '6', '2025-09-17 06:04:58', '2025-09-17 06:04:58', NULL, '1', '1', '1', '0', NULL, NULL, '0'),
('94', '1', '1', 'Dahi Bhalla', NULL, 'Dahi Bhalla from our Chaat & Street Food selection.', 'veg', '127.55', '1', '6', '2025-09-17 06:04:58', '2025-09-17 06:04:58', NULL, '1', '1', '1', '0', NULL, NULL, '0'),
('95', '1', '1', 'Samosa Chaat', NULL, 'Samosa Chaat from our Chaat & Street Food selection.', 'veg', '70.16', '1', '6', '2025-09-17 06:04:58', '2025-09-17 06:04:58', NULL, '1', '1', '1', '0', NULL, NULL, '0'),
('96', '1', '1', 'Chole Bhature', NULL, 'Chole Bhature from our Chaat & Street Food selection.', 'veg', '121.06', '1', '6', '2025-09-17 06:04:58', '2025-09-17 06:04:58', NULL, '1', '1', '1', '0', NULL, NULL, '0'),
('97', '1', '1', 'Pav Bhaji', NULL, 'Pav Bhaji from our Chaat & Street Food selection.', 'veg', '219.38', '1', '6', '2025-09-17 06:04:58', '2025-09-17 06:04:58', NULL, '1', '1', '1', '0', NULL, NULL, '0'),
('98', '1', '1', 'Vada Pav', NULL, 'Vada Pav from our Chaat & Street Food selection.', 'veg', '144.66', '1', '6', '2025-09-17 06:04:58', '2025-09-17 06:04:58', NULL, '1', '1', '1', '0', NULL, NULL, '0'),
('99', '1', '1', 'Kathi Roll Paneer', NULL, 'Kathi Roll Paneer from our Chaat & Street Food selection.', 'veg', '215.37', '1', '6', '2025-09-17 06:04:58', '2025-09-17 06:04:58', NULL, '1', '1', '1', '0', NULL, NULL, '0'),
('100', '1', '1', 'Kathi Roll Chicken', NULL, 'Kathi Roll Chicken from our Chaat & Street Food selection.', 'non-veg', '197.72', '1', '6', '2025-09-17 06:04:58', '2025-09-17 06:04:58', NULL, '1', '1', '1', '0', NULL, NULL, '0'),
('101', '1', '1', 'Kachori Sabzi', NULL, 'Kachori Sabzi from our Chaat & Street Food selection.', 'veg', '61.84', '1', '6', '2025-09-17 06:04:58', '2025-09-17 06:04:58', NULL, '1', '1', '1', '0', NULL, NULL, '0'),
('102', '1', '1', 'Poha Jalebi', NULL, 'Poha Jalebi from our Chaat & Street Food selection.', 'veg', '175.32', '1', '6', '2025-09-17 06:04:58', '2025-09-17 06:04:58', NULL, '1', '1', '1', '0', NULL, NULL, '0'),
('103', '1', '1', 'Kanda Poha', NULL, 'Kanda Poha from our Chaat & Street Food selection.', 'veg', '169.07', '1', '6', '2025-09-17 06:04:58', '2025-09-17 06:04:58', NULL, '1', '1', '1', '0', NULL, NULL, '0'),
('104', '1', '1', 'Raj Kachori', NULL, 'Raj Kachori from our Chaat & Street Food selection.', 'veg', '145.92', '1', '6', '2025-09-17 06:04:58', '2025-09-17 06:04:58', NULL, '1', '1', '1', '0', NULL, NULL, '0'),
('105', '1', '1', 'Paneer Tikka', NULL, 'Paneer Tikka from our Tandoor & Kebabs selection.', 'veg', '237.38', '1', '7', '2025-09-17 06:04:58', '2025-09-17 06:04:58', NULL, '1', '1', '1', '0', NULL, NULL, '0'),
('106', '1', '1', 'Paneer Malai Tikka', NULL, 'Paneer Malai Tikka from our Tandoor & Kebabs selection.', 'veg', '345.88', '1', '7', '2025-09-17 06:04:58', '2025-09-17 06:04:58', NULL, '1', '1', '1', '0', NULL, NULL, '0'),
('107', '1', '1', 'Soya Chaap Tikka', NULL, 'Soya Chaap Tikka from our Tandoor & Kebabs selection.', 'veg', '192.35', '1', '7', '2025-09-17 06:04:58', '2025-09-17 06:04:58', NULL, '1', '1', '1', '0', NULL, NULL, '0'),
('108', '1', '1', 'Tandoori Aloo', NULL, 'Tandoori Aloo from our Tandoor & Kebabs selection.', 'veg', '286.08', '1', '7', '2025-09-17 06:04:58', '2025-09-17 06:04:58', NULL, '1', '1', '1', '0', NULL, NULL, '0'),
('109', '1', '1', 'Veg Seekh Kebab', NULL, 'Veg Seekh Kebab from our Tandoor & Kebabs selection.', 'veg', '291.58', '1', '7', '2025-09-17 06:04:58', '2025-09-17 06:04:58', NULL, '1', '1', '1', '0', NULL, NULL, '0'),
('110', '1', '1', 'Achari Paneer Tikka', NULL, 'Achari Paneer Tikka from our Tandoor & Kebabs selection.', 'veg', '436.61', '1', '7', '2025-09-17 06:04:58', '2025-09-17 06:04:58', NULL, '1', '1', '1', '0', NULL, NULL, '0'),
('111', '1', '1', 'Chicken Tikka', NULL, 'Chicken Tikka from our Tandoor & Kebabs selection.', 'non-veg', '414.00', '1', '7', '2025-09-17 06:04:58', '2025-09-17 06:04:58', NULL, '1', '1', '1', '0', NULL, NULL, '0'),
('112', '1', '1', 'Chicken Malai Tikka', NULL, 'Chicken Malai Tikka from our Tandoor & Kebabs selection.', 'non-veg', '236.38', '1', '7', '2025-09-17 06:04:58', '2025-09-17 06:04:58', NULL, '1', '1', '1', '0', NULL, NULL, '0'),
('113', '1', '1', 'Chicken Seekh Kebab', NULL, 'Chicken Seekh Kebab from our Tandoor & Kebabs selection.', 'non-veg', '305.17', '1', '7', '2025-09-17 06:04:58', '2025-09-17 06:04:58', NULL, '1', '1', '1', '0', NULL, NULL, '0'),
('114', '1', '1', 'Tandoori Chicken Half', NULL, 'Tandoori Chicken Half from our Tandoor & Kebabs selection.', 'non-veg', '211.81', '1', '7', '2025-09-17 06:04:58', '2025-09-17 06:04:58', NULL, '1', '1', '1', '0', NULL, NULL, '0'),
('115', '1', '1', 'Tandoori Chicken Full', NULL, 'Tandoori Chicken Full from our Tandoor & Kebabs selection.', 'non-veg', '424.66', '1', '7', '2025-09-17 06:04:58', '2025-09-17 06:04:58', NULL, '1', '1', '1', '0', NULL, NULL, '0'),
('116', '1', '1', 'Mutton Seekh Kebab', NULL, 'Mutton Seekh Kebab from our Tandoor & Kebabs selection.', 'non-veg', '412.45', '1', '7', '2025-09-17 06:04:58', '2025-09-17 06:04:58', NULL, '1', '1', '1', '0', NULL, NULL, '0'),
('117', '1', '1', 'Fish Tikka', NULL, 'Fish Tikka from our Tandoor & Kebabs selection.', 'non-veg', '246.55', '1', '7', '2025-09-17 06:04:58', '2025-09-17 06:04:58', NULL, '1', '1', '1', '0', NULL, NULL, '0'),
('118', '1', '1', 'Amritsari Fish Fry', NULL, 'Amritsari Fish Fry from our Tandoor & Kebabs selection.', 'non-veg', '345.30', '1', '7', '2025-09-17 06:04:58', '2025-09-17 06:04:58', NULL, '1', '1', '1', '0', NULL, NULL, '0'),
('119', '1', '1', 'Prawn Tandoori', NULL, 'Prawn Tandoori from our Tandoor & Kebabs selection.', 'non-veg', '336.60', '1', '7', '2025-09-17 06:04:58', '2025-09-17 06:04:58', NULL, '1', '1', '1', '0', NULL, NULL, '0'),
('120', '1', '1', 'Afghani Chicken', NULL, 'Afghani Chicken from our Tandoor & Kebabs selection.', 'non-veg', '204.32', '1', '7', '2025-09-17 06:04:58', '2025-09-17 06:04:58', NULL, '1', '1', '1', '0', NULL, NULL, '0'),
('121', '1', '1', 'Tangdi Kebab', NULL, 'Tangdi Kebab from our Tandoor & Kebabs selection.', 'non-veg', '381.13', '1', '7', '2025-09-17 06:04:58', '2025-09-17 06:04:58', NULL, '1', '1', '1', '0', NULL, NULL, '0'),
('122', '1', '1', 'Kalmi Kebab', NULL, 'Kalmi Kebab from our Tandoor & Kebabs selection.', 'non-veg', '316.42', '1', '7', '2025-09-17 06:04:58', '2025-09-17 06:04:58', NULL, '1', '1', '1', '0', NULL, NULL, '0'),
('123', '1', '1', 'Tandoori Broccoli', NULL, 'Tandoori Broccoli from our Tandoor & Kebabs selection.', 'veg', '385.80', '1', '7', '2025-09-17 06:04:58', '2025-09-17 06:04:58', NULL, '1', '1', '1', '0', NULL, NULL, '0'),
('124', '1', '1', 'Stuffed Mushroom Tikka', NULL, 'Stuffed Mushroom Tikka from our Tandoor & Kebabs selection.', 'veg', '313.80', '1', '7', '2025-09-17 06:04:58', '2025-09-17 06:04:58', NULL, '1', '1', '1', '0', NULL, NULL, '0'),
('125', '1', '1', 'Veg Manchurian Gravy', NULL, 'Veg Manchurian Gravy from our Indo-Chinese selection.', 'veg', '140.13', '1', '8', '2025-09-17 06:04:58', '2025-09-17 06:04:58', NULL, '1', '1', '1', '0', NULL, NULL, '0'),
('126', '1', '1', 'Veg Manchurian Dry', NULL, 'Veg Manchurian Dry from our Indo-Chinese selection.', 'veg', '211.31', '1', '8', '2025-09-17 06:04:58', '2025-09-17 06:04:58', NULL, '1', '1', '1', '0', NULL, NULL, '0'),
('127', '1', '1', 'Chilli Paneer Gravy', NULL, 'Chilli Paneer Gravy from our Indo-Chinese selection.', 'veg', '144.28', '1', '8', '2025-09-17 06:04:58', '2025-09-17 06:04:58', NULL, '1', '1', '1', '0', NULL, NULL, '0'),
('128', '1', '1', 'Chilli Paneer Dry', NULL, 'Chilli Paneer Dry from our Indo-Chinese selection.', 'veg', '344.40', '1', '8', '2025-09-17 06:04:58', '2025-09-17 06:04:58', NULL, '1', '1', '1', '0', NULL, NULL, '0'),
('129', '1', '1', 'Gobi Manchurian', NULL, 'Gobi Manchurian from our Indo-Chinese selection.', 'veg', '333.32', '1', '8', '2025-09-17 06:04:58', '2025-09-17 06:04:58', NULL, '1', '1', '1', '0', NULL, NULL, '0'),
('130', '1', '1', 'Chilli Mushroom', NULL, 'Chilli Mushroom from our Indo-Chinese selection.', 'veg', '322.97', '1', '8', '2025-09-17 06:04:58', '2025-09-17 06:04:58', NULL, '1', '1', '1', '0', NULL, NULL, '0'),
('131', '1', '1', 'Hakka Noodles Veg', NULL, 'Hakka Noodles Veg from our Indo-Chinese selection.', 'veg', '207.65', '1', '8', '2025-09-17 06:04:58', '2025-09-17 06:04:58', NULL, '1', '1', '1', '0', NULL, NULL, '0'),
('132', '1', '1', 'Schezwan Noodles Veg', NULL, 'Schezwan Noodles Veg from our Indo-Chinese selection.', 'veg', '152.74', '1', '8', '2025-09-17 06:04:58', '2025-09-17 06:04:58', NULL, '1', '1', '1', '0', NULL, NULL, '0'),
('133', '1', '1', 'Triple Schezwan Rice Veg', NULL, 'Triple Schezwan Rice Veg from our Indo-Chinese selection.', 'veg', '333.16', '1', '8', '2025-09-17 06:04:58', '2025-09-17 06:04:58', NULL, '1', '1', '1', '0', NULL, NULL, '0'),
('134', '1', '1', 'American Chopsuey Veg', NULL, 'American Chopsuey Veg from our Indo-Chinese selection.', 'veg', '348.33', '1', '8', '2025-09-17 06:04:58', '2025-09-17 06:04:58', NULL, '1', '1', '1', '0', NULL, NULL, '0'),
('135', '1', '1', 'Chicken Lollipop', NULL, 'Chicken Lollipop from our Indo-Chinese selection.', 'non-veg', '158.84', '1', '8', '2025-09-17 06:04:58', '2025-09-17 06:04:58', NULL, '1', '1', '1', '0', NULL, NULL, '0'),
('136', '1', '1', 'Chilli Chicken Gravy', NULL, 'Chilli Chicken Gravy from our Indo-Chinese selection.', 'non-veg', '246.92', '1', '8', '2025-09-17 06:04:58', '2025-09-17 06:04:58', NULL, '1', '1', '1', '0', NULL, NULL, '0'),
('137', '1', '1', 'Chilli Chicken Dry', NULL, 'Chilli Chicken Dry from our Indo-Chinese selection.', 'non-veg', '155.23', '1', '8', '2025-09-17 06:04:58', '2025-09-17 06:04:58', NULL, '1', '1', '1', '0', NULL, NULL, '0'),
('138', '1', '1', 'Hakka Noodles Chicken', NULL, 'Hakka Noodles Chicken from our Indo-Chinese selection.', 'non-veg', '307.33', '1', '8', '2025-09-17 06:04:58', '2025-09-17 06:04:58', NULL, '1', '1', '1', '0', NULL, NULL, '0'),
('139', '1', '1', 'Schezwan Noodles Chicken', NULL, 'Schezwan Noodles Chicken from our Indo-Chinese selection.', 'non-veg', '308.48', '1', '8', '2025-09-17 06:04:58', '2025-09-17 06:04:58', NULL, '1', '1', '1', '0', NULL, NULL, '0'),
('140', '1', '1', 'Egg Hakka Noodles', NULL, 'Egg Hakka Noodles from our Indo-Chinese selection.', 'egg', '168.25', '1', '8', '2025-09-17 06:04:58', '2025-09-17 06:04:58', NULL, '1', '1', '1', '0', NULL, NULL, '0'),
('141', '1', '1', 'Egg Schezwan Noodles', NULL, 'Egg Schezwan Noodles from our Indo-Chinese selection.', 'egg', '244.56', '1', '8', '2025-09-17 06:04:58', '2025-09-17 06:04:58', NULL, '1', '1', '1', '0', NULL, NULL, '0'),
('142', '1', '1', 'Egg Chilli Garlic Fried Rice', NULL, 'Egg Chilli Garlic Fried Rice from our Indo-Chinese selection.', 'egg', '260.96', '1', '8', '2025-09-17 06:04:58', '2025-09-17 06:04:58', NULL, '1', '1', '1', '0', NULL, NULL, '0'),
('143', '1', '1', 'Prawn Chilli Garlic', NULL, 'Prawn Chilli Garlic from our Indo-Chinese selection.', 'non-veg', '198.31', '1', '8', '2025-09-17 06:04:58', '2025-09-17 06:04:58', NULL, '1', '1', '1', '0', NULL, NULL, '0'),
('144', '1', '1', 'Fish Chilli Basil', NULL, 'Fish Chilli Basil from our Indo-Chinese selection.', 'non-veg', '331.94', '1', '8', '2025-09-17 06:04:58', '2025-09-17 06:04:58', NULL, '1', '1', '1', '0', NULL, NULL, '0'),
('145', '1', '1', 'Penne Arrabbiata', NULL, 'Penne Arrabbiata from our Continental & Pastas selection.', 'veg', '294.25', '1', '9', '2025-09-17 06:04:58', '2025-09-17 06:04:58', NULL, '1', '1', '1', '0', NULL, NULL, '0'),
('146', '1', '1', 'Penne Alfredo', NULL, 'Penne Alfredo from our Continental & Pastas selection.', 'veg', '237.19', '1', '9', '2025-09-17 06:04:58', '2025-09-17 06:04:58', NULL, '1', '1', '1', '0', NULL, NULL, '0'),
('147', '1', '1', 'Spaghetti Aglio e Olio', NULL, 'Spaghetti Aglio e Olio from our Continental & Pastas selection.', 'veg', '325.61', '1', '9', '2025-09-17 06:04:58', '2025-09-17 06:04:58', NULL, '1', '1', '1', '0', NULL, NULL, '0'),
('148', '1', '1', 'Spaghetti Pomodoro', NULL, 'Spaghetti Pomodoro from our Continental & Pastas selection.', 'veg', '377.08', '1', '9', '2025-09-17 06:04:58', '2025-09-17 06:04:58', NULL, '1', '1', '1', '0', NULL, NULL, '0'),
('149', '1', '1', 'Fusilli Pesto', NULL, 'Fusilli Pesto from our Continental & Pastas selection.', 'veg', '234.31', '1', '9', '2025-09-17 06:04:58', '2025-09-17 06:04:58', NULL, '1', '1', '1', '0', NULL, NULL, '0'),
('150', '1', '1', 'Mac and Cheese', NULL, 'Mac and Cheese from our Continental & Pastas selection.', 'veg', '264.16', '1', '9', '2025-09-17 06:04:58', '2025-09-17 06:04:58', NULL, '1', '1', '1', '0', NULL, NULL, '0'),
('151', '1', '1', 'Veg Lasagna', NULL, 'Veg Lasagna from our Continental & Pastas selection.', 'veg', '448.69', '1', '9', '2025-09-17 06:04:58', '2025-09-17 06:04:58', NULL, '1', '1', '1', '0', NULL, NULL, '0'),
('152', '1', '1', 'Grilled Cottage Cheese Steak', NULL, 'Grilled Cottage Cheese Steak from our Continental & Pastas selection.', 'veg', '355.47', '1', '9', '2025-09-17 06:04:58', '2025-09-17 06:04:58', NULL, '1', '1', '1', '0', NULL, NULL, '0'),
('153', '1', '1', 'Sauteed Vegetables Plate', NULL, 'Sauteed Vegetables Plate from our Continental & Pastas selection.', 'veg', '298.29', '1', '9', '2025-09-17 06:04:58', '2025-09-17 06:04:58', NULL, '1', '1', '1', '0', NULL, NULL, '0'),
('154', '1', '1', 'Herb Rice with Veggies', NULL, 'Herb Rice with Veggies from our Continental & Pastas selection.', 'veg', '319.75', '1', '9', '2025-09-17 06:04:58', '2025-09-17 06:04:58', NULL, '1', '1', '1', '0', NULL, NULL, '0'),
('155', '1', '1', 'Chicken Alfredo Pasta', NULL, 'Chicken Alfredo Pasta from our Continental & Pastas selection.', 'non-veg', '212.67', '1', '9', '2025-09-17 06:04:58', '2025-09-17 06:04:58', NULL, '1', '1', '1', '0', NULL, NULL, '0'),
('156', '1', '1', 'Chicken Arrabbiata Pasta', NULL, 'Chicken Arrabbiata Pasta from our Continental & Pastas selection.', 'non-veg', '240.67', '1', '9', '2025-09-17 06:04:58', '2025-09-17 06:04:58', NULL, '1', '1', '1', '0', NULL, NULL, '0'),
('157', '1', '1', 'Grilled Chicken Breast', NULL, 'Grilled Chicken Breast from our Continental & Pastas selection.', 'non-veg', '271.28', '1', '9', '2025-09-17 06:04:58', '2025-09-17 06:04:58', NULL, '1', '1', '1', '0', NULL, NULL, '0'),
('158', '1', '1', 'Chicken Stroganoff', NULL, 'Chicken Stroganoff from our Continental & Pastas selection.', 'non-veg', '338.84', '1', '9', '2025-09-17 06:04:58', '2025-09-17 06:04:58', NULL, '1', '1', '1', '0', NULL, NULL, '0'),
('159', '1', '1', 'Fish and Chips', NULL, 'Fish and Chips from our Continental & Pastas selection.', 'non-veg', '242.13', '1', '9', '2025-09-17 06:04:58', '2025-09-17 06:04:58', NULL, '1', '1', '1', '0', NULL, NULL, '0'),
('160', '1', '1', 'Herb-Grilled Fish Fillet', NULL, 'Herb-Grilled Fish Fillet from our Continental & Pastas selection.', 'non-veg', '239.46', '1', '9', '2025-09-17 06:04:58', '2025-09-17 06:04:58', NULL, '1', '1', '1', '0', NULL, NULL, '0'),
('161', '1', '1', 'Chicken Caesar Salad', NULL, 'Chicken Caesar Salad from our Continental & Pastas selection.', 'non-veg', '199.17', '1', '9', '2025-09-17 06:04:58', '2025-09-17 06:04:58', NULL, '1', '1', '1', '0', NULL, NULL, '0'),
('162', '1', '1', 'Greek Salad', NULL, 'Greek Salad from our Continental & Pastas selection.', 'veg', '350.40', '1', '9', '2025-09-17 06:04:58', '2025-09-17 06:04:58', NULL, '1', '1', '1', '0', NULL, NULL, '0'),
('163', '1', '1', 'Mushroom Risotto', NULL, 'Mushroom Risotto from our Continental & Pastas selection.', 'veg', '241.81', '1', '9', '2025-09-17 06:04:58', '2025-09-17 06:04:58', NULL, '1', '1', '1', '0', NULL, NULL, '0'),
('164', '1', '1', 'Chicken Risotto', NULL, 'Chicken Risotto from our Continental & Pastas selection.', 'non-veg', '424.46', '1', '9', '2025-09-17 06:04:58', '2025-09-17 06:04:58', NULL, '1', '1', '1', '0', NULL, NULL, '0'),
('165', '1', '1', 'Margherita Pizza Personal', NULL, 'Margherita Pizza Personal from our Pizzas selection.', 'veg', '546.66', '1', '10', '2025-09-17 06:04:58', '2025-09-17 06:04:58', NULL, '1', '1', '1', '0', NULL, NULL, '0'),
('166', '1', '1', 'Margherita Pizza Medium', NULL, 'Margherita Pizza Medium from our Pizzas selection.', 'veg', '246.93', '1', '10', '2025-09-17 06:04:58', '2025-09-17 06:04:58', NULL, '1', '1', '1', '0', NULL, NULL, '0'),
('167', '1', '1', 'Farmhouse Pizza Personal', NULL, 'Farmhouse Pizza Personal from our Pizzas selection.', 'veg', '310.44', '1', '10', '2025-09-17 06:04:58', '2025-09-17 06:04:58', NULL, '1', '1', '1', '0', NULL, NULL, '0'),
('168', '1', '1', 'Farmhouse Pizza Medium', NULL, 'Farmhouse Pizza Medium from our Pizzas selection.', 'veg', '474.21', '1', '10', '2025-09-17 06:04:58', '2025-09-17 06:04:58', NULL, '1', '1', '1', '0', NULL, NULL, '0'),
('169', '1', '1', 'Veggie Supreme Pizza Personal', NULL, 'Veggie Supreme Pizza Personal from our Pizzas selection.', 'veg', '301.41', '1', '10', '2025-09-17 06:04:58', '2025-09-17 06:04:58', NULL, '1', '1', '1', '0', NULL, NULL, '0'),
('170', '1', '1', 'Veggie Supreme Pizza Medium', NULL, 'Veggie Supreme Pizza Medium from our Pizzas selection.', 'veg', '270.28', '1', '10', '2025-09-17 06:04:58', '2025-09-17 06:04:58', NULL, '1', '1', '1', '0', NULL, NULL, '0'),
('171', '1', '1', 'Paneer Tikka Pizza Personal', NULL, 'Paneer Tikka Pizza Personal from our Pizzas selection.', 'veg', '575.50', '1', '10', '2025-09-17 06:04:58', '2025-09-17 06:04:58', NULL, '1', '1', '1', '0', NULL, NULL, '0'),
('172', '1', '1', 'Paneer Tikka Pizza Medium', NULL, 'Paneer Tikka Pizza Medium from our Pizzas selection.', 'veg', '437.00', '1', '10', '2025-09-17 06:04:58', '2025-09-17 06:04:58', NULL, '1', '1', '1', '0', NULL, NULL, '0'),
('173', '1', '1', 'Corn & Cheese Pizza Personal', NULL, 'Corn & Cheese Pizza Personal from our Pizzas selection.', 'veg', '399.61', '1', '10', '2025-09-17 06:04:58', '2025-09-17 06:04:58', NULL, '1', '1', '1', '0', NULL, NULL, '0'),
('174', '1', '1', 'Corn & Cheese Pizza Medium', NULL, 'Corn & Cheese Pizza Medium from our Pizzas selection.', 'veg', '518.16', '1', '10', '2025-09-17 06:04:58', '2025-09-17 06:04:58', NULL, '1', '1', '1', '0', NULL, NULL, '0'),
('175', '1', '1', 'Pepperoni Pizza Personal', NULL, 'Pepperoni Pizza Personal from our Pizzas selection.', 'non-veg', '526.85', '1', '10', '2025-09-17 06:04:58', '2025-09-17 06:04:58', NULL, '1', '1', '1', '0', NULL, NULL, '0'),
('176', '1', '1', 'Pepperoni Pizza Medium', NULL, 'Pepperoni Pizza Medium from our Pizzas selection.', 'non-veg', '292.36', '1', '10', '2025-09-17 06:04:58', '2025-09-17 06:04:58', NULL, '1', '1', '1', '0', NULL, NULL, '0'),
('177', '1', '1', 'BBQ Chicken Pizza Personal', NULL, 'BBQ Chicken Pizza Personal from our Pizzas selection.', 'non-veg', '256.83', '1', '10', '2025-09-17 06:04:58', '2025-09-17 06:04:58', NULL, '1', '1', '1', '0', NULL, NULL, '0'),
('178', '1', '1', 'BBQ Chicken Pizza Medium', NULL, 'BBQ Chicken Pizza Medium from our Pizzas selection.', 'non-veg', '383.80', '1', '10', '2025-09-17 06:04:58', '2025-09-17 06:04:58', NULL, '1', '1', '1', '0', NULL, NULL, '0'),
('179', '1', '1', 'Chicken Tikka Pizza Personal', NULL, 'Chicken Tikka Pizza Personal from our Pizzas selection.', 'non-veg', '380.96', '1', '10', '2025-09-17 06:04:58', '2025-09-17 06:04:58', NULL, '1', '1', '1', '0', NULL, NULL, '0'),
('180', '1', '1', 'Chicken Tikka Pizza Medium', NULL, 'Chicken Tikka Pizza Medium from our Pizzas selection.', 'non-veg', '397.47', '1', '10', '2025-09-17 06:04:58', '2025-09-17 06:04:58', NULL, '1', '1', '1', '0', NULL, NULL, '0'),
('181', '1', '1', 'Four Cheese Pizza Medium', NULL, 'Four Cheese Pizza Medium from our Pizzas selection.', 'veg', '497.05', '1', '10', '2025-09-17 06:04:58', '2025-09-17 06:04:58', NULL, '1', '1', '1', '0', NULL, NULL, '0'),
('182', '1', '1', 'Mexican Green Wave Pizza Medium', NULL, 'Mexican Green Wave Pizza Medium from our Pizzas selection.', 'veg', '475.88', '1', '10', '2025-09-17 06:04:58', '2025-09-17 06:04:58', NULL, '1', '1', '1', '0', NULL, NULL, '0'),
('183', '1', '1', 'Peri Peri Paneer Pizza Medium', NULL, 'Peri Peri Paneer Pizza Medium from our Pizzas selection.', 'veg', '593.98', '1', '10', '2025-09-17 06:04:58', '2025-09-17 06:04:58', NULL, '1', '1', '1', '0', NULL, NULL, '0'),
('184', '1', '1', 'Tandoori Chicken Pizza Medium', NULL, 'Tandoori Chicken Pizza Medium from our Pizzas selection.', 'non-veg', '257.40', '1', '10', '2025-09-17 06:04:58', '2025-09-17 06:04:58', NULL, '1', '1', '1', '0', NULL, NULL, '0'),
('185', '1', '1', 'Garden Fresh Pizza Thin Crust', NULL, 'Garden Fresh Pizza Thin Crust from our Pizzas selection.', 'veg', '373.00', '1', '10', '2025-09-17 06:04:58', '2025-09-17 06:04:58', NULL, '1', '1', '1', '0', NULL, NULL, '0'),
('186', '1', '1', 'Smoked Chicken Pizza Thin Crust', NULL, 'Smoked Chicken Pizza Thin Crust from our Pizzas selection.', 'non-veg', '348.93', '1', '10', '2025-09-17 06:04:58', '2025-09-17 06:04:58', NULL, '1', '1', '1', '0', NULL, NULL, '0'),
('187', '1', '1', 'Classic Veg Burger', NULL, 'Classic Veg Burger from our Burgers & Sandwiches selection.', 'veg', '344.03', '1', '11', '2025-09-17 06:04:58', '2025-09-17 06:04:58', NULL, '1', '1', '1', '0', NULL, NULL, '0'),
('188', '1', '1', 'Cheese Veg Burger', NULL, 'Cheese Veg Burger from our Burgers & Sandwiches selection.', 'veg', '184.65', '1', '11', '2025-09-17 06:04:58', '2025-09-17 06:04:58', NULL, '1', '1', '1', '0', NULL, NULL, '0'),
('189', '1', '1', 'Crispy Paneer Burger', NULL, 'Crispy Paneer Burger from our Burgers & Sandwiches selection.', 'veg', '169.45', '1', '11', '2025-09-17 06:04:58', '2025-09-17 06:04:58', NULL, '1', '1', '1', '0', NULL, NULL, '0'),
('190', '1', '1', 'Aloo Tikki Burger', NULL, 'Aloo Tikki Burger from our Burgers & Sandwiches selection.', 'veg', '236.64', '1', '11', '2025-09-17 06:04:58', '2025-09-17 06:04:58', NULL, '1', '1', '1', '0', NULL, NULL, '0'),
('191', '1', '1', 'Mexican Veg Burger', NULL, 'Mexican Veg Burger from our Burgers & Sandwiches selection.', 'veg', '229.69', '1', '11', '2025-09-17 06:04:58', '2025-09-17 06:04:58', NULL, '1', '1', '1', '0', NULL, NULL, '0'),
('192', '1', '1', 'Grilled Veg Sandwich', NULL, 'Grilled Veg Sandwich from our Burgers & Sandwiches selection.', 'veg', '192.42', '1', '11', '2025-09-17 06:04:58', '2025-09-17 06:04:58', NULL, '1', '1', '1', '0', NULL, NULL, '0'),
('193', '1', '1', 'Bombay Masala Sandwich', NULL, 'Bombay Masala Sandwich from our Burgers & Sandwiches selection.', 'veg', '184.95', '1', '11', '2025-09-17 06:04:58', '2025-09-17 06:04:58', NULL, '1', '1', '1', '0', NULL, NULL, '0'),
('194', '1', '1', 'Paneer Tikka Sandwich', NULL, 'Paneer Tikka Sandwich from our Burgers & Sandwiches selection.', 'veg', '360.05', '1', '11', '2025-09-17 06:04:58', '2025-09-17 06:04:58', NULL, '1', '1', '1', '0', NULL, NULL, '0'),
('195', '1', '1', 'Club Sandwich Veg', NULL, 'Club Sandwich Veg from our Burgers & Sandwiches selection.', 'veg', '235.21', '1', '11', '2025-09-17 06:04:58', '2025-09-17 06:04:58', NULL, '1', '1', '1', '0', NULL, NULL, '0'),
('196', '1', '1', 'Chicken Burger Classic', NULL, 'Chicken Burger Classic from our Burgers & Sandwiches selection.', 'non-veg', '343.95', '1', '11', '2025-09-17 06:04:58', '2025-09-17 06:04:58', NULL, '1', '1', '1', '0', NULL, NULL, '0'),
('197', '1', '1', 'Chicken Burger Spicy', NULL, 'Chicken Burger Spicy from our Burgers & Sandwiches selection.', 'non-veg', '263.08', '1', '11', '2025-09-17 06:04:58', '2025-09-17 06:04:58', NULL, '1', '1', '1', '0', NULL, NULL, '0'),
('198', '1', '1', 'BBQ Chicken Burger', NULL, 'BBQ Chicken Burger from our Burgers & Sandwiches selection.', 'non-veg', '133.15', '1', '11', '2025-09-17 06:04:58', '2025-09-17 06:04:58', NULL, '1', '1', '1', '0', NULL, NULL, '0'),
('199', '1', '1', 'Crispy Chicken Burger', NULL, 'Crispy Chicken Burger from our Burgers & Sandwiches selection.', 'non-veg', '379.81', '1', '11', '2025-09-17 06:04:58', '2025-09-17 06:04:58', NULL, '1', '1', '1', '0', NULL, NULL, '0'),
('200', '1', '1', 'Peri Peri Chicken Burger', NULL, 'Peri Peri Chicken Burger from our Burgers & Sandwiches selection.', 'non-veg', '337.37', '1', '11', '2025-09-17 06:04:58', '2025-09-17 06:04:58', NULL, '1', '1', '1', '0', NULL, NULL, '0'),
('201', '1', '1', 'Egg Mayo Sandwich', NULL, 'Egg Mayo Sandwich from our Burgers & Sandwiches selection.', 'egg', '371.94', '1', '11', '2025-09-17 06:04:58', '2025-09-17 06:04:58', NULL, '1', '1', '1', '0', NULL, NULL, '0'),
('202', '1', '1', 'Chicken Club Sandwich', NULL, 'Chicken Club Sandwich from our Burgers & Sandwiches selection.', 'non-veg', '360.86', '1', '11', '2025-09-17 06:04:58', '2025-09-17 06:04:58', NULL, '1', '1', '1', '0', NULL, NULL, '0'),
('203', '1', '1', 'Tuna Sandwich', NULL, 'Tuna Sandwich from our Burgers & Sandwiches selection.', 'non-veg', '340.66', '1', '11', '2025-09-17 06:04:58', '2025-09-17 06:04:58', NULL, '1', '1', '1', '0', NULL, NULL, '0'),
('204', '1', '1', 'Grilled Chicken Sandwich', NULL, 'Grilled Chicken Sandwich from our Burgers & Sandwiches selection.', 'non-veg', '163.24', '1', '11', '2025-09-17 06:04:58', '2025-09-17 06:04:58', NULL, '1', '1', '1', '0', NULL, NULL, '0'),
('205', '1', '1', 'Double Patty Veg Burger', NULL, 'Double Patty Veg Burger from our Burgers & Sandwiches selection.', 'veg', '246.27', '1', '11', '2025-09-17 06:04:58', '2025-09-17 06:04:58', NULL, '1', '1', '1', '0', NULL, NULL, '0'),
('206', '1', '1', 'Paneer Kathi Roll', NULL, 'Paneer Kathi Roll from our Burgers & Sandwiches selection.', 'veg', '175.57', '1', '11', '2025-09-17 06:04:58', '2025-09-17 06:04:58', NULL, '1', '1', '1', '0', NULL, NULL, '0'),
('207', '1', '1', 'Chicken Kathi Roll', NULL, 'Chicken Kathi Roll from our Burgers & Sandwiches selection.', 'non-veg', '224.27', '1', '11', '2025-09-17 06:04:58', '2025-09-17 06:04:58', NULL, '1', '1', '1', '0', NULL, NULL, '0'),
('208', '1', '1', 'Egg Kathi Roll', NULL, 'Egg Kathi Roll from our Burgers & Sandwiches selection.', 'egg', '135.25', '1', '11', '2025-09-17 06:04:58', '2025-09-17 06:04:58', NULL, '1', '1', '1', '0', NULL, NULL, '0'),
('209', '1', '1', 'Gulab Jamun', NULL, 'Gulab Jamun from our Desserts selection.', 'veg', '148.22', '1', '12', '2025-09-17 06:04:58', '2025-09-17 06:04:58', NULL, '1', '1', '1', '0', NULL, NULL, '0'),
('210', '1', '1', 'Rasmalai', NULL, 'Rasmalai from our Desserts selection.', 'veg', '257.36', '1', '12', '2025-09-17 06:04:58', '2025-09-17 06:04:58', NULL, '1', '1', '1', '0', NULL, NULL, '0'),
('211', '1', '1', 'Rasgulla', NULL, 'Rasgulla from our Desserts selection.', 'veg', '127.74', '1', '12', '2025-09-17 06:04:58', '2025-09-17 06:04:58', NULL, '1', '1', '1', '0', NULL, NULL, '0'),
('212', '1', '1', 'Jalebi', NULL, 'Jalebi from our Desserts selection.', 'veg', '221.13', '1', '12', '2025-09-17 06:04:58', '2025-09-17 06:04:58', NULL, '1', '1', '1', '0', NULL, NULL, '0'),
('213', '1', '1', 'Gajar Halwa', NULL, 'Gajar Halwa from our Desserts selection.', 'veg', '161.90', '1', '12', '2025-09-17 06:04:58', '2025-09-17 06:04:58', NULL, '1', '1', '1', '0', NULL, NULL, '0'),
('214', '1', '1', 'Moong Dal Halwa', NULL, 'Moong Dal Halwa from our Desserts selection.', 'veg', '156.14', '1', '12', '2025-09-17 06:04:58', '2025-09-17 06:04:58', NULL, '1', '1', '1', '0', NULL, NULL, '0'),
('215', '1', '1', 'Kheer', NULL, 'Kheer from our Desserts selection.', 'veg', '252.32', '1', '12', '2025-09-17 06:04:58', '2025-09-17 06:04:58', NULL, '1', '1', '1', '0', NULL, NULL, '0'),
('216', '1', '1', 'Phirni', NULL, 'Phirni from our Desserts selection.', 'veg', '259.18', '1', '12', '2025-09-17 06:04:58', '2025-09-17 06:04:58', NULL, '1', '1', '1', '0', NULL, NULL, '0'),
('217', '1', '1', 'Kulfi Malai', NULL, 'Kulfi Malai from our Desserts selection.', 'veg', '180.04', '1', '12', '2025-09-17 06:04:58', '2025-09-17 06:04:58', NULL, '1', '1', '1', '0', NULL, NULL, '0'),
('218', '1', '1', 'Kulfi Pista', NULL, 'Kulfi Pista from our Desserts selection.', 'veg', '209.31', '1', '12', '2025-09-17 06:04:58', '2025-09-17 06:04:58', NULL, '1', '1', '1', '0', NULL, NULL, '0'),
('219', '1', '1', 'Matka Kulfi', NULL, 'Matka Kulfi from our Desserts selection.', 'veg', '107.86', '1', '12', '2025-09-17 06:04:58', '2025-09-17 06:04:58', NULL, '1', '1', '1', '0', NULL, NULL, '0'),
('220', '1', '1', 'Ice Cream Vanilla Scoop', NULL, 'Ice Cream Vanilla Scoop from our Desserts selection.', 'veg', '133.41', '1', '12', '2025-09-17 06:04:58', '2025-09-17 06:04:58', NULL, '1', '1', '1', '0', NULL, NULL, '0'),
('221', '1', '1', 'Ice Cream Chocolate Scoop', NULL, 'Ice Cream Chocolate Scoop from our Desserts selection.', 'veg', '254.37', '1', '12', '2025-09-17 06:04:58', '2025-09-17 06:04:58', NULL, '1', '1', '1', '0', NULL, NULL, '0'),
('222', '1', '1', 'Brownie with Ice Cream', NULL, 'Brownie with Ice Cream from our Desserts selection.', 'veg', '184.25', '1', '12', '2025-09-17 06:04:58', '2025-09-17 06:04:58', NULL, '1', '1', '1', '0', NULL, NULL, '0'),
('223', '1', '1', 'Sizzling Brownie', NULL, 'Sizzling Brownie from our Desserts selection.', 'veg', '177.60', '1', '12', '2025-09-17 06:04:58', '2025-09-17 06:04:58', NULL, '1', '1', '1', '0', NULL, NULL, '0'),
('224', '1', '1', 'Cheesecake Blueberry', NULL, 'Cheesecake Blueberry from our Desserts selection.', 'veg', '214.64', '1', '12', '2025-09-17 06:04:58', '2025-09-17 06:04:58', NULL, '1', '1', '1', '0', NULL, NULL, '0'),
('225', '1', '1', 'Tiramisu', NULL, 'Tiramisu from our Desserts selection.', 'veg', '90.29', '1', '12', '2025-09-17 06:04:58', '2025-09-17 06:04:58', NULL, '1', '1', '1', '0', NULL, NULL, '0'),
('226', '1', '1', 'Caramel Custard', NULL, 'Caramel Custard from our Desserts selection.', 'egg', '185.15', '1', '12', '2025-09-17 06:04:58', '2025-09-17 06:04:58', NULL, '1', '1', '1', '0', NULL, NULL, '0'),
('227', '1', '1', 'Apple Pie', NULL, 'Apple Pie from our Desserts selection.', 'veg', '170.51', '1', '12', '2025-09-17 06:04:58', '2025-09-17 06:04:58', NULL, '1', '1', '1', '0', NULL, NULL, '0'),
('228', '1', '1', 'Mysore Pak', NULL, 'Mysore Pak from our Desserts selection.', 'veg', '233.49', '1', '12', '2025-09-17 06:04:58', '2025-09-17 06:04:58', NULL, '1', '1', '1', '0', NULL, NULL, '0'),
('229', '1', '1', 'Shrikhand', NULL, 'Shrikhand from our Desserts selection.', 'veg', '108.34', '1', '12', '2025-09-17 06:04:58', '2025-09-17 06:04:58', NULL, '1', '1', '1', '0', NULL, NULL, '0'),
('230', '1', '1', 'Masala Chai', NULL, 'Masala Chai from our Beverages selection.', 'veg', '213.33', '1', '13', '2025-09-17 06:04:58', '2025-09-17 06:04:58', NULL, '1', '1', '1', '0', NULL, NULL, '0'),
('231', '1', '1', 'Ginger Tea', NULL, 'Ginger Tea from our Beverages selection.', 'veg', '63.62', '1', '13', '2025-09-17 06:04:58', '2025-09-17 06:04:58', NULL, '1', '1', '1', '0', NULL, NULL, '0'),
('232', '1', '1', 'Filter Coffee', NULL, 'Filter Coffee from our Beverages selection.', 'veg', '81.59', '1', '13', '2025-09-17 06:04:58', '2025-09-17 06:04:58', NULL, '1', '1', '1', '0', NULL, NULL, '0'),
('233', '1', '1', 'Cold Coffee Classic', NULL, 'Cold Coffee Classic from our Beverages selection.', 'veg', '151.16', '1', '13', '2025-09-17 06:04:58', '2025-09-17 06:04:58', NULL, '1', '1', '1', '0', NULL, NULL, '0'),
('234', '1', '1', 'Cold Coffee Frappe', NULL, 'Cold Coffee Frappe from our Beverages selection.', 'veg', '164.79', '1', '13', '2025-09-17 06:04:58', '2025-09-17 06:04:58', NULL, '1', '1', '1', '0', NULL, NULL, '0'),
('235', '1', '1', 'Iced Tea Lemon', NULL, 'Iced Tea Lemon from our Beverages selection.', 'veg', '89.98', '1', '13', '2025-09-17 06:04:58', '2025-09-17 06:04:58', NULL, '1', '1', '1', '0', NULL, NULL, '0'),
('236', '1', '1', 'Iced Tea Peach', NULL, 'Iced Tea Peach from our Beverages selection.', 'veg', '70.38', '1', '13', '2025-09-17 06:04:58', '2025-09-17 06:04:58', NULL, '1', '1', '1', '0', NULL, NULL, '0'),
('237', '1', '1', 'Fresh Lime Soda Sweet', NULL, 'Fresh Lime Soda Sweet from our Beverages selection.', 'veg', '201.35', '1', '13', '2025-09-17 06:04:58', '2025-09-17 06:04:58', NULL, '1', '1', '1', '0', NULL, NULL, '0'),
('238', '1', '1', 'Fresh Lime Soda Salted', NULL, 'Fresh Lime Soda Salted from our Beverages selection.', 'veg', '91.86', '1', '13', '2025-09-17 06:04:58', '2025-09-17 06:04:58', NULL, '1', '1', '1', '0', NULL, NULL, '0'),
('239', '1', '1', 'Sweet Lassi', NULL, 'Sweet Lassi from our Beverages selection.', 'veg', '151.07', '1', '13', '2025-09-17 06:04:58', '2025-09-17 06:04:58', NULL, '1', '1', '1', '0', NULL, NULL, '0'),
('240', '1', '1', 'Salted Lassi', NULL, 'Salted Lassi from our Beverages selection.', 'veg', '155.29', '1', '13', '2025-09-17 06:04:58', '2025-09-17 06:04:58', NULL, '1', '1', '1', '0', NULL, NULL, '0'),
('241', '1', '1', 'Mango Lassi', NULL, 'Mango Lassi from our Beverages selection.', 'veg', '121.27', '1', '13', '2025-09-17 06:04:58', '2025-09-17 06:04:58', NULL, '1', '1', '1', '0', NULL, NULL, '0'),
('242', '1', '1', 'Buttermilk Chaas', NULL, 'Buttermilk Chaas from our Beverages selection.', 'veg', '149.22', '1', '13', '2025-09-17 06:04:58', '2025-09-17 06:04:58', NULL, '1', '1', '1', '0', NULL, NULL, '0'),
('243', '1', '1', 'Thandai', NULL, 'Thandai from our Beverages selection.', 'veg', '138.87', '1', '13', '2025-09-17 06:04:58', '2025-09-17 06:04:58', NULL, '1', '1', '1', '0', NULL, NULL, '0'),
('244', '1', '1', 'Badam Milk', NULL, 'Badam Milk from our Beverages selection.', 'veg', '208.90', '1', '13', '2025-09-17 06:04:58', '2025-09-17 06:04:58', NULL, '1', '1', '1', '0', NULL, NULL, '0'),
('245', '1', '1', 'Watermelon Juice', NULL, 'Watermelon Juice from our Beverages selection.', 'veg', '84.72', '1', '13', '2025-09-17 06:04:58', '2025-09-17 06:04:58', NULL, '1', '1', '1', '0', NULL, NULL, '0'),
('246', '1', '1', 'Orange Juice', NULL, 'Orange Juice from our Beverages selection.', 'veg', '171.75', '1', '13', '2025-09-17 06:04:58', '2025-09-17 06:04:58', NULL, '1', '1', '1', '0', NULL, NULL, '0'),
('247', '1', '1', 'Pineapple Juice', NULL, 'Pineapple Juice from our Beverages selection.', 'veg', '90.58', '1', '13', '2025-09-17 06:04:58', '2025-09-17 06:04:58', NULL, '1', '1', '1', '0', NULL, NULL, '0'),
('248', '1', '1', 'Mint Mojito', NULL, 'Mint Mojito from our Beverages selection.', 'veg', '117.28', '1', '13', '2025-09-17 06:04:58', '2025-09-17 06:04:58', NULL, '1', '1', '1', '0', NULL, NULL, '0'),
('249', '1', '1', 'Strawberry Milkshake', NULL, 'Strawberry Milkshake from our Beverages selection.', 'veg', '164.19', '1', '13', '2025-09-17 06:04:58', '2025-09-17 06:04:58', NULL, '1', '1', '1', '0', NULL, NULL, '0'),
('250', '1', '1', 'Chocolate Milkshake', NULL, 'Chocolate Milkshake from our Beverages selection.', 'veg', '101.00', '1', '13', '2025-09-17 06:04:58', '2025-09-17 06:04:58', NULL, '1', '1', '1', '0', NULL, NULL, '0'),
('251', '3', '3', 'Paneer Butter Masala', NULL, 'Paneer Butter Masala from our Indian Veg Curries selection.', 'veg', '269.52', '2', '14', '2025-09-19 20:04:20', '2025-11-26 05:27:38', NULL, '1', '1', '1', '0', NULL, NULL, '0'),
('252', '3', '3', 'Kadai Paneer', NULL, 'Kadai Paneer from our Indian Veg Curries selection.', 'veg', '183.50', '2', '14', '2025-09-19 20:04:20', '2025-11-26 05:27:39', NULL, '1', '1', '1', '0', NULL, NULL, '0'),
('253', '3', '3', 'Shahi Paneer', NULL, 'Shahi Paneer from our Indian Veg Curries selection.', 'veg', '218.50', '2', '14', '2025-09-19 20:04:20', '2025-11-26 05:27:39', NULL, '1', '1', '1', '0', NULL, NULL, '0'),
('254', '3', '3', 'Palak Paneer', NULL, 'Palak Paneer from our Indian Veg Curries selection.', 'veg', '211.25', '2', '14', '2025-09-19 20:04:20', '2025-11-26 05:27:39', NULL, '1', '1', '1', '0', NULL, NULL, '0'),
('255', '3', '3', 'Matar Paneer', NULL, 'Matar Paneer from our Indian Veg Curries selection.', 'veg', '283.11', '2', '14', '2025-09-19 20:04:20', '2025-11-26 05:27:40', NULL, '1', '1', '1', '0', NULL, NULL, '0'),
('256', '3', '3', 'Paneer Tikka Masala', NULL, 'Paneer Tikka Masala from our Indian Veg Curries selection.', 'veg', '274.74', '2', '14', '2025-09-19 20:04:20', '2025-11-26 05:27:40', NULL, '1', '1', '1', '0', NULL, NULL, '0'),
('257', '3', '3', 'Dal Makhani', NULL, 'Dal Makhani from our Indian Veg Curries selection.', 'veg', '304.91', '2', '14', '2025-09-19 20:04:20', '2025-11-26 05:27:41', NULL, '1', '1', '1', '0', NULL, NULL, '0'),
('258', '3', '3', 'Dal Tadka', NULL, 'Dal Tadka from our Indian Veg Curries selection.', 'veg', '192.17', '2', '14', '2025-09-19 20:04:20', '2025-11-26 05:27:41', NULL, '1', '1', '1', '0', NULL, NULL, '0'),
('259', '3', '3', 'Chana Masala', NULL, 'Chana Masala from our Indian Veg Curries selection.', 'veg', '239.07', '2', '14', '2025-09-19 20:04:20', '2025-11-26 05:27:41', NULL, '1', '1', '1', '0', NULL, NULL, '0'),
('260', '3', '3', 'Aloo Gobi', NULL, 'Aloo Gobi from our Indian Veg Curries selection.', 'veg', '184.17', '2', '14', '2025-09-19 20:04:20', '2025-11-26 05:27:43', NULL, '1', '1', '1', '0', NULL, NULL, '0'),
('261', '3', '3', 'Baingan Bharta', NULL, 'Baingan Bharta from our Indian Veg Curries selection.', 'veg', '210.61', '2', '14', '2025-09-19 20:04:20', '2025-11-26 05:27:43', NULL, '1', '1', '1', '0', NULL, NULL, '0'),
('262', '3', '3', 'Bhindi Masala', NULL, 'Bhindi Masala from our Indian Veg Curries selection.', 'veg', '250.75', '2', '14', '2025-09-19 20:04:20', '2025-11-26 05:27:43', NULL, '1', '1', '1', '0', NULL, NULL, '0'),
('263', '3', '3', 'Mix Veg Curry', NULL, 'Mix Veg Curry from our Indian Veg Curries selection.', 'veg', '183.72', '2', '14', '2025-09-19 20:04:20', '2025-11-26 05:27:44', NULL, '1', '1', '1', '0', NULL, NULL, '0'),
('264', '3', '3', 'Malai Kofta', NULL, 'Malai Kofta from our Indian Veg Curries selection.', 'veg', '207.84', '2', '14', '2025-09-19 20:04:20', '2025-11-26 05:27:44', NULL, '1', '1', '1', '0', NULL, NULL, '0'),
('265', '3', '3', 'Veg Kolhapuri', NULL, 'Veg Kolhapuri from our Indian Veg Curries selection.', 'veg', '270.98', '2', '14', '2025-09-19 20:04:20', '2025-11-26 05:27:45', NULL, '1', '1', '1', '0', NULL, NULL, '0'),
('266', '3', '3', 'Navratan Korma', NULL, 'Navratan Korma from our Indian Veg Curries selection.', 'veg', '256.29', '2', '14', '2025-09-19 20:04:20', '2025-11-26 05:27:45', NULL, '1', '1', '1', '0', NULL, NULL, '0'),
('267', '3', '3', 'Methi Malai Matar', NULL, 'Methi Malai Matar from our Indian Veg Curries selection.', 'veg', '210.86', '2', '14', '2025-09-19 20:04:20', '2025-11-26 05:27:46', NULL, '1', '1', '1', '0', NULL, NULL, '0'),
('268', '3', '3', 'Kadhi Pakora', NULL, 'Kadhi Pakora from our Indian Veg Curries selection.', 'veg', '262.50', '2', '14', '2025-09-19 20:04:20', '2025-11-26 05:27:47', NULL, '1', '1', '1', '0', NULL, NULL, '0'),
('269', '3', '3', 'Paneer Lababdar', NULL, 'Paneer Lababdar from our Indian Veg Curries selection.', 'veg', '293.32', '2', '14', '2025-09-19 20:04:20', '2025-11-26 05:27:47', NULL, '1', '1', '1', '0', NULL, NULL, '0'),
('270', '3', '3', 'Veg Jaipuri', NULL, 'Veg Jaipuri from our Indian Veg Curries selection.', 'veg', '180.91', '2', '14', '2025-09-19 20:04:20', '2025-11-26 05:27:47', NULL, '1', '1', '1', '0', NULL, NULL, '0'),
('271', '3', '3', 'Butter Chicken', NULL, 'Butter Chicken from our Indian Non-Veg Curries selection.', 'non-veg', '381.16', '2', '15', '2025-09-19 20:04:20', '2025-11-26 05:27:48', NULL, '1', '1', '1', '0', NULL, NULL, '0'),
('272', '3', '3', 'Chicken Tikka Masala', NULL, 'Chicken Tikka Masala from our Indian Non-Veg Curries selection.', 'non-veg', '359.63', '2', '15', '2025-09-19 20:04:20', '2025-11-26 05:27:48', NULL, '1', '1', '1', '0', NULL, NULL, '0'),
('273', '3', '3', 'Chicken Korma', NULL, 'Chicken Korma from our Indian Non-Veg Curries selection.', 'non-veg', '288.05', '2', '15', '2025-09-19 20:04:20', '2025-11-26 05:27:49', NULL, '1', '1', '1', '0', NULL, NULL, '0'),
('274', '3', '3', 'Chicken Curry Home Style', NULL, 'Chicken Curry Home Style from our Indian Non-Veg Curries selection.', 'non-veg', '251.10', '2', '15', '2025-09-19 20:04:20', '2025-11-26 05:27:49', NULL, '1', '1', '1', '0', NULL, NULL, '0'),
('275', '3', '3', 'Chicken Chettinad', NULL, 'Chicken Chettinad from our Indian Non-Veg Curries selection.', 'non-veg', '411.44', '2', '15', '2025-09-19 20:04:20', '2025-11-26 05:27:50', NULL, '1', '1', '1', '0', NULL, NULL, '0'),
('276', '3', '3', 'Chicken Handi', NULL, 'Chicken Handi from our Indian Non-Veg Curries selection.', 'non-veg', '287.32', '2', '15', '2025-09-19 20:04:20', '2025-11-26 05:27:50', NULL, '1', '1', '1', '0', NULL, NULL, '0'),
('277', '3', '3', 'Chicken Bhuna', NULL, 'Chicken Bhuna from our Indian Non-Veg Curries selection.', 'non-veg', '238.55', '2', '15', '2025-09-19 20:04:20', '2025-11-26 05:27:51', NULL, '1', '1', '1', '0', NULL, NULL, '0'),
('278', '3', '3', 'Mutton Rogan Josh', NULL, 'Mutton Rogan Josh from our Indian Non-Veg Curries selection.', 'non-veg', '239.34', '2', '15', '2025-09-19 20:04:20', '2025-11-26 05:27:51', NULL, '1', '1', '1', '0', NULL, NULL, '0'),
('279', '3', '3', 'Mutton Korma', NULL, 'Mutton Korma from our Indian Non-Veg Curries selection.', 'non-veg', '389.50', '2', '15', '2025-09-19 20:04:20', '2025-11-26 05:27:51', NULL, '1', '1', '1', '0', NULL, NULL, '0'),
('280', '3', '3', 'Mutton Bhuna', NULL, 'Mutton Bhuna from our Indian Non-Veg Curries selection.', 'non-veg', '340.75', '2', '15', '2025-09-19 20:04:20', '2025-11-26 05:27:52', NULL, '1', '1', '1', '0', NULL, NULL, '0'),
('281', '3', '3', 'Fish Curry Goan', NULL, 'Fish Curry Goan from our Indian Non-Veg Curries selection.', 'non-veg', '381.43', '2', '15', '2025-09-19 20:04:20', '2025-11-26 05:27:52', NULL, '1', '1', '1', '0', NULL, NULL, '0'),
('282', '3', '3', 'Fish Curry Bengali', NULL, 'Fish Curry Bengali from our Indian Non-Veg Curries selection.', 'non-veg', '365.95', '2', '15', '2025-09-19 20:04:20', '2025-11-26 05:27:53', NULL, '1', '1', '1', '0', NULL, NULL, '0'),
('283', '3', '3', 'Prawn Masala', NULL, 'Prawn Masala from our Indian Non-Veg Curries selection.', 'non-veg', '327.25', '2', '15', '2025-09-19 20:04:20', '2025-11-26 05:27:54', NULL, '1', '1', '1', '0', NULL, NULL, '0'),
('284', '3', '3', 'Egg Curry', NULL, 'Egg Curry from our Indian Non-Veg Curries selection.', 'egg', '414.62', '2', '15', '2025-09-19 20:04:20', '2025-11-26 05:27:54', NULL, '1', '1', '1', '0', NULL, NULL, '0'),
('285', '3', '3', 'Keema Matar', NULL, 'Keema Matar from our Indian Non-Veg Curries selection.', 'non-veg', '295.71', '2', '15', '2025-09-19 20:04:20', '2025-11-26 05:27:55', NULL, '1', '1', '1', '0', NULL, NULL, '0'),
('286', '3', '3', 'Chicken Saagwala', NULL, 'Chicken Saagwala from our Indian Non-Veg Curries selection.', 'non-veg', '330.41', '2', '15', '2025-09-19 20:04:20', '2025-11-26 05:27:56', NULL, '1', '1', '1', '0', NULL, NULL, '0'),
('287', '3', '3', 'Chicken Vindaloo', NULL, 'Chicken Vindaloo from our Indian Non-Veg Curries selection.', 'non-veg', '385.88', '2', '15', '2025-09-19 20:04:20', '2025-11-26 05:27:56', NULL, '1', '1', '1', '0', NULL, NULL, '0'),
('288', '3', '3', 'Chicken Do Pyaza', NULL, 'Chicken Do Pyaza from our Indian Non-Veg Curries selection.', 'non-veg', '343.70', '2', '15', '2025-09-19 20:04:20', '2025-11-26 05:27:57', NULL, '1', '1', '1', '0', NULL, NULL, '0'),
('289', '3', '3', 'Idli Sambar', NULL, 'Idli Sambar from our South Indian selection.', 'veg', '200.64', '2', '16', '2025-09-19 20:04:20', '2025-11-26 05:27:57', NULL, '1', '1', '1', '0', NULL, NULL, '0'),
('290', '3', '3', 'Medu Vada Sambar', NULL, 'Medu Vada Sambar from our South Indian selection.', 'veg', '160.83', '2', '16', '2025-09-19 20:04:20', '2025-11-26 05:27:57', NULL, '1', '1', '1', '0', NULL, NULL, '0'),
('291', '3', '3', 'Plain Dosa', NULL, 'Plain Dosa from our South Indian selection.', 'veg', '178.64', '2', '16', '2025-09-19 20:04:20', '2025-11-26 05:27:58', NULL, '1', '1', '1', '0', NULL, NULL, '0'),
('292', '3', '3', 'Masala Dosa', NULL, 'Masala Dosa from our South Indian selection.', 'veg', '86.42', '2', '16', '2025-09-19 20:04:20', '2025-11-26 05:27:58', NULL, '1', '1', '1', '0', NULL, NULL, '0'),
('293', '3', '3', 'Onion Rava Dosa', NULL, 'Onion Rava Dosa from our South Indian selection.', 'veg', '111.91', '2', '16', '2025-09-19 20:04:20', '2025-11-26 05:27:58', NULL, '1', '1', '1', '0', NULL, NULL, '0'),
('294', '3', '3', 'Mysore Masala Dosa', NULL, 'Mysore Masala Dosa from our South Indian selection.', 'veg', '120.51', '2', '16', '2025-09-19 20:04:20', '2025-11-26 05:27:59', NULL, '1', '1', '1', '0', NULL, NULL, '0'),
('295', '3', '3', 'Ghee Roast Dosa', NULL, 'Ghee Roast Dosa from our South Indian selection.', 'veg', '91.17', '2', '16', '2025-09-19 20:04:20', '2025-11-26 05:28:00', NULL, '1', '1', '1', '0', NULL, NULL, '0'),
('296', '3', '3', 'Paper Dosa', NULL, 'Paper Dosa from our South Indian selection.', 'veg', '112.59', '2', '16', '2025-09-19 20:04:20', '2025-11-26 05:28:00', NULL, '1', '1', '1', '0', NULL, NULL, '0'),
('297', '3', '3', 'Paneer Dosa', NULL, 'Paneer Dosa from our South Indian selection.', 'veg', '94.14', '2', '16', '2025-09-19 20:04:20', '2025-11-26 05:28:00', NULL, '1', '1', '1', '0', NULL, NULL, '0'),
('298', '3', '3', 'Cheese Dosa', NULL, 'Cheese Dosa from our South Indian selection.', 'veg', '118.92', '2', '16', '2025-09-19 20:04:20', '2025-11-26 05:28:01', NULL, '1', '1', '1', '0', NULL, NULL, '0'),
('299', '3', '3', 'Uttapam Onion', NULL, 'Uttapam Onion from our South Indian selection.', 'veg', '169.00', '2', '16', '2025-09-19 20:04:20', '2025-11-26 05:28:01', NULL, '1', '1', '1', '0', NULL, NULL, '0'),
('300', '3', '3', 'Uttapam Mix Veg', NULL, 'Uttapam Mix Veg from our South Indian selection.', 'veg', '131.08', '2', '16', '2025-09-19 20:04:20', '2025-11-26 05:28:02', NULL, '1', '1', '1', '0', NULL, NULL, '0'),
('301', '3', '3', 'Pongal', NULL, 'Pongal from our South Indian selection.', 'veg', '131.83', '2', '16', '2025-09-19 20:04:20', '2025-11-26 05:28:03', NULL, '1', '1', '1', '0', NULL, NULL, '0'),
('302', '3', '3', 'Curd Rice', NULL, 'Curd Rice from our South Indian selection.', 'veg', '109.33', '2', '16', '2025-09-19 20:04:20', '2025-11-26 05:28:03', NULL, '1', '1', '1', '0', NULL, NULL, '0'),
('303', '3', '3', 'Lemon Rice', NULL, 'Lemon Rice from our South Indian selection.', 'veg', '117.38', '2', '16', '2025-09-19 20:04:20', '2025-11-26 05:28:03', NULL, '1', '1', '1', '0', NULL, NULL, '0'),
('304', '3', '3', 'Tamarind Rice', NULL, 'Tamarind Rice from our South Indian selection.', 'veg', '211.13', '2', '16', '2025-09-19 20:04:20', '2025-11-26 05:28:04', NULL, '1', '1', '1', '0', NULL, NULL, '0'),
('305', '3', '3', 'Sambar Rice', NULL, 'Sambar Rice from our South Indian selection.', 'veg', '170.72', '2', '16', '2025-09-19 20:04:20', '2025-11-26 05:28:04', NULL, '1', '1', '1', '0', NULL, NULL, '0'),
('306', '3', '3', 'Rasam Rice', NULL, 'Rasam Rice from our South Indian selection.', 'veg', '165.28', '2', '16', '2025-09-19 20:04:20', '2025-11-26 05:28:06', NULL, '1', '1', '1', '0', NULL, NULL, '0'),
('307', '3', '3', 'Veg Biryani', NULL, 'Veg Biryani from our Biryani & Rice selection.', 'veg', '164.50', '2', '17', '2025-09-19 20:04:20', '2025-11-26 05:28:06', NULL, '1', '1', '1', '0', NULL, NULL, '0'),
('308', '3', '3', 'Paneer Biryani', NULL, 'Paneer Biryani from our Biryani & Rice selection.', 'veg', '309.57', '2', '17', '2025-09-19 20:04:20', '2025-11-26 05:28:06', NULL, '1', '1', '1', '0', NULL, NULL, '0'),
('309', '3', '3', 'Mushroom Biryani', NULL, 'Mushroom Biryani from our Biryani & Rice selection.', 'veg', '162.48', '2', '17', '2025-09-19 20:04:20', '2025-11-26 05:28:07', NULL, '1', '1', '1', '0', NULL, NULL, '0'),
('310', '3', '3', 'Hyderabadi Veg Biryani', NULL, 'Hyderabadi Veg Biryani from our Biryani & Rice selection.', 'veg', '218.66', '2', '17', '2025-09-19 20:04:20', '2025-11-26 05:28:07', NULL, '1', '1', '1', '0', NULL, NULL, '0'),
('311', '3', '3', 'Jeera Rice', NULL, 'Jeera Rice from our Biryani & Rice selection.', 'veg', '377.28', '2', '17', '2025-09-19 20:04:20', '2025-11-26 05:28:08', NULL, '1', '1', '1', '0', NULL, NULL, '0'),
('312', '3', '3', 'Peas Pulao', NULL, 'Peas Pulao from our Biryani & Rice selection.', 'veg', '286.40', '2', '17', '2025-09-19 20:04:20', '2025-11-26 05:28:08', NULL, '1', '1', '1', '0', NULL, NULL, '0'),
('313', '3', '3', 'Veg Fried Rice', NULL, 'Veg Fried Rice from our Biryani & Rice selection.', 'veg', '264.81', '2', '17', '2025-09-19 20:04:20', '2025-11-26 05:28:08', NULL, '1', '1', '1', '0', NULL, NULL, '0'),
('314', '3', '3', 'Curd Rice Tempered', NULL, 'Curd Rice Tempered from our Biryani & Rice selection.', 'veg', '298.00', '2', '17', '2025-09-19 20:04:20', '2025-11-26 05:28:09', NULL, '1', '1', '1', '0', NULL, NULL, '0'),
('315', '3', '3', 'Chicken Biryani', NULL, 'Chicken Biryani from our Biryani & Rice selection.', 'non-veg', '339.14', '2', '17', '2025-09-19 20:04:20', '2025-11-26 05:28:10', NULL, '1', '1', '1', '0', NULL, NULL, '0'),
('316', '3', '3', 'Chicken Dum Biryani', NULL, 'Chicken Dum Biryani from our Biryani & Rice selection.', 'non-veg', '321.76', '2', '17', '2025-09-19 20:04:20', '2025-11-26 05:28:10', NULL, '1', '1', '1', '0', NULL, NULL, '0'),
('317', '3', '3', 'Chicken Tikka Biryani', NULL, 'Chicken Tikka Biryani from our Biryani & Rice selection.', 'non-veg', '179.55', '2', '17', '2025-09-19 20:04:20', '2025-11-26 05:28:11', NULL, '1', '1', '1', '0', NULL, NULL, '0'),
('318', '3', '3', 'Mutton Biryani', NULL, 'Mutton Biryani from our Biryani & Rice selection.', 'non-veg', '128.35', '2', '17', '2025-09-19 20:04:20', '2025-11-26 05:28:11', NULL, '1', '1', '1', '0', NULL, NULL, '0'),
('319', '3', '3', 'Egg Biryani', NULL, 'Egg Biryani from our Biryani & Rice selection.', 'egg', '202.02', '2', '17', '2025-09-19 20:04:20', '2025-11-26 05:28:12', NULL, '1', '1', '1', '0', NULL, NULL, '0'),
('320', '3', '3', 'Egg Fried Rice', NULL, 'Egg Fried Rice from our Biryani & Rice selection.', 'egg', '189.61', '2', '17', '2025-09-19 20:04:20', '2025-11-26 05:28:12', NULL, '1', '1', '1', '0', NULL, NULL, '0'),
('321', '3', '3', 'Prawn Biryani', NULL, 'Prawn Biryani from our Biryani & Rice selection.', 'non-veg', '174.86', '2', '17', '2025-09-19 20:04:20', '2025-11-26 05:28:12', NULL, '1', '1', '1', '0', NULL, NULL, '0'),
('322', '3', '3', 'Fish Biryani', NULL, 'Fish Biryani from our Biryani & Rice selection.', 'non-veg', '365.16', '2', '17', '2025-09-19 20:04:20', '2025-11-26 05:28:13', NULL, '1', '1', '1', '0', NULL, NULL, '0'),
('323', '3', '3', 'Schezwan Fried Rice', NULL, 'Schezwan Fried Rice from our Biryani & Rice selection.', 'veg', '347.86', '2', '17', '2025-09-19 20:04:20', '2025-11-26 05:28:13', NULL, '1', '1', '1', '0', NULL, NULL, '0'),
('324', '3', '3', 'Brown Rice Plain', NULL, 'Brown Rice Plain from our Biryani & Rice selection.', 'veg', '201.82', '2', '17', '2025-09-19 20:04:20', '2025-11-26 05:28:14', NULL, '1', '1', '1', '0', NULL, NULL, '0'),
('325', '3', '3', 'Tandoori Roti', NULL, 'Tandoori Roti from our Indian Breads selection.', 'veg', '85.54', '2', '18', '2025-09-19 20:04:20', '2025-11-26 05:28:14', NULL, '1', '1', '1', '0', NULL, NULL, '0'),
('326', '3', '3', 'Butter Roti', NULL, 'Butter Roti from our Indian Breads selection.', 'veg', '59.56', '2', '18', '2025-09-19 20:04:20', '2025-11-26 05:28:15', NULL, '1', '1', '1', '0', NULL, NULL, '0'),
('327', '3', '3', 'Plain Naan', NULL, 'Plain Naan from our Indian Breads selection.', 'veg', '111.45', '2', '18', '2025-09-19 20:04:20', '2025-11-26 05:28:15', NULL, '1', '1', '1', '0', NULL, NULL, '0'),
('328', '3', '3', 'Butter Naan', NULL, 'Butter Naan from our Indian Breads selection.', 'veg', '65.89', '2', '18', '2025-09-19 20:04:20', '2025-11-26 05:28:15', NULL, '1', '1', '1', '0', NULL, NULL, '0'),
('329', '3', '3', 'Garlic Naan', NULL, 'Garlic Naan from our Indian Breads selection.', 'veg', '46.49', '2', '18', '2025-09-19 20:04:20', '2025-11-26 05:28:16', NULL, '1', '1', '1', '0', NULL, NULL, '0'),
('330', '3', '3', 'Lachha Paratha', NULL, 'Lachha Paratha from our Indian Breads selection.', 'veg', '44.66', '2', '18', '2025-09-19 20:04:20', '2025-11-26 05:28:17', NULL, '1', '1', '1', '0', NULL, NULL, '0'),
('331', '3', '3', 'Aloo Paratha', NULL, 'Aloo Paratha from our Indian Breads selection.', 'veg', '76.14', '2', '18', '2025-09-19 20:04:20', '2025-11-26 05:28:18', NULL, '1', '1', '1', '0', NULL, NULL, '0'),
('332', '3', '3', 'Paneer Paratha', NULL, 'Paneer Paratha from our Indian Breads selection.', 'veg', '46.27', '2', '18', '2025-09-19 20:04:20', '2025-11-26 05:28:20', NULL, '1', '1', '1', '0', NULL, NULL, '0'),
('333', '3', '3', 'Missi Roti', NULL, 'Missi Roti from our Indian Breads selection.', 'veg', '78.46', '2', '18', '2025-09-19 20:04:20', '2025-11-26 05:28:21', NULL, '1', '1', '1', '0', NULL, NULL, '0'),
('334', '3', '3', 'Stuffed Kulcha', NULL, 'Stuffed Kulcha from our Indian Breads selection.', 'veg', '109.78', '2', '18', '2025-09-19 20:04:20', '2025-11-26 05:28:23', NULL, '1', '1', '1', '0', NULL, NULL, '0'),
('335', '3', '3', 'Amritsari Kulcha', NULL, 'Amritsari Kulcha from our Indian Breads selection.', 'veg', '59.94', '2', '18', '2025-09-19 20:04:20', '2025-11-26 05:28:23', NULL, '1', '1', '1', '0', NULL, NULL, '0'),
('336', '3', '3', 'Roomali Roti', NULL, 'Roomali Roti from our Indian Breads selection.', 'veg', '41.93', '2', '18', '2025-09-19 20:04:20', '2025-11-26 05:28:25', NULL, '1', '1', '1', '0', NULL, NULL, '0'),
('337', '3', '3', 'Pani Puri', NULL, 'Pani Puri from our Chaat & Street Food selection.', 'veg', '219.61', '2', '19', '2025-09-19 20:04:20', '2025-11-26 05:28:25', NULL, '1', '1', '1', '0', NULL, NULL, '0'),
('338', '3', '3', 'Sev Puri', NULL, 'Sev Puri from our Chaat & Street Food selection.', 'veg', '141.52', '2', '19', '2025-09-19 20:04:20', '2025-11-26 05:28:27', NULL, '1', '1', '1', '0', NULL, NULL, '0'),
('339', '3', '3', 'Dahi Puri', NULL, 'Dahi Puri from our Chaat & Street Food selection.', 'veg', '74.55', '2', '19', '2025-09-19 20:04:20', '2025-11-26 05:28:27', NULL, '1', '1', '1', '0', NULL, NULL, '0'),
('340', '3', '3', 'Bhel Puri', NULL, 'Bhel Puri from our Chaat & Street Food selection.', 'veg', '67.54', '2', '19', '2025-09-19 20:04:20', '2025-11-26 05:28:28', NULL, '1', '1', '1', '0', NULL, NULL, '0'),
('341', '3', '3', 'Ragda Pattice', NULL, 'Ragda Pattice from our Chaat & Street Food selection.', 'veg', '77.54', '2', '19', '2025-09-19 20:04:20', '2025-11-26 05:28:29', NULL, '1', '1', '1', '0', NULL, NULL, '0'),
('342', '3', '3', 'Aloo Tikki Chaat', NULL, 'Aloo Tikki Chaat from our Chaat & Street Food selection.', 'veg', '160.39', '2', '19', '2025-09-19 20:04:20', '2025-11-26 05:28:30', NULL, '1', '1', '1', '0', NULL, NULL, '0'),
('343', '3', '3', 'Papdi Chaat', NULL, 'Papdi Chaat from our Chaat & Street Food selection.', 'veg', '186.73', '2', '19', '2025-09-19 20:04:20', '2025-11-26 05:28:31', NULL, '1', '1', '1', '0', NULL, NULL, '0'),
('344', '3', '3', 'Dahi Bhalla', NULL, 'Dahi Bhalla from our Chaat & Street Food selection.', 'veg', '127.55', '2', '19', '2025-09-19 20:04:20', '2025-11-26 05:28:32', NULL, '1', '1', '1', '0', NULL, NULL, '0'),
('345', '3', '3', 'Samosa Chaat', NULL, 'Samosa Chaat from our Chaat & Street Food selection.', 'veg', '70.16', '2', '19', '2025-09-19 20:04:20', '2025-11-26 05:28:34', NULL, '1', '1', '1', '0', NULL, NULL, '0'),
('346', '3', '3', 'Chole Bhature', NULL, 'Chole Bhature from our Chaat & Street Food selection.', 'veg', '121.06', '2', '19', '2025-09-19 20:04:20', '2025-11-26 05:28:35', NULL, '1', '1', '1', '0', NULL, NULL, '0'),
('347', '3', '3', 'Pav Bhaji', NULL, 'Pav Bhaji from our Chaat & Street Food selection.', 'veg', '219.38', '2', '19', '2025-09-19 20:04:20', '2025-11-26 05:28:35', NULL, '1', '1', '1', '0', NULL, NULL, '0'),
('348', '3', '3', 'Vada Pav', NULL, 'Vada Pav from our Chaat & Street Food selection.', 'veg', '144.66', '2', '19', '2025-09-19 20:04:20', '2025-11-26 05:28:37', NULL, '1', '1', '1', '0', NULL, NULL, '0'),
('349', '3', '3', 'Kathi Roll Paneer', NULL, 'Kathi Roll Paneer from our Chaat & Street Food selection.', 'veg', '215.37', '2', '19', '2025-09-19 20:04:20', '2025-11-26 05:28:37', NULL, '1', '1', '1', '0', NULL, NULL, '0'),
('350', '3', '3', 'Kathi Roll Chicken', NULL, 'Kathi Roll Chicken from our Chaat & Street Food selection.', 'non-veg', '197.72', '2', '19', '2025-09-19 20:04:20', '2025-11-26 05:28:38', NULL, '1', '1', '1', '0', NULL, NULL, '0'),
('351', '3', '3', 'Kachori Sabzi', NULL, 'Kachori Sabzi from our Chaat & Street Food selection.', 'veg', '61.84', '2', '19', '2025-09-19 20:04:21', '2025-11-26 05:28:39', NULL, '1', '1', '1', '0', NULL, NULL, '0'),
('352', '3', '3', 'Poha Jalebi', NULL, 'Poha Jalebi from our Chaat & Street Food selection.', 'veg', '175.32', '2', '19', '2025-09-19 20:04:21', '2025-11-26 05:28:40', NULL, '1', '1', '1', '0', NULL, NULL, '0'),
('353', '3', '3', 'Kanda Poha', NULL, 'Kanda Poha from our Chaat & Street Food selection.', 'veg', '169.07', '2', '19', '2025-09-19 20:04:21', '2025-11-26 05:28:41', NULL, '1', '1', '1', '0', NULL, NULL, '0'),
('354', '3', '3', 'Raj Kachori', NULL, 'Raj Kachori from our Chaat & Street Food selection.', 'veg', '145.92', '2', '19', '2025-09-19 20:04:21', '2025-11-26 05:28:42', NULL, '1', '1', '1', '0', NULL, NULL, '0'),
('355', '3', '3', 'Paneer Tikka', NULL, 'Paneer Tikka from our Tandoor & Kebabs selection.', 'veg', '237.38', '2', '20', '2025-09-19 20:04:21', '2025-11-26 05:28:43', NULL, '1', '1', '1', '0', NULL, NULL, '0'),
('356', '3', '3', 'Paneer Malai Tikka', NULL, 'Paneer Malai Tikka from our Tandoor & Kebabs selection.', 'veg', '345.88', '2', '20', '2025-09-19 20:04:21', '2025-11-26 05:28:45', NULL, '1', '1', '1', '0', NULL, NULL, '0'),
('357', '3', '3', 'Soya Chaap Tikka', NULL, 'Soya Chaap Tikka from our Tandoor & Kebabs selection.', 'veg', '192.35', '2', '20', '2025-09-19 20:04:21', '2025-11-26 05:28:46', NULL, '1', '1', '1', '0', NULL, NULL, '0'),
('358', '3', '3', 'Tandoori Aloo', NULL, 'Tandoori Aloo from our Tandoor & Kebabs selection.', 'veg', '286.08', '2', '20', '2025-09-19 20:04:21', '2025-11-26 05:28:47', NULL, '1', '1', '1', '0', NULL, NULL, '0'),
('359', '3', '3', 'Veg Seekh Kebab', NULL, 'Veg Seekh Kebab from our Tandoor & Kebabs selection.', 'veg', '291.58', '2', '20', '2025-09-19 20:04:21', '2025-11-26 05:28:48', NULL, '1', '1', '1', '0', NULL, NULL, '0'),
('360', '3', '3', 'Achari Paneer Tikka', NULL, 'Achari Paneer Tikka from our Tandoor & Kebabs selection.', 'veg', '436.61', '2', '20', '2025-09-19 20:04:21', '2025-11-26 05:28:49', NULL, '1', '1', '1', '0', NULL, NULL, '0'),
('361', '3', '3', 'Chicken Tikka', NULL, 'Chicken Tikka from our Tandoor & Kebabs selection.', 'non-veg', '414.00', '2', '20', '2025-09-19 20:04:21', '2025-11-26 05:28:50', NULL, '1', '1', '1', '0', NULL, NULL, '0'),
('362', '3', '3', 'Chicken Malai Tikka', NULL, 'Chicken Malai Tikka from our Tandoor & Kebabs selection.', 'non-veg', '236.38', '2', '20', '2025-09-19 20:04:21', '2025-11-26 05:28:53', NULL, '1', '1', '1', '0', NULL, NULL, '0'),
('363', '3', '3', 'Chicken Seekh Kebab', NULL, 'Chicken Seekh Kebab from our Tandoor & Kebabs selection.', 'non-veg', '305.17', '2', '20', '2025-09-19 20:04:21', '2025-11-26 05:28:54', NULL, '1', '1', '1', '0', NULL, NULL, '0'),
('364', '3', '3', 'Tandoori Chicken Half', NULL, 'Tandoori Chicken Half from our Tandoor & Kebabs selection.', 'non-veg', '211.81', '2', '20', '2025-09-19 20:04:21', '2025-11-26 05:28:55', NULL, '1', '1', '1', '0', NULL, NULL, '0'),
('365', '3', '3', 'Tandoori Chicken Full', NULL, 'Tandoori Chicken Full from our Tandoor & Kebabs selection.', 'non-veg', '424.66', '2', '20', '2025-09-19 20:04:21', '2025-11-26 05:28:56', NULL, '1', '1', '1', '0', NULL, NULL, '0'),
('366', '3', '3', 'Mutton Seekh Kebab', NULL, 'Mutton Seekh Kebab from our Tandoor & Kebabs selection.', 'non-veg', '412.45', '2', '20', '2025-09-19 20:04:21', '2025-11-26 05:28:58', NULL, '1', '1', '1', '0', NULL, NULL, '0'),
('367', '3', '3', 'Fish Tikka', NULL, 'Fish Tikka from our Tandoor & Kebabs selection.', 'non-veg', '246.55', '2', '20', '2025-09-19 20:04:21', '2025-11-26 05:29:00', NULL, '1', '1', '1', '0', NULL, NULL, '0'),
('368', '3', '3', 'Amritsari Fish Fry', NULL, 'Amritsari Fish Fry from our Tandoor & Kebabs selection.', 'non-veg', '345.30', '2', '20', '2025-09-19 20:04:21', '2025-11-26 05:29:01', NULL, '1', '1', '1', '0', NULL, NULL, '0'),
('369', '3', '3', 'Prawn Tandoori', NULL, 'Prawn Tandoori from our Tandoor & Kebabs selection.', 'non-veg', '336.60', '2', '20', '2025-09-19 20:04:21', '2025-11-26 05:29:02', NULL, '1', '1', '1', '0', NULL, NULL, '0'),
('370', '3', '3', 'Afghani Chicken', NULL, 'Afghani Chicken from our Tandoor & Kebabs selection.', 'non-veg', '204.32', '2', '20', '2025-09-19 20:04:21', '2025-11-26 05:29:03', NULL, '1', '1', '1', '0', NULL, NULL, '0'),
('371', '3', '3', 'Tangdi Kebab', NULL, 'Tangdi Kebab from our Tandoor & Kebabs selection.', 'non-veg', '381.13', '2', '20', '2025-09-19 20:04:21', '2025-11-26 05:29:03', NULL, '1', '1', '1', '0', NULL, NULL, '0'),
('372', '3', '3', 'Kalmi Kebab', NULL, 'Kalmi Kebab from our Tandoor & Kebabs selection.', 'non-veg', '316.42', '2', '20', '2025-09-19 20:04:21', '2025-11-26 05:29:04', NULL, '1', '1', '1', '0', NULL, NULL, '0'),
('373', '3', '3', 'Tandoori Broccoli', NULL, 'Tandoori Broccoli from our Tandoor & Kebabs selection.', 'veg', '385.80', '2', '20', '2025-09-19 20:04:21', '2025-11-26 05:29:06', NULL, '1', '1', '1', '0', NULL, NULL, '0'),
('374', '3', '3', 'Stuffed Mushroom Tikka', NULL, 'Stuffed Mushroom Tikka from our Tandoor & Kebabs selection.', 'veg', '313.80', '2', '20', '2025-09-19 20:04:21', '2025-11-26 05:29:07', NULL, '1', '1', '1', '0', NULL, NULL, '0'),
('375', '3', '3', 'Veg Manchurian Gravy', NULL, 'Veg Manchurian Gravy from our Indo-Chinese selection.', 'veg', '140.13', '2', '21', '2025-09-19 20:04:21', '2025-11-26 05:29:08', NULL, '1', '1', '1', '0', NULL, NULL, '0'),
('376', '3', '3', 'Veg Manchurian Dry', NULL, 'Veg Manchurian Dry from our Indo-Chinese selection.', 'veg', '211.31', '2', '21', '2025-09-19 20:04:21', '2025-11-26 05:29:08', NULL, '1', '1', '1', '0', NULL, NULL, '0'),
('377', '3', '3', 'Chilli Paneer Gravy', NULL, 'Chilli Paneer Gravy from our Indo-Chinese selection.', 'veg', '144.28', '2', '21', '2025-09-19 20:04:21', '2025-11-26 05:29:09', NULL, '1', '1', '1', '0', NULL, NULL, '0'),
('378', '3', '3', 'Chilli Paneer Dry', NULL, 'Chilli Paneer Dry from our Indo-Chinese selection.', 'veg', '344.40', '2', '21', '2025-09-19 20:04:21', '2025-11-26 05:29:10', NULL, '1', '1', '1', '0', NULL, NULL, '0'),
('379', '3', '3', 'Gobi Manchurian', NULL, 'Gobi Manchurian from our Indo-Chinese selection.', 'veg', '333.32', '2', '21', '2025-09-19 20:04:21', '2025-11-26 05:29:10', NULL, '1', '1', '1', '0', NULL, NULL, '0'),
('380', '3', '3', 'Chilli Mushroom', NULL, 'Chilli Mushroom from our Indo-Chinese selection.', 'veg', '322.97', '2', '21', '2025-09-19 20:04:21', '2025-11-26 05:29:12', NULL, '1', '1', '1', '0', NULL, NULL, '0'),
('381', '3', '3', 'Hakka Noodles Veg', NULL, 'Hakka Noodles Veg from our Indo-Chinese selection.', 'veg', '207.65', '2', '21', '2025-09-19 20:04:21', '2025-11-26 05:29:14', NULL, '1', '1', '1', '0', NULL, NULL, '0'),
('382', '3', '3', 'Schezwan Noodles Veg', NULL, 'Schezwan Noodles Veg from our Indo-Chinese selection.', 'veg', '152.74', '2', '21', '2025-09-19 20:04:21', '2025-11-26 05:29:15', NULL, '1', '1', '1', '0', NULL, NULL, '0'),
('383', '3', '3', 'Triple Schezwan Rice Veg', NULL, 'Triple Schezwan Rice Veg from our Indo-Chinese selection.', 'veg', '333.16', '2', '21', '2025-09-19 20:04:21', '2025-11-26 05:29:17', NULL, '1', '1', '1', '0', NULL, NULL, '0'),
('384', '3', '3', 'American Chopsuey Veg', NULL, 'American Chopsuey Veg from our Indo-Chinese selection.', 'veg', '348.33', '2', '21', '2025-09-19 20:04:21', '2025-11-26 05:29:18', NULL, '1', '1', '1', '0', NULL, NULL, '0'),
('385', '3', '3', 'Chicken Lollipop', NULL, 'Chicken Lollipop from our Indo-Chinese selection.', 'non-veg', '158.84', '2', '21', '2025-09-19 20:04:21', '2025-11-26 05:29:20', NULL, '1', '1', '1', '0', NULL, NULL, '0'),
('386', '3', '3', 'Chilli Chicken Gravy', NULL, 'Chilli Chicken Gravy from our Indo-Chinese selection.', 'non-veg', '246.92', '2', '21', '2025-09-19 20:04:21', '2025-11-26 05:29:21', NULL, '1', '1', '1', '0', NULL, NULL, '0'),
('387', '3', '3', 'Chilli Chicken Dry', NULL, 'Chilli Chicken Dry from our Indo-Chinese selection.', 'non-veg', '155.23', '2', '21', '2025-09-19 20:04:21', '2025-11-26 05:29:23', NULL, '1', '1', '1', '0', NULL, NULL, '0'),
('388', '3', '3', 'Hakka Noodles Chicken', NULL, 'Hakka Noodles Chicken from our Indo-Chinese selection.', 'non-veg', '307.33', '2', '21', '2025-09-19 20:04:21', '2025-11-26 05:29:24', NULL, '1', '1', '1', '0', NULL, NULL, '0'),
('389', '3', '3', 'Schezwan Noodles Chicken', NULL, 'Schezwan Noodles Chicken from our Indo-Chinese selection.', 'non-veg', '308.48', '2', '21', '2025-09-19 20:04:21', '2025-11-26 05:29:26', NULL, '1', '1', '1', '0', NULL, NULL, '0'),
('390', '3', '3', 'Egg Hakka Noodles', NULL, 'Egg Hakka Noodles from our Indo-Chinese selection.', 'egg', '168.25', '2', '21', '2025-09-19 20:04:21', '2025-11-26 05:29:27', NULL, '1', '1', '1', '0', NULL, NULL, '0'),
('391', '3', '3', 'Egg Schezwan Noodles', NULL, 'Egg Schezwan Noodles from our Indo-Chinese selection.', 'egg', '244.56', '2', '21', '2025-09-19 20:04:21', '2025-11-26 05:29:28', NULL, '1', '1', '1', '0', NULL, NULL, '0'),
('392', '3', '3', 'Egg Chilli Garlic Fried Rice', NULL, 'Egg Chilli Garlic Fried Rice from our Indo-Chinese selection.', 'egg', '260.96', '2', '21', '2025-09-19 20:04:21', '2025-11-26 05:29:29', NULL, '1', '1', '1', '0', NULL, NULL, '0'),
('393', '3', '3', 'Prawn Chilli Garlic', NULL, 'Prawn Chilli Garlic from our Indo-Chinese selection.', 'non-veg', '198.31', '2', '21', '2025-09-19 20:04:21', '2025-11-26 05:29:30', NULL, '1', '1', '1', '0', NULL, NULL, '0'),
('394', '3', '3', 'Fish Chilli Basil', NULL, 'Fish Chilli Basil from our Indo-Chinese selection.', 'non-veg', '331.94', '2', '21', '2025-09-19 20:04:21', '2025-11-26 05:29:31', NULL, '1', '1', '1', '0', NULL, NULL, '0'),
('395', '3', '3', 'Penne Arrabbiata', NULL, 'Penne Arrabbiata from our Continental & Pastas selection.', 'veg', '294.25', '2', '22', '2025-09-19 20:04:21', '2025-11-26 05:29:33', NULL, '1', '1', '1', '0', NULL, NULL, '0'),
('396', '3', '3', 'Penne Alfredo', NULL, 'Penne Alfredo from our Continental & Pastas selection.', 'veg', '237.19', '2', '22', '2025-09-19 20:04:21', '2025-11-26 05:29:33', NULL, '1', '1', '1', '0', NULL, NULL, '0'),
('397', '3', '3', 'Spaghetti Aglio e Olio', NULL, 'Spaghetti Aglio e Olio from our Continental & Pastas selection.', 'veg', '325.61', '2', '22', '2025-09-19 20:04:21', '2025-11-26 05:29:35', NULL, '1', '1', '1', '0', NULL, NULL, '0'),
('398', '3', '3', 'Spaghetti Pomodoro', NULL, 'Spaghetti Pomodoro from our Continental & Pastas selection.', 'veg', '377.08', '2', '22', '2025-09-19 20:04:21', '2025-11-26 05:29:36', NULL, '1', '1', '1', '0', NULL, NULL, '0'),
('399', '3', '3', 'Fusilli Pesto', NULL, 'Fusilli Pesto from our Continental & Pastas selection.', 'veg', '234.31', '2', '22', '2025-09-19 20:04:21', '2025-11-26 05:29:37', NULL, '1', '1', '1', '0', NULL, NULL, '0'),
('400', '3', '3', 'Mac and Cheese', NULL, 'Mac and Cheese from our Continental & Pastas selection.', 'veg', '264.16', '2', '22', '2025-09-19 20:04:21', '2025-11-26 05:29:37', NULL, '1', '1', '1', '0', NULL, NULL, '0'),
('401', '3', '3', 'Veg Lasagna', NULL, 'Veg Lasagna from our Continental & Pastas selection.', 'veg', '448.69', '2', '22', '2025-09-19 20:04:21', '2025-11-26 05:29:39', NULL, '1', '1', '1', '0', NULL, NULL, '0'),
('402', '3', '3', 'Grilled Cottage Cheese Steak', NULL, 'Grilled Cottage Cheese Steak from our Continental & Pastas selection.', 'veg', '355.47', '2', '22', '2025-09-19 20:04:21', '2025-11-26 05:29:41', NULL, '1', '1', '1', '0', NULL, NULL, '0'),
('403', '3', '3', 'Sauteed Vegetables Plate', NULL, 'Sauteed Vegetables Plate from our Continental & Pastas selection.', 'veg', '298.29', '2', '22', '2025-09-19 20:04:21', '2025-11-26 05:29:42', NULL, '1', '1', '1', '0', NULL, NULL, '0'),
('404', '3', '3', 'Herb Rice with Veggies', NULL, 'Herb Rice with Veggies from our Continental & Pastas selection.', 'veg', '319.75', '2', '22', '2025-09-19 20:04:21', '2025-11-26 05:29:43', NULL, '1', '1', '1', '0', NULL, NULL, '0'),
('405', '3', '3', 'Chicken Alfredo Pasta', NULL, 'Chicken Alfredo Pasta from our Continental & Pastas selection.', 'non-veg', '212.67', '2', '22', '2025-09-19 20:04:21', '2025-11-26 05:29:43', NULL, '1', '1', '1', '0', NULL, NULL, '0'),
('406', '3', '3', 'Chicken Arrabbiata Pasta', NULL, 'Chicken Arrabbiata Pasta from our Continental & Pastas selection.', 'non-veg', '240.67', '2', '22', '2025-09-19 20:04:21', '2025-11-26 05:29:44', NULL, '1', '1', '1', '0', NULL, NULL, '0'),
('407', '3', '3', 'Grilled Chicken Breast', NULL, 'Grilled Chicken Breast from our Continental & Pastas selection.', 'non-veg', '271.28', '2', '22', '2025-09-19 20:04:21', '2025-11-26 05:29:45', NULL, '1', '1', '1', '0', NULL, NULL, '0'),
('408', '3', '3', 'Chicken Stroganoff', NULL, 'Chicken Stroganoff from our Continental & Pastas selection.', 'non-veg', '338.84', '2', '22', '2025-09-19 20:04:21', '2025-11-26 05:29:46', NULL, '1', '1', '1', '0', NULL, NULL, '0'),
('409', '3', '3', 'Fish and Chips', NULL, 'Fish and Chips from our Continental & Pastas selection.', 'non-veg', '242.13', '2', '22', '2025-09-19 20:04:21', '2025-11-26 05:29:47', NULL, '1', '1', '1', '0', NULL, NULL, '0'),
('410', '3', '3', 'Herb-Grilled Fish Fillet', NULL, 'Herb-Grilled Fish Fillet from our Continental & Pastas selection.', 'non-veg', '239.46', '2', '22', '2025-09-19 20:04:21', '2025-11-26 05:29:48', NULL, '1', '1', '1', '0', NULL, NULL, '0'),
('411', '3', '3', 'Chicken Caesar Salad', NULL, 'Chicken Caesar Salad from our Continental & Pastas selection.', 'non-veg', '199.17', '2', '22', '2025-09-19 20:04:21', '2025-11-26 05:29:49', NULL, '1', '1', '1', '0', NULL, NULL, '0'),
('412', '3', '3', 'Greek Salad', NULL, 'Greek Salad from our Continental & Pastas selection.', 'veg', '350.40', '2', '22', '2025-09-19 20:04:21', '2025-11-26 05:29:49', NULL, '1', '1', '1', '0', NULL, NULL, '0'),
('413', '3', '3', 'Mushroom Risotto', NULL, 'Mushroom Risotto from our Continental & Pastas selection.', 'veg', '241.81', '2', '22', '2025-09-19 20:04:21', '2025-11-26 05:29:50', NULL, '1', '1', '1', '0', NULL, NULL, '0'),
('414', '3', '3', 'Chicken Risotto', NULL, 'Chicken Risotto from our Continental & Pastas selection.', 'non-veg', '424.46', '2', '22', '2025-09-19 20:04:21', '2025-11-26 05:29:52', NULL, '1', '1', '1', '0', NULL, NULL, '0'),
('415', '3', '3', 'Margherita Pizza Personal', NULL, 'Margherita Pizza Personal from our Pizzas selection.', 'veg', '546.66', '2', '23', '2025-09-19 20:04:21', '2025-11-26 05:29:54', NULL, '1', '1', '1', '0', NULL, NULL, '0'),
('416', '3', '3', 'Margherita Pizza Medium', NULL, 'Margherita Pizza Medium from our Pizzas selection.', 'veg', '246.93', '2', '23', '2025-09-19 20:04:21', '2025-11-26 05:29:54', NULL, '1', '1', '1', '0', NULL, NULL, '0'),
('417', '3', '3', 'Farmhouse Pizza Personal', NULL, 'Farmhouse Pizza Personal from our Pizzas selection.', 'veg', '310.44', '2', '23', '2025-09-19 20:04:21', '2025-11-26 05:29:55', NULL, '1', '1', '1', '0', NULL, NULL, '0'),
('418', '3', '3', 'Farmhouse Pizza Medium', NULL, 'Farmhouse Pizza Medium from our Pizzas selection.', 'veg', '474.21', '2', '23', '2025-09-19 20:04:21', '2025-11-26 05:29:56', NULL, '1', '1', '1', '0', NULL, NULL, '0'),
('419', '3', '3', 'Veggie Supreme Pizza Personal', NULL, 'Veggie Supreme Pizza Personal from our Pizzas selection.', 'veg', '301.41', '2', '23', '2025-09-19 20:04:21', '2025-11-26 05:29:58', NULL, '1', '1', '1', '0', NULL, NULL, '0'),
('420', '3', '3', 'Veggie Supreme Pizza Medium', NULL, 'Veggie Supreme Pizza Medium from our Pizzas selection.', 'veg', '270.28', '2', '23', '2025-09-19 20:04:21', '2025-11-26 05:29:59', NULL, '1', '1', '1', '0', NULL, NULL, '0'),
('421', '3', '3', 'Paneer Tikka Pizza Personal', NULL, 'Paneer Tikka Pizza Personal from our Pizzas selection.', 'veg', '575.50', '2', '23', '2025-09-19 20:04:21', '2025-11-26 05:29:59', NULL, '1', '1', '1', '0', NULL, NULL, '0'),
('422', '3', '3', 'Paneer Tikka Pizza Medium', NULL, 'Paneer Tikka Pizza Medium from our Pizzas selection.', 'veg', '437.00', '2', '23', '2025-09-19 20:04:21', '2025-11-26 05:30:00', NULL, '1', '1', '1', '0', NULL, NULL, '0'),
('423', '3', '3', 'Corn & Cheese Pizza Personal', NULL, 'Corn & Cheese Pizza Personal from our Pizzas selection.', 'veg', '399.61', '2', '23', '2025-09-19 20:04:21', '2025-11-26 05:30:01', NULL, '1', '1', '1', '0', NULL, NULL, '0'),
('424', '3', '3', 'Corn & Cheese Pizza Medium', NULL, 'Corn & Cheese Pizza Medium from our Pizzas selection.', 'veg', '518.16', '2', '23', '2025-09-19 20:04:21', '2025-11-26 05:30:02', NULL, '1', '1', '1', '0', NULL, NULL, '0'),
('425', '3', '3', 'Pepperoni Pizza Personal', NULL, 'Pepperoni Pizza Personal from our Pizzas selection.', 'non-veg', '526.85', '2', '23', '2025-09-19 20:04:21', '2025-11-26 05:30:02', NULL, '1', '1', '1', '0', NULL, NULL, '0'),
('426', '3', '3', 'Pepperoni Pizza Medium', NULL, 'Pepperoni Pizza Medium from our Pizzas selection.', 'non-veg', '292.36', '2', '23', '2025-09-19 20:04:21', '2025-11-26 05:30:04', NULL, '1', '1', '1', '0', NULL, NULL, '0'),
('427', '3', '3', 'BBQ Chicken Pizza Personal', NULL, 'BBQ Chicken Pizza Personal from our Pizzas selection.', 'non-veg', '256.83', '2', '23', '2025-09-19 20:04:21', '2025-11-26 05:30:05', NULL, '1', '1', '1', '0', NULL, NULL, '0'),
('428', '3', '3', 'BBQ Chicken Pizza Medium', NULL, 'BBQ Chicken Pizza Medium from our Pizzas selection.', 'non-veg', '383.80', '2', '23', '2025-09-19 20:04:21', '2025-11-26 05:30:05', NULL, '1', '1', '1', '0', NULL, NULL, '0'),
('429', '3', '3', 'Chicken Tikka Pizza Personal', NULL, 'Chicken Tikka Pizza Personal from our Pizzas selection.', 'non-veg', '380.96', '2', '23', '2025-09-19 20:04:21', '2025-11-26 05:30:06', NULL, '1', '1', '1', '0', NULL, NULL, '0'),
('430', '3', '3', 'Chicken Tikka Pizza Medium', NULL, 'Chicken Tikka Pizza Medium from our Pizzas selection.', 'non-veg', '397.47', '2', '23', '2025-09-19 20:04:21', '2025-11-26 05:30:07', NULL, '1', '1', '1', '0', NULL, NULL, '0'),
('431', '3', '3', 'Four Cheese Pizza Medium', NULL, 'Four Cheese Pizza Medium from our Pizzas selection.', 'veg', '497.05', '2', '23', '2025-09-19 20:04:21', '2025-11-26 05:30:07', NULL, '1', '1', '1', '0', NULL, NULL, '0'),
('432', '3', '3', 'Mexican Green Wave Pizza Medium', NULL, 'Mexican Green Wave Pizza Medium from our Pizzas selection.', 'veg', '475.88', '2', '23', '2025-09-19 20:04:21', '2025-11-26 05:30:08', NULL, '1', '1', '1', '0', NULL, NULL, '0'),
('433', '3', '3', 'Peri Peri Paneer Pizza Medium', NULL, 'Peri Peri Paneer Pizza Medium from our Pizzas selection.', 'veg', '593.98', '2', '23', '2025-09-19 20:04:21', '2025-11-26 05:30:09', NULL, '1', '1', '1', '0', NULL, NULL, '0'),
('434', '3', '3', 'Tandoori Chicken Pizza Medium', NULL, 'Tandoori Chicken Pizza Medium from our Pizzas selection.', 'non-veg', '257.40', '2', '23', '2025-09-19 20:04:21', '2025-11-26 05:30:10', NULL, '1', '1', '1', '0', NULL, NULL, '0'),
('435', '3', '3', 'Garden Fresh Pizza Thin Crust', NULL, 'Garden Fresh Pizza Thin Crust from our Pizzas selection.', 'veg', '373.00', '2', '23', '2025-09-19 20:04:21', '2025-11-26 05:30:11', NULL, '1', '1', '1', '0', NULL, NULL, '0'),
('436', '3', '3', 'Smoked Chicken Pizza Thin Crust', NULL, 'Smoked Chicken Pizza Thin Crust from our Pizzas selection.', 'non-veg', '348.93', '2', '23', '2025-09-19 20:04:21', '2025-11-26 05:30:11', NULL, '1', '1', '1', '0', NULL, NULL, '0'),
('437', '3', '3', 'Classic Veg Burger', NULL, 'Classic Veg Burger from our Burgers & Sandwiches selection.', 'veg', '344.03', '2', '24', '2025-09-19 20:04:21', '2025-11-26 05:30:12', NULL, '1', '1', '1', '0', NULL, NULL, '0'),
('438', '3', '3', 'Cheese Veg Burger', NULL, 'Cheese Veg Burger from our Burgers & Sandwiches selection.', 'veg', '184.65', '2', '24', '2025-09-19 20:04:21', '2025-11-26 05:30:14', NULL, '1', '1', '1', '0', NULL, NULL, '0'),
('439', '3', '3', 'Crispy Paneer Burger', NULL, 'Crispy Paneer Burger from our Burgers & Sandwiches selection.', 'veg', '169.45', '2', '24', '2025-09-19 20:04:21', '2025-11-26 05:30:14', NULL, '1', '1', '1', '0', NULL, NULL, '0'),
('440', '3', '3', 'Aloo Tikki Burger', NULL, 'Aloo Tikki Burger from our Burgers & Sandwiches selection.', 'veg', '236.64', '2', '24', '2025-09-19 20:04:21', '2025-11-26 05:30:15', NULL, '1', '1', '1', '0', NULL, NULL, '0'),
('441', '3', '3', 'Mexican Veg Burger', NULL, 'Mexican Veg Burger from our Burgers & Sandwiches selection.', 'veg', '229.69', '2', '24', '2025-09-19 20:04:21', '2025-11-26 05:30:16', NULL, '1', '1', '1', '0', NULL, NULL, '0'),
('442', '3', '3', 'Grilled Veg Sandwich', NULL, 'Grilled Veg Sandwich from our Burgers & Sandwiches selection.', 'veg', '192.42', '2', '24', '2025-09-19 20:04:21', '2025-11-26 05:30:17', NULL, '1', '1', '1', '0', NULL, NULL, '0'),
('443', '3', '3', 'Bombay Masala Sandwich', NULL, 'Bombay Masala Sandwich from our Burgers & Sandwiches selection.', 'veg', '184.95', '2', '24', '2025-09-19 20:04:21', '2025-11-26 05:30:18', NULL, '1', '1', '1', '0', NULL, NULL, '0'),
('444', '3', '3', 'Paneer Tikka Sandwich', NULL, 'Paneer Tikka Sandwich from our Burgers & Sandwiches selection.', 'veg', '360.05', '2', '24', '2025-09-19 20:04:21', '2025-11-26 05:30:20', NULL, '1', '1', '1', '0', NULL, NULL, '0'),
('445', '3', '3', 'Club Sandwich Veg', NULL, 'Club Sandwich Veg from our Burgers & Sandwiches selection.', 'veg', '235.21', '2', '24', '2025-09-19 20:04:21', '2025-11-26 05:30:21', NULL, '1', '1', '1', '0', NULL, NULL, '0'),
('446', '3', '3', 'Chicken Burger Classic', NULL, 'Chicken Burger Classic from our Burgers & Sandwiches selection.', 'non-veg', '343.95', '2', '24', '2025-09-19 20:04:21', '2025-11-26 05:30:23', NULL, '1', '1', '1', '0', NULL, NULL, '0'),
('447', '3', '3', 'Chicken Burger Spicy', NULL, 'Chicken Burger Spicy from our Burgers & Sandwiches selection.', 'non-veg', '263.08', '2', '24', '2025-09-19 20:04:21', '2025-11-26 05:30:23', NULL, '1', '1', '1', '0', NULL, NULL, '0'),
('448', '3', '3', 'BBQ Chicken Burger', NULL, 'BBQ Chicken Burger from our Burgers & Sandwiches selection.', 'non-veg', '133.15', '2', '24', '2025-09-19 20:04:21', '2025-11-26 05:30:24', NULL, '1', '1', '1', '0', NULL, NULL, '0'),
('449', '3', '3', 'Crispy Chicken Burger', NULL, 'Crispy Chicken Burger from our Burgers & Sandwiches selection.', 'non-veg', '379.81', '2', '24', '2025-09-19 20:04:21', '2025-11-26 05:30:24', NULL, '1', '1', '1', '0', NULL, NULL, '0'),
('450', '3', '3', 'Peri Peri Chicken Burger', NULL, 'Peri Peri Chicken Burger from our Burgers & Sandwiches selection.', 'non-veg', '337.37', '2', '24', '2025-09-19 20:04:21', '2025-11-26 05:30:25', NULL, '1', '1', '1', '0', NULL, NULL, '0'),
('451', '3', '3', 'Egg Mayo Sandwich', NULL, 'Egg Mayo Sandwich from our Burgers & Sandwiches selection.', 'egg', '371.94', '2', '24', '2025-09-19 20:04:21', '2025-11-26 05:30:26', NULL, '1', '1', '1', '0', NULL, NULL, '0'),
('452', '3', '3', 'Chicken Club Sandwich', NULL, 'Chicken Club Sandwich from our Burgers & Sandwiches selection.', 'non-veg', '360.86', '2', '24', '2025-09-19 20:04:21', '2025-11-26 05:30:27', NULL, '1', '1', '1', '0', NULL, NULL, '0'),
('453', '3', '3', 'Tuna Sandwich', NULL, 'Tuna Sandwich from our Burgers & Sandwiches selection.', 'non-veg', '340.66', '2', '24', '2025-09-19 20:04:21', '2025-11-26 05:30:27', NULL, '1', '1', '1', '0', NULL, NULL, '0'),
('454', '3', '3', 'Grilled Chicken Sandwich', NULL, 'Grilled Chicken Sandwich from our Burgers & Sandwiches selection.', 'non-veg', '163.24', '2', '24', '2025-09-19 20:04:21', '2025-11-26 05:30:28', NULL, '1', '1', '1', '0', NULL, NULL, '0'),
('455', '3', '3', 'Double Patty Veg Burger', NULL, 'Double Patty Veg Burger from our Burgers & Sandwiches selection.', 'veg', '246.27', '2', '24', '2025-09-19 20:04:21', '2025-11-26 05:30:29', NULL, '1', '1', '1', '0', NULL, NULL, '0'),
('456', '3', '3', 'Paneer Kathi Roll', NULL, 'Paneer Kathi Roll from our Burgers & Sandwiches selection.', 'veg', '175.57', '2', '24', '2025-09-19 20:04:21', '2025-11-26 05:30:29', NULL, '1', '1', '1', '0', NULL, NULL, '0'),
('457', '3', '3', 'Chicken Kathi Roll', NULL, 'Chicken Kathi Roll from our Burgers & Sandwiches selection.', 'non-veg', '224.27', '2', '24', '2025-09-19 20:04:21', '2025-11-26 05:30:29', NULL, '1', '1', '1', '0', NULL, NULL, '0'),
('458', '3', '3', 'Egg Kathi Roll', NULL, 'Egg Kathi Roll from our Burgers & Sandwiches selection.', 'egg', '135.25', '2', '24', '2025-09-19 20:04:21', '2025-11-26 05:30:30', NULL, '1', '1', '1', '0', NULL, NULL, '0'),
('459', '3', '3', 'Gulab Jamun', NULL, 'Gulab Jamun from our Desserts selection.', 'veg', '148.22', '2', '25', '2025-09-19 20:04:21', '2025-11-26 05:30:30', NULL, '1', '1', '1', '0', NULL, NULL, '0'),
('460', '3', '3', 'Rasmalai', NULL, 'Rasmalai from our Desserts selection.', 'veg', '257.36', '2', '25', '2025-09-19 20:04:21', '2025-11-26 05:30:31', NULL, '1', '1', '1', '0', NULL, NULL, '0'),
('461', '3', '3', 'Rasgulla', NULL, 'Rasgulla from our Desserts selection.', 'veg', '127.74', '2', '25', '2025-09-19 20:04:21', '2025-11-26 05:30:33', NULL, '1', '1', '1', '0', NULL, NULL, '0'),
('462', '3', '3', 'Jalebi', NULL, 'Jalebi from our Desserts selection.', 'veg', '221.13', '2', '25', '2025-09-19 20:04:21', '2025-11-26 05:30:33', NULL, '1', '1', '1', '0', NULL, NULL, '0'),
('463', '3', '3', 'Gajar Halwa', NULL, 'Gajar Halwa from our Desserts selection.', 'veg', '161.90', '2', '25', '2025-09-19 20:04:21', '2025-11-26 05:30:34', NULL, '1', '1', '1', '0', NULL, NULL, '0'),
('464', '3', '3', 'Moong Dal Halwa', NULL, 'Moong Dal Halwa from our Desserts selection.', 'veg', '156.14', '2', '25', '2025-09-19 20:04:21', '2025-11-26 05:30:34', NULL, '1', '1', '1', '0', NULL, NULL, '0'),
('465', '3', '3', 'Kheer', NULL, 'Kheer from our Desserts selection.', 'veg', '252.32', '2', '25', '2025-09-19 20:04:21', '2025-11-26 05:30:34', NULL, '1', '1', '1', '0', NULL, NULL, '0'),
('466', '3', '3', 'Phirni', NULL, 'Phirni from our Desserts selection.', 'veg', '259.18', '2', '25', '2025-09-19 20:04:21', '2025-11-26 05:30:35', NULL, '1', '1', '1', '0', NULL, NULL, '0'),
('467', '3', '3', 'Kulfi Malai', NULL, 'Kulfi Malai from our Desserts selection.', 'veg', '180.04', '2', '25', '2025-09-19 20:04:21', '2025-11-26 05:30:35', NULL, '1', '1', '1', '0', NULL, NULL, '0'),
('468', '3', '3', 'Kulfi Pista', NULL, 'Kulfi Pista from our Desserts selection.', 'veg', '209.31', '2', '25', '2025-09-19 20:04:21', '2025-11-26 05:30:36', NULL, '1', '1', '1', '0', NULL, NULL, '0'),
('469', '3', '3', 'Matka Kulfi', NULL, 'Matka Kulfi from our Desserts selection.', 'veg', '107.86', '2', '25', '2025-09-19 20:04:21', '2025-11-26 05:30:36', NULL, '1', '1', '1', '0', NULL, NULL, '0'),
('470', '3', '3', 'Ice Cream Vanilla Scoop', NULL, 'Ice Cream Vanilla Scoop from our Desserts selection.', 'veg', '133.41', '2', '25', '2025-09-19 20:04:21', '2025-11-26 05:30:36', NULL, '1', '1', '1', '0', NULL, NULL, '0'),
('471', '3', '3', 'Ice Cream Chocolate Scoop', NULL, 'Ice Cream Chocolate Scoop from our Desserts selection.', 'veg', '254.37', '2', '25', '2025-09-19 20:04:21', '2025-11-26 05:30:37', NULL, '1', '1', '1', '0', NULL, NULL, '0'),
('472', '3', '3', 'Brownie with Ice Cream', NULL, 'Brownie with Ice Cream from our Desserts selection.', 'veg', '184.25', '2', '25', '2025-09-19 20:04:21', '2025-11-26 05:30:37', NULL, '1', '1', '1', '0', NULL, NULL, '0'),
('473', '3', '3', 'Sizzling Brownie', NULL, 'Sizzling Brownie from our Desserts selection.', 'veg', '177.60', '2', '25', '2025-09-19 20:04:21', '2025-11-26 05:30:38', NULL, '1', '1', '1', '0', NULL, NULL, '0'),
('474', '3', '3', 'Cheesecake Blueberry', NULL, 'Cheesecake Blueberry from our Desserts selection.', 'veg', '214.64', '2', '25', '2025-09-19 20:04:21', '2025-11-26 05:30:38', NULL, '1', '1', '1', '0', NULL, NULL, '0'),
('475', '3', '3', 'Tiramisu', NULL, 'Tiramisu from our Desserts selection.', 'veg', '90.29', '2', '25', '2025-09-19 20:04:21', '2025-11-26 05:30:39', NULL, '1', '1', '1', '0', NULL, NULL, '0'),
('476', '3', '3', 'Caramel Custard', NULL, 'Caramel Custard from our Desserts selection.', 'egg', '185.15', '2', '25', '2025-09-19 20:04:21', '2025-11-26 05:30:40', NULL, '1', '1', '1', '0', NULL, NULL, '0'),
('477', '3', '3', 'Apple Pie', NULL, 'Apple Pie from our Desserts selection.', 'veg', '170.51', '2', '25', '2025-09-19 20:04:21', '2025-11-26 05:30:40', NULL, '1', '1', '1', '0', NULL, NULL, '0'),
('478', '3', '3', 'Mysore Pak', NULL, 'Mysore Pak from our Desserts selection.', 'veg', '233.49', '2', '25', '2025-09-19 20:04:21', '2025-11-26 05:30:41', NULL, '1', '1', '1', '0', NULL, NULL, '0'),
('479', '3', '3', 'Shrikhand', NULL, 'Shrikhand from our Desserts selection.', 'veg', '108.34', '2', '25', '2025-09-19 20:04:21', '2025-11-26 05:30:41', NULL, '1', '1', '1', '0', NULL, NULL, '0'),
('480', '3', '3', 'Masala Chai', NULL, 'Masala Chai from our Beverages selection.', 'veg', '213.33', '2', '26', '2025-09-19 20:04:21', '2025-11-26 05:30:41', NULL, '1', '1', '1', '0', NULL, NULL, '0'),
('481', '3', '3', 'Ginger Tea', NULL, 'Ginger Tea from our Beverages selection.', 'veg', '63.62', '2', '26', '2025-09-19 20:04:21', '2025-11-26 05:30:42', NULL, '1', '1', '1', '0', NULL, NULL, '0'),
('482', '3', '3', 'Filter Coffee', NULL, 'Filter Coffee from our Beverages selection.', 'veg', '81.59', '2', '26', '2025-09-19 20:04:21', '2025-11-26 05:30:43', NULL, '1', '1', '1', '0', NULL, NULL, '0'),
('483', '3', '3', 'Cold Coffee Classic', NULL, 'Cold Coffee Classic from our Beverages selection.', 'veg', '151.16', '2', '26', '2025-09-19 20:04:21', '2025-11-26 05:30:43', NULL, '1', '1', '1', '0', NULL, NULL, '0'),
('484', '3', '3', 'Cold Coffee Frappe', NULL, 'Cold Coffee Frappe from our Beverages selection.', 'veg', '164.79', '2', '26', '2025-09-19 20:04:21', '2025-11-26 05:30:44', NULL, '1', '1', '1', '0', NULL, NULL, '0'),
('485', '3', '3', 'Iced Tea Lemon', NULL, 'Iced Tea Lemon from our Beverages selection.', 'veg', '89.98', '2', '26', '2025-09-19 20:04:21', '2025-11-26 05:30:45', NULL, '1', '1', '1', '0', NULL, NULL, '0'),
('486', '3', '3', 'Iced Tea Peach', NULL, 'Iced Tea Peach from our Beverages selection.', 'veg', '70.38', '2', '26', '2025-09-19 20:04:21', '2025-11-26 05:30:45', NULL, '1', '1', '1', '0', NULL, NULL, '0'),
('487', '3', '3', 'Fresh Lime Soda Sweet', NULL, 'Fresh Lime Soda Sweet from our Beverages selection.', 'veg', '201.35', '2', '26', '2025-09-19 20:04:21', '2025-11-26 05:30:46', NULL, '1', '1', '1', '0', NULL, NULL, '0'),
('488', '3', '3', 'Fresh Lime Soda Salted', NULL, 'Fresh Lime Soda Salted from our Beverages selection.', 'veg', '91.86', '2', '26', '2025-09-19 20:04:21', '2025-11-26 05:30:46', NULL, '1', '1', '1', '0', NULL, NULL, '0'),
('489', '3', '3', 'Sweet Lassi', NULL, 'Sweet Lassi from our Beverages selection.', 'veg', '151.07', '2', '26', '2025-09-19 20:04:21', '2025-11-26 05:30:47', NULL, '1', '1', '1', '0', NULL, NULL, '0'),
('490', '3', '3', 'Salted Lassi', NULL, 'Salted Lassi from our Beverages selection.', 'veg', '155.29', '2', '26', '2025-09-19 20:04:21', '2025-11-26 05:30:47', NULL, '1', '1', '1', '0', NULL, NULL, '0'),
('491', '3', '3', 'Mango Lassi', NULL, 'Mango Lassi from our Beverages selection.', 'veg', '121.27', '2', '26', '2025-09-19 20:04:21', '2025-11-26 05:30:47', NULL, '1', '1', '1', '0', NULL, NULL, '0'),
('492', '3', '3', 'Buttermilk Chaas', NULL, 'Buttermilk Chaas from our Beverages selection.', 'veg', '149.22', '2', '26', '2025-09-19 20:04:21', '2025-11-26 05:30:49', NULL, '1', '1', '1', '0', NULL, NULL, '0'),
('493', '3', '3', 'Thandai', NULL, 'Thandai from our Beverages selection.', 'veg', '138.87', '2', '26', '2025-09-19 20:04:21', '2025-11-26 05:30:50', NULL, '1', '1', '1', '0', NULL, NULL, '0'),
('494', '3', '3', 'Badam Milk', NULL, 'Badam Milk from our Beverages selection.', 'veg', '208.90', '2', '26', '2025-09-19 20:04:21', '2025-11-26 05:30:50', NULL, '1', '1', '1', '0', NULL, NULL, '0'),
('495', '3', '3', 'Watermelon Juice', NULL, 'Watermelon Juice from our Beverages selection.', 'veg', '84.72', '2', '26', '2025-09-19 20:04:21', '2025-11-26 05:30:51', NULL, '1', '1', '1', '0', NULL, NULL, '0'),
('496', '3', '3', 'Orange Juice', NULL, 'Orange Juice from our Beverages selection.', 'veg', '171.75', '2', '26', '2025-09-19 20:04:21', '2025-11-26 05:30:51', NULL, '1', '1', '1', '0', NULL, NULL, '0'),
('497', '3', '3', 'Pineapple Juice', NULL, 'Pineapple Juice from our Beverages selection.', 'veg', '90.58', '2', '26', '2025-09-19 20:04:21', '2025-11-26 05:30:52', NULL, '1', '1', '1', '0', NULL, NULL, '0'),
('498', '3', '3', 'Mint Mojito', NULL, 'Mint Mojito from our Beverages selection.', 'veg', '117.28', '2', '26', '2025-09-19 20:04:21', '2025-11-26 05:30:52', NULL, '1', '1', '1', '0', NULL, NULL, '0'),
('499', '3', '3', 'Strawberry Milkshake', NULL, 'Strawberry Milkshake from our Beverages selection.', 'veg', '164.19', '2', '26', '2025-09-19 20:04:21', '2025-11-26 05:30:53', NULL, '1', '1', '1', '0', NULL, NULL, '0'),
('500', '3', '3', 'Chocolate Milkshake', NULL, 'Chocolate Milkshake from our Beverages selection.', 'veg', '101.00', '2', '26', '2025-09-19 20:04:21', '2025-11-26 05:30:53', NULL, '1', '1', '1', '0', NULL, NULL, '0'),
('501', '4', '1', 'Margherita Pizza', NULL, NULL, 'veg', '100.00', '3', '27', '2025-09-20 12:59:59', '2025-10-15 12:17:29', NULL, '1', '1', '1', '0', NULL, NULL, '0'),
('503', '5', '7', 'Butter Chicken', 'menu_503_69298b96f21dd.jpg', 'Rich creamy chicken curry with butter and spices.', 'non-veg', '0.00', '4', '30', '2025-10-08 08:47:24', '2025-11-28 11:46:31', '10', '1', '1', '1', '0', NULL, NULL, '0'),
('504', '5', '5', 'Paneer Butter Masala', 'menu_504_69298b979ba1b.jpg', 'Paneer cubes cooked in buttery tomato gravy.', 'veg', '0.00', '4', '30', '2025-10-08 08:48:17', '2025-11-28 11:46:31', '10', '1', '1', '1', '0', NULL, NULL, '0'),
('505', '5', '5', 'Dal Makhani', 'menu_505_69298b9859f3f.png', 'Black lentils simmered overnight with cream.', 'veg', '0.00', '4', '30', '2025-10-08 08:49:15', '2025-11-28 11:46:32', '4', '1', '1', '1', '0', NULL, NULL, '0'),
('506', '5', '7', 'Rogan Josh', 'menu_506_69298b9937e1c.png', 'Spicy lamb curry from Kashmir.', 'halal', '0.00', '4', '30', '2025-10-08 08:50:17', '2025-11-28 11:46:33', '6', '1', '1', '1', '0', NULL, NULL, '0'),
('507', '5', '5', 'Pani Puri', 'menu_507_69298b99e46cc.png', 'Crispy puris filled with tangy spiced water.', 'veg', '60.00', '4', '31', '2025-10-08 08:53:49', '2025-11-28 11:46:34', '1', '1', '1', '1', '0', NULL, NULL, '0'),
('508', '5', '5', 'Aloo Tikki Chaat', 'menu_508_69298b9a86432.png', 'Crispy potato patties topped with chutneys.', 'veg', '90.00', '4', '31', '2025-10-08 08:55:20', '2025-11-28 11:46:34', NULL, '1', '1', '1', '0', NULL, NULL, '0'),
('509', '5', '5', 'Fresh Croissant', 'menu_509_69298b9b4636a.png', 'Test description for Fresh Croissant', 'veg', '0.00', '6', '32', '2025-10-24 14:49:12', '2025-11-28 11:46:35', '5', '1', '1', '1', '0', NULL, NULL, '0'),
('510', '5', '5', 'Butternut Squash Soup', 'menu_510_69298b9be2503.jpg', 'Creamy roasted butternut squash, herb oil, served with multigrain toast', 'veg', '0.00', '7', '34', '2025-10-25 12:59:58', '2025-11-28 11:46:35', '8', '1', '1', '1', '0', NULL, NULL, '0'),
('511', '5', '5', 'All-Time Favourite Shorba (Veg)', 'menu_511_69298b9c73aac.webp', 'Tomato shorba (Veg)', 'veg', '225.00', '8', '40', '2025-11-17 13:46:42', '2025-11-28 11:46:36', NULL, '1', '1', '1', '0', NULL, NULL, '0'),
('512', '5', '5', 'All-Time Favourite Shorba (Non-Veg)', 'menu_512_69298b9d361f5.jpg', 'Chicken / yakhni shorba (Non-Veg)', 'non-veg', '250.00', '8', '40', '2025-11-17 13:46:42', '2025-11-28 11:46:37', NULL, '1', '1', '1', '0', NULL, NULL, '0'),
('513', '5', '5', 'The Asian Bowl (Veg)', 'menu_513_69298b9e01e79.png', 'Man chow / Hot & Sour / Lemon Coriander / Sweet corn (Veg)', 'veg', '225.00', '8', '40', '2025-11-17 13:46:42', '2025-11-28 11:46:38', NULL, '1', '1', '1', '0', NULL, NULL, '0'),
('514', '5', '5', 'The Asian Bowl (Non-Veg)', 'menu_514_69298b9ecb05f.jpg', 'Man chow / Hot & Sour / Lemon Coriander / Sweet corn (Non-Veg)', 'non-veg', '250.00', '8', '40', '2025-11-17 13:46:42', '2025-11-28 11:46:38', NULL, '1', '1', '1', '0', NULL, NULL, '0'),
('515', '5', '5', 'Tibetan Thukpa (Non-Veg)', 'menu_515_69298b9f69844.webp', 'Hearty Tibetan noodle soup (Non-Veg)', 'non-veg', '250.00', '8', '40', '2025-11-17 13:46:42', '2025-11-28 11:46:39', NULL, '1', '1', '1', '0', NULL, NULL, '0'),
('516', '5', '5', 'Chicken kimchi Salad', 'menu_516_69298ba017715.jpg', 'Fried Chicken Lettuce – Red Cabbage, Cherry tomato with sesame oil', 'non-veg', '395.00', '8', '41', '2025-11-17 13:46:42', '2025-11-28 11:46:40', NULL, '1', '1', '1', '0', NULL, NULL, '0'),
('517', '5', '5', 'Charcoal Grill Chicken Salad', 'menu_517_69298ba0ba4c5.jpg', 'Eggs, Chicken tikka, Lettuce, Cherry Tomato, Cucumber, Olives, Mediterranean Dressing', 'non-veg', '395.00', '8', '41', '2025-11-17 13:46:42', '2025-11-28 11:46:40', NULL, '1', '1', '1', '0', NULL, NULL, '0'),
('518', '5', '5', 'Green Salad', 'menu_518_69298ba15c7bf.jpg', 'Lettuce, Cucumber, Tomato, Onion, Green Chilli, Lemon', 'veg', '210.00', '8', '41', '2025-11-17 13:46:42', '2025-11-28 11:46:41', NULL, '1', '1', '1', '0', NULL, NULL, '0'),
('519', '5', '5', 'Tossed Salad', 'menu_519_69298ba2012d9.jpg', 'Lettuce, Cucumber, Tomato, Onion, Green Chilli, Lemon, Olives & Dressing', 'veg', '210.00', '8', '41', '2025-11-17 13:46:42', '2025-11-28 11:46:42', NULL, '1', '1', '1', '0', NULL, NULL, '0'),
('520', '5', '5', 'Honey Chilli Wings', 'menu_520_69298ba2ae03e.jpg', 'Signature honey chilli glazed chicken wings', 'non-veg', '375.00', '9', '42', '2025-11-17 13:46:42', '2025-11-28 11:46:42', NULL, '1', '1', '1', '0', NULL, NULL, '0'),
('521', '5', '5', 'Schezwan Chicken Lollipop', 'menu_521_69298ba35614b.jpg', 'Spicy schezwan chicken lollipop', 'non-veg', '375.00', '9', '42', '2025-11-17 13:46:42', '2025-11-28 11:46:43', NULL, '1', '1', '1', '0', NULL, NULL, '0'),
('522', '5', '5', 'Butter Chicken Wing', 'menu_522_69298ba3f319d.png', 'Butter chicken flavored wings', 'non-veg', '375.00', '9', '42', '2025-11-17 13:46:42', '2025-11-28 11:46:44', NULL, '1', '1', '1', '0', NULL, NULL, '0'),
('523', '5', '5', 'Creamy Kali Mirch Lemon wing', 'menu_523_69298ba4d55cb.jpg', 'Creamy black pepper lemon wings', 'non-veg', '375.00', '9', '42', '2025-11-17 13:46:42', '2025-11-28 11:46:44', NULL, '1', '1', '1', '0', NULL, NULL, '0'),
('524', '5', '5', 'Tandoori Wings', 'menu_524_69298ba57ad08.jpg', 'Tandoori spiced chicken wings', 'non-veg', '375.00', '9', '42', '2025-11-17 13:46:42', '2025-11-28 11:46:45', NULL, '1', '1', '1', '0', NULL, NULL, '0'),
('525', '5', '5', 'Adraki Chicken Wings', 'menu_525_69298ba644c47.jpg', 'Ginger marinated chicken wings', 'non-veg', '375.00', '9', '42', '2025-11-17 13:46:42', '2025-11-28 11:46:46', NULL, '1', '1', '1', '0', NULL, NULL, '0'),
('526', '5', '5', 'Drams of haven', 'menu_526_69298ba70d60a.jpg', 'Chef special wings', 'non-veg', '375.00', '9', '42', '2025-11-17 13:46:42', '2025-11-28 11:46:47', NULL, '1', '1', '1', '0', NULL, NULL, '0'),
('527', '5', '5', 'Fish Croquettes', 'menu_527_69298ba79560f.jpg', 'Crusted Fish Roll with Dill Tartar Sauce', 'non-veg', '395.00', '8', '43', '2025-11-17 13:46:42', '2025-11-28 11:46:47', NULL, '1', '1', '1', '0', NULL, NULL, '0'),
('528', '5', '5', 'Hari Mirch Chicken Tikka Hummus', 'menu_528_69298ba86f58f.jpg', 'Classic Israeli Hummus with baby Naan and chicken', 'non-veg', '395.00', '8', '43', '2025-11-17 13:46:42', '2025-11-28 11:46:48', NULL, '1', '1', '1', '0', NULL, NULL, '0'),
('529', '5', '5', 'American Fried Chicken', 'menu_529_69298ba9351a3.png', 'Fried chicken with sweet chilli Mayo', 'non-veg', '375.00', '8', '43', '2025-11-17 13:46:42', '2025-11-28 11:46:49', NULL, '1', '1', '1', '0', NULL, NULL, '0'),
('530', '5', '5', 'Chicken Ball', 'menu_530_69298ba9c77aa.png', 'Fried chicken with sweet chilli Mayo', 'non-veg', '375.00', '8', '43', '2025-11-17 13:46:42', '2025-11-28 11:46:49', NULL, '1', '1', '1', '0', NULL, NULL, '0'),
('531', '5', '5', 'Classic Sprout chat', 'menu_531_69298baa63389.png', 'Green Moong & chickpeas with onion, tomato, Anardana, & Pineapple', 'veg', '310.00', '8', '44', '2025-11-17 13:46:42', '2025-11-28 11:46:50', NULL, '1', '1', '1', '0', NULL, NULL, '0'),
('532', '5', '5', 'Kala Chana Chat', 'menu_532_69298bab23206.jpg', 'Black chana with Tomato, Onion, Green Chilli & Lemon', 'veg', '310.00', '8', '44', '2025-11-17 13:46:42', '2025-11-28 11:46:51', NULL, '1', '1', '1', '0', NULL, NULL, '0'),
('533', '5', '5', 'Aloo Chana Chat', 'menu_533_69298babad61e.jpg', 'Potato and black chana with tomato and spices', 'veg', '310.00', '8', '44', '2025-11-17 13:46:42', '2025-11-28 11:46:51', NULL, '1', '1', '1', '0', NULL, NULL, '0'),
('534', '5', '5', 'Peanut Masala', 'menu_534_69298bac3d86b.jpg', 'Spiced peanut mix', 'veg', '310.00', '8', '44', '2025-11-17 13:46:42', '2025-11-28 11:46:52', NULL, '1', '1', '1', '0', NULL, NULL, '0'),
('535', '5', '5', 'Masala Papad', 'menu_535_69298bacceceb.jpg', 'Roasted Papad with tomato onion and spices', 'veg', '295.00', '8', '44', '2025-11-17 13:46:42', '2025-11-28 11:46:52', NULL, '1', '1', '1', '0', NULL, NULL, '0'),
('536', '5', '5', 'Crispy Corn Bhal', 'menu_536_69298badbd30d.jpg', 'Fried Corn with tomato and spices', 'veg', '310.00', '8', '44', '2025-11-17 13:46:42', '2025-11-28 11:46:53', NULL, '1', '1', '1', '0', NULL, NULL, '0'),
('537', '5', '5', 'Sprout Masala', 'menu_537_69298bae7ff29.jpg', 'Sprout salad with onion, tomato, cucumber and pineapple', 'veg', '310.00', '8', '44', '2025-11-17 13:46:42', '2025-11-28 11:46:54', NULL, '1', '1', '1', '0', NULL, NULL, '0'),
('538', '5', '5', 'Chakhna 2 Ways', 'menu_538_69298baf4cdb1.jpg', 'Salted Peanuts and Nachos', 'veg', '350.00', '8', '44', '2025-11-17 13:46:42', '2025-11-28 11:46:55', NULL, '1', '1', '1', '0', NULL, NULL, '0'),
('539', '5', '5', 'Golden fried vegetable Finger', 'menu_539_69298bb044c3c.jpg', 'Fried vegetable fingers with peri-peri chilli mayo dip', 'veg', '350.00', '8', '44', '2025-11-17 13:46:42', '2025-11-28 11:46:56', NULL, '1', '1', '1', '0', NULL, NULL, '0'),
('540', '5', '5', 'Falafel With Hummus', 'menu_540_69298bb0ee013.png', 'Classic Israeli Hummus, Pitta, Falafel', 'veg', '350.00', '8', '44', '2025-11-17 13:46:42', '2025-11-28 11:46:57', NULL, '1', '1', '1', '0', NULL, NULL, '0'),
('541', '5', '5', 'Garlic Breads', 'menu_541_69298bb1a4bb6.jpg', 'Toasted garlic bread', 'veg', '250.00', '8', '44', '2025-11-17 13:46:42', '2025-11-28 11:46:57', NULL, '1', '1', '1', '0', NULL, NULL, '0'),
('542', '5', '5', 'Cheese Garlic Breads', 'menu_542_69298bb257524.jpg', 'Garlic bread topped with cheese', 'veg', '275.00', '8', '44', '2025-11-17 13:46:42', '2025-11-28 11:46:58', NULL, '1', '1', '1', '0', NULL, NULL, '0'),
('543', '5', '5', 'Peri-peri French fry', 'menu_543_69298bb2e08ff.jpg', 'Peri-peri French fries', 'veg', '250.00', '8', '44', '2025-11-17 13:46:42', '2025-11-28 11:46:58', NULL, '1', '1', '1', '0', NULL, NULL, '0'),
('544', '5', '5', 'Papad Basket', 'menu_544_69298bb38dbcd.jpg', 'Assorted papads', 'veg', '295.00', '8', '44', '2025-11-17 13:46:42', '2025-11-28 11:46:59', NULL, '1', '1', '1', '0', NULL, NULL, '0'),
('545', '5', '5', 'Egg Bhurji', 'menu_545_69298bb42d522.jpg', 'Spiced scrambled eggs', 'veg', '225.00', '8', '44', '2025-11-17 13:46:42', '2025-11-28 11:47:00', NULL, '1', '1', '1', '0', NULL, NULL, '0'),
('546', '5', '5', 'Tandoori non-Veg Platter', 'menu_546_69298bb4bf374.jpg', 'Chicken Tikka, Chicken Seekh, Mutton Seekh, Fish Tikka, Fry Fish & Dips', 'non-veg', '799.00', '9', '45', '2025-11-17 13:46:42', '2025-11-28 11:47:00', NULL, '1', '1', '1', '0', NULL, NULL, '0'),
('547', '5', '5', 'Tandoori Chicken Platter', 'menu_547_69298bb55e975.jpg', 'Chicken Tikka, Chicken Seekh, Hari Mirch chicken, Malai chicken & Dips', 'non-veg', '799.00', '9', '45', '2025-11-17 13:46:42', '2025-11-28 11:47:01', NULL, '1', '1', '1', '0', NULL, NULL, '0'),
('548', '5', '5', 'Tandoori Vegetable Platter', 'menu_548_69298bb5f3133.png', 'Soya Chaap, Hara Bara Kebab, Paneer Tikka, Dahi Kabab, Mushroom & Dips', 'veg', '699.00', '9', '45', '2025-11-17 13:46:42', '2025-11-28 11:47:02', NULL, '1', '1', '1', '0', NULL, NULL, '0'),
('549', '5', '5', 'Schezwan Chilli fish', 'menu_549_69298bb6c1802.jpg', 'Spicy schezwan style fish', 'non-veg', '375.00', '10', '46', '2025-11-17 13:46:42', '2025-11-28 11:47:02', NULL, '1', '1', '1', '0', NULL, NULL, '0'),
('550', '5', '5', 'Classic Chilli Chicken', 'menu_550_69298bb775177.png', 'Classic chilli chicken', 'non-veg', '375.00', '10', '46', '2025-11-17 13:46:42', '2025-11-28 11:47:03', NULL, '1', '1', '1', '0', NULL, NULL, '0'),
('551', '5', '5', 'Crispy Garlic chicken', 'menu_551_69298bb82c050.webp', 'Crispy garlic chicken', 'non-veg', '375.00', '10', '46', '2025-11-17 13:46:42', '2025-11-28 11:47:04', NULL, '1', '1', '1', '0', NULL, NULL, '0'),
('552', '5', '5', 'SingaPuri Chicken', 'menu_552_69298bb8b1df6.jpg', 'Singapore style chicken', 'non-veg', '375.00', '10', '46', '2025-11-17 13:46:42', '2025-11-28 11:47:04', NULL, '1', '1', '1', '0', NULL, NULL, '0'),
('553', '5', '5', 'Thai Style Dragon chicken', 'menu_553_69298bb96fa1a.png', 'Thai style dragon chicken', 'non-veg', '375.00', '10', '46', '2025-11-17 13:46:42', '2025-11-28 11:47:05', NULL, '1', '1', '1', '0', NULL, NULL, '0'),
('554', '5', '5', 'Hawker Style Chilli Paneer', 'menu_554_69298bba1baaa.png', 'Spicy chilli paneer', 'veg', '350.00', '10', '46', '2025-11-17 13:46:42', '2025-11-28 11:47:06', NULL, '1', '1', '1', '0', NULL, NULL, '0'),
('555', '5', '5', 'Money Bag Wonton', 'menu_555_69298bbad312c.jpg', 'Crispy wontons', 'veg', '350.00', '10', '46', '2025-11-17 13:46:42', '2025-11-28 11:47:06', NULL, '1', '1', '1', '0', NULL, NULL, '0'),
('556', '5', '5', 'Thai Nutri Spring Roll', 'menu_556_69298bbb847d7.jpg', 'Nutritious spring roll', 'veg', '350.00', '10', '46', '2025-11-17 13:46:42', '2025-11-28 11:47:07', NULL, '1', '1', '1', '0', NULL, NULL, '0'),
('557', '5', '5', 'Wok toasted Mushroom', 'menu_557_69298bbc16aac.jpg', 'Wok tossed mushrooms', 'veg', '350.00', '10', '46', '2025-11-17 13:46:42', '2025-11-28 11:47:08', NULL, '1', '1', '1', '0', NULL, NULL, '0'),
('558', '5', '5', 'Thick cut chilli Potato', 'menu_558_69298bbcefda0.jpg', 'Thick cut chilli potato fries', 'veg', '350.00', '10', '46', '2025-11-17 13:46:42', '2025-11-28 11:47:09', NULL, '1', '1', '1', '0', NULL, NULL, '0'),
('559', '5', '5', 'Crispy Corn salt & Pepper', 'menu_559_69298bbdcab0f.png', 'Crispy corn tossed in salt & pepper', 'veg', '350.00', '10', '46', '2025-11-17 13:46:42', '2025-11-28 11:47:09', NULL, '1', '1', '1', '0', NULL, NULL, '0'),
('560', '5', '5', 'Cottage Cheese cubes', 'menu_560_69298bbe7ea88.jpg', 'Fried cottage cheese cubes', 'veg', '350.00', '10', '46', '2025-11-17 13:46:42', '2025-11-28 11:47:10', NULL, '1', '1', '1', '0', NULL, NULL, '0'),
('561', '5', '5', 'Jims styles Vegetable', 'menu_561_69298bbfa5d02.jpg', 'Chef\'s style mixed vegetables', 'veg', '350.00', '10', '46', '2025-11-17 13:46:42', '2025-11-28 11:47:11', NULL, '1', '1', '1', '0', NULL, NULL, '0'),
('562', '5', '5', 'Cheese Corn Roll', 'menu_562_69298b738b2aa.png', 'Cheese and corn roll', 'veg', '350.00', '10', '46', '2025-11-17 13:46:42', '2025-11-28 11:45:55', NULL, '1', '1', '1', '0', NULL, NULL, '0'),
('563', '5', '5', 'Spicy Chicken Dimsum', 'menu_563_69298bc075652.jpg', 'Spicy steamed chicken dimsum', 'non-veg', '350.00', '10', '47', '2025-11-17 13:46:42', '2025-11-28 11:47:12', NULL, '1', '1', '1', '0', NULL, NULL, '0'),
('564', '5', '5', 'Gyoza Chicken Dimsums', 'menu_564_69298b74cb259.png', 'Pan-fried gyoza style chicken dimsums', 'non-veg', '350.00', '10', '47', '2025-11-17 13:46:42', '2025-11-28 11:45:57', NULL, '1', '1', '1', '0', NULL, NULL, '0'),
('565', '5', '5', 'Exotic Veg Dimsum', 'menu_565_69298b759a151.jpg', 'Assorted vegetable dimsum', 'veg', '325.00', '10', '47', '2025-11-17 13:46:42', '2025-11-28 11:45:57', NULL, '1', '1', '1', '0', NULL, NULL, '0'),
('566', '5', '5', 'Corn & Water Chestnut', 'menu_566_69298b764b283.jpg', 'Corn and water chestnut dimsum', 'veg', '325.00', '10', '47', '2025-11-17 13:46:42', '2025-11-28 11:45:58', NULL, '1', '1', '1', '0', NULL, NULL, '0'),
('567', '5', '5', 'Three Mushroom & Cream Cheese', 'menu_567_69298b76ecba4.jpg', 'Mushroom and cream cheese dimsum', 'veg', '325.00', '10', '47', '2025-11-17 13:46:42', '2025-11-28 11:45:59', NULL, '1', '1', '1', '0', NULL, NULL, '0'),
('568', '5', '5', 'Jhol Chicken Dimsum', 'menu_568_69298b7796580.jpg', 'Dumplings in spicy gravy', 'non-veg', '325.00', '10', '47', '2025-11-17 13:46:42', '2025-11-28 11:45:59', NULL, '1', '1', '1', '0', NULL, NULL, '0'),
('569', '5', '5', 'Adraki Buna Meat', 'menu_569_69298b784267b.jpg', 'Ginger flavored roasted meat', 'non-veg', '550.00', '9', '48', '2025-11-17 13:46:42', '2025-11-28 11:46:00', NULL, '1', '1', '1', '0', NULL, NULL, '0'),
('570', '5', '5', 'Kashmiri Mutton Seekh', 'menu_570_69298b792548e.jpg', 'Kashmiri spiced mutton seekh kebab', 'non-veg', '550.00', '9', '48', '2025-11-17 13:46:42', '2025-11-28 11:46:01', NULL, '1', '1', '1', '0', NULL, NULL, '0'),
('571', '5', '5', 'Kothmir Fish Fry', 'menu_571_69298b79d558e.jpg', 'Coriander marinated fish fry', 'non-veg', '395.00', '9', '48', '2025-11-17 13:46:42', '2025-11-28 11:46:02', NULL, '1', '1', '1', '0', NULL, NULL, '0'),
('572', '5', '5', 'Sarso Mahi tikka', 'menu_572_69298b7a85ba1.jpg', 'Mustard fish tikka', 'non-veg', '395.00', '9', '48', '2025-11-17 13:46:42', '2025-11-28 11:46:02', NULL, '1', '1', '1', '0', NULL, NULL, '0'),
('573', '5', '5', 'Charsi Chicken (T.C)', 'menu_573_69298b7b21591.jpg', 'Charcoal roasted chicken', 'non-veg', '350.00', '9', '48', '2025-11-17 13:46:42', '2025-11-28 11:46:03', NULL, '1', '1', '1', '0', NULL, NULL, '0'),
('574', '5', '5', 'Hari Mirch ka Chicken tikka', 'menu_574_69298b7bbfae0.jpg', 'Green chilli chicken tikka', 'non-veg', '350.00', '9', '48', '2025-11-17 13:46:42', '2025-11-28 11:46:03', NULL, '1', '1', '1', '0', NULL, NULL, '0'),
('575', '5', '5', 'Creamy Kali Mirch Lemon Chicken', 'menu_575_69298b7c96045.jpg', 'Creamy black pepper lemon chicken', 'non-veg', '350.00', '9', '48', '2025-11-17 13:46:42', '2025-11-28 11:46:04', NULL, '1', '1', '1', '0', NULL, NULL, '0'),
('576', '5', '5', 'Murg tikka Angara', 'menu_576_69298b7d3684e.jpg', 'Smoky angara style chicken tikka', 'non-veg', '350.00', '9', '48', '2025-11-17 13:46:42', '2025-11-28 11:46:05', NULL, '1', '1', '1', '0', NULL, NULL, '0'),
('577', '5', '5', 'Silbatte ki shami', 'menu_577_69298b7ddd371.jpg', 'Traditional shami kebab', 'non-veg', '350.00', '9', '48', '2025-11-17 13:46:42', '2025-11-28 11:46:06', NULL, '1', '1', '1', '0', NULL, NULL, '0'),
('578', '5', '5', 'Chicken Gilafi', 'menu_578_69298b7e977dc.jpg', 'Spiced minced chicken kebab', 'non-veg', '350.00', '9', '48', '2025-11-17 13:46:42', '2025-11-28 11:46:06', NULL, '1', '1', '1', '0', NULL, NULL, '0'),
('579', '5', '5', 'Tawa Tangri Chicken', 'menu_579_69298b7f39b94.jpg', 'Tawa cooked tangri chicken', 'non-veg', '425.00', '9', '48', '2025-11-17 13:46:42', '2025-11-28 11:46:07', NULL, '1', '1', '1', '0', NULL, NULL, '0'),
('580', '5', '5', 'Crispy Tangri kebab (K.F.C style)', 'menu_580_69298b7fd3f07.png', 'Crispy fried tangri kebab', 'non-veg', '425.00', '9', '48', '2025-11-17 13:46:42', '2025-11-28 11:46:08', NULL, '1', '1', '1', '0', NULL, NULL, '0'),
('581', '5', '5', 'Peshawari Paneer Tikka', 'menu_581_69298b80bd503.jpg', 'Paneer tikka with peshawari masala', 'veg', '350.00', '9', '49', '2025-11-17 13:46:42', '2025-11-28 11:46:08', NULL, '1', '1', '1', '0', NULL, NULL, '0'),
('582', '5', '5', 'Achari Paneer tikka', 'menu_582_69298b8153f06.jpg', 'Pickled masala paneer tikka', 'veg', '350.00', '9', '49', '2025-11-17 13:46:42', '2025-11-28 11:46:09', NULL, '1', '1', '1', '0', NULL, NULL, '0'),
('583', '5', '5', 'Tandoori Mushroom Tikka', 'menu_583_69298b81d9936.jpg', 'Tandoori mushroom skewers', 'veg', '350.00', '9', '49', '2025-11-17 13:46:42', '2025-11-28 11:46:09', NULL, '1', '1', '1', '0', NULL, NULL, '0'),
('584', '5', '5', 'Mushroom ki Galouti', 'menu_584_69298b82736a0.jpg', 'Galouti style mushroom', 'veg', '350.00', '9', '49', '2025-11-17 13:46:42', '2025-11-28 11:46:10', NULL, '1', '1', '1', '0', NULL, NULL, '0'),
('585', '5', '5', 'Malai mushroom Tikka', 'menu_585_69298b833fa5e.png', 'Creamy malai mushroom tikka', 'veg', '350.00', '9', '49', '2025-11-17 13:46:42', '2025-11-28 11:46:11', NULL, '1', '1', '1', '0', NULL, NULL, '0'),
('586', '5', '5', 'Sultani Dahi Kebab', 'menu_586_69298b840762f.jpg', 'Yogurt based kebab', 'veg', '325.00', '9', '49', '2025-11-17 13:46:42', '2025-11-28 11:46:12', NULL, '1', '1', '1', '0', NULL, NULL, '0'),
('587', '5', '5', 'Tandoori Pineapple', 'menu_587_69298b848f06d.png', 'Grilled tandoori pineapple', 'veg', '325.00', '9', '49', '2025-11-17 13:46:42', '2025-11-28 11:46:12', NULL, '1', '1', '1', '0', NULL, NULL, '0'),
('588', '5', '5', 'Tandoori Charra Aloo', 'menu_588_69298b852da2d.jpg', 'Spiced tandoori potatoes', 'veg', '325.00', '9', '49', '2025-11-17 13:46:42', '2025-11-28 11:46:13', NULL, '1', '1', '1', '0', NULL, NULL, '0'),
('589', '5', '5', 'Gol Mirch ki soya Chaap', 'menu_589_69298b85dad4c.jpg', 'Peppery soya chaap', 'veg', '325.00', '9', '49', '2025-11-17 13:46:42', '2025-11-28 11:46:14', NULL, '1', '1', '1', '0', NULL, NULL, '0'),
('590', '5', '5', 'Hara Bara kebab', 'menu_590_69298b868fe76.jpg', 'Green herb kebab', 'veg', '325.00', '9', '49', '2025-11-17 13:46:42', '2025-11-28 11:46:14', NULL, '1', '1', '1', '0', NULL, NULL, '0'),
('591', '5', '5', 'Badami Seekh kabab', 'menu_591_69298b873d8f7.jpg', 'Almond flavored veg seekh', 'veg', '325.00', '9', '49', '2025-11-17 13:46:42', '2025-11-28 11:46:15', NULL, '1', '1', '1', '0', NULL, NULL, '0'),
('592', '5', '5', 'Kerla Fish curry', 'menu_592_69298bc35e6a5.jpg', 'Kerala style fish curry', 'non-veg', '395.00', '11', '50', '2025-11-17 13:46:42', '2025-11-28 11:47:15', NULL, '1', '1', '1', '0', NULL, NULL, '0'),
('593', '5', '5', 'Goan Fish curry', 'menu_593_69298bc3f408f.jpg', 'Goan style fish curry', 'non-veg', '395.00', '11', '50', '2025-11-17 13:46:42', '2025-11-28 11:47:16', NULL, '1', '1', '1', '0', NULL, NULL, '0'),
('594', '5', '5', 'Mutton Ghee Roast', 'menu_594_69298b893ced6.jpg', 'Spiced mutton ghee roast', 'non-veg', '550.00', '11', '50', '2025-11-17 13:46:42', '2025-11-28 11:46:17', NULL, '1', '1', '1', '0', NULL, NULL, '0'),
('595', '5', '5', 'Tawa Mutton', 'menu_595_69298bc4b3da8.jpg', 'Tawa cooked mutton', 'non-veg', '550.00', '11', '50', '2025-11-17 13:46:42', '2025-11-28 11:47:16', NULL, '1', '1', '1', '0', NULL, NULL, '0'),
('596', '5', '5', 'Meat Curry', 'menu_596_69298b8a77aea.png', 'Homestyle meat curry', 'non-veg', '550.00', '11', '50', '2025-11-17 13:46:42', '2025-11-28 11:46:18', NULL, '1', '1', '1', '0', NULL, NULL, '0'),
('597', '5', '5', 'Mutton Rogan josh', 'menu_597_69298b8b30634.png', 'Kashmiri rogan josh', 'non-veg', '550.00', '11', '50', '2025-11-17 13:46:42', '2025-11-28 11:46:19', NULL, '1', '1', '1', '0', NULL, NULL, '0'),
('598', '5', '5', 'Bhuna Chicken', 'menu_598_69298b8bdf341.jpg', 'Spicy bhuna chicken', 'non-veg', '395.00', '11', '50', '2025-11-17 13:46:42', '2025-11-28 11:46:19', NULL, '1', '1', '1', '0', NULL, NULL, '0'),
('599', '5', '5', 'Murg Mirch ka Salan', 'menu_599_69298b8ca5984.jpg', 'Chicken in peppery salan', 'non-veg', '395.00', '11', '50', '2025-11-17 13:46:42', '2025-11-28 11:46:20', NULL, '1', '1', '1', '0', NULL, NULL, '0'),
('600', '5', '5', 'Hyderabadi chicken', 'menu_600_69298b8d3eec3.jpg', 'Hyderabadi style chicken', 'non-veg', '395.00', '11', '50', '2025-11-17 13:46:42', '2025-11-28 11:46:21', NULL, '1', '1', '1', '0', NULL, NULL, '0'),
('601', '5', '5', 'Butter Chicken', 'menu_601_69298b8dce4b3.jpg', 'Creamy butter chicken', 'non-veg', '395.00', '11', '50', '2025-11-17 13:46:42', '2025-11-28 11:46:21', NULL, '1', '1', '1', '0', NULL, NULL, '0'),
('602', '5', '5', 'Chicken curry', 'menu_602_69298b8e6e601.png', 'Classic chicken curry', 'non-veg', '395.00', '11', '50', '2025-11-17 13:46:42', '2025-11-28 11:46:22', NULL, '1', '1', '1', '0', NULL, NULL, '0'),
('603', '5', '5', 'Paneer Tikka Butter Masala', 'menu_603_69298b8f20d68.jpg', 'Paneer tikka in butter masala', 'veg', '350.00', '11', '51', '2025-11-17 13:46:42', '2025-11-28 11:46:23', NULL, '1', '1', '1', '0', NULL, NULL, '0'),
('604', '5', '5', 'Punjabi Kadai Paneer', 'menu_604_69298b8fbb7e9.jpg', 'Kadai style paneer', 'veg', '350.00', '11', '51', '2025-11-17 13:46:42', '2025-11-28 11:46:23', NULL, '1', '1', '1', '0', NULL, NULL, '0'),
('605', '5', '5', 'Mix Vegetable Handi', 'menu_605_69298b904d0b0.png', 'Mixed vegetables handi', 'veg', '350.00', '11', '51', '2025-11-17 13:46:42', '2025-11-28 11:46:24', NULL, '1', '1', '1', '0', NULL, NULL, '0'),
('606', '5', '5', 'Mater Mushroom', 'menu_606_69298b910d35e.jpg', 'Mutter mushroom curry', 'veg', '350.00', '11', '51', '2025-11-17 13:46:42', '2025-11-28 11:46:25', NULL, '1', '1', '1', '0', NULL, NULL, '0'),
('607', '5', '5', 'Malai kofta', 'menu_607_69298b919895a.jpg', 'Creamy malai kofta', 'veg', '350.00', '11', '51', '2025-11-17 13:46:42', '2025-11-28 11:46:25', NULL, '1', '1', '1', '0', NULL, NULL, '0'),
('608', '5', '5', 'Aloo Gobhi', 'menu_608_69298b92398ff.png', 'Potato cauliflower curry', 'veg', '350.00', '11', '51', '2025-11-17 13:46:42', '2025-11-28 11:46:26', NULL, '1', '1', '1', '0', NULL, NULL, '0'),
('609', '5', '5', 'Dal Makhani', 'menu_609_69298b9301970.png', 'Rich lentil curry', 'veg', '350.00', '11', '51', '2025-11-17 13:46:42', '2025-11-28 11:46:27', NULL, '1', '1', '1', '0', NULL, NULL, '0'),
('610', '5', '5', 'Dal Tadka', 'menu_610_69298b93a163a.jpg', 'Tempered dal tadka', 'veg', '350.00', '11', '51', '2025-11-17 13:46:42', '2025-11-28 11:46:27', NULL, '1', '1', '1', '0', NULL, NULL, '0'),
('611', '5', '5', 'Dum Mutton Biryani', 'menu_611_69298b944a90f.jpg', 'Slow cooked mutton biryani', 'non-veg', '550.00', '11', '52', '2025-11-17 13:46:42', '2025-11-28 11:46:28', NULL, '1', '1', '1', '0', NULL, NULL, '0'),
('612', '5', '5', 'Dum Chicken Biryani', 'menu_612_69298b94f1ec8.png', 'Slow cooked chicken biryani', 'non-veg', '425.00', '11', '52', '2025-11-17 13:46:42', '2025-11-28 11:46:29', NULL, '1', '1', '1', '0', NULL, NULL, '0'),
('613', '5', '5', 'Dum Veg Biryani', 'menu_613_69298b95d7a90.png', 'Vegetable biryani', 'veg', '395.00', '11', '52', '2025-11-17 13:46:42', '2025-11-28 11:46:30', NULL, '1', '1', '1', '0', NULL, NULL, '0'),
('614', '5', '5', 'Steam Rice', 'menu_614_69298b968b304.png', 'Plain steamed rice', 'veg', '295.00', '11', '52', '2025-11-17 13:46:42', '2025-11-28 11:46:30', NULL, '1', '1', '1', '0', NULL, NULL, '0'),
('615', '5', '5', 'Jeera Rice', 'menu_615_69298b974b0ac.jpg', 'Cumin flavored rice', 'veg', '295.00', '11', '52', '2025-11-17 13:46:42', '2025-11-28 11:46:31', NULL, '1', '1', '1', '0', NULL, NULL, '0'),
('616', '5', '5', 'Fried Rice (Vegetable)', 'menu_616_69298b98142df.png', 'Hakka/Chilli Garlic vegetable fried rice', 'veg', '350.00', '11', '52', '2025-11-17 13:46:42', '2025-11-28 11:46:32', NULL, '1', '1', '1', '0', NULL, NULL, '0'),
('617', '5', '5', 'Fried Rice (Chicken)', 'menu_617_69298b98efd87.jpg', 'Hakka/Chilli Garlic chicken fried rice', 'non-veg', '375.00', '11', '52', '2025-11-17 13:46:42', '2025-11-28 11:46:33', NULL, '1', '1', '1', '0', NULL, NULL, '0'),
('618', '5', '5', 'Fried Rice (Egg)', 'menu_618_69298b999276b.jpg', 'Hakka/Chilli Garlic egg fried rice', 'veg', '350.00', '11', '52', '2025-11-17 13:46:42', '2025-11-28 11:46:33', NULL, '1', '1', '1', '0', NULL, NULL, '0'),
('619', '5', '5', 'Noodles (Vegetable)', 'menu_619_69298b9a3825a.png', 'Hakka/Chilli Garlic veg noodles', 'veg', '350.00', '11', '52', '2025-11-17 13:46:42', '2025-11-28 11:46:34', NULL, '1', '1', '1', '0', NULL, NULL, '0'),
('620', '5', '5', 'Noodles (Chicken)', 'menu_620_69298b9aeb8fe.jpg', 'Hakka/Chilli Garlic chicken noodles', 'non-veg', '375.00', '11', '52', '2025-11-17 13:46:42', '2025-11-28 11:46:35', NULL, '1', '1', '1', '0', NULL, NULL, '0'),
('621', '5', '5', 'Noodles (Egg)', 'menu_621_69298b9bb247b.png', 'Hakka/Chilli Garlic egg noodles', 'veg', '350.00', '11', '52', '2025-11-17 13:46:42', '2025-11-28 11:46:35', NULL, '1', '1', '1', '0', NULL, NULL, '0'),
('622', '5', '5', 'Chilli Garlic Slice Fish', 'menu_622_69298b9c677a4.png', 'Chilli garlic slice fish', 'non-veg', '525.00', '10', '53', '2025-11-17 13:46:42', '2025-11-28 11:46:36', NULL, '1', '1', '1', '0', NULL, NULL, '0'),
('623', '5', '5', 'Slice Fish Black Bean Sauce', 'menu_623_69298b9d1a36f.jpg', 'Slice fish in black bean sauce', 'non-veg', '525.00', '10', '53', '2025-11-17 13:46:42', '2025-11-28 11:46:37', NULL, '1', '1', '1', '0', NULL, NULL, '0'),
('624', '5', '5', 'Basil Chicken', 'menu_624_69298b9dc664b.jpg', 'Chicken with basil sauce', 'non-veg', '395.00', '10', '53', '2025-11-17 13:46:42', '2025-11-28 11:46:37', NULL, '1', '1', '1', '0', NULL, NULL, '0'),
('625', '5', '5', 'Hunan Chicken', 'menu_625_69298b9e565ee.jpg', 'Hunan style chicken', 'non-veg', '395.00', '10', '53', '2025-11-17 13:46:42', '2025-11-28 11:46:38', NULL, '1', '1', '1', '0', NULL, NULL, '0'),
('626', '5', '5', 'Veg Manchurian', 'menu_626_69298b9eecab5.png', 'Vegetable manchurian', 'veg', '350.00', '10', '53', '2025-11-17 13:46:42', '2025-11-28 11:46:39', NULL, '1', '1', '1', '0', NULL, NULL, '0'),
('627', '5', '5', 'Exotic Garlic Vegetable', 'menu_627_69298b9fcad84.png', 'Garlic tossed mixed vegetables', 'veg', '350.00', '10', '53', '2025-11-17 13:46:42', '2025-11-28 11:46:40', NULL, '1', '1', '1', '0', NULL, NULL, '0'),
('628', '5', '5', 'Exotic Vegetable Black Bean Sauce', 'menu_628_69298ba09fadd.png', 'Vegetables in black bean sauce', 'veg', '350.00', '10', '53', '2025-11-17 13:46:42', '2025-11-28 11:46:40', NULL, '1', '1', '1', '0', NULL, NULL, '0'),
('629', '5', '5', 'Green Thai curry', 'menu_629_69298ba1527af.png', 'Green Thai curry (Veg/Non-Veg)', 'veg', '395.00', '10', '53', '2025-11-17 13:46:42', '2025-11-28 11:46:41', NULL, '1', '1', '1', '0', NULL, NULL, '0'),
('630', '5', '5', 'Tandoori Roti', 'menu_630_69298ba1f39c2.jpg', 'Traditional tandoori roti', 'veg', '45.00', '11', '54', '2025-11-17 13:46:42', '2025-11-28 11:46:42', NULL, '1', '1', '1', '0', NULL, NULL, '0'),
('631', '5', '5', 'Butter Roti', 'menu_631_69298ba2a6eeb.png', 'Buttery roti', 'veg', '50.00', '11', '54', '2025-11-17 13:46:42', '2025-11-28 11:46:42', NULL, '1', '1', '1', '0', NULL, NULL, '0'),
('632', '5', '5', 'Missi (Onion, Masala)', 'menu_632_69298ba3724f3.jpg', 'Missi roti with onion and masala', 'veg', '65.00', '11', '54', '2025-11-17 13:46:42', '2025-11-28 11:46:43', NULL, '1', '1', '1', '0', NULL, NULL, '0'),
('633', '5', '5', 'Naan (Plain/Garlic/Chilli Coriander/Butter)', 'menu_633_69298ba40e5a3.jpg', 'Assorted naans', 'veg', '65.00', '11', '54', '2025-11-17 13:46:42', '2025-11-28 11:46:44', NULL, '1', '1', '1', '0', NULL, NULL, '0'),
('634', '5', '5', 'Parantha (Laccha/Pudina/Ajwain/Mirchi)', 'menu_634_69298ba4d6ac7.jpg', 'Assorted paranthas', 'veg', '65.00', '11', '54', '2025-11-17 13:46:42', '2025-11-28 11:46:44', NULL, '1', '1', '1', '0', NULL, NULL, '0'),
('635', '5', '5', 'Ice-Cream (Vanilla/Butterscotch/Chocolate/Strawberry)', 'menu_635_69298ba572685.png', 'Served per scoop', 'veg', '150.00', '12', '55', '2025-11-17 13:46:42', '2025-11-28 11:46:45', NULL, '1', '1', '1', '0', NULL, NULL, '0'),
('636', '5', '5', 'Coffee', 'menu_636_69298ba63bb9c.jpg', 'Hot brewed coffee', 'veg', '225.00', '13', '56', '2025-11-17 13:46:42', '2025-11-28 11:46:46', NULL, '1', '1', '1', '0', NULL, NULL, '0'),
('637', '5', '5', 'Cold Coffee', 'menu_637_69298ba6c13d6.jpg', 'Cold iced coffee', 'veg', '250.00', '13', '56', '2025-11-17 13:46:42', '2025-11-28 11:46:46', NULL, '1', '1', '1', '0', NULL, NULL, '0'),
('638', '5', '5', 'Choco chip cookie frappe', 'menu_638_69298ba756fdf.jpg', 'Chocolate chip cookie frappe', 'veg', '250.00', '13', '56', '2025-11-17 13:46:42', '2025-11-28 11:46:47', NULL, '1', '1', '1', '0', NULL, NULL, '0'),
('639', '5', '5', 'Milk Shakes', 'menu_639_69298ba806af0.jpg', 'Assorted milkshakes', 'veg', '250.00', '13', '56', '2025-11-17 13:46:42', '2025-11-28 11:46:48', NULL, '1', '1', '1', '0', NULL, NULL, '0'),
('640', '5', '5', 'Lassi or Butter Milk', 'menu_640_69298ba8a0121.jpg', 'Traditional lassi or buttermilk', 'veg', '225.00', '13', '56', '2025-11-17 13:46:42', '2025-11-28 11:46:48', NULL, '1', '1', '1', '0', NULL, NULL, '0'),
('641', '5', '5', 'Virgin Mojito', 'menu_641_69298ba94a019.jpg', 'Non-alcoholic mojito', 'veg', '250.00', '13', '56', '2025-11-17 13:46:42', '2025-11-28 11:46:49', NULL, '1', '1', '1', '0', NULL, NULL, '0'),
('642', '5', '5', 'Virgin Sangria', 'menu_642_69298baa4f4a1.jpg', 'Non-alcoholic sangria', 'veg', '250.00', '13', '56', '2025-11-17 13:46:42', '2025-11-28 11:46:50', NULL, '1', '1', '1', '0', NULL, NULL, '0'),
('643', '5', '5', 'Lemonade', 'menu_643_69298bab18960.png', 'Fresh lemonade', 'veg', '250.00', '13', '56', '2025-11-17 13:46:42', '2025-11-28 11:46:51', NULL, '1', '1', '1', '0', NULL, NULL, '0'),
('644', '5', '5', 'Fizzy Orange', 'menu_644_69298baba7dad.jpg', 'Carbonated orange drink', 'veg', '250.00', '13', '56', '2025-11-17 13:46:42', '2025-11-28 11:46:51', NULL, '1', '1', '1', '0', NULL, NULL, '0'),
('645', '5', '5', 'Strawberry And Basil Mojito', 'menu_645_69298bac40ce9.jpg', 'Strawberry and basil infused mojito', 'veg', '275.00', '13', '56', '2025-11-17 13:46:42', '2025-11-28 11:46:52', NULL, '1', '1', '1', '0', NULL, NULL, '0'),
('646', '5', '5', 'The Signature Corbett Grill', 'menu_646_69298bace4630.jpg', 'House special drink', 'veg', '275.00', '13', '56', '2025-11-17 13:46:42', '2025-11-28 11:46:53', NULL, '1', '1', '1', '0', NULL, NULL, '0'),
('647', '5', '5', 'Spicy Grande', 'menu_647_69298bad968e9.jpg', 'Spicy mocktail', 'veg', '250.00', '13', '56', '2025-11-17 13:46:42', '2025-11-28 11:46:53', NULL, '1', '1', '1', '0', NULL, NULL, '0'),
('648', '5', '5', 'Virgin Pina Colada', 'menu_648_69298bae3cebb.jpg', 'Pina colada mocktail', 'veg', '275.00', '13', '56', '2025-11-17 13:46:42', '2025-11-28 11:46:54', NULL, '1', '1', '1', '0', NULL, NULL, '0'),
('649', '5', '5', 'Pineapple Mint Cooler', 'menu_649_69298baeef781.png', 'Pineapple and mint cooler', 'veg', '275.00', '13', '56', '2025-11-17 13:46:42', '2025-11-28 11:46:55', NULL, '1', '1', '1', '0', NULL, NULL, '0'),
('650', '5', '5', 'Aerated Beverages', 'menu_650_69298bafc4839.jpg', 'Coke, Fanta, Sprite or Diet soda', 'veg', '100.00', '13', '56', '2025-11-17 13:46:42', '2025-11-28 11:46:55', NULL, '1', '1', '1', '0', NULL, NULL, '0'),
('651', '5', '5', 'Ice bucket', 'menu_651_69298bb0b5ec5.jpg', 'Ice bucket', 'veg', '120.00', '13', '56', '2025-11-17 13:46:42', '2025-12-05 09:05:59', NULL, '1', '1', '1', '0', NULL, NULL, '0'),
('652', '27', '28', 'Idli', NULL, 'Idli', 'veg', '50.00', '14', '57', '2025-11-26 08:31:49', '2025-11-26 10:30:00', NULL, '1', '1', '1', '0', NULL, NULL, '0'),
('653', '27', '28', 'paratha', NULL, 'paratha', 'veg', '100.00', '14', '57', '2025-11-26 09:15:23', '2025-11-26 10:30:00', '45', '1', '1', '1', '0', NULL, NULL, '0'),
('729', '31', '32', 'Haitian Patties (Beef)', 'menu_729_69333aa3ec72e.jpg', 'Flaky pastry stuffed with seasoned minced beef.', 'non-veg', '7.99', '17', '66', '2025-12-05 19:53:43', '2025-12-05 20:03:48', NULL, '1', '1', '1', '0', NULL, NULL, '0'),
('730', '31', '32', 'Haitian Patties (Chicken)', 'menu_730_69333aa4eec19.jpg', 'Crispy patties filled with shredded chicken.', 'non-veg', '7.99', '17', '66', '2025-12-05 19:53:43', '2025-12-05 20:03:49', NULL, '1', '1', '1', '0', NULL, NULL, '0'),
('731', '31', '32', 'Haitian Patties (Fish)', 'menu_731_69333aa5ce6a2.jpg', 'Fried pastry stuffed with spiced fish.', 'non-veg', '8.49', '17', '66', '2025-12-05 19:53:43', '2025-12-05 20:03:49', NULL, '1', '1', '1', '0', NULL, NULL, '0'),
('732', '31', '32', 'Bannann Peze', 'menu_732_69333aa68d397.jpg', 'Twice-fried plantains served with pikliz.', 'veg', '6.99', '17', '66', '2025-12-05 19:53:43', '2025-12-05 20:03:50', NULL, '1', '1', '1', '0', NULL, NULL, '0'),
('733', '31', '32', 'Marinad (Haitian Fritters)', 'menu_733_69333aa75a451.jpg', 'Crispy seasoned fritters made with herbs.', 'veg', '6.49', '17', '66', '2025-12-05 19:53:43', '2025-12-05 20:03:51', NULL, '1', '1', '1', '0', NULL, NULL, '0'),
('734', '31', '32', 'Griot', 'menu_734_69333aa81a256.jpg', 'Fried pork marinated in sour orange & spices.', 'non-veg', '16.99', '17', '67', '2025-12-05 19:53:43', '2025-12-05 20:03:52', NULL, '1', '1', '1', '0', NULL, NULL, '0'),
('735', '31', '32', 'Poul Fri (Fried Chicken)', 'menu_735_69333aa95416a.jpg', 'Haitian-style fried chicken.', 'non-veg', '15.99', '17', '67', '2025-12-05 19:53:43', '2025-12-05 20:03:53', NULL, '1', '1', '1', '0', NULL, NULL, '0'),
('736', '31', '32', 'Tasso Kabrit (Fried Goat)', 'menu_736_69333aaa6aa48.jpg', 'Deep-fried goat seasoned with Haitian epis.', 'non-veg', '19.99', '17', '67', '2025-12-05 19:53:43', '2025-12-05 20:03:54', NULL, '1', '1', '1', '0', NULL, NULL, '0'),
('737', '31', '32', 'Legim', 'menu_737_69333aab392bb.jpg', 'Vegetable stew with eggplant, cabbage & peppers.', 'veg', '14.49', '17', '67', '2025-12-05 19:53:43', '2025-12-05 20:03:55', NULL, '1', '1', '1', '0', NULL, NULL, '0'),
('738', '31', '32', 'Diri Djon Djon', 'menu_738_69333aac57004.jpg', 'Black mushroom rice, Haitian specialty.', 'veg', '13.99', '17', '67', '2025-12-05 19:53:43', '2025-12-05 20:03:56', NULL, '1', '1', '1', '0', NULL, NULL, '0'),
('739', '31', '32', 'Diri Kole Ak Pwa', 'menu_739_69333aad4a28c.jpg', 'Rice & red beans cooked with epis.', 'veg', '12.99', '17', '67', '2025-12-05 19:53:43', '2025-12-05 20:03:57', NULL, '1', '1', '1', '0', NULL, NULL, '0'),
('740', '31', '32', 'Haitian Bouillon', 'menu_740_69333aae3cf5b.jpg', 'Meat, dumplings & vegetable soup.', 'non-veg', '17.49', '17', '67', '2025-12-05 19:53:43', '2025-12-05 20:03:58', NULL, '1', '1', '1', '0', NULL, NULL, '0'),
('741', '31', '32', 'Ragou (Beef Stew)', 'menu_741_69333aaf1d2dc.jpg', 'Slow-cooked beef stew with spices.', 'non-veg', '18.49', '17', '67', '2025-12-05 19:53:43', '2025-12-05 20:03:59', NULL, '1', '1', '1', '0', NULL, NULL, '0'),
('742', '31', '32', 'Pwason Fri (Fried Fish)', 'menu_742_69333aafe01b0.jpg', 'Marinated whole fried fish.', 'non-veg', '19.99', '17', '67', '2025-12-05 19:53:43', '2025-12-05 20:04:00', NULL, '1', '1', '1', '0', NULL, NULL, '0'),
('743', '31', '32', 'Lambi en Sos', 'menu_743_69333ab09720d.jpg', 'Conch cooked in spicy Creole sauce.', 'non-veg', '22.99', '17', '67', '2025-12-05 19:53:43', '2025-12-05 20:04:00', NULL, '1', '1', '1', '0', NULL, NULL, '0'),
('744', '31', '32', 'Pikliz', 'menu_744_69333ab19a2d1.jpg', 'Spicy cabbage & carrot relish.', 'veg', '2.99', '17', '68', '2025-12-05 19:53:43', '2025-12-05 20:04:01', NULL, '1', '1', '1', '0', NULL, NULL, '0'),
('745', '31', '32', 'Haitian Plantain Chips', 'menu_745_69333ab2949f5.jpg', 'Crispy thin plantain slices.', 'veg', '4.49', '17', '68', '2025-12-05 19:53:43', '2025-12-05 20:04:02', NULL, '1', '1', '1', '0', NULL, NULL, '0'),
('746', '31', '32', 'Mayi Moulen', 'menu_746_69333ab376a11.jpg', 'Savory cornmeal porridge.', 'veg', '5.99', '17', '68', '2025-12-05 19:53:43', '2025-12-05 20:04:03', NULL, '1', '1', '1', '0', NULL, NULL, '0'),
('747', '31', '32', 'Haitian Macaroni Gratin', 'menu_747_69333ab44c663.jpg', 'Baked macaroni with cheese & spices.', 'veg', '8.99', '17', '68', '2025-12-05 19:53:43', '2025-12-05 20:04:04', NULL, '1', '1', '1', '0', NULL, NULL, '0'),
('748', '31', '32', 'Haitian Beet Salad', 'menu_748_69333ab50ddb8.jpg', 'Beetroot, potatoes & mayo salad.', 'veg', '7.49', '17', '68', '2025-12-05 19:53:43', '2025-12-05 20:04:05', NULL, '1', '1', '1', '0', NULL, NULL, '0'),
('749', '31', '32', 'Soup Joumou', 'menu_749_69333ab5bd522.jpg', 'Traditional pumpkin soup.', 'non-veg', '14.99', '17', '69', '2025-12-05 19:53:43', '2025-12-05 20:04:05', NULL, '1', '1', '1', '0', NULL, NULL, '0'),
('750', '31', '32', 'Calalou', 'menu_750_69333ab67dc23.jpg', 'Green leafy soup cooked with okra.', 'veg', '11.99', '17', '69', '2025-12-05 19:53:43', '2025-12-05 20:04:06', NULL, '1', '1', '1', '0', NULL, NULL, '0'),
('751', '31', '32', 'Fish & Okra Soup', 'menu_751_69333ab7625c7.jpg', 'Light broth with fish.', 'non-veg', '15.49', '17', '69', '2025-12-05 19:53:43', '2025-12-05 20:04:07', NULL, '1', '1', '1', '0', NULL, NULL, '0'),
('752', '31', '32', 'Pain Patate', 'menu_752_69333ab8531ef.jpg', 'Sweet potato pudding.', 'veg', '6.99', '17', '70', '2025-12-05 19:53:43', '2025-12-05 20:04:08', NULL, '1', '1', '1', '0', NULL, NULL, '0'),
('753', '31', '32', 'Dous Makos', 'menu_753_69333ab925c2f.jpg', 'Layered Haitian fudge.', 'veg', '7.99', '17', '70', '2025-12-05 19:53:43', '2025-12-05 20:04:09', NULL, '1', '1', '1', '0', NULL, NULL, '0'),
('754', '31', '32', 'Haitian Akasan', 'menu_754_69333ab9cb357.jpg', 'Sweet thick corn drink.', 'veg', '5.99', '17', '70', '2025-12-05 19:53:43', '2025-12-05 20:04:09', NULL, '1', '1', '1', '0', NULL, NULL, '0'),
('755', '31', '32', 'Fresko', 'menu_755_69333abab0d36.jpg', 'Crushed ice with flavored syrups.', 'veg', '3.99', '17', '71', '2025-12-05 19:53:43', '2025-12-05 20:04:10', NULL, '1', '1', '1', '0', NULL, NULL, '0'),
('756', '31', '32', 'Jus Grenadia', 'menu_756_69333abbe3489.jpg', 'Fresh passion fruit juice.', 'veg', '5.49', '17', '71', '2025-12-05 19:53:43', '2025-12-05 20:04:12', NULL, '1', '1', '1', '0', NULL, NULL, '0'),
('757', '31', '32', 'Jus Corossol', 'menu_757_69333abca5039.jpg', 'Creamy soursop drink.', 'veg', '5.99', '17', '71', '2025-12-05 19:53:43', '2025-12-05 20:04:12', NULL, '1', '1', '1', '0', NULL, NULL, '0'),
('758', '31', '32', 'Haitian Lemonade', 'menu_758_69333abd7345b.jpg', 'Lemon drink with raw sugar.', 'veg', '3.99', '17', '71', '2025-12-05 19:53:43', '2025-12-05 20:04:13', NULL, '1', '1', '1', '0', NULL, NULL, '0');


