INSERT INTO `ltm_translations` VALUES
('26001', '0', 'pa', 'modules', 'expenses.receiptPreview', 'ਰਸੀਦ ਝਲਕ', '2025-12-02 13:52:01', '2025-12-02 14:40:19'),
('26002', '0', 'pa', 'modules', 'expenses.expenseDetails', 'ਖਰਚ ਵੇਰਵੇ', '2025-12-02 13:52:01', '2025-12-02 14:40:19'),
('26003', '0', 'pa', 'modules', 'expenses.expenseTitle', 'ਖਰਚ ਸਿਰਲੇਖ', '2025-12-02 13:52:01', '2025-12-02 14:40:19'),
('26004', '0', 'pa', 'modules', 'expenses.expenseCategory', 'ਖਰਚ ਸ਼੍ਰੇਣੀ', '2025-12-02 13:52:01', '2025-12-02 14:40:19'),
('26005', '0', 'pa', 'modules', 'expenses.expenseAmount', 'ਖਰਚ ਰਕਮ', '2025-12-02 13:52:01', '2025-12-02 14:40:19'),
('26006', '0', 'pa', 'modules', 'expenses.expenseDescription', 'ਖਰਚ ਵਰਣਨ', '2025-12-02 13:52:01', '2025-12-02 14:40:19'),
('26007', '0', 'pa', 'modules', 'expenses.totalPaymentDue', 'ਕੁੱਲ ਬਕਾਇਆ ਭੁਗਤਾਨ', '2025-12-02 13:52:01', '2025-12-02 14:40:19'),
('26008', '0', 'pa', 'modules', 'expenses.lastDueDate', 'ਆਖਰੀ ਬਕਾਇਆ ਮਿਤੀ', '2025-12-02 13:52:01', '2025-12-02 14:40:19'),
('26009', '0', 'pa', 'modules', 'expenses.status.paid', 'ਭੁਗਤਾਨ', '2025-12-02 13:52:01', '2025-12-02 14:40:19'),
('26010', '0', 'pa', 'modules', 'expenses.status.pending', 'ਬਕਾਇਆ', '2025-12-02 13:52:01', '2025-12-02 14:40:19'),
('26011', '0', 'pa', 'modules', 'expenses.status.approved', 'ਮੰਨਿਆ', '2025-12-02 13:52:01', '2025-12-02 14:40:19'),
('26012', '0', 'pa', 'modules', 'expenses.status.rejected', 'ਤਿਆਗਿਆ', '2025-12-02 13:52:01', '2025-12-02 14:40:19'),
('26013', '0', 'pa', 'modules', 'expenses.methods.cash', 'ਨਕਦ', '2025-12-02 13:52:01', '2025-12-02 14:40:19'),
('26014', '0', 'pa', 'modules', 'expenses.methods.bank_transfer', 'ਬੈਂਕ ਟ੍ਰਾਂਸਫਰ', '2025-12-02 13:52:01', '2025-12-02 14:40:19'),
('26015', '0', 'pa', 'modules', 'expenses.methods.credit_card', 'ਕ੍ਰੈਡੀਟ ਕਾਰਡ', '2025-12-02 13:52:01', '2025-12-02 14:40:19'),
('26016', '0', 'pa', 'modules', 'expenses.methods.debit_card', 'ਡੈਬਿਟ ਕਾਰਡ', '2025-12-02 13:52:01', '2025-12-02 14:40:19'),
('26017', '0', 'pa', 'modules', 'expenses.methods.check', 'ਚੈਕ', '2025-12-02 13:52:01', '2025-12-02 14:40:19'),
('26018', '0', 'pa', 'modules', 'expenses.methods.digital_wallet', 'ਡਿਜਿਟਲ ਵਾਲੇਟ', '2025-12-02 13:52:01', '2025-12-02 14:40:19'),
('26019', '0', 'pa', 'modules', 'expenses.reports.outstandingPaymentReport', 'ਬਕਾਇਆ ਭੁਗਤਾਨ ਰਿਪੋਰਟ', '2025-12-02 13:52:01', '2025-12-02 14:40:19'),
('26020', '0', 'pa', 'modules', 'expenses.reports.vendorWiseExpensePaymentReport', 'ਸਪਲਾਇਰ ਅਨੁਸਾਰ ਖਰਚ ਭੁਗਤਾਨ ਰਿਪੋਰਟ', '2025-12-02 13:52:01', '2025-12-02 14:40:19'),
('26021', '0', 'pa', 'modules', 'expenses.reports.expenseSummaryReport', 'ਖਰਚ ਸਾਰ ਰਿਪੋਰਟ', '2025-12-02 13:52:01', '2025-12-02 14:40:19'),
('26022', '0', 'pa', 'modules', 'expenses.reports.NoReportsFound', 'ਕੋਈ ਰਿਪੋਰਟ ਨਹੀਂ ਮਿਲੀ', '2025-12-02 13:52:01', '2025-12-02 14:40:19'),
('26023', '0', 'pa', 'modules', 'expenses.reports.description', 'ਵੇਰਵਾ', '2025-12-02 13:52:01', '2025-12-02 14:40:19'),
('26024', '0', 'pa', 'modules', 'expenses.noReceiptAvailable', 'ਕੋਈ ਰਸੀਦ ਉਪਲਬਧ ਨਹੀਂ।', '2025-12-02 13:52:01', '2025-12-02 14:40:19'),
('26025', '0', 'pa', 'modules', 'expenses.editExpenseCategory', 'ਖਰਚ ਸ਼੍ਰੇਣੀ ਸੋਧੋ', '2025-12-02 13:52:01', '2025-12-02 14:40:19'),
('26026', '0', 'pa', 'modules', 'vendors.vendorName', 'ਸਪਲਾਇਰ ਦਾ ਨਾਮ', '2025-12-02 13:52:01', '2025-12-02 14:40:19'),
('26027', '0', 'pa', 'modules', 'vendors.vendors', 'ਸਪਲਾਇਰ', '2025-12-02 13:52:01', '2025-12-02 14:40:19'),
('26028', '0', 'pa', 'modules', 'vendors.addVendor', 'ਸਪਲਾਇਰ ਜੋੜੋ', '2025-12-02 13:52:01', '2025-12-02 14:40:19'),
('26029', '0', 'pa', 'modules', 'vendors.editVendor', 'ਸਪਲਾਇਰ ਸੋਧੋ', '2025-12-02 13:52:01', '2025-12-02 14:40:19'),
('26030', '0', 'pa', 'modules', 'vendors.deleteVendor', 'ਸਪਲਾਇਰ ਮਿਟਾਓ', '2025-12-02 13:52:01', '2025-12-02 14:40:19'),
('26031', '0', 'pa', 'modules', 'vendors.id', 'ID', '2025-12-02 13:52:01', '2025-12-02 14:40:19'),
('26032', '0', 'pa', 'modules', 'vendors.name', 'ਨਾਂ', '2025-12-02 13:52:01', '2025-12-02 14:40:19'),
('26033', '0', 'pa', 'modules', 'vendors.email', 'ਈਮੇਲ', '2025-12-02 13:52:01', '2025-12-02 14:40:19'),
('26034', '0', 'pa', 'modules', 'vendors.phone', 'ਫੋਨ', '2025-12-02 13:52:01', '2025-12-02 14:40:19'),
('26035', '0', 'pa', 'modules', 'vendors.address', 'ਪਤਾ', '2025-12-02 13:52:01', '2025-12-02 14:40:19'),
('26036', '0', 'pa', 'modules', 'vendors.contactPerson', 'ਸੰਪਰਕ ਵਿਅਕਤੀ', '2025-12-02 13:52:01', '2025-12-02 14:40:19'),
('26037', '0', 'pa', 'modules', 'vendors.actions', 'ਕਿਰਿਆਵਾਂ', '2025-12-02 13:52:01', '2025-12-02 14:40:19'),
('26038', '0', 'pa', 'modules', 'vendors.deleteVendorMessage', 'ਕੀ ਤੁਸੀਂ ਇਸ ਸਪਲਾਇਰ ਨੂੰ ਮਿਟਾਉਣਾ ਚਾਹੁੰਦੇ ਹੋ?', '2025-12-02 13:52:01', '2025-12-02 14:40:19'),
('26039', '0', 'pa', 'modules', 'modifier.menuItems', 'ਮੈਨੂ ਆਈਟਮ', '2025-12-02 13:52:01', '2025-12-02 14:40:19'),
('26040', '0', 'pa', 'modules', 'modifier.menuCategories', 'ਮੈਨੂ ਸ਼੍ਰੇਣੀਆਂ', '2025-12-02 13:52:01', '2025-12-02 14:40:19'),
('26041', '0', 'pa', 'modules', 'modifier.addItemModifier', 'ਆਈਟਮ ਮੋਡੀਫਾਇਰ ਜੋੜੋ', '2025-12-02 13:52:01', '2025-12-02 14:40:19'),
('26042', '0', 'pa', 'modules', 'modifier.editItemModifier', 'ਮੋਡੀਫਾਇਰ ਸੋਧੋ', '2025-12-02 13:52:01', '2025-12-02 14:40:19'),
('26043', '0', 'pa', 'modules', 'modifier.isRequired', 'ਲਾਜ਼ਮੀ ਹੈ', '2025-12-02 13:52:01', '2025-12-02 14:40:19'),
('26044', '0', 'pa', 'modules', 'modifier.sortOrder', 'ਸੋਰਟ ਅਨੁਕ੍ਰਮ', '2025-12-02 13:52:01', '2025-12-02 14:40:19'),
('26045', '0', 'pa', 'modules', 'modifier.addModifierGroup', 'ਮੋਡੀਫਾਇਰ ਗਰੁੱਪ ਜੋੜੋ', '2025-12-02 13:52:01', '2025-12-02 14:40:19'),
('26046', '0', 'pa', 'modules', 'modifier.menuItemName', 'ਮੈਨੂ ਆਈਟਮ ਨਾਮ', '2025-12-02 13:52:01', '2025-12-02 14:40:19'),
('26047', '0', 'pa', 'modules', 'modifier.modifierName', 'ਮੋਡੀਫਾਇਰ ਨਾਮ', '2025-12-02 13:52:01', '2025-12-02 14:40:19'),
('26048', '0', 'pa', 'modules', 'modifier.modifierDescription', 'ਮੋਡੀਫਾਇਰ ਵੇਰਵਾ', '2025-12-02 13:52:01', '2025-12-02 14:40:19'),
('26049', '0', 'pa', 'modules', 'modifier.modifierPrice', 'ਮੋਡੀਫਾਇਰ ਕੀਮਤ', '2025-12-02 13:52:01', '2025-12-02 14:40:19'),
('26050', '0', 'pa', 'modules', 'modifier.modifierType', 'ਮੋਡੀਫਾਇਰ ਕਿਸਮ', '2025-12-02 13:52:01', '2025-12-02 14:40:19'),
('26051', '0', 'pa', 'modules', 'modifier.chooseModifierType', 'ਮੋਡੀਫਾਇਰ ਕਿਸਮ ਚੁਣੋ', '2025-12-02 13:52:01', '2025-12-02 14:40:19'),
('26052', '0', 'pa', 'modules', 'modifier.modifierCategory', 'ਮੋਡੀਫਾਇਰ ਸ਼੍ਰੇਣੀ', '2025-12-02 13:52:01', '2025-12-02 14:40:19'),
('26053', '0', 'pa', 'modules', 'modifier.addModifierCategory', 'ਮੋਡੀਫਾਇਰ ਸ਼੍ਰੇਣੀ ਜੋੜੋ', '2025-12-02 13:52:01', '2025-12-02 14:40:19'),
('26054', '0', 'pa', 'modules', 'modifier.editModifierCategory', 'ਮੋਡੀਫਾਇਰ ਸ਼੍ਰੇਣੀ ਸੋਧੋ', '2025-12-02 13:52:01', '2025-12-02 14:40:19'),
('26055', '0', 'pa', 'modules', 'modifier.deleteModifierCategory', 'ਮੋਡੀਫਾਇਰ ਸ਼੍ਰੇਣੀ ਮਿਟਾਓ', '2025-12-02 13:52:01', '2025-12-02 14:40:19'),
('26056', '0', 'pa', 'modules', 'modifier.modifierCategoryName', 'ਮੋਡੀਫਾਇਰ ਸ਼੍ਰੇਣੀ ਨਾਮ', '2025-12-02 13:52:01', '2025-12-02 14:40:19'),
('26057', '0', 'pa', 'modules', 'modifier.modifierCategoryDescription', 'ਮੋਡੀਫਾਇਰ ਸ਼੍ਰੇਣੀ ਵੇਰਵਾ', '2025-12-02 13:52:01', '2025-12-02 14:40:19'),
('26058', '0', 'pa', 'modules', 'modifier.deleteModifierMessage', 'ਕੀ ਤੁਸੀਂ ਮੋਡੀਫਾਇਰ ਮਿਟਾਉਣਾ ਚਾਹੁੰਦੇ ਹੋ?', '2025-12-02 13:52:01', '2025-12-02 14:40:19'),
('26059', '0', 'pa', 'modules', 'modifier.deleteModifierCategoryMessage', 'ਕੀ ਤੁਸੀਂ ਇਸ ਮੋਡੀਫਾਇਰ ਸ਼੍ਰੇਣੀ ਨੂੰ ਮਿਟਾਉਣਾ ਚਾਹੁੰਦੇ ਹੋ?', '2025-12-02 13:52:01', '2025-12-02 14:40:19'),
('26060', '0', 'pa', 'modules', 'modifier.modifierHelp', 'ਨਵਾਂ ਮੋਡੀਫਾਇਰ ਜੋੜਨ ਲਈ ਹੇਠਾਂ ਵੇਰਵੇ ਭਰੋ।', '2025-12-02 13:52:01', '2025-12-02 14:40:19'),
('26061', '0', 'pa', 'modules', 'modifier.modifierCategoryHelp', 'ਨਵੀਂ ਮੋਡੀਫਾਇਰ ਸ਼੍ਰੇਣੀ ਜੋੜਨ ਲਈ ਹੇਠਾਂ ਵੇਰਵੇ ਭਰੋ।', '2025-12-02 13:52:01', '2025-12-02 14:40:19'),
('26062', '0', 'pa', 'modules', 'modifier.deleteModifierGroup', 'ਮੋਡੀਫਾਇਰ ਗਰੁੱਪ ਮਿਟਾਓ', '2025-12-02 13:52:01', '2025-12-02 14:40:19'),
('26063', '0', 'pa', 'modules', 'modifier.deleteModifierGroupMessage', 'ਕੀ ਤੁਸੀਂ ਮੋਡੀਫਾਇਰ ਗਰੁੱਪ ਮਿਟਾਉਣਾ ਚਾਹੁੰਦੇ ਹੋ?', '2025-12-02 13:52:01', '2025-12-02 14:40:19'),
('26064', '0', 'pa', 'modules', 'modifier.updateItemModifier', 'ਆਈਟਮ ਮੋਡੀਫਾਇਰ ਅੱਪਡੇਟ ਕਰੋ', '2025-12-02 13:52:01', '2025-12-02 14:40:19'),
('26065', '0', 'pa', 'modules', 'modifier.deleteItemModifier', 'ਆਈਟਮ ਤੋਂ ਮੋਡੀਫਾਇਰ ਹਟਾਓ', '2025-12-02 13:52:01', '2025-12-02 14:40:19'),
('26066', '0', 'pa', 'modules', 'modifier.deleteItemModifierMessage', 'ਕੀ ਤੁਸੀਂ ਇਸ ਆਈਟਮ ਮੋਡੀਫਾਇਰ ਨੂੰ ਹਟਾਉਣਾ ਚਾਹੁੰਦੇ ਹੋ?', '2025-12-02 13:52:01', '2025-12-02 14:40:19'),
('26067', '0', 'pa', 'modules', 'modifier.updateModifierGroup', 'ਮੋਡੀਫਾਇਰ ਗਰੁੱਪ ਅਪਡੇਟ ਕਰੋ', '2025-12-02 13:52:01', '2025-12-02 14:40:19'),
('26068', '0', 'pa', 'modules', 'modifier.editModifierGroup', 'ਮੋਡੀਫਾਇਰ ਗਰੁੱਪ ਸੋਧੋ', '2025-12-02 13:52:01', '2025-12-02 14:40:19'),
('26069', '0', 'pa', 'modules', 'modifier.addModifierOption', 'ਮੋਡੀਫਾਇਰ ਵਿਕਲਪ ਜੋੜੋ', '2025-12-02 13:52:01', '2025-12-02 14:40:19'),
('26070', '0', 'pa', 'modules', 'modifier.modifierGroup', 'ਮੋਡੀਫਾਇਰ ਗਰੁੱਪ', '2025-12-02 13:52:01', '2025-12-02 14:40:19'),
('26071', '0', 'pa', 'modules', 'modifier.options', 'ਚੋਣਾਂ', '2025-12-02 13:52:01', '2025-12-02 14:40:19'),
('26072', '0', 'pa', 'modules', 'modifier.name', 'ਨਾਂ', '2025-12-02 13:52:01', '2025-12-02 14:40:19'),
('26073', '0', 'pa', 'modules', 'modifier.description', 'ਵੇਰਵਾ', '2025-12-02 13:52:01', '2025-12-02 14:40:19'),
('26074', '0', 'pa', 'modules', 'modifier.isAvailable', 'ਉਪਲਬਧ ਹੈ', '2025-12-02 13:52:01', '2025-12-02 14:40:19'),
('26075', '0', 'pa', 'modules', 'modifier.selectMenuItem', 'ਮੈਨੂ ਆਈਟਮ ਚੁਣੋ', '2025-12-02 13:52:01', '2025-12-02 14:40:19'),
('26076', '0', 'pa', 'modules', 'modifier.modifierOptions', 'ਮੋਡੀਫਾਇਰ ਚੋਣਾਂ', '2025-12-02 13:52:01', '2025-12-02 14:40:19'),
('26077', '0', 'pa', 'modules', 'modifier.price', 'ਕ਼ੀਮਤ', '2025-12-02 13:52:01', '2025-12-02 14:40:19'),
('26078', '0', 'pa', 'modules', 'modifier.locations', 'ਥਾਂਵਾਂ', '2025-12-02 13:52:01', '2025-12-02 14:40:19'),
('26079', '0', 'pa', 'modules', 'modifier.addOn', 'ਐਡ-਑ਨ', '2025-12-02 13:52:01', '2025-12-02 14:40:19'),
('26080', '0', 'pa', 'modules', 'modifier.optionName', 'ਚੋਣ ਨਾਮ', '2025-12-02 13:52:01', '2025-12-02 14:40:19'),
('26081', '0', 'pa', 'modules', 'modifier.groupName', 'ਗਰੁੱਪ ਨਾਮ', '2025-12-02 13:52:01', '2025-12-02 14:40:19'),
('26082', '0', 'pa', 'modules', 'modifier.required', 'ਲਾਜ਼ਮੀ', '2025-12-02 13:52:01', '2025-12-02 14:40:19'),
('26083', '0', 'pa', 'modules', 'modifier.optional', 'ਵਿਕਲਪੀ', '2025-12-02 13:52:01', '2025-12-02 14:40:19'),
('26084', '0', 'pa', 'modules', 'modifier.itemModifiers', 'ਆਈਟਮ ਮੋਡੀਫਾਇਰ', '2025-12-02 13:52:01', '2025-12-02 14:40:19'),
('26085', '0', 'pa', 'modules', 'modifier.noMenuItemsFound', 'ਕੋਈ ਮੈਨੂ ਆਈਟਮ ਨਹੀਂ ਮਿਲੇ।', '2025-12-02 13:52:01', '2025-12-02 14:40:19'),
('26086', '0', 'pa', 'modules', 'modifier.allowMultipleSelection', 'ਕਈ ਚੋਣਾਂ ਦੀ ਆਗਿਆ ਦਿਓ', '2025-12-02 13:52:01', '2025-12-02 14:40:19'),
('26087', '0', 'pa', 'modules', 'modifier.allowMultipleSelectionDescription', 'ਵਰਤੋਂਕਾਰਾਂ ਨੂੰ ਕਈ ਵਿਕਲਪ ਚੁਣਨ ਦੀ ਆਗਿਆ ਦਿਓ', '2025-12-02 13:52:01', '2025-12-02 14:40:19'),
('26088', '0', 'pa', 'modules', 'modifier.selectModifierGroup', 'ਮੋਡੀਫਾਇਰ ਗਰੁੱਪ ਚੁਣੋ', '2025-12-02 13:52:01', '2025-12-02 14:40:19'),
('26089', '0', 'pa', 'modules', 'modifier.variations', 'ਵੈਰੀਏਸ਼ਨ', '2025-12-02 13:52:01', '2025-12-02 14:40:19'),
('26090', '0', 'pa', 'modules', 'modifier.addOption', 'ਵਿਕਲਪ ਜੋੜੋ', '2025-12-02 13:52:01', '2025-12-02 14:40:19'),
('26091', '0', 'pa', 'modules', 'modifier.variationOptions', 'ਵੈਰੀਏਸ਼ਨ ਚੋਣਾਂ', '2025-12-02 13:52:01', '2025-12-02 14:40:19'),
('26092', '0', 'pa', 'modules', 'modifier.selectMenuItemsHelpText', 'ਉਹ ਮੈਨੂ ਆਈਟਮ ਚੁਣੋ ਜਿਨ੍ਹਾਂ ਉੱਤੇ ਇਹ ਮੋਡੀਫਾਇਰ ਗਰੁੱਪ ਲਾਗੂ ਹੋਣਾ ਚਾਹੀਦਾ ਹੈ', '2025-12-02 13:52:01', '2025-12-02 14:40:19'),
('26093', '0', 'pa', 'modules', 'modifier.showTranslations', 'ਅਨੁਵਾਦ ਦਿਖਾਓ', '2025-12-02 13:52:01', '2025-12-02 14:40:19'),
('26094', '0', 'pa', 'modules', 'modifier.selectVariation', 'ਵੈਰੀਏਸ਼ਨ ਚੁਣੋ', '2025-12-02 13:52:01', '2025-12-02 14:40:19'),
('26095', '0', 'pa', 'modules', 'modifier.applyToBaseItem', 'ਮੂਲ ਆਈਟਮ \'ਤੇ ਲਾਗੂ ਕਰੋ', '2025-12-02 13:52:01', '2025-12-02 14:40:19'),
('26096', '0', 'pa', 'modules', 'modifier.variationDescription', 'ਉਸ ਵੈਰੀਏਸ਼ਨ ਨੂੰ ਚੁਣੋ ਜਿਸ \'ਤੇ ਇਹ ਮੋਡੀਫਾਇਰ ਗਰੁੱਪ ਲਾਗੂ ਹੋਵੇ', '2025-12-02 13:52:01', '2025-12-02 14:40:19'),
('26097', '0', 'pa', 'modules', 'modifier.addModifierGroupDescription', 'ਨਵਾਂ ਮੋਡੀਫਾਇਰ ਗਰੁੱਪ ਜੋੜਨ ਲਈ ਹੇਠਾਂ ਵੇਰਵੇ ਭਰੋ।', '2025-12-02 13:52:01', '2025-12-02 14:40:19'),
('26098', '0', 'pa', 'modules', 'modifier.defaultPrice', 'ਡਿਫਾਲਟ ਕੀਮਤ', '2025-12-02 13:52:01', '2025-12-02 14:40:19'),
('26099', '0', 'pa', 'modules', 'report.totalSales', 'ਕੁੱਲ ਵਿਕਰੀ', '2025-12-02 13:52:01', '2025-12-02 14:40:19'),
('26100', '0', 'pa', 'modules', 'report.orders', 'ਆਰਡਰ', '2025-12-02 13:52:01', '2025-12-02 14:40:19'),
('26101', '0', 'pa', 'modules', 'report.cashPayments', 'ਨਕਦ ਭੁਗਤਾਨ', '2025-12-02 13:52:01', '2025-12-02 14:40:19'),
('26102', '0', 'pa', 'modules', 'report.digitalPayments', 'ਡਿਜਿਟਲ ਭੁਗਤਾਨ', '2025-12-02 13:52:01', '2025-12-02 14:40:19'),
('26103', '0', 'pa', 'modules', 'report.averageOrderValue', 'ਔਸਤ ਆਰਡਰ ਮੁੱਲ', '2025-12-02 13:52:01', '2025-12-02 14:40:19'),
('26104', '0', 'pa', 'modules', 'report.totalRevenue', 'ਕੁੱਲ ਆਮਦਨ', '2025-12-02 13:52:01', '2025-12-02 14:40:19'),
('26105', '0', 'pa', 'modules', 'report.imSales', 'ਆਈਟਮ ਵਿਕਰੀ', '2025-12-02 13:52:01', '2025-12-02 14:40:19'),
('26106', '0', 'pa', 'modules', 'report.quantitySold', ' ਵਿਕੀਤ ਰਕਮ', '2025-12-02 13:52:01', '2025-12-02 14:40:19'),
('26107', '0', 'pa', 'modules', 'report.topSellingItems', 'ਸਭ ਤੋਂ ਵੱਧ ਵਿਕਣ ਵਾਲੇ ਆਈਟਮ', '2025-12-02 13:52:01', '2025-12-02 14:40:19'),
('26108', '0', 'pa', 'modules', 'report.sellingPrice', 'ਵਿਕਰੀ ਕੀਮਤ', '2025-12-02 13:52:01', '2025-12-02 14:40:19'),
('26109', '0', 'pa', 'modules', 'report.salesByCategory', 'ਸ਼੍ਰੇਣੀ ਅਨੁਸਾਰ ਵਿਕਰੀ', '2025-12-02 13:52:01', '2025-12-02 14:40:19'),
('26110', '0', 'pa', 'modules', 'report.salesByPaymentMethod', 'ਭੁਗਤਾਨ ਢੰਗ ਅਨੁਸਾਰ ਵਿਕਰੀ', '2025-12-02 13:52:01', '2025-12-02 14:40:19'),
('26111', '0', 'pa', 'modules', 'report.orderType', 'ਆਰਡਰ ਕਿਸਮ', '2025-12-02 13:52:01', '2025-12-02 14:40:19'),
('26112', '0', 'pa', 'modules', 'report.salesByTime', 'ਸਮਾਂ ਅਨੁਸਾਰ ਵਿਕਰੀ', '2025-12-02 13:52:01', '2025-12-02 14:40:19'),
('26113', '0', 'pa', 'modules', 'report.salesByDay', 'ਦਿਨ ਅਨੁਸਾਰ ਵਿਕਰੀ', '2025-12-02 13:52:01', '2025-12-02 14:40:19'),
('26114', '0', 'pa', 'modules', 'report.salesByMonth', 'ਮਹੀਨਾ ਅਨੁਸਾਰ ਵਿਕਰੀ', '2025-12-02 13:52:01', '2025-12-02 14:40:19'),
('26115', '0', 'pa', 'modules', 'report.salesByYear', 'ਸਾਲ ਅਨੁਸਾਰ ਵਿਕਰੀ', '2025-12-02 13:52:01', '2025-12-02 14:40:19'),
('26116', '0', 'pa', 'modules', 'report.totalTaxes', 'ਕੁੱਲ ਟੈਕਸ', '2025-12-02 13:52:01', '2025-12-02 14:40:19'),
('26117', '0', 'pa', 'modules', 'report.totalDiscounts', 'ਕੁੱਲ ਛੂਟ', '2025-12-02 13:52:01', '2025-12-02 14:40:19'),
('26118', '0', 'pa', 'modules', 'report.averageItems', 'ਆਰਡਰ ਪ੍ਰਤੀ ਔਸਤ ਆਈਟਮ', '2025-12-02 13:52:01', '2025-12-02 14:40:19'),
('26119', '0', 'pa', 'modules', 'report.grossSales', 'ਕੁੱਲ ਵਿਕਰੀ (ਗਰੋਸ)', '2025-12-02 13:52:01', '2025-12-02 14:40:19'),
('26120', '0', 'pa', 'modules', 'report.netSales', 'ਸ਼ੁੱਧ ਵਿਕਰੀ', '2025-12-02 13:52:01', '2025-12-02 14:40:19'),
('26121', '0', 'pa', 'modules', 'report.totalRefunds', 'ਕੁੱਲ ਰਿਫੰਡ', '2025-12-02 13:52:01', '2025-12-02 14:40:19'),
('26122', '0', 'pa', 'modules', 'report.pendingPayments', 'ਬਕਾਇਆ ਭੁਗਤਾਨ', '2025-12-02 13:52:01', '2025-12-02 14:40:19'),
('26123', '0', 'pa', 'modules', 'report.canceledOrders', 'ਰੱਦ ਕੀਤੇ ਆਰਡਰ', '2025-12-02 13:52:01', '2025-12-02 14:40:19'),
('26124', '0', 'pa', 'modules', 'report.totalOrders', 'ਕੁੱਲ ਆਰਡਰ', '2025-12-02 13:52:01', '2025-12-02 14:40:19'),
('26125', '0', 'pa', 'modules', 'report.totalQuantitySold', 'ਕੁੱਲ ਵਿਕੀਤ ਰਕਮ', '2025-12-02 13:52:01', '2025-12-02 14:40:19'),
('26126', '0', 'pa', 'modules', 'report.sumOfTotalRevenue', 'ਕੁੱਲ ਆਮਦਨ ਜੋੜ', '2025-12-02 13:52:01', '2025-12-02 14:40:19'),
('26127', '0', 'pa', 'modules', 'report.totalCharges', 'ਕੁੱਲ ਚਾਰ্জ', '2025-12-02 13:52:01', '2025-12-02 14:40:19'),
('26128', '0', 'pa', 'modules', 'report.itemReportMessage', 'ਆਈਟਮ ਦੀਆਂ ਵੇਚਾਂ ਅਤੇ ਪ੍ਰਦਰਸ਼ਨ ਵੇਖੋ', '2025-12-02 13:52:01', '2025-12-02 14:40:19'),
('26129', '0', 'pa', 'modules', 'report.salesReportMessage', 'ਆਪਣੇ ਰੈਸਟੋਰੈਂਟ ਦੀ ਆਮਦਨ ਨਿਗਰਾਨੀ ਕਰੋ', '2025-12-02 13:52:01', '2025-12-02 14:40:19'),
('26130', '0', 'pa', 'modules', 'report.categoryReportMessage', 'ਪ੍ਰਦਰਸ਼ਨ ਸਮਝਣ ਲਈ ਸ਼੍ਰੇਣੀ ਅਨੁਸਾਰ ਵਿਕਰੀ ਵੇਖੋ', '2025-12-02 13:52:01', '2025-12-02 14:40:19'),
('26131', '0', 'pa', 'modules', 'report.printLogMessage', ':startDate ਤੋਂ :endDate ਤੱਕ ਪ੍ਰਿੰਟ ਲੌਗ ਅਤੇ ਸਥਿਤੀ ਦਿਖਾਓ', '2025-12-02 13:52:01', '2025-12-02 14:40:19'),
('26132', '0', 'pa', 'modules', 'report.totalPrintJobs', 'ਕੁੱਲ ਪ੍ਰਿੰਟ ਕੰਮ', '2025-12-02 13:52:01', '2025-12-02 14:40:19'),
('26133', '0', 'pa', 'modules', 'report.pendingJobs', 'ਬਕਾਇਮ ਪ੍ਰਿੰਟ ਕੰਮ', '2025-12-02 13:52:01', '2025-12-02 14:40:19'),
('26134', '0', 'pa', 'modules', 'report.completedJobs', 'ਮੁਕੰਮਲ ਪ੍ਰਿੰਟ ਕੰਮ', '2025-12-02 13:52:01', '2025-12-02 14:40:19'),
('26135', '0', 'pa', 'modules', 'report.failedJobs', 'ਅਸਫਲ ਪ੍ਰਿੰਟ ਕੰਮ', '2025-12-02 13:52:01', '2025-12-02 14:40:19'),
('26136', '0', 'pa', 'modules', 'report.printerStatistics', 'ਪ੍ਰਿੰਟਰ ਅੰਕੜੇ', '2025-12-02 13:52:01', '2025-12-02 14:40:19'),
('26137', '0', 'pa', 'modules', 'report.printJobDetails', 'ਪ੍ਰਿੰਟ ਕੰਮ ਵੇਰਵੇ', '2025-12-02 13:52:01', '2025-12-02 14:40:19'),
('26138', '0', 'pa', 'modules', 'report.basicInformation', 'ਮੂਲ ਜਾਣਕਾਰੀ', '2025-12-02 13:52:01', '2025-12-02 14:40:19'),
('26139', '0', 'pa', 'modules', 'report.printContent', 'ਛਪਾਈ ਸਮੱਗਰੀ', '2025-12-02 13:52:01', '2025-12-02 14:40:19'),
('26140', '0', 'pa', 'modules', 'report.noContentAvailable', 'ਕੋਈ ਸਮੱਗਰੀ ਉਪਲਬਧ ਨਹੀਂ', '2025-12-02 13:52:01', '2025-12-02 14:40:19'),
('26141', '0', 'pa', 'modules', 'report.retryPrint', 'ਮੁੜ ਪ੍ਰਿੰਟ ਕਰੋ', '2025-12-02 13:52:01', '2025-12-02 14:40:19'),
('26142', '0', 'pa', 'modules', 'report.printJobNotFound', 'ਪ੍ਰਿੰਟ ਕੰਮ ਨਹੀਂ ਲੱਭਿਆ', '2025-12-02 13:52:01', '2025-12-02 14:40:19'),
('26143', '0', 'pa', 'modules', 'report.printJobNotFoundMessage', 'ਮੰਗਿਆ ਗਿਆ ਪ੍ਰਿੰਟ ਕੰਮ ਨਹੀਂ ਲੱਭਿਆ ਜਾਂ ਤੁਹਾਡੇ ਕੋਲ ਇਸਨੂੰ ਵੇਖਣ ਦੀ ਅਨੁਮਤੀ ਨਹੀਂ ਹੈ।', '2025-12-02 13:52:01', '2025-12-02 14:40:19'),
('26144', '0', 'pa', 'modules', 'report.paymentMethods', 'ਭੁਗਤਾਨ ਢੰਗ', '2025-12-02 13:52:01', '2025-12-02 14:40:19'),
('26145', '0', 'pa', 'modules', 'report.traditionalPayments', 'ਰਵਾਇਤੀ ਭੁਗਤਾਨ', '2025-12-02 13:52:01', '2025-12-02 14:40:19'),
('26146', '0', 'pa', 'modules', 'report.paymentGateways', 'ਪੇਮੈਂਟ ਗੇਟਵੇ', '2025-12-02 13:52:01', '2025-12-02 14:40:19'),
('26147', '0', 'pa', 'modules', 'report.additionalAmounts', 'ਅਤਿਰਿਕਤ ਰਕਮ', '2025-12-02 13:52:01', '2025-12-02 14:40:19'),
('26148', '0', 'pa', 'modules', 'report.salesDataFor', 'ਵਿਕਰੀ ਡੇਟਾ ਲਈ', '2025-12-02 13:52:01', '2025-12-02 14:40:19'),
('26149', '0', 'pa', 'modules', 'report.timePeriod', 'ਸਮਾਂ ਅਵਧੀ', '2025-12-02 13:52:01', '2025-12-02 14:40:19'),
('26150', '0', 'pa', 'modules', 'report.timePeriodEachDay', 'ਹਰ ਦਿਨ ਅਵਧੀ', '2025-12-02 13:52:01', '2025-12-02 14:40:19'),
('26151', '0', 'pa', 'modules', 'report.salesDataFrom', 'ਵਿਕਰੀ ਡੇਟਾ ਤੋਂ', '2025-12-02 13:52:01', '2025-12-02 14:40:19'),
('26152', '0', 'pa', 'modules', 'report.salesDataTo', 'ਵਿਕਰੀ ਡੇਟਾ ਤੱਕ', '2025-12-02 13:52:01', '2025-12-02 14:40:19'),
('26153', '0', 'pa', 'modules', 'report.timePeriodEachMonth', 'ਹਰ ਮਹੀਨੇ ਅਵਧੀ', '2025-12-02 13:52:01', '2025-12-02 14:40:19'),
('26154', '0', 'pa', 'modules', 'report.timePeriodEachYear', 'ਹਰ ਸਾਲ ਅਵਧੀ', '2025-12-02 13:52:01', '2025-12-02 14:40:19'),
('26155', '0', 'pa', 'modules', 'report.taxDetails', 'ਟੈਕਸ ਵੇਰਵੇ', '2025-12-02 13:52:01', '2025-12-02 14:40:19'),
('26156', '0', 'pa', 'modules', 'report.taxMode', 'ਟੈਕਸ ਮੋਡ', '2025-12-02 13:52:01', '2025-12-02 14:40:19'),
('26157', '0', 'pa', 'modules', 'report.totalTaxCollection', 'ਕੁੱਲ ਟੈਕਸ ਇਕੱਠ', '2025-12-02 13:52:01', '2025-12-02 14:40:19'),
('26158', '0', 'pa', 'modules', 'report.activeTaxes', 'ਸਰਗਰਮ ਟੈਕਸ', '2025-12-02 13:52:01', '2025-12-02 14:40:19'),
('26159', '0', 'pa', 'modules', 'report.mode', 'ਮੋਡ', '2025-12-02 13:52:01', '2025-12-02 14:40:19'),
('26160', '0', 'pa', 'modules', 'report.taxBreakdownFor', 'ਟੈਕਸ ਦਾ ਵਿਸਤਾਰ ਲਈ', '2025-12-02 13:52:01', '2025-12-02 14:40:19'),
('26161', '0', 'pa', 'modules', 'report.itemLevelTaxBreakdown', 'ਆਈਟਮ ਪੱਧਰ ਟੈਕਸ ਵਿਸਤਾਰ', '2025-12-02 13:52:01', '2025-12-02 14:40:19'),
('26162', '0', 'pa', 'modules', 'report.orderLevelTaxBreakdown', 'ਆਰਡਰ ਪੱਧਰ ਟੈਕਸ ਵਿਸਤਾਰ', '2025-12-02 13:52:01', '2025-12-02 14:40:19'),
('26163', '0', 'pa', 'modules', 'report.fromActualBreakdown', 'ਅਸਲ ਵਿਸਤਾਰ ਤੋਂ', '2025-12-02 13:52:01', '2025-12-02 14:40:19'),
('26164', '0', 'pa', 'modules', 'report.taxBreakdown', 'ਟੈਕਸ ਵਿਸਤਾਰ', '2025-12-02 13:52:01', '2025-12-02 14:40:19'),
('26165', '0', 'pa', 'modules', 'report.taxRate', 'ਟੈਕਸ ਦਰ', '2025-12-02 13:52:01', '2025-12-02 14:40:19'),
('26166', '0', 'pa', 'modules', 'report.taxAmount', 'ਟੈਕਸ ਰਕਮ', '2025-12-02 13:52:01', '2025-12-02 14:40:19'),
('26167', '0', 'pa', 'modules', 'report.taxPercentage', 'ਟੈਕਸ ਪ੍ਰਤੀਸ਼ਤ', '2025-12-02 13:52:01', '2025-12-02 14:40:19'),
('26168', '0', 'pa', 'modules', 'report.ordersWithTax', 'ਟੈਕਸ ਸਮੇਤ ਆਰਡਰ', '2025-12-02 13:52:01', '2025-12-02 14:40:19'),
('26169', '0', 'pa', 'modules', 'report.viewTaxDetails', 'ਟੈਕਸ ਵੇਰਵੇ ਵੇਖੋ', '2025-12-02 13:52:01', '2025-12-02 14:40:19'),
('26170', '0', 'pa', 'modules', 'report.viewItemTaxBreakdown', 'ਆਈਟਮ ਟੈਕਸ ਵਿਸਤਾਰ ਵੇਖੋ', '2025-12-02 13:52:01', '2025-12-02 14:40:19'),
('26171', '0', 'pa', 'modules', 'report.totalTaxAmount', 'ਕੁੱਲ ਟੈਕਸ ਰਕਮ', '2025-12-02 13:52:01', '2025-12-02 14:40:19'),
('26172', '0', 'pa', 'modules', 'report.outstandingPayments', 'ਬਕਾਇਆ ਭੁਗਤਾਨ', '2025-12-02 13:52:01', '2025-12-02 14:40:19'),
('26173', '0', 'pa', 'modules', 'report.outstandingOrders', 'ਬਕਾਇਆ ਆਰਡਰ', '2025-12-02 13:52:01', '2025-12-02 14:40:19'),
('26174', '0', 'pa', 'modules', 'report.averageOutstanding', 'ਔਸਤ ਬਕਾਇਆ', '2025-12-02 13:52:01', '2025-12-02 14:40:19'),
('26175', '0', 'pa', 'modules', 'report.allDeliveryApps', 'ਸਭ ਡਿਲਿਵਰੀ ਐਪਸ', '2025-12-02 13:52:01', '2025-12-02 14:40:19'),
('26176', '0', 'pa', 'modules', 'report.avgOrderValue', 'ਓਸਤ ਆਰਡਰ ਮੁੱਲ', '2025-12-02 13:52:01', '2025-12-02 14:40:19'),
('26177', '0', 'pa', 'modules', 'report.commissionRate', 'ਕਮਿਸ਼ਨ ਦਰ', '2025-12-02 13:52:01', '2025-12-02 14:40:19'),
('26178', '0', 'pa', 'modules', 'report.deliveryApp', 'ਡਿਲਿਵਰੀ ਐਪ', '2025-12-02 13:52:01', '2025-12-02 14:40:19'),
('26179', '0', 'pa', 'modules', 'report.deliveryAppReportMessage', 'ਡਿਲਿਵਰੀ ਪਲੇਟਫਾਰਮਾਂ ਦੀਆਂ ਕਮਿਸ਼ਨਾਂ ਅਤੇ ਆਰਡਰ ਟਰੈਕ ਕਰੋ', '2025-12-02 13:52:01', '2025-12-02 14:40:19'),
('26180', '0', 'pa', 'modules', 'report.directDelivery', 'ਸਿੱਧੀ ਡਿਲਿਵਰੀ', '2025-12-02 13:52:01', '2025-12-02 14:40:19'),
('26181', '0', 'pa', 'modules', 'report.netRevenue', 'ਸ਼ੁੱਧ ਆਮਦਨ', '2025-12-02 13:52:01', '2025-12-02 14:40:19'),
('26182', '0', 'pa', 'modules', 'report.noDeliveryAppOrders', 'ਚੁਣੀ ਗਈ ਮਿਆਦ ਲਈ ਕੋਈ ਡਿਲਿਵਰੀ ਐਪ ਆਰਡਰ ਨਹੀਂ ਮਿਲੇ', '2025-12-02 13:52:01', '2025-12-02 14:40:19'),
('26183', '0', 'pa', 'modules', 'report.perOrder', 'ਪ੍ਰਤੀ ਆਰਡਰ', '2025-12-02 13:52:01', '2025-12-02 14:40:19'),
('26184', '0', 'pa', 'modules', 'report.totalCommission', 'ਕੁੱਲ ਕਮਿਸ਼ਨ', '2025-12-02 13:52:01', '2025-12-02 14:40:19'),
('26185', '0', 'pa', 'modules', 'report.totalDeliveryFees', 'ਕੁੱਲ ਡਿਲਿਵਰੀ ਫੀਸ', '2025-12-02 13:52:01', '2025-12-02 14:40:19'),
('26186', '0', 'pa', 'modules', 'kot.kitchen_order_ticket', 'ਕਿਚਨ ਆਰਡਰ ਟਿਕਟ', '2025-12-02 13:52:01', '2025-12-02 14:40:19'),
('26187', '0', 'pa', 'modules', 'kot.order_number', 'ਆਰਡਰ ਨੰ: :number', '2025-12-02 13:52:01', '2025-12-02 14:40:19'),
('26188', '0', 'pa', 'modules', 'kot.kot_number', 'KOT # :number', '2025-12-02 13:52:01', '2025-12-02 14:40:19'),
('26189', '0', 'pa', 'modules', 'kot.date', 'ਤਾਰੀਖ: :date', '2025-12-02 13:52:01', '2025-12-02 14:40:19'),
('26190', '0', 'pa', 'modules', 'kot.time', 'ਸਮਾਂ: :time', '2025-12-02 13:52:01', '2025-12-02 14:40:19'),
('26191', '0', 'pa', 'modules', 'kot.item', 'ਆਈਟਮ', '2025-12-02 13:52:01', '2025-12-02 14:40:19'),
('26192', '0', 'pa', 'modules', 'kot.qty', 'ਮਾਤਰਾ', '2025-12-02 13:52:01', '2025-12-02 14:40:19'),
('26193', '0', 'pa', 'modules', 'kot.special_instructions', 'ਖਾਸ ਹਦਾਇਤਾਂ:', '2025-12-02 13:52:01', '2025-12-02 14:40:19'),
('26194', '0', 'pa', 'modules', 'kot.print_success', 'KOT ਸਫਲਤਾਪੂਰਵਕ ਛਪਿਆ!', '2025-12-02 13:52:01', '2025-12-02 14:40:19'),
('26195', '0', 'pa', 'modules', 'kot.print_failed', 'KOT ਛਾਪਣ ਵਿੱਚ ਅਸਫਲ! :error', '2025-12-02 13:52:01', '2025-12-02 14:40:19'),
('26196', '0', 'pa', 'modules', 'moduleLicenseStatus.moduleLicenseStatus', 'ਮੋਡੀਊਲ ਲਾਇਸੈਂਸ ਸਥਿਤੀ', '2025-12-02 13:52:01', '2025-12-02 14:40:19'),
('26197', '0', 'pa', 'modules', 'moduleLicenseStatus.licensed', 'ਲਾਇਸੈਂਸਯੁਕਤ', '2025-12-02 13:52:01', '2025-12-02 14:40:19'),
('26198', '0', 'pa', 'modules', 'moduleLicenseStatus.verificationRequired', 'ਤਸਦੀਕ ਜ਼ਰੂਰੀ', '2025-12-02 13:52:01', '2025-12-02 14:40:19'),
('26199', '0', 'pa', 'modules', 'moduleLicenseStatus.notActivated', 'ਸਰਗਰਮ ਨਹੀਂ', '2025-12-02 13:52:01', '2025-12-02 14:40:19'),
('26200', '0', 'pa', 'modules', 'moduleLicenseStatus.supportExpired', 'ਸਪੋਰਟ ਮੁੱਕ ਗਿਆ', '2025-12-02 13:52:01', '2025-12-02 14:40:19'),
('26201', '0', 'pa', 'modules', 'moduleLicenseStatus.supportUntil', 'ਸਹਾਇਤਾ ਤੱਕ', '2025-12-02 13:52:01', '2025-12-02 14:40:19'),
('26202', '0', 'pa', 'modules', 'moduleLicenseStatus.supportExpiredMessage', 'ਸਪੋਰਟ ਦੀ ਮਿਆਦ ਖ਼ਤਮ ਹੋ ਚੁਕੀ ਹੈ', '2025-12-02 13:52:01', '2025-12-02 14:40:19'),
('26203', '0', 'pa', 'modules', 'moduleLicenseStatus.supportUntilMessage', 'ਸਹਾਇਤਾ ਦੀ ਮਿਆਦ:', '2025-12-02 13:52:01', '2025-12-02 14:40:19'),
('26204', '0', 'pa', 'pagination', 'previous', '« ਪਿਛਲਾ', '2025-12-02 13:52:01', '2025-12-02 13:54:01'),
('26205', '0', 'pa', 'pagination', 'next', 'ਅਗਲਾ »', '2025-12-02 13:52:01', '2025-12-02 13:54:01'),
('26206', '0', 'pa', 'passwords', 'reset', 'ਤੁਹਾਡਾ ਪਾਸਵਰਡ ਸਫਲਤਾਪੂਰਵਕ ਰੀਸੈਟ ਕਰ ਦਿੱਤਾ ਗਿਆ ਹੈ।', '2025-12-02 13:52:01', '2025-12-02 13:54:01'),
('26207', '0', 'pa', 'passwords', 'sent', 'ਅਸੀਂ ਤੁਹਾਡੇ ਈਮੇਲ ਪਤੇ ਤੇ ਪਾਸਵਰਡ ਰੀਸੈਟ ਕਰਨ ਲਈ ਲਿੰਕ ਭੇਜ ਦਿੱਤਾ ਹੈ।', '2025-12-02 13:52:01', '2025-12-02 13:54:01'),
('26208', '0', 'pa', 'passwords', 'throttled', 'ਕਿਰਪਾ ਕਰਕੇ ਦੁਬਾਰਾ ਕੋਸ਼ਿਸ਼ ਕਰਨ ਤੋਂ ਪਹਿਲਾਂ ਕੁਝ ਸਮਾਂ ਇੰਤਜ਼ਾਰ ਕਰੋ।', '2025-12-02 13:52:01', '2025-12-02 13:54:01'),
('26209', '0', 'pa', 'passwords', 'token', 'ਇਹ ਪਾਸਵਰਡ ਰੀਸੈਟ ਟੋਕਨ ਅਣਵੈਧ ਹੈ।', '2025-12-02 13:52:01', '2025-12-02 13:54:01'),
('26210', '0', 'pa', 'passwords', 'user', 'ਅਸੀਂ ਇਸ ਈਮੇਲ ਪਤੇ ਨਾਲ ਕੋਈ ਯੂਜ਼ਰ ਨਹੀਂ ਲੱਭ ਸਕੇ।', '2025-12-02 13:52:01', '2025-12-02 13:54:01'),
('26211', '0', 'pa', 'passwords', 'reset_subject', 'ਪਾਸਵਰਡ ਰੀਸੈਟ ਸੂਚਨਾ - :app_name', '2025-12-02 13:52:01', '2025-12-02 13:54:01'),
('26212', '0', 'pa', 'passwords', 'reset_line1', 'ਤੁਹਾਨੂੰ ਇਹ ਈਮੇਲ ਇਸ ਲਈ ਮਿਲ ਰਹੀ ਹੈ ਕਿਉਂਕਿ ਅਸੀਂ ਤੁਹਾਡੇ ਖਾਤੇ ਲਈ ਪਾਸਵਰਡ ਰੀਸੈਟ ਦੀ ਬੇਨਤੀ ਪ੍ਰਾਪਤ ਕੀਤੀ ਹੈ।', '2025-12-02 13:52:01', '2025-12-02 13:54:01'),
('26213', '0', 'pa', 'passwords', 'reset_line2', 'ਆਪਣਾ ਪਾਸਵਰਡ ਰੀਸੈਟ ਕਰਨ ਲਈ ਹੇਠਾਂ ਦਿੱਤੇ ਬਟਨ ਤੇ ਕਲਿੱਕ ਕਰੋ:', '2025-12-02 13:52:01', '2025-12-02 13:54:01'),
('26214', '0', 'pa', 'passwords', 'reset_action', 'ਪਾਸਵਰਡ ਰੀਸੈਟ ਕਰੋ', '2025-12-02 13:52:01', '2025-12-02 13:54:01'),
('26215', '0', 'pa', 'passwords', 'reset_line3', 'ਇਹ ਪਾਸਵਰਡ ਰੀਸੈਟ ਲਿੰਕ :count ਮਿੰਟਾਂ ਵਿੱਚ ਮਿਆਦ ਪੂਰੀ ਕਰ ਜਾਵੇਗਾ।', '2025-12-02 13:52:01', '2025-12-02 13:54:01'),
('26216', '0', 'pa', 'passwords', 'reset_line4', 'ਜੇਕਰ ਤੁਸੀਂ ਪਾਸਵਰਡ ਰੀਸੈਟ ਦੀ ਬੇਨਤੀ ਨਹੀਂ ਕੀਤੀ ਸੀ, ਤਾਂ ਕੋਈ ਹੋਰ ਕਾਰਵਾਈ ਕਰਨ ਦੀ ਲੋੜ ਨਹੀਂ ਹੈ।', '2025-12-02 13:52:01', '2025-12-02 13:54:01'),
('26217', '0', 'pa', 'permissions', 'permissions.Create Menu', 'ਮੇਨੂ ਬਣਾਓ', '2025-12-02 13:52:01', '2025-12-02 13:54:01'),
('26218', '0', 'pa', 'permissions', 'permissions.Show Menu', 'ਮੇਨੂ ਵੇਖੋ', '2025-12-02 13:52:01', '2025-12-02 13:54:01'),
('26219', '0', 'pa', 'permissions', 'permissions.Update Menu', 'ਮੇਨੂ ਅੱਪਡੇਟ ਕਰੋ', '2025-12-02 13:52:01', '2025-12-02 13:54:01'),
('26220', '0', 'pa', 'permissions', 'permissions.Delete Menu', 'ਮੇਨੂ ਮਿਟਾਓ', '2025-12-02 13:52:01', '2025-12-02 13:54:01'),
('26221', '0', 'pa', 'permissions', 'permissions.Create Menu Item', 'ਮੇਨੂ ਆਈਟਮ ਬਣਾਓ', '2025-12-02 13:52:01', '2025-12-02 13:54:01'),
('26222', '0', 'pa', 'permissions', 'permissions.Show Menu Item', 'ਮੇਨੂ ਆਈਟਮ ਵੇਖੋ', '2025-12-02 13:52:01', '2025-12-02 13:54:01'),
('26223', '0', 'pa', 'permissions', 'permissions.Update Menu Item', 'ਮੇਨੂ ਆਈਟਮ ਅੱਪਡੇਟ ਕਰੋ', '2025-12-02 13:52:01', '2025-12-02 13:54:01'),
('26224', '0', 'pa', 'permissions', 'permissions.Delete Menu Item', 'ਮੇਨੂ ਆਈਟਮ ਮਿਟਾਓ', '2025-12-02 13:52:01', '2025-12-02 13:54:01'),
('26225', '0', 'pa', 'permissions', 'permissions.Create Item Category', 'ਆਈਟਮ ਸ਼੍ਰੇਣੀ ਬਣਾਓ', '2025-12-02 13:52:01', '2025-12-02 13:54:01'),
('26226', '0', 'pa', 'permissions', 'permissions.Show Item Category', 'ਆਈਟਮ ਸ਼੍ਰੇਣੀ ਵੇਖੋ', '2025-12-02 13:52:01', '2025-12-02 13:54:01'),
('26227', '0', 'pa', 'permissions', 'permissions.Update Item Category', 'ਆਈਟਮ ਸ਼੍ਰੇਣੀ ਅੱਪਡੇਟ ਕਰੋ', '2025-12-02 13:52:01', '2025-12-02 13:54:01'),
('26228', '0', 'pa', 'permissions', 'permissions.Delete Item Category', 'ਆਈਟਮ ਸ਼੍ਰੇਣੀ ਮਿਟਾਓ', '2025-12-02 13:52:01', '2025-12-02 13:54:01'),
('26229', '0', 'pa', 'permissions', 'permissions.Create Area', 'ਇਲਾਕਾ ਬਣਾਓ', '2025-12-02 13:52:01', '2025-12-02 13:54:01'),
('26230', '0', 'pa', 'permissions', 'permissions.Show Area', 'ਇਲਾਕਾ ਵੇਖੋ', '2025-12-02 13:52:01', '2025-12-02 13:54:01'),
('26231', '0', 'pa', 'permissions', 'permissions.Update Area', 'ਇਲਾਕਾ ਅੱਪਡੇਟ ਕਰੋ', '2025-12-02 13:52:01', '2025-12-02 13:54:01'),
('26232', '0', 'pa', 'permissions', 'permissions.Delete Area', 'ਇਲਾਕਾ ਮਿਟਾਓ', '2025-12-02 13:52:01', '2025-12-02 13:54:01'),
('26233', '0', 'pa', 'permissions', 'permissions.Create Table', 'ਟੇਬਲ ਬਣਾਓ', '2025-12-02 13:52:01', '2025-12-02 13:54:01'),
('26234', '0', 'pa', 'permissions', 'permissions.Show Table', 'ਟੇਬਲ ਵੇਖੋ', '2025-12-02 13:52:01', '2025-12-02 13:54:01'),
('26235', '0', 'pa', 'permissions', 'permissions.Update Table', 'ਟੇਬਲ ਅੱਪਡੇਟ ਕਰੋ', '2025-12-02 13:52:01', '2025-12-02 13:54:01'),
('26236', '0', 'pa', 'permissions', 'permissions.Delete Table', 'ਟੇਬਲ ਮਿਟਾਓ', '2025-12-02 13:52:01', '2025-12-02 13:54:01'),
('26237', '0', 'pa', 'permissions', 'permissions.Create Reservation', 'ਰਿਜ਼ਰਵੇਸ਼ਨ ਬਣਾਓ', '2025-12-02 13:52:01', '2025-12-02 13:54:01'),
('26238', '0', 'pa', 'permissions', 'permissions.Show Reservation', 'ਰਿਜ਼ਰਵੇਸ਼ਨ ਵੇਖੋ', '2025-12-02 13:52:01', '2025-12-02 13:54:01'),
('26239', '0', 'pa', 'permissions', 'permissions.Update Reservation', 'ਰਿਜ਼ਰਵੇਸ਼ਨ ਅੱਪਡੇਟ ਕਰੋ', '2025-12-02 13:52:01', '2025-12-02 13:54:01'),
('26240', '0', 'pa', 'permissions', 'permissions.Delete Reservation', 'ਰਿਜ਼ਰਵੇਸ਼ਨ ਮਿਟਾਓ', '2025-12-02 13:52:01', '2025-12-02 13:54:01'),
('26241', '0', 'pa', 'permissions', 'permissions.Manage KOT', 'KOT ਪ੍ਰਬੰਧਨ ਕਰੋ', '2025-12-02 13:52:01', '2025-12-02 13:54:01'),
('26242', '0', 'pa', 'permissions', 'permissions.Create Order', 'ਆਰਡਰ ਬਣਾਓ', '2025-12-02 13:52:01', '2025-12-02 13:54:01'),
('26243', '0', 'pa', 'permissions', 'permissions.Show Order', 'ਆਰਡਰ ਵੇਖੋ', '2025-12-02 13:52:01', '2025-12-02 13:54:01'),
('26244', '0', 'pa', 'permissions', 'permissions.Update Order', 'ਆਰਡਰ ਅੱਪਡੇਟ ਕਰੋ', '2025-12-02 13:52:01', '2025-12-02 13:54:01'),
('26245', '0', 'pa', 'permissions', 'permissions.Delete Order', 'ਆਰਡਰ ਮਿਟਾਓ', '2025-12-02 13:52:01', '2025-12-02 13:54:01'),
('26246', '0', 'pa', 'permissions', 'permissions.Create Customer', 'ਗਾਹਕ ਬਣਾਓ', '2025-12-02 13:52:01', '2025-12-02 13:54:01'),
('26247', '0', 'pa', 'permissions', 'permissions.Show Customer', 'ਗਾਹਕ ਵੇਖੋ', '2025-12-02 13:52:01', '2025-12-02 13:54:01'),
('26248', '0', 'pa', 'permissions', 'permissions.Update Customer', 'ਗਾਹਕ ਅੱਪਡੇਟ ਕਰੋ', '2025-12-02 13:52:01', '2025-12-02 13:54:01'),
('26249', '0', 'pa', 'permissions', 'permissions.Delete Customer', 'ਗਾਹਕ ਮਿਟਾਓ', '2025-12-02 13:52:01', '2025-12-02 13:54:01'),
('26250', '0', 'pa', 'permissions', 'permissions.Create Staff Member', 'ਸਟਾਫ ਮੈਂਬਰ ਬਣਾਓ', '2025-12-02 13:52:01', '2025-12-02 13:54:01'),
('26251', '0', 'pa', 'permissions', 'permissions.Show Staff Member', 'ਸਟਾਫ ਮੈਂਬਰ ਵੇਖੋ', '2025-12-02 13:52:01', '2025-12-02 13:54:01'),
('26252', '0', 'pa', 'permissions', 'permissions.Update Staff Member', 'ਸਟਾਫ ਮੈਂਬਰ ਅੱਪਡੇਟ ਕਰੋ', '2025-12-02 13:52:01', '2025-12-02 13:54:01'),
('26253', '0', 'pa', 'permissions', 'permissions.Delete Staff Member', 'ਸਟਾਫ ਮੈਂਬਰ ਮਿਟਾਓ', '2025-12-02 13:52:01', '2025-12-02 13:54:01'),
('26254', '0', 'pa', 'permissions', 'permissions.Create Delivery Executive', 'ਡਿਲਿਵਰੀ ਐਗਜ਼ਿਕਿਊਟਿਵ ਬਣਾਓ', '2025-12-02 13:52:01', '2025-12-02 13:54:01'),
('26255', '0', 'pa', 'permissions', 'permissions.Show Delivery Executive', 'ਡਿਲਿਵਰੀ ਐਗਜ਼ਿਕਿਊਟਿਵ ਵੇਖੋ', '2025-12-02 13:52:01', '2025-12-02 13:54:01'),
('26256', '0', 'pa', 'permissions', 'permissions.Update Delivery Executive', 'ਡਿਲਿਵਰੀ ਐਗਜ਼ਿਕਿਊਟਿਵ ਅੱਪਡੇਟ ਕਰੋ', '2025-12-02 13:52:01', '2025-12-02 13:54:01'),
('26257', '0', 'pa', 'permissions', 'permissions.Delete Delivery Executive', 'ਡਿਲਿਵਰੀ ਐਗਜ਼ਿਕਿਊਟਿਵ ਮਿਟਾਓ', '2025-12-02 13:52:01', '2025-12-02 13:54:01'),
('26258', '0', 'pa', 'permissions', 'permissions.Show Payments', 'ਭੁਗਤਾਨ ਵੇਖੋ', '2025-12-02 13:52:01', '2025-12-02 13:54:01'),
('26259', '0', 'pa', 'permissions', 'permissions.Show Reports', 'ਰਿਪੋਰਟਾਂ ਵੇਖੋ', '2025-12-02 13:52:01', '2025-12-02 13:54:01'),
('26260', '0', 'pa', 'permissions', 'permissions.Manage Settings', 'ਸੈਟਿੰਗਾਂ ਪ੍ਰਬੰਧਨ ਕਰੋ', '2025-12-02 13:52:01', '2025-12-02 13:54:01'),
('26261', '0', 'pa', 'permissions', 'permissions.Manage Waiter Request', 'ਵੈਟਰ ਬੇਨਤੀਆਂ ਸੰਭਾਲੋ', '2025-12-02 13:52:01', '2025-12-02 13:54:01'),
('26262', '0', 'pa', 'permissions', 'permissions.Create Expense', 'ਖਰਚਾ ਬਣਾਓ', '2025-12-02 13:52:01', '2025-12-02 13:54:01'),
('26263', '0', 'pa', 'permissions', 'permissions.Show Expense', 'ਖਰਚੇ ਵੇਖੋ', '2025-12-02 13:52:01', '2025-12-02 13:54:01'),
('26264', '0', 'pa', 'permissions', 'permissions.Update Expense', 'ਖਰਚਾ ਅੱਪਡੇਟ ਕਰੋ', '2025-12-02 13:52:01', '2025-12-02 13:54:01'),
('26265', '0', 'pa', 'permissions', 'permissions.Delete Expense', 'ਖਰਚਾ ਮਿਟਾਓ', '2025-12-02 13:52:01', '2025-12-02 13:54:01'),
('26266', '0', 'pa', 'permissions', 'permissions.Create Vendor', 'ਵੇਂਡਰ ਬਣਾਓ', '2025-12-02 13:52:01', '2025-12-02 13:54:01'),
('26267', '0', 'pa', 'permissions', 'permissions.Show Vendor', 'ਵੇਂਡਰ ਵੇਖੋ', '2025-12-02 13:52:01', '2025-12-02 13:54:01'),
('26268', '0', 'pa', 'permissions', 'permissions.Update Vendor', 'ਵੇਂਡਰ ਅੱਪਡੇਟ ਕਰੋ', '2025-12-02 13:52:01', '2025-12-02 13:54:01'),
('26269', '0', 'pa', 'permissions', 'permissions.Delete Vendor', 'ਵੇਂਡਰ ਮਿਟਾਓ', '2025-12-02 13:52:01', '2025-12-02 13:54:01'),
('26270', '0', 'pa', 'permissions', 'permissions.Create Inventory Item', 'ਇਨਵੈਂਟਰੀ ਆਈਟਮ ਬਣਾਓ', '2025-12-02 13:52:01', '2025-12-02 13:54:01'),
('26271', '0', 'pa', 'permissions', 'permissions.Show Inventory Item', 'ਇਨਵੈਂਟਰੀ ਆਈਟਮ ਵੇਖੋ', '2025-12-02 13:52:01', '2025-12-02 13:54:01'),
('26272', '0', 'pa', 'permissions', 'permissions.Update Inventory Item', 'ਇਨਵੈਂਟਰੀ ਆਈਟਮ ਅੱਪਡੇਟ ਕਰੋ', '2025-12-02 13:52:01', '2025-12-02 13:54:01'),
('26273', '0', 'pa', 'permissions', 'permissions.Delete Inventory Item', 'ਇਨਵੈਂਟਰੀ ਆਈਟਮ ਮਿਟਾਓ', '2025-12-02 13:52:01', '2025-12-02 13:54:01'),
('26274', '0', 'pa', 'permissions', 'permissions.Create Inventory Movement', 'ਇਨਵੈਂਟਰੀ ਮੂਵਮੈਂਟ ਬਣਾਓ', '2025-12-02 13:52:01', '2025-12-02 13:54:01'),
('26275', '0', 'pa', 'permissions', 'permissions.Show Inventory Movement', 'ਇਨਵੈਂਟਰੀ ਮੂਵਮੈਂਟ ਵੇਖੋ', '2025-12-02 13:52:01', '2025-12-02 13:54:01'),
('26276', '0', 'pa', 'permissions', 'permissions.Update Inventory Movement', 'ਇਨਵੈਂਟਰੀ ਮੂਵਮੈਂਟ ਅੱਪਡੇਟ ਕਰੋ', '2025-12-02 13:52:01', '2025-12-02 13:54:01'),
('26277', '0', 'pa', 'permissions', 'permissions.Delete Inventory Movement', 'ਇਨਵੈਂਟਰੀ ਮੂਵਮੈਂਟ ਮਿਟਾਓ', '2025-12-02 13:52:01', '2025-12-02 13:54:01'),
('26278', '0', 'pa', 'permissions', 'permissions.Create Unit', 'ਇਕਾਈ ਬਣਾਓ', '2025-12-02 13:52:01', '2025-12-02 13:54:01'),
('26279', '0', 'pa', 'permissions', 'permissions.Show Unit', 'ਇਕਾਈ ਵੇਖੋ', '2025-12-02 13:52:01', '2025-12-02 13:54:01'),
('26280', '0', 'pa', 'permissions', 'permissions.Update Unit', 'ਇਕਾਈ ਅੱਪਡੇਟ ਕਰੋ', '2025-12-02 13:52:01', '2025-12-02 13:54:01'),
('26281', '0', 'pa', 'permissions', 'permissions.Delete Unit', 'ਇਕਾਈ ਮਿਟਾਓ', '2025-12-02 13:52:01', '2025-12-02 13:54:01'),
('26282', '0', 'pa', 'permissions', 'permissions.Create Recipe', 'ਰੇਸਪੀ ਬਣਾਓ', '2025-12-02 13:52:01', '2025-12-02 13:54:01'),
('26283', '0', 'pa', 'permissions', 'permissions.Show Recipe', 'ਰੇਸਪੀ ਵੇਖੋ', '2025-12-02 13:52:01', '2025-12-02 13:54:01'),
('26284', '0', 'pa', 'permissions', 'permissions.Update Recipe', 'ਰੇਸਪੀ ਅੱਪਡੇਟ ਕਰੋ', '2025-12-02 13:52:01', '2025-12-02 13:54:01'),
('26285', '0', 'pa', 'permissions', 'permissions.Delete Recipe', 'ਰੇਸਪੀ ਮਿਟਾਓ', '2025-12-02 13:52:01', '2025-12-02 13:54:01'),
('26286', '0', 'pa', 'permissions', 'permissions.Create Purchase Order', 'ਖਰੀਦ ਆਰਡਰ ਬਣਾਓ', '2025-12-02 13:52:01', '2025-12-02 13:54:01'),
('26287', '0', 'pa', 'permissions', 'permissions.Show Purchase Order', 'ਖਰੀਦ ਆਰਡਰ ਵੇਖੋ', '2025-12-02 13:52:01', '2025-12-02 13:54:01'),
('26288', '0', 'pa', 'permissions', 'permissions.Update Purchase Order', 'ਖਰੀਦ ਆਰਡਰ ਅੱਪਡੇਟ ਕਰੋ', '2025-12-02 13:52:01', '2025-12-02 13:54:01'),
('26289', '0', 'pa', 'permissions', 'permissions.Delete Purchase Order', 'ਖਰੀਦ ਆਰਡਰ ਮਿਟਾਓ', '2025-12-02 13:52:01', '2025-12-02 13:54:01'),
('26290', '0', 'pa', 'permissions', 'permissions.Show Report', 'ਰਿਪੋਰਟ ਵੇਖੋ', '2025-12-02 13:52:01', '2025-12-02 13:54:01'),
('26291', '0', 'pa', 'permissions', 'permissions.Update Settings', 'ਸੈਟਿੰਗਾਂ ਅੱਪਡੇਟ ਕਰੋ', '2025-12-02 13:52:01', '2025-12-02 13:54:01'),
('26292', '0', 'pa', 'permissions', 'permissions.Show Inventory Stock', 'ਇਨਵੈਂਟਰੀ ਸਟੌਕ ਵੇਖੋ', '2025-12-02 13:52:01', '2025-12-02 13:54:01'),
('26293', '0', 'pa', 'permissions', 'permissions.Show Inventory Report', 'ਇਨਵੈਂਟਰੀ ਰਿਪੋਰਟ ਵੇਖੋ', '2025-12-02 13:52:01', '2025-12-02 13:54:01'),
('26294', '0', 'pa', 'permissions', 'permissions.Update Inventory Settings', 'ਇਨਵੈਂਟਰੀ ਸੈਟਿੰਗਾਂ ਅੱਪਡੇਟ ਕਰੋ', '2025-12-02 13:52:01', '2025-12-02 13:54:01'),
('26295', '0', 'pa', 'permissions', 'permissions.Show Supplier', 'ਸਪਲਾਇਰ ਵੇਖੋ', '2025-12-02 13:52:01', '2025-12-02 13:54:01'),
('26296', '0', 'pa', 'permissions', 'permissions.Create Supplier', 'ਸਪਲਾਇਰ ਬਣਾਓ', '2025-12-02 13:52:01', '2025-12-02 13:54:01'),
('26297', '0', 'pa', 'permissions', 'permissions.Update Supplier', 'ਸਪਲਾਇਰ ਅੱਪਡੇਟ ਕਰੋ', '2025-12-02 13:52:01', '2025-12-02 13:54:01'),
('26298', '0', 'pa', 'permissions', 'permissions.Delete Supplier', 'ਸਪਲਾਇਰ ਮਿਟਾਓ', '2025-12-02 13:52:01', '2025-12-02 13:54:01'),
('26299', '0', 'pa', 'permissions', 'permissions.Create Expense Category', 'ਖਰਚੇ ਦੀ ਸ਼੍ਰੇਣੀ ਬਣਾਓ', '2025-12-02 13:52:01', '2025-12-02 13:54:01'),
('26300', '0', 'pa', 'permissions', 'permissions.Show Expense Category', 'ਖਰਚੇ ਦੀ ਸ਼੍ਰੇਣੀ ਵੇਖੋ', '2025-12-02 13:52:01', '2025-12-02 13:54:01'),
('26301', '0', 'pa', 'permissions', 'permissions.Update Expense Category', 'ਖਰਚੇ ਦੀ ਸ਼੍ਰੇਣੀ ਅੱਪਡੇਟ ਕਰੋ', '2025-12-02 13:52:01', '2025-12-02 13:54:01'),
('26302', '0', 'pa', 'permissions', 'permissions.Delete Expense Category', 'ਖਰਚੇ ਦੀ ਸ਼੍ਰੇਣੀ ਮਿਟਾਓ', '2025-12-02 13:52:01', '2025-12-02 13:54:01'),
('26303', '0', 'pa', 'permissions', 'permissions.Show Kitchen Place', 'ਰਸੋਈ ਦਾ ਸਥਾਨ ਵੇਖੋ', '2025-12-02 13:52:01', '2025-12-02 13:54:01'),
('26304', '0', 'pa', 'permissions', 'permissions.Create Kitchen Place', 'ਰਸੋਈ ਦਾ ਸਥਾਨ ਬਣਾਓ', '2025-12-02 13:52:01', '2025-12-02 13:54:01'),
('26305', '0', 'pa', 'permissions', 'permissions.Update Kitchen Place', 'ਰਸੋਈ ਦਾ ਸਥਾਨ ਅੱਪਡੇਟ ਕਰੋ', '2025-12-02 13:52:01', '2025-12-02 13:54:01'),
('26306', '0', 'pa', 'permissions', 'permissions.Delete Kitchen Place', 'ਰਸੋਈ ਦਾ ਸਥਾਨ ਮਿਟਾਓ', '2025-12-02 13:52:01', '2025-12-02 13:54:01'),
('26307', '0', 'pa', 'permissions', 'permissions.Update Sms Settings', 'SMS ਸੈਟਿੰਗਾਂ ਅੱਪਡੇਟ ਕਰੋ', '2025-12-02 13:52:01', '2025-12-02 13:54:01'),
('26308', '0', 'pa', 'permissions', 'permissions.Log Cash Register', 'ਕੈਸ਼ ਰਜਿਸਟਰ ਲੌਗ ਵੇਖੋ', '2025-12-02 13:52:01', '2025-12-02 13:54:01'),
('26309', '0', 'pa', 'permissions', 'permissions.Approve Cash Register', 'ਕੈਸ਼ ਰਜਿਸਟਰ ਮਨਜ਼ੂਰ ਕਰੋ', '2025-12-02 13:52:01', '2025-12-02 13:54:01'),
('26310', '0', 'pa', 'permissions', 'permissions.Manage Cash Register Settings', 'ਕੈਸ਼ ਰਜਿਸਟਰ ਸੈਟਿੰਗਾਂ ਸੰਭਾਲੋ', '2025-12-02 13:52:01', '2025-12-02 13:54:01'),
('26311', '0', 'pa', 'permissions', 'permissions.View Cash Register Reports', 'ਕੈਸ਼ ਰਜਿਸਟਰ ਰਿਪੋਰਟਾਂ ਵੇਖੋ', '2025-12-02 13:52:01', '2025-12-02 13:54:01'),
('26312', '0', 'pa', 'permissions', 'permissions.Manage Cash Denominations', 'ਕੈਸ਼ ਮੁੱਲਾਂ ਨੂੰ ਸੰਭਾਲੋ', '2025-12-02 13:52:01', '2025-12-02 13:54:01'),
('26313', '0', 'pa', 'permissions', 'permissions.Manage Cash Register', 'ਕੈਸ਼ ਰਜਿਸਟਰ ਸੰਭਾਲੋ', '2025-12-02 13:52:01', '2025-12-02 13:54:01'),
('26314', '0', 'pa', 'permissions', 'permissions.Manage Denominations', 'ਮੁੱਲਾਂ ਦਾ ਪ੍ਰਬੰਧ ਕਰੋ', '2025-12-02 13:52:01', '2025-12-02 13:54:01'),
('26315', '0', 'pa', 'permissions', 'permissions.Open Register', 'ਰਜਿਸਟਰ ਖੋਲ੍ਹੋ', '2025-12-02 13:52:01', '2025-12-02 13:54:01'),
('26316', '0', 'pa', 'permissions', 'permissions.View Cash Register Sessions', 'ਕੈਸ਼ ਰਜਿਸਟਰ ਸੈਸ਼ਨ ਵੇਖੋ', '2025-12-02 13:52:01', '2025-12-02 13:54:01'),
('26317', '0', 'pa', 'permissions', 'permissions.Close Cash Register', 'ਕੈਸ਼ ਰਜਿਸਟਰ ਬੰਦ ਕਰੋ', '2025-12-02 13:52:01', '2025-12-02 13:54:01'),
('26318', '0', 'pa', 'permissions', 'permissions.Open Cash Register', 'ਕੈਸ਼ ਰਜਿਸਟਰ ਖੋਲ੍ਹੋ', '2025-12-02 13:52:01', '2025-12-02 13:54:01'),
('26319', '0', 'pa', 'permissions', 'modules.Menu', 'ਮੇਨੂ', '2025-12-02 13:52:01', '2025-12-02 13:54:01'),
('26320', '0', 'pa', 'permissions', 'modules.Area', 'ਇਲਾਕਾ', '2025-12-02 13:52:01', '2025-12-02 13:54:01'),
('26321', '0', 'pa', 'permissions', 'modules.Table', 'ਟੇਬਲ', '2025-12-02 13:52:01', '2025-12-02 13:54:01'),
('26322', '0', 'pa', 'permissions', 'modules.Reservation', 'ਰਿਜ਼ਰਵੇਸ਼ਨ', '2025-12-02 13:52:01', '2025-12-02 13:54:01'),
('26323', '0', 'pa', 'permissions', 'modules.KOT', 'KOT', '2025-12-02 13:52:01', '2025-12-02 13:54:01'),
('26324', '0', 'pa', 'permissions', 'modules.Order', 'ਆਰਡਰ', '2025-12-02 13:52:01', '2025-12-02 13:54:01'),
('26325', '0', 'pa', 'permissions', 'modules.Customer', 'ਗਾਹਕ', '2025-12-02 13:52:01', '2025-12-02 13:54:01'),
('26326', '0', 'pa', 'permissions', 'modules.Staff', 'ਸਟਾਫ', '2025-12-02 13:52:01', '2025-12-02 13:54:01'),
('26327', '0', 'pa', 'permissions', 'modules.Payment', 'ਭੁਗਤਾਨ', '2025-12-02 13:52:01', '2025-12-02 13:54:01'),
('26328', '0', 'pa', 'permissions', 'modules.Report', 'ਰਿਪੋਰਟ', '2025-12-02 13:52:01', '2025-12-02 13:54:01'),
('26329', '0', 'pa', 'permissions', 'modules.Settings', 'ਸੈਟਿੰਗਾਂ', '2025-12-02 13:52:01', '2025-12-02 13:54:01'),
('26330', '0', 'pa', 'permissions', 'modules.Expense', 'ਖਰਚਾ', '2025-12-02 13:52:01', '2025-12-02 13:54:01'),
('26331', '0', 'pa', 'permissions', 'modules.Vendor', 'ਵੇਂਡਰ', '2025-12-02 13:52:01', '2025-12-02 13:54:01'),
('26332', '0', 'pa', 'permissions', 'modules.Inventory', 'ਇਨਵੈਂਟਰੀ', '2025-12-02 13:52:01', '2025-12-02 13:54:01'),
('26333', '0', 'pa', 'permissions', 'modules.Sms', 'SMS', '2025-12-02 13:52:01', '2025-12-02 13:54:01'),
('26334', '0', 'pa', 'permissions', 'modules.Kitchen', 'ਰਸੋਈ', '2025-12-02 13:52:01', '2025-12-02 13:54:01'),
('26335', '0', 'pa', 'permissions', 'modules.Kiosk', 'ਕਿਓਸਕ', '2025-12-02 13:52:01', '2025-12-02 13:54:01'),
('26336', '0', 'pa', 'permissions', 'modules.Menu Item', 'ਮੇਨੂ ਆਈਟਮ', '2025-12-02 13:52:01', '2025-12-02 13:54:01'),
('26337', '0', 'pa', 'permissions', 'modules.Item Category', 'ਆਈਟਮ ਸ਼੍ਰੇਣੀ', '2025-12-02 13:52:01', '2025-12-02 13:54:01'),
('26338', '0', 'pa', 'permissions', 'modules.Delivery Executive', 'ਡਿਲਿਵਰੀ ਐਗਜ਼ਿਕਿਊਟਿਵ', '2025-12-02 13:52:01', '2025-12-02 13:54:01'),
('26339', '0', 'pa', 'permissions', 'modules.Waiter Request', 'ਵੈਟਰ ਬੇਨਤੀ', '2025-12-02 13:52:01', '2025-12-02 13:54:01'),
('26340', '0', 'pa', 'permissions', 'modules.Change Branch', 'ਸ਼ਾਖਾ ਬਦਲੋ', '2025-12-02 13:52:01', '2025-12-02 13:54:01'),
('26341', '0', 'pa', 'permissions', 'modules.Export Report', 'ਰਿਪੋਰਟ ਐਕਸਪੋਰਟ ਕਰੋ', '2025-12-02 13:52:01', '2025-12-02 13:54:01'),
('26342', '0', 'pa', 'permissions', 'modules.Table Reservation', 'ਟੇਬਲ ਰਿਜ਼ਰਵੇਸ਼ਨ', '2025-12-02 13:52:01', '2025-12-02 13:54:01'),
('26343', '0', 'pa', 'permissions', 'modules.Payment Gateway Integration', 'ਭੁਗਤਾਨ ਗੇਟਵੇ ਇੰਟੀਗ੍ਰੇਸ਼ਨ', '2025-12-02 13:52:01', '2025-12-02 13:54:01'),
('26344', '0', 'pa', 'permissions', 'modules.Theme Setting', 'ਥੀਮ ਸੈਟਿੰਗ', '2025-12-02 13:52:01', '2025-12-02 13:54:01'),
('26345', '0', 'pa', 'permissions', 'modules.Customer Display', 'ਗਾਹਕ ਡਿਸਪਲੇ', '2025-12-02 13:52:01', '2025-12-02 13:54:01'),
('26346', '0', 'pa', 'permissions', 'modules.Open Register', 'ਰਜਿਸਟਰ ਖੋਲ੍ਹੋ', '2025-12-02 13:52:01', '2025-12-02 13:54:01'),
('26347', '0', 'pa', 'permissions', 'modules.Cash Register', 'ਕੈਸ਼ ਰਜਿਸਟਰ', '2025-12-02 13:52:01', '2025-12-02 13:54:01'),
('26348', '0', 'pa', 'placeholders', 'menuNamePlaceholder', 'ਉਦਾਹਰਨ ਲਈ, ਨਾਸ਼ਤਾ', '2025-12-02 13:52:01', '2025-12-02 13:54:02'),
('26349', '0', 'pa', 'placeholders', 'searchMenus', 'ਇੱਥੇ ਆਪਣਾ ਮੇਨੂ ਖੋਜੋ', '2025-12-02 13:52:01', '2025-12-02 13:54:02'),
('26350', '0', 'pa', 'placeholders', 'searchMenuItems', 'ਇੱਥੇ ਆਪਣੀ ਮੇਨੂ ਆਈਟਮ ਖੋਜੋ', '2025-12-02 13:52:01', '2025-12-02 13:54:02'),
('26351', '0', 'pa', 'placeholders', 'menuItemNamePlaceholder', 'ਉਦਾਹਰਨ ਲਈ, ਮਾਰਗਰੀਟਾ ਪੀਜ਼ਾ', '2025-12-02 13:52:01', '2025-12-02 13:54:02'),
('26352', '0', 'pa', 'placeholders', 'itemVariationPlaceholder', 'ਉਦਾਹਰਨ ਲਈ, ਛੋਟਾ', '2025-12-02 13:52:01', '2025-12-02 13:54:02'),
('26353', '0', 'pa', 'placeholders', 'itemDescriptionPlaceholder', 'ਉਦਾਹਰਨ ਲਈ, ਤਾਜ਼ੇ ਟਮਾਟਰ ਅਤੇ ਬੇਜ਼ਿਲ ਵਾਲੀ ਕਲਾਸਿਕ ਇਟਾਲੀਅਨ ਪੀਜ਼ਾ।', '2025-12-02 13:52:01', '2025-12-02 13:54:02'),
('26354', '0', 'pa', 'placeholders', 'categoryNamePlaceholder', 'ਉਦਾਹਰਨ ਲਈ, ਮਿੱਠੇ', '2025-12-02 13:52:01', '2025-12-02 13:54:02'),
('26355', '0', 'pa', 'placeholders', 'searchItemCategory', 'ਇੱਥੇ ਆਪਣੀ ਆਈਟਮ ਸ਼੍ਰੇਣੀ ਖੋਜੋ', '2025-12-02 13:52:01', '2025-12-02 13:54:02'),
('26356', '0', 'pa', 'placeholders', 'areaNamePlaceholder', 'ਉਦਾਹਰਨ ਲਈ, ਛੱਤ', '2025-12-02 13:52:01', '2025-12-02 13:54:02'),
('26357', '0', 'pa', 'placeholders', 'tableCodePlaceholder', 'ਉਦਾਹਰਨ ਲਈ, T01', '2025-12-02 13:52:01', '2025-12-02 13:54:02'),
('26358', '0', 'pa', 'placeholders', 'tableSeatPlaceholder', 'ਸੀਟਾਂ ਦੀ ਗਿਣਤੀ ਦਰਜ ਕਰੋ (ਉਦਾਹਰਨ ਲਈ, 4)', '2025-12-02 13:52:01', '2025-12-02 13:54:02'),
('26359', '0', 'pa', 'placeholders', 'searchCustomers', 'ਨਾਂ, ਈਮੇਲ ਜਾਂ ਫੋਨ ਨੰਬਰ ਨਾਲ ਖੋਜੋ', '2025-12-02 13:52:01', '2025-12-02 13:54:02'),
('26360', '0', 'pa', 'placeholders', 'searchStaffmember', 'ਨਾਂ ਜਾਂ ਈਮੇਲ ਨਾਲ ਖੋਜੋ', '2025-12-02 13:52:01', '2025-12-02 13:54:02'),
('26361', '0', 'pa', 'placeholders', 'searchPackages', 'ਇੱਥੇ ਆਪਣਾ ਪੈਕੇਜ ਖੋਜੋ', '2025-12-02 13:52:01', '2025-12-02 13:54:02'),
('26362', '0', 'pa', 'placeholders', 'restaurantNamePlaceHolder', 'ਉਦਾਹਰਨ ਲਈ, ਮਿਡਟਾਊਨ ਕੈਫੇ', '2025-12-02 13:52:01', '2025-12-02 13:54:02'),
('26363', '0', 'pa', 'placeholders', 'searchPayments', 'ਰਕਮ, ਢੰਗ ਜਾਂ TX ID ਨਾਲ ਭੁਗਤਾਨ ਖੋਜੋ', '2025-12-02 13:52:01', '2025-12-02 13:54:02'),
('26364', '0', 'pa', 'placeholders', 'searchDuePayments', 'ਰਕਮ ਜਾਂ ਆਰਡਰ ਨੰਬਰ ਨਾਲ ਬਕਾਇਆ ਭੁਗਤਾਨ ਖੋਜੋ', '2025-12-02 13:52:01', '2025-12-02 13:54:02'),
('26365', '0', 'pa', 'placeholders', 'methodExamples', 'ਉਦਾਹਰਨ ਲਈ, ਨਕਦ, ਚੈੱਕ, ਬੈਂਕ ਟ੍ਰਾਂਸਫਰ ਆਦਿ।', '2025-12-02 13:52:01', '2025-12-02 13:54:02'),
('26366', '0', 'pa', 'placeholders', 'methodDescription', 'ਉਦਾਹਰਨ ਲਈ, USD ਡਾਲਰ ਰਾਹੀਂ ਆਦਿ।', '2025-12-02 13:52:01', '2025-12-02 13:54:02'),
('26367', '0', 'pa', 'placeholders', 'facebookPlaceHolder', 'ਆਪਣਾ ਫੇਸਬੁੱਕ URL ਦਰਜ ਕਰੋ', '2025-12-02 13:52:01', '2025-12-02 13:54:02'),
('26368', '0', 'pa', 'placeholders', 'instagramPlaceHolder', 'ਆਪਣਾ ਇੰਸਟਾਗ੍ਰਾਮ URL ਦਰਜ ਕਰੋ', '2025-12-02 13:52:01', '2025-12-02 13:54:02'),
('26369', '0', 'pa', 'placeholders', 'twitterPlaceHolder', 'ਆਪਣਾ ਟਵਿੱਟਰ ਹੈਂਡਲ ਦਰਜ ਕਰੋ', '2025-12-02 13:52:01', '2025-12-02 13:54:02'),
('26370', '0', 'pa', 'placeholders', 'yelpPlaceHolder', 'ਆਪਣਾ ਯੈਲਪ URL ਦਰਜ ਕਰੋ', '2025-12-02 13:52:01', '2025-12-02 13:54:02'),
('26371', '0', 'pa', 'placeholders', 'metaKeywordPlaceHolder', 'ਕੌਮਾਂ ਨਾਲ ਵੱਖਰੇ ਕੀਵਰਡ ਦਰਜ ਕਰੋ', '2025-12-02 13:52:01', '2025-12-02 13:54:02'),
('26372', '0', 'pa', 'placeholders', 'metaDescriptionPlaceHolder', 'ਮੇਟਾ ਵਰਣਨ ਦਰਜ ਕਰੋ', '2025-12-02 13:52:01', '2025-12-02 13:54:02'),
('26373', '0', 'pa', 'placeholders', 'languageCodePlaceholder', 'ਉਦਾਹਰਨ ਲਈ, en, ar, fr ਆਦਿ।', '2025-12-02 13:52:01', '2025-12-02 13:54:02'),
('26374', '0', 'pa', 'placeholders', 'languageNamePlaceholder', 'ਉਦਾਹਰਨ ਲਈ, ਅੰਗਰੇਜ਼ੀ, ਅਰਬੀ, ਫਰਾਂਸੀਸੀ ਆਦਿ।', '2025-12-02 13:52:01', '2025-12-02 13:54:02'),
('26375', '0', 'pa', 'placeholders', 'flagCodePlaceholder', 'ਉਦਾਹਰਨ ਲਈ, US, GB, SA ਆਦਿ।', '2025-12-02 13:52:01', '2025-12-02 13:54:02'),
('26376', '0', 'pa', 'placeholders', 'modifierOptionNamePlaceholder', 'ਉਦਾਹਰਨ ਲਈ, ਵਾਧੂ ਪਨੀਰ', '2025-12-02 13:52:01', '2025-12-02 13:54:02'),
('26377', '0', 'pa', 'placeholders', 'modifierOptionPricePlaceholder', 'ਉਦਾਹਰਨ ਲਈ, 1.50', '2025-12-02 13:52:01', '2025-12-02 13:54:02'),
('26378', '0', 'pa', 'placeholders', 'modifierOptionSortOrderPlaceholder', 'ਉਦਾਹਰਨ ਲਈ, 1', '2025-12-02 13:52:01', '2025-12-02 13:54:02'),
('26379', '0', 'pa', 'placeholders', 'modifierGroupNamePlaceholder', 'ਉਦਾਹਰਨ ਲਈ, ਟਾਪਿੰਗਜ਼', '2025-12-02 13:52:01', '2025-12-02 13:54:02'),
('26380', '0', 'pa', 'placeholders', 'modifierGroupDescriptionPlaceholder', 'ਉਦਾਹਰਨ ਲਈ, ਆਪਣੀ ਪੀਜ਼ਾ ਲਈ ਵਾਧੂ ਟਾਪਿੰਗਜ਼।', '2025-12-02 13:52:01', '2025-12-02 13:54:02'),
('26381', '0', 'pa', 'placeholders', 'purchaseCode', 'ਉਦਾਹਰਨ ਲਈ, 147778A2-DFA2-424E-A29F-XXXXXXXX', '2025-12-02 13:52:01', '2025-12-02 13:54:02'),
('26382', '0', 'pa', 'placeholders', 'addTitle', 'ਖਰਚੇ ਦਾ ਸਿਰਲੇਖ ਸ਼ਾਮਲ ਕਰੋ', '2025-12-02 13:52:01', '2025-12-02 13:54:02'),
('26383', '0', 'pa', 'placeholders', 'addDescription', 'ਖਰਚੇ ਦਾ ਵਰਣਨ ਸ਼ਾਮਲ ਕਰੋ', '2025-12-02 13:52:01', '2025-12-02 13:54:02'),
('26384', '0', 'pa', 'placeholders', 'addAmount', 'ਰਕਮ ਸ਼ਾਮਲ ਕਰੋ', '2025-12-02 13:52:01', '2025-12-02 13:54:02'),
('26385', '0', 'pa', 'placeholders', 'expense', 'ਖਰਚਾ', '2025-12-02 13:52:01', '2025-12-02 13:54:02'),
('26386', '0', 'pa', 'placeholders', 'vendors', 'ਵੇਂਡਰ', '2025-12-02 13:52:01', '2025-12-02 13:54:02'),
('26387', '0', 'pa', 'placeholders', 'vendorName', 'ਵੇਂਡਰ ਦਾ ਨਾਮ', '2025-12-02 13:52:01', '2025-12-02 13:54:02'),
('26388', '0', 'pa', 'placeholders', 'vendorEmail', 'ਵੇਂਡਰ ਦਾ ਈਮੇਲ', '2025-12-02 13:52:01', '2025-12-02 13:54:02'),
('26389', '0', 'pa', 'placeholders', 'vendorPhone', 'ਵੇਂਡਰ ਦਾ ਫੋਨ', '2025-12-02 13:52:01', '2025-12-02 13:54:02'),
('26390', '0', 'pa', 'placeholders', 'vendorAddress', 'ਵੇਂਡਰ ਦਾ ਪਤਾ', '2025-12-02 13:52:01', '2025-12-02 13:54:02'),
('26391', '0', 'pa', 'placeholders', 'contactPerson', 'ਸੰਪਰਕ ਵਿਅਕਤੀ', '2025-12-02 13:52:01', '2025-12-02 13:54:02'),
('26392', '0', 'pa', 'placeholders', 'expensesCategory', 'ਖਰਚੇ ਦੀ ਸ਼੍ਰੇਣੀ', '2025-12-02 13:52:01', '2025-12-02 13:54:02'),
('26393', '0', 'pa', 'placeholders', 'searchMenuItem', 'ਮੇਨੂ ਆਈਟਮ ਖੋਜੋ', '2025-12-02 13:52:01', '2025-12-02 13:54:02'),
('26394', '0', 'pa', 'placeholders', 'customerName', 'ਗਾਹਕ ਦਾ ਨਾਮ ਸ਼ਾਮਲ ਕਰੋ', '2025-12-02 13:52:01', '2025-12-02 13:54:02'),
('26395', '0', 'pa', 'placeholders', 'customerEmail', 'ਗਾਹਕ ਦਾ ਈਮੇਲ ਸ਼ਾਮਲ ਕਰੋ', '2025-12-02 13:52:01', '2025-12-02 13:54:02'),
('26396', '0', 'pa', 'placeholders', 'customerPhone', 'ਗਾਹਕ ਦਾ ਫੋਨ ਸ਼ਾਮਲ ਕਰੋ', '2025-12-02 13:52:01', '2025-12-02 13:54:02'),
('26397', '0', 'pa', 'placeholders', 'customerAddress', 'ਗਾਹਕ ਦਾ ਪਤਾ ਸ਼ਾਮਲ ਕਰੋ', '2025-12-02 13:52:01', '2025-12-02 13:54:02'),
('26398', '0', 'pa', 'placeholders', 'metaTtilePlaceHolder', 'ਮੇਟਾ ਸਿਰਲੇਖ ਦਰਜ ਕਰੋ', '2025-12-02 13:52:01', '2025-12-02 13:54:02'),
('26399', '0', 'pa', 'placeholders', 'menuNamePlaceHolder', 'ਮੇਨੂ ਦਾ ਨਾਮ ਸ਼ਾਮਲ ਕਰੋ', '2025-12-02 13:52:01', '2025-12-02 13:54:02'),
('26400', '0', 'pa', 'placeholders', 'menuSlugPlaceHolder', 'ਮੇਨੂ ਸਲੱਗ ਸ਼ਾਮਲ ਕਰੋ', '2025-12-02 13:52:01', '2025-12-02 13:54:02'),
('26401', '0', 'pa', 'placeholders', 'menuContentPlaceHolder', 'ਮੇਨੂ ਸਮੱਗਰੀ ਸ਼ਾਮਲ ਕਰੋ', '2025-12-02 13:52:01', '2025-12-02 13:54:02'),
('26402', '0', 'pa', 'placeholders', 'enterCustomAmountPlaceholder', 'ਕਸਟਮ ਰਕਮ ਦਰਜ ਕਰੋ', '2025-12-02 13:52:01', '2025-12-02 13:54:02'),
('26403', '0', 'pa', 'placeholders', 'addNotePlaceholder', 'ਆਪਣੇ ਨੋਟ ਇੱਥੇ ਸ਼ਾਮਲ ਕਰੋ...', '2025-12-02 13:52:01', '2025-12-02 13:54:02'),
('26404', '0', 'pa', 'placeholders', 'addOrderNotesPlaceholder', 'ਆਰਡਰ ਨੋਟ ਇੱਥੇ ਸ਼ਾਮਲ ਕਰੋ...', '2025-12-02 13:52:01', '2025-12-02 13:54:02'),
('26405', '0', 'pa', 'placeholders', 'enterExpenseCategoryName', 'ਸ਼੍ਰੇਣੀ ਦਾ ਨਾਮ ਦਰਜ ਕਰੋ', '2025-12-02 13:52:01', '2025-12-02 13:54:02'),
('26406', '0', 'pa', 'placeholders', 'enterExpenseCategoryDescription', 'ਸ਼੍ਰੇਣੀ ਦਾ ਵਰਣਨ ਦਰਜ ਕਰੋ', '2025-12-02 13:52:01', '2025-12-02 13:54:02'),
('26407', '0', 'pa', 'placeholders', 'addPrinterName', 'ਪ੍ਰਿੰਟਰ ਦਾ ਨਾਮ ਸ਼ਾਮਲ ਕਰੋ', '2025-12-02 13:52:01', '2025-12-02 13:54:02'),
('26408', '0', 'pa', 'placeholders', 'addPrinterSharedName', 'ਸ਼ੇਅਰ ਕੀਤਾ ਪ੍ਰਿੰਟਰ ਨਾਮ ਸ਼ਾਮਲ ਕਰੋ', '2025-12-02 13:52:01', '2025-12-02 13:54:02'),
('26409', '0', 'pa', 'placeholders', 'IpAddress', 'ਪ੍ਰਿੰਟਰ ਦਾ IP ਪਤਾ ਸ਼ਾਮਲ ਕਰੋ', '2025-12-02 13:52:01', '2025-12-02 13:54:02'),
('26410', '0', 'pa', 'placeholders', 'portAddress', 'ਪ੍ਰਿੰਟਰ ਦਾ ਪੋਰਟ ਪਤਾ ਸ਼ਾਮਲ ਕਰੋ', '2025-12-02 13:52:01', '2025-12-02 13:54:02'),
('26411', '0', 'pa', 'placeholders', 'ipv4Addres', 'ਪ੍ਰਿੰਟਰ ਦਾ IPv4 ਪਤਾ ਸ਼ਾਮਲ ਕਰੋ', '2025-12-02 13:52:01', '2025-12-02 13:54:02'),
('26412', '0', 'pa', 'placeholders', 'enterGoogleMapApiKey', 'Google Map API ਕੁੰਜੀ ਦਰਜ ਕਰੋ (ਉਦਾਹਰਨ ਲਈ, Aizasyd-xxxxxxxxxxxxxxx)', '2025-12-02 13:52:01', '2025-12-02 13:54:02'),
('26413', '0', 'pa', 'placeholders', 'enterPrivacyPolicyLink', 'ਪਰਾਈਵੇਸੀ ਨੀਤੀ ਦੀ URL ਦਰਜ ਕਰੋ (ਉਦਾਹਰਨ ਲਈ, https://yoursite.com/privacy-policy)', '2025-12-02 13:52:01', '2025-12-02 13:54:02'),
('26414', '0', 'pa', 'placeholders', 'addressLabelPlaceholder', 'ਉਦਾਹਰਨ ਲਈ, ਘਰ, ਦਫਤਰ ਆਦਿ।', '2025-12-02 13:52:01', '2025-12-02 13:54:02'),
('26415', '0', 'pa', 'placeholders', 'addressPlaceholder', 'ਉਦਾਹਰਨ ਲਈ, 123 ਮੈਨ ਸਟਰੀਟ, ਸ਼ਹਿਰ, ਦੇਸ਼', '2025-12-02 13:52:01', '2025-12-02 13:54:02'),
('26416', '0', 'pa', 'placeholders', 'addItemNotesPlaceholder', 'ਖਾਸ ਹਦਾਇਤਾਂ? (ਉਦਾਹਰਨ ਲਈ, ਪਿਆਜ਼ ਨਾ ਪਾਓ, ਵਾਧੂ ਮਸਾਲੇਦਾਰ)', '2025-12-02 13:52:01', '2025-12-02 13:54:02'),
('26417', '0', 'pa', 'placeholders', 'searchMenuOrCategory', 'ਇੱਥੇ ਮੇਨੂ ਜਾਂ ਸ਼੍ਰੇਣੀ ਖੋਜੋ', '2025-12-02 13:52:01', '2025-12-02 13:54:02'),
('26418', '0', 'pa', 'placeholders', 'addDeliveryTypeName', 'ਉਦਾਹਰਨ ਲਈ, ਐਕਸਪ੍ਰੈਸ ਡਿਲਿਵਰੀ', '2025-12-02 13:52:01', '2025-12-02 13:54:02'),
('26419', '0', 'pa', 'placeholders', 'addDeliveryTypeDescription', 'ਉਦਾਹਰਨ ਲਈ, 30 ਮਿੰਟਾਂ ਵਿੱਚ ਤੇਜ਼ ਡਿਲਿਵਰੀ', '2025-12-02 13:52:01', '2025-12-02 13:54:02'),
('26420', '0', 'pa', 'placeholders', 'search', 'ਖੋਜ', '2025-12-02 13:52:01', '2025-12-02 13:54:02'),
('26421', '0', 'pa', 'placeholders', 'searchModifierGroups', 'ਮੋਡੀਫਾਇਰ ਗਰੁੱਪ ਖੋਜੋ...', '2025-12-02 13:52:01', '2025-12-02 13:54:02'),
('26422', '0', 'pa', 'placeholders', 'headerTextPlaceHolder', 'ਆਪਣਾ ਹੈਡਰ ਟੈਕਸਟ ਇੱਥੇ ਦਰਜ ਕਰੋ...', '2025-12-02 13:52:01', '2025-12-02 13:54:02'),
('26423', '0', 'pa', 'placeholders', 'tableLockTimeoutPlaceholder', 'ਮਿੰਟਾਂ ਵਿੱਚ ਟਾਈਮਆਊਟ ਦਰਜ ਕਰੋ (ਡਿਫੌਲਟ 10 ਮਿੰਟ ਹੈ)।', '2025-12-02 13:52:01', '2025-12-02 13:54:02'),
('26424', '0', 'pa', 'placeholders', 'featureDescriptionPlaceHolder', 'ਇੱਥੇ ਫੀਚਰ ਦਾ ਵਰਣਨ ਦਰਜ ਕਰੋ...', '2025-12-02 13:52:01', '2025-12-02 13:54:02'),
('26425', '0', 'pa', 'sidebar', 'dashboard', 'ਡੈਸ਼ਬੋਰਡ', '2025-12-02 13:52:01', '2025-12-02 13:54:02'),
('26426', '0', 'pa', 'sidebar', 'menu', 'ਮੇਨੂ', '2025-12-02 13:52:01', '2025-12-02 13:54:02'),
('26427', '0', 'pa', 'superadmin', 'menu.restaurants', 'ਰੈਸਟੋਰੈਂਟ', '2025-12-02 13:52:01', '2025-12-02 13:54:03'),
('26428', '0', 'pa', 'superadmin', 'menu.superadmin', 'ਸੁਪਰ ਐਡਮਿਨ', '2025-12-02 13:52:01', '2025-12-02 13:54:03'),
('26429', '0', 'pa', 'superadmin', 'regenerateQrCode', 'QR ਕੋਡ ਮੁੜ ਬਣਾਓ', '2025-12-02 13:52:01', '2025-12-02 13:54:03'),
('26430', '0', 'pa', 'superadmin', 'domainChanged', 'ਲੱਗਦਾ ਹੈ ਤੁਸੀਂ ਡੋਮੇਨ ਬਦਲ ਦਿੱਤਾ ਹੈ। ਤੁਹਾਨੂੰ ਨਵੇਂ URL ਲਈ QR ਕੋਡ ਮੁੜ ਬਣਾਉਣ ਦੀ ਲੋੜ ਹੈ।', '2025-12-02 13:52:01', '2025-12-02 13:54:03'),
('26431', '0', 'pa', 'superadmin', 'qrCodesRegenerated', 'ਨਵੇਂ ਡੋਮੇਨ ਲਈ QR ਕੋਡ ਮੁੜ ਬਣਾਏ ਗਏ', '2025-12-02 13:52:01', '2025-12-02 13:54:03'),
('26432', '0', 'pa', 'superadmin', 'raiseSupportTicket', 'ਸਹਾਇਤਾ ਟਿਕਟ ਖੋਲ੍ਹੋ', '2025-12-02 13:52:01', '2025-12-02 13:54:03'),
('26433', '0', 'pa', 'superadmin', 'generateCredentials', 'ਪ੍ਰਮਾਣ ਪੱਤਰ ਬਣਾਓ', '2025-12-02 13:52:01', '2025-12-02 13:54:03'),
('26434', '0', 'pa', 'superadmin', 'pusherBeams', 'ਪੁਸ਼ਰ ਬੀਮ (ਬ੍ਰਾਊਜ਼ਰ ਪੁਸ਼ ਨੋਟੀਫਿਕੇਸ਼ਨ)', '2025-12-02 13:52:01', '2025-12-02 13:54:03'),
('26435', '0', 'pa', 'superadmin', 'pusherChannels', 'ਪੁਸ਼ਰ ਚੈਨਲ (ਲਾਈਵ ਪੇਜ ਅੱਪਡੇਟ)', '2025-12-02 13:52:01', '2025-12-02 13:54:03'),
('26436', '0', 'pa', 'superadmin', 'pusherDashboard', 'ਪੁਸ਼ਰ ਡੈਸ਼ਬੋਰਡ', '2025-12-02 13:52:01', '2025-12-02 13:54:03'),
('26437', '0', 'pa', 'superadmin', 'pusherChannelsDescription', 'ਰੀਅਲ-ਟਾਈਮ ਪੇਜ ਅੱਪਡੇਟ ਲਈ Pusher Channels ਸੈਟ ਕਰੋ (Laravel Broadcasting)।', '2025-12-02 13:52:01', '2025-12-02 13:54:03'),
('26438', '0', 'pa', 'superadmin', 'pusherBeamsDescription', 'ਬ੍ਰਾਊਜ਼ਰ ਪੁਸ਼ ਨੋਟੀਫਿਕੇਸ਼ਨ ਲਈ Pusher Beams ਕਨਫਿਗਰ ਕਰੋ।', '2025-12-02 13:52:01', '2025-12-02 13:54:03'),
('26439', '0', 'pa', 'superadmin', 'desktopApplicationSettings', 'ਡੈਸਕਟਾਪ ਐਪਲੀਕੇਸ਼ਨ ਸੈਟਿੰਗਾਂ', '2025-12-02 13:52:01', '2025-12-02 13:54:03'),
('26440', '0', 'pa', 'superadmin', 'desktopApplicationSettingsDescription', 'Windows, Mac ਅਤੇ Linux ਐਪਲੀਕੇਸ਼ਨ ਲਈ ਡਾਊਨਲੋਡ URL ਦਿਓ।', '2025-12-02 13:52:01', '2025-12-02 13:54:03'),
('26441', '0', 'pa', 'superadmin', 'desktopApplicationSettingsDescription2', '1. ਜੇ ਤੁਸੀਂ ਨਹੀਂ ਚਾਹੁੰਦੇ ਕਿ ਗਾਹਕ ਐਪ ਡਾਊਨਲੋਡ ਕਰਨ, ਤਾਂ ਡਾਊਨਲੋਡ ਫੀਲਡ ਖਾਲੀ ਛੱਡੋ।', '2025-12-02 13:52:01', '2025-12-02 13:54:03'),
('26442', '0', 'pa', 'superadmin', 'windowsApplication', 'Windows ਐਪਲੀਕੇਸ਼ਨ', '2025-12-02 13:52:01', '2025-12-02 13:54:03'),
('26443', '0', 'pa', 'superadmin', 'downloadUrl', 'ਡਾਊਨਲੋਡ URL', '2025-12-02 13:52:01', '2025-12-02 13:54:03'),
('26444', '0', 'pa', 'superadmin', 'resetToDefault', 'ਡਿਫਾਲਟ ਤੇ ਰੀਸੈਟ ਕਰੋ', '2025-12-02 13:52:01', '2025-12-02 13:54:03'),
('26445', '0', 'pa', 'superadmin', 'downloadNow', 'ਹੁਣੇ ਡਾਊਨਲੋਡ ਕਰੋ', '2025-12-02 13:52:01', '2025-12-02 13:54:03'),
('26446', '0', 'pa', 'superadmin', 'macApplication', 'Mac ਐਪਲੀਕੇਸ਼ਨ', '2025-12-02 13:52:01', '2025-12-02 13:54:03'),
('26447', '0', 'pa', 'superadmin', 'linuxApplication', 'Linux ਐਪਲੀਕੇਸ਼ਨ', '2025-12-02 13:52:01', '2025-12-02 13:54:03'),
('26448', '0', 'pa', 'superadmin', 'saveAllSettings', 'ਸਾਰੀਆਂ ਸੈਟਿੰਗਾਂ ਸੇਵ ਕਰੋ', '2025-12-02 13:52:01', '2025-12-02 13:54:03'),
('26449', '0', 'pa', 'superadmin', 'saving', 'ਸੰਭਾਲਿਆ ਜਾ ਰਿਹਾ ਹੈ...', '2025-12-02 13:52:01', '2025-12-02 13:54:03'),
('26450', '0', 'pa', 'superadmin', 'desktopApplicationSettingsNote', 'ਕਿਰਪਾ ਕਰਕੇ ਧਿਆਨ ਦਿਓ ਕਿ ਡੈਸਕਟਾਪ ਐਪਲੀਕੇਸ਼ਨ ਇਸ ਸਮੇਂ ਬੀਟਾ ਵਰਜਨ ਵਿੱਚ ਹੈ। ਕੁਝ ਫੰਕਸ਼ਨ ਉਮੀਦ ਮੁਤਾਬਕ ਕੰਮ ਨਹੀਂ ਕਰ ਸਕਦੇ ਅਤੇ ਕੁਝ ਬੱਗ ਆ ਸਕਦੇ ਹਨ। ਤੁਹਾਡੀ ਸਹਿਯੋਗ ਅਤੇ ਪ੍ਰਤੀਕਿਰਿਆ ਲਈ ਧੰਨਵਾਦ ਜਦੋਂ ਅਸੀਂ ਐਪਲੀਕੇਸ਼ਨ ਨੂੰ ਹੋਰ ਬਿਹਤਰ ਬਣਾਉਂਦੇ ਹਾਂ। ਇਸਨੂੰ ਟ੍ਰਾਈ ਕਰੋ ਅਤੇ ਸਾਨੂੰ ਆਪਣਾ ਅਨੁਭਵ ਦੱਸੋ।', '2025-12-02 13:52:01', '2025-12-02 13:54:03'),
('26451', '0', 'pa', 'superadmin', 'whiteLabelDesktopApp', 'ਵਾਈਟ ਲੇਬਲ ਡੈਸਕਟਾਪ ਐਪ (ਪ੍ਰਿੰਟਿੰਗ ਐਪ)', '2025-12-02 13:52:01', '2025-12-02 13:54:03'),
('26452', '0', 'pa', 'superadmin', 'whiteLabelDesktopAppDescription', 'ਆਪਣੀ ਕੰਪਨੀ ਦੇ ਨਾਮ ਅਤੇ ਲੋਗੋ ਨਾਲ ਬ੍ਰਾਂਡ ਕੀਤੀ ਡੈਸਕਟਾਪ ਪ੍ਰਿੰਟਿੰਗ ਐਪ ਪ੍ਰਾਪਤ ਕਰੋ।', '2025-12-02 13:52:01', '2025-12-02 13:54:03'),
('26453', '0', 'pa', 'superadmin', 'whiteLabelFeatures', 'ਵਿਸ਼ੇਸ਼ਤਾਵਾਂ', '2025-12-02 13:52:01', '2025-12-02 13:54:03'),
('26454', '0', 'pa', 'superadmin', 'whiteLabelFeature1', 'ਤੁਹਾਡੇ ਬ੍ਰਾਂਡ ਦੇ ਨਾਮ ਅਤੇ ਲੋਗੋ ਨਾਲ ਕਸਟਮ ਬ੍ਰਾਂਡਿੰਗ', '2025-12-02 13:52:01', '2025-12-02 13:54:03'),
('26455', '0', 'pa', 'superadmin', 'whiteLabelFeature2', 'ਕਸਟਮ ਇੰਸਟਾਲਰ ਅਤੇ ਐਪ ਆਇਕਨ', '2025-12-02 13:52:01', '2025-12-02 13:54:03'),
('26456', '0', 'pa', 'superadmin', 'whiteLabelFeature3', 'ਕਸਟਮ ਸਪਲੈਸ਼ ਸਕ੍ਰੀਨ ਅਤੇ \"About\" ਡਾਇਲਾਗ', '2025-12-02 13:52:01', '2025-12-02 13:54:03'),
('26457', '0', 'pa', 'superadmin', 'whiteLabelFeature4', 'ਡੈਡੀਕੇਟਿਡ ਸਹਾਇਤਾ ਅਤੇ ਅੱਪਡੇਟਸ', '2025-12-02 13:52:01', '2025-12-02 13:54:03'),
('26458', '0', 'pa', 'superadmin', 'whiteLabelPricing', 'ਕੀਮਤ', '2025-12-02 13:52:01', '2025-12-02 13:54:03'),
('26459', '0', 'pa', 'superadmin', 'whiteLabelPricingDescription', 'ਇੱਕ ਵਾਰੀ ਭੁਗਤਾਨ ਵਿੱਚ ਕਸਟਮਾਈਜ਼ੇਸ਼ਨ, ਟੈਸਟਿੰਗ ਅਤੇ ਡਿਲਿਵਰੀ ਸ਼ਾਮਲ ਹੈ।', '2025-12-02 13:52:01', '2025-12-02 13:54:03'),
('26460', '0', 'pa', 'superadmin', 'whiteLabelDelivery', 'ਡਿਲਿਵਰੀ', '2025-12-02 13:52:01', '2025-12-02 13:54:03'),
('26461', '0', 'pa', 'superadmin', 'whiteLabelDeliveryDescription', 'ਮਨਜ਼ੂਰੀ ਤੋਂ ਬਾਅਦ 3–5 ਕਾਰੋਬਾਰੀ ਦਿਨਾਂ ਵਿੱਚ ਐਪਲੀਕੇਸ਼ਨ ਡਿਲਿਵਰ ਕੀਤੀ ਜਾਵੇਗੀ।', '2025-12-02 13:52:01', '2025-12-02 13:54:03'),
('26462', '0', 'pa', 'superadmin', 'orderWhiteLabelApp', 'ਵਾਈਟ ਲੇਬਲ ਪ੍ਰਿੰਟਿੰਗ ਐਪ ਦਾ ਆਰਡਰ ਕਰੋ', '2025-12-02 13:52:01', '2025-12-02 13:54:03'),
('26463', '0', 'pa', 'superadmin', 'desktopAppRequired', 'ਡੈਸਕਟਾਪ ਐਪ ਦੀ ਲੋੜ ਹੈ', '2025-12-02 13:52:01', '2025-12-02 13:54:03'),
('26464', '0', 'pa', 'superadmin', 'desktopAppRequiredDescription', 'ਡਾਇਰੈਕਟ ਪ੍ਰਿੰਟਿੰਗ ਫੰਕਸ਼ਨ ਲਈ ਡੈਸਕਟਾਪ ਐਪ ਲੋੜੀਂਦੀ ਹੈ। ਯੂਜ਼ਰ ਨੂੰ ਪ੍ਰਿੰਟਰ ਸਹਾਇਤਾ ਲਈ ਡੈਸਕਟਾਪ ਐਪ ਡਾਊਨਲੋਡ ਅਤੇ ਇੰਸਟਾਲ ਕਰਨੀ ਪਵੇਗੀ।', '2025-12-02 13:52:01', '2025-12-02 13:54:03'),
('26465', '0', 'pa', 'superadmin', 'desktopAppDemo', 'ਡੈਸਕਟਾਪ ਐਪ ਡੈਮੋ', '2025-12-02 13:52:01', '2025-12-02 13:54:03'),
('26466', '0', 'pa', 'superadmin', 'desktopAppDemoDescription', 'ਵੇਖੋ ਕਿ EwiiDine ਡੈਸਕਟਾਪ ਐਪ ਕਿਵੇਂ ਕੰਮ ਕਰਦੀ ਹੈ।', '2025-12-02 13:52:01', '2025-12-02 13:54:03'),
('26467', '0', 'pa', 'superadmin', 'desktopAppDemoLink', '#', '2025-12-02 13:52:01', '2025-12-02 13:54:03'),
('26468', '0', 'pa', 'superadmin', 'desktopAppDemoLinkText', 'YouTube ਤੇ ਡੈਮੋ ਵੇਖੋ', '2025-12-02 13:52:01', '2025-12-02 13:54:03'),
('26469', '0', 'pa', 'validation', 'accepted', ':attribute ਖੇਤਰ ਨੂੰ ਸਵੀਕਾਰਨਾ ਲਾਜ਼ਮੀ ਹੈ।', '2025-12-02 13:52:01', '2025-12-02 13:54:03'),
('26470', '0', 'pa', 'validation', 'accepted_if', ':other :value ਹੋਣ ਤੇ :attribute ਖੇਤਰ ਨੂੰ ਸਵੀਕਾਰਨਾ ਲਾਜ਼ਮੀ ਹੈ।', '2025-12-02 13:52:01', '2025-12-02 13:54:03'),
('26471', '0', 'pa', 'validation', 'active_url', ':attribute ਇੱਕ ਵੈਧ URL ਹੋਣਾ ਚਾਹੀਦਾ ਹੈ।', '2025-12-02 13:52:01', '2025-12-02 13:54:03'),
('26472', '0', 'pa', 'validation', 'after', ':attribute ਮਿਤੀ :date ਤੋਂ ਬਾਅਦ ਦੀ ਹੋਣੀ ਚਾਹੀਦੀ ਹੈ।', '2025-12-02 13:52:01', '2025-12-02 13:54:03'),
('26473', '0', 'pa', 'validation', 'after_or_equal', ':attribute ਮਿਤੀ :date ਤੋਂ ਬਾਅਦ ਜਾਂ ਬਰਾਬਰ ਹੋਣੀ ਚਾਹੀਦੀ ਹੈ।', '2025-12-02 13:52:01', '2025-12-02 13:54:03'),
('26474', '0', 'pa', 'validation', 'alpha', ':attribute ਸਿਰਫ਼ ਅੱਖਰਾਂ ਤੇ ਹੀ ਹੋਣਾ ਚਾਹੀਦਾ ਹੈ।', '2025-12-02 13:52:01', '2025-12-02 13:54:03'),
('26475', '0', 'pa', 'validation', 'alpha_dash', ':attribute ਸਿਰਫ਼ ਅੱਖਰ, ਨੰਬਰ, ਡੈਸ਼ ਅਤੇ ਅੰਡਰਸਕੋਰ ਰੱਖ ਸਕਦਾ ਹੈ।', '2025-12-02 13:52:01', '2025-12-02 13:54:03'),
('26476', '0', 'pa', 'validation', 'alpha_num', ':attribute ਸਿਰਫ਼ ਅੱਖਰ ਅਤੇ ਨੰਬਰ ਰੱਖ ਸਕਦਾ ਹੈ।', '2025-12-02 13:52:01', '2025-12-02 13:54:03'),
('26477', '0', 'pa', 'validation', 'array', ':attribute ਇੱਕ ਐਰੇ ਹੋਣਾ ਚਾਹੀਦਾ ਹੈ।', '2025-12-02 13:52:01', '2025-12-02 13:54:03'),
('26478', '0', 'pa', 'validation', 'ascii', ':attribute ਸਿਰਫ਼ ASCII ਅੱਖਰ ਹੋਣੇ ਚਾਹੀਦੇ ਹਨ।', '2025-12-02 13:52:01', '2025-12-02 13:54:03'),
('26479', '0', 'pa', 'validation', 'before', ':attribute ਮਿਤੀ :date ਤੋਂ ਪਹਿਲਾਂ ਦੀ ਹੋਣੀ ਚਾਹੀਦੀ ਹੈ।', '2025-12-02 13:52:01', '2025-12-02 13:54:03'),
('26480', '0', 'pa', 'validation', 'before_or_equal', ':attribute ਮਿਤੀ :date ਤੋਂ ਪਹਿਲਾਂ ਜਾਂ ਬਰਾਬਰ ਹੋਣੀ ਚਾਹੀਦੀ ਹੈ।', '2025-12-02 13:52:01', '2025-12-02 13:54:03'),
('26481', '0', 'pa', 'validation', 'between.array', ':attribute ਵਿੱਚ :min ਤੋਂ :max ਆਈਟਮ ਹੋਣੀਆਂ ਚਾਹੀਦੀਆਂ ਹਨ।', '2025-12-02 13:52:01', '2025-12-02 13:54:03'),
('26482', '0', 'pa', 'validation', 'between.file', ':attribute ਦਾ ਆਕਾਰ :min ਤੋਂ :max ਕਿਲੋਬਾਈਟ ਹੋਣਾ ਚਾਹੀਦਾ ਹੈ।', '2025-12-02 13:52:01', '2025-12-02 13:54:03'),
('26483', '0', 'pa', 'validation', 'between.numeric', ':attribute :min ਅਤੇ :max ਦੇ ਵਿਚਕਾਰ ਹੋਣਾ ਚਾਹੀਦਾ ਹੈ।', '2025-12-02 13:52:01', '2025-12-02 13:54:03'),
('26484', '0', 'pa', 'validation', 'between.string', ':attribute :min ਤੋਂ :max ਅੱਖਰਾਂ ਦੇ ਵਿਚਕਾਰ ਹੋਣਾ ਚਾਹੀਦਾ ਹੈ।', '2025-12-02 13:52:01', '2025-12-02 13:54:03'),
('26485', '0', 'pa', 'validation', 'boolean', ':attribute ਖੇਤਰ true ਜਾਂ false ਹੋਣਾ ਚਾਹੀਦਾ ਹੈ।', '2025-12-02 13:52:01', '2025-12-02 13:54:03'),
('26486', '0', 'pa', 'validation', 'confirmed', ':attribute ਦੀ ਪੁਸ਼ਟੀ ਮੇਲ ਨਹੀਂ ਖਾਂਦੀ।', '2025-12-02 13:52:01', '2025-12-02 13:54:03'),
('26487', '0', 'pa', 'validation', 'current_password', 'ਪਾਸਵਰਡ ਗਲਤ ਹੈ।', '2025-12-02 13:52:01', '2025-12-02 13:54:03'),
('26488', '0', 'pa', 'validation', 'date', ':attribute ਇੱਕ ਵੈਧ ਮਿਤੀ ਹੋਣੀ ਚਾਹੀਦੀ ਹੈ।', '2025-12-02 13:52:01', '2025-12-02 13:54:03'),
('26489', '0', 'pa', 'validation', 'date_equals', ':attribute ਮਿਤੀ :date ਦੇ ਬਰਾਬਰ ਹੋਣੀ ਚਾਹੀਦੀ ਹੈ।', '2025-12-02 13:52:01', '2025-12-02 13:54:03'),
('26490', '0', 'pa', 'validation', 'date_format', ':attribute ਫਾਰਮੈਟ :format ਨਾਲ ਮੇਲ ਨਹੀਂ ਖਾਂਦਾ।', '2025-12-02 13:52:01', '2025-12-02 13:54:03'),
('26491', '0', 'pa', 'validation', 'decimal', ':attribute ਵਿੱਚ :decimal ਦਸ਼ਮਲਵ ਅੰਕ ਹੋਣੇ ਚਾਹੀਦੇ ਹਨ।', '2025-12-02 13:52:01', '2025-12-02 13:54:03'),
('26492', '0', 'pa', 'validation', 'declined', ':attribute ਨੂੰ ਅਸਵੀਕਾਰਿਆ ਜਾਣਾ ਚਾਹੀਦਾ ਹੈ।', '2025-12-02 13:52:01', '2025-12-02 13:54:03'),
('26493', '0', 'pa', 'validation', 'different', ':attribute ਅਤੇ :other ਵੱਖਰੇ ਹੋਣੇ ਚਾਹੀਦੇ ਹਨ।', '2025-12-02 13:52:01', '2025-12-02 13:54:03'),
('26494', '0', 'pa', 'validation', 'digits', ':attribute ਵਿੱਚ :digits ਅੰਕ ਹੋਣੇ ਚਾਹੀਦੇ ਹਨ।', '2025-12-02 13:52:01', '2025-12-02 13:54:03'),
('26495', '0', 'pa', 'validation', 'digits_between', ':attribute :min ਅਤੇ :max ਅੰਕਾਂ ਦੇ ਵਿਚਕਾਰ ਹੋਣਾ ਚਾਹੀਦਾ ਹੈ।', '2025-12-02 13:52:01', '2025-12-02 13:54:03'),
('26496', '0', 'pa', 'validation', 'email', ':attribute ਇੱਕ ਵੈਧ ਈਮੇਲ ਐਡਰੈੱਸ ਹੋਣਾ ਚਾਹੀਦਾ ਹੈ।', '2025-12-02 13:52:01', '2025-12-02 13:54:03'),
('26497', '0', 'pa', 'validation', 'ends_with', ':attribute ਹੇਠ ਲਿਖਿਆਂ ਵਿੱਚੋਂ ਕਿਸੇ ਨਾਲ ਖਤਮ ਹੋਣਾ ਚਾਹੀਦਾ ਹੈ: :values।', '2025-12-02 13:52:01', '2025-12-02 13:54:03'),
('26498', '0', 'pa', 'validation', 'enum', 'ਚੁਣਿਆ ਗਿਆ :attribute ਵੈਧ ਨਹੀਂ ਹੈ।', '2025-12-02 13:52:01', '2025-12-02 13:54:03'),
('26499', '0', 'pa', 'validation', 'exists', 'ਚੁਣਿਆ ਗਿਆ :attribute ਵੈਧ ਨਹੀਂ ਹੈ।', '2025-12-02 13:52:01', '2025-12-02 13:54:03'),
('26500', '0', 'pa', 'validation', 'file', ':attribute ਇੱਕ ਫਾਈਲ ਹੋਣਾ ਚਾਹੀਦਾ ਹੈ।', '2025-12-02 13:52:01', '2025-12-02 13:54:03'),
('26501', '0', 'pa', 'validation', 'filled', ':attribute ਖੇਤਰ ਵਿੱਚ ਮੁੱਲ ਹੋਣਾ ਚਾਹੀਦਾ ਹੈ।', '2025-12-02 13:52:01', '2025-12-02 13:54:03'),
('26502', '0', 'pa', 'validation', 'gt.numeric', ':attribute :value ਤੋਂ ਵੱਧ ਹੋਣਾ ਚਾਹੀਦਾ ਹੈ।', '2025-12-02 13:52:01', '2025-12-02 13:54:03'),
('26503', '0', 'pa', 'validation', 'gt.file', ':attribute :value ਕਿਲੋਬਾਈਟ ਤੋਂ ਵੱਧ ਹੋਣਾ ਚਾਹੀਦਾ ਹੈ।', '2025-12-02 13:52:01', '2025-12-02 13:54:03'),
('26504', '0', 'pa', 'validation', 'gt.string', ':attribute :value ਅੱਖਰਾਂ ਤੋਂ ਵੱਧ ਹੋਣਾ ਚਾਹੀਦਾ ਹੈ।', '2025-12-02 13:52:01', '2025-12-02 13:54:03'),
('26505', '0', 'pa', 'validation', 'gt.array', ':attribute ਵਿੱਚ :value ਤੋਂ ਵੱਧ ਆਈਟਮ ਹੋਣੀਆਂ ਚਾਹੀਦੀਆਂ ਹਨ।', '2025-12-02 13:52:01', '2025-12-02 13:54:03'),
('26506', '0', 'pa', 'validation', 'gte.numeric', ':attribute :value ਤੋਂ ਵੱਧ ਜਾਂ ਬਰਾਬਰ ਹੋਣਾ ਚਾਹੀਦਾ ਹੈ।', '2025-12-02 13:52:01', '2025-12-02 13:54:03'),
('26507', '0', 'pa', 'validation', 'gte.file', ':attribute :value ਕਿਲੋਬਾਈਟ ਤੋਂ ਵੱਧ ਜਾਂ ਬਰਾਬਰ ਹੋਣਾ ਚਾਹੀਦਾ ਹੈ।', '2025-12-02 13:52:01', '2025-12-02 13:54:03'),
('26508', '0', 'pa', 'validation', 'gte.string', ':attribute :value ਅੱਖਰਾਂ ਤੋਂ ਵੱਧ ਜਾਂ ਬਰਾਬਰ ਹੋਣਾ ਚਾਹੀਦਾ ਹੈ।', '2025-12-02 13:52:01', '2025-12-02 13:54:03'),
('26509', '0', 'pa', 'validation', 'gte.array', ':attribute ਵਿੱਚ ਘੱਟੋ ਘੱਟ :value ਆਈਟਮ ਹੋਣੀਆਂ ਚਾਹੀਦੀਆਂ ਹਨ।', '2025-12-02 13:52:01', '2025-12-02 13:54:03'),
('26510', '0', 'pa', 'validation', 'image', ':attribute ਇੱਕ ਚਿੱਤਰ ਹੋਣਾ ਚਾਹੀਦਾ ਹੈ।', '2025-12-02 13:52:01', '2025-12-02 13:54:03'),
('26511', '0', 'pa', 'validation', 'in', 'ਚੁਣਿਆ ਗਿਆ :attribute ਵੈਧ ਨਹੀਂ ਹੈ।', '2025-12-02 13:52:01', '2025-12-02 13:54:03'),
('26512', '0', 'pa', 'validation', 'integer', ':attribute ਇੱਕ ਪੂਰਨ ਅੰਕ ਹੋਣਾ ਚਾਹੀਦਾ ਹੈ।', '2025-12-02 13:52:01', '2025-12-02 13:54:03'),
('26513', '0', 'pa', 'validation', 'ip', ':attribute ਇੱਕ ਵੈਧ IP ਪਤਾ ਹੋਣਾ ਚਾਹੀਦਾ ਹੈ।', '2025-12-02 13:52:01', '2025-12-02 13:54:03'),
('26514', '0', 'pa', 'validation', 'ipv4', ':attribute ਇੱਕ ਵੈਧ IPv4 ਪਤਾ ਹੋਣਾ ਚਾਹੀਦਾ ਹੈ।', '2025-12-02 13:52:01', '2025-12-02 13:54:03'),
('26515', '0', 'pa', 'validation', 'ipv6', ':attribute ਇੱਕ ਵੈਧ IPv6 ਪਤਾ ਹੋਣਾ ਚਾਹੀਦਾ ਹੈ।', '2025-12-02 13:52:01', '2025-12-02 13:54:03'),
('26516', '0', 'pa', 'validation', 'json', ':attribute ਇੱਕ ਵੈਧ JSON ਸਟਰਿੰਗ ਹੋਣੀ ਚਾਹੀਦੀ ਹੈ।', '2025-12-02 13:52:01', '2025-12-02 13:54:03'),
('26517', '0', 'pa', 'validation', 'lt.numeric', ':attribute :value ਤੋਂ ਘੱਟ ਹੋਣਾ ਚਾਹੀਦਾ ਹੈ।', '2025-12-02 13:52:01', '2025-12-02 13:54:03'),
('26518', '0', 'pa', 'validation', 'lt.file', ':attribute :value ਕਿਲੋਬਾਈਟ ਤੋਂ ਘੱਟ ਹੋਣਾ ਚਾਹੀਦਾ ਹੈ।', '2025-12-02 13:52:01', '2025-12-02 13:54:03'),
('26519', '0', 'pa', 'validation', 'lt.string', ':attribute :value ਅੱਖਰਾਂ ਤੋਂ ਘੱਟ ਹੋਣਾ ਚਾਹੀਦਾ ਹੈ।', '2025-12-02 13:52:01', '2025-12-02 13:54:03'),
('26520', '0', 'pa', 'validation', 'lt.array', ':attribute ਵਿੱਚ :value ਤੋਂ ਘੱਟ ਆਈਟਮ ਹੋਣੀਆਂ ਚਾਹੀਦੀਆਂ ਹਨ।', '2025-12-02 13:52:01', '2025-12-02 13:54:03'),
('26521', '0', 'pa', 'validation', 'lte.numeric', ':attribute :value ਤੋਂ ਘੱਟ ਜਾਂ ਬਰਾਬਰ ਹੋਣਾ ਚਾਹੀਦਾ ਹੈ।', '2025-12-02 13:52:01', '2025-12-02 13:54:03'),
('26522', '0', 'pa', 'validation', 'lte.file', ':attribute :value ਕਿਲੋਬਾਈਟ ਤੋਂ ਘੱਟ ਜਾਂ ਬਰਾਬਰ ਹੋਣਾ ਚਾਹੀਦਾ ਹੈ।', '2025-12-02 13:52:01', '2025-12-02 13:54:03'),
('26523', '0', 'pa', 'validation', 'lte.string', ':attribute :value ਅੱਖਰਾਂ ਤੋਂ ਘੱਟ ਜਾਂ ਬਰਾਬਰ ਹੋਣਾ ਚਾਹੀਦਾ ਹੈ।', '2025-12-02 13:52:01', '2025-12-02 13:54:03'),
('26524', '0', 'pa', 'validation', 'lte.array', ':attribute ਵਿੱਚ :value ਤੋਂ ਵੱਧ ਆਈਟਮ ਨਹੀਂ ਹੋਣੀਆਂ ਚਾਹੀਦੀਆਂ।', '2025-12-02 13:52:01', '2025-12-02 13:54:03'),
('26525', '0', 'pa', 'validation', 'max.numeric', ':attribute :max ਤੋਂ ਵੱਧ ਨਹੀਂ ਹੋਣਾ ਚਾਹੀਦਾ।', '2025-12-02 13:52:01', '2025-12-02 13:54:03'),
('26526', '0', 'pa', 'validation', 'max.file', ':attribute ਦਾ ਆਕਾਰ :max ਕਿਲੋਬਾਈਟ ਤੋਂ ਵੱਧ ਨਹੀਂ ਹੋਣਾ ਚਾਹੀਦਾ।', '2025-12-02 13:52:01', '2025-12-02 13:54:03'),
('26527', '0', 'pa', 'validation', 'max.string', ':attribute :max ਅੱਖਰਾਂ ਤੋਂ ਵੱਧ ਨਹੀਂ ਹੋਣਾ ਚਾਹੀਦਾ।', '2025-12-02 13:52:01', '2025-12-02 13:54:03'),
('26528', '0', 'pa', 'validation', 'max.array', ':attribute ਵਿੱਚ :max ਤੋਂ ਵੱਧ ਆਈਟਮ ਨਹੀਂ ਹੋਣੀਆਂ ਚਾਹੀਦੀਆਂ।', '2025-12-02 13:52:01', '2025-12-02 13:54:03'),
('26529', '0', 'pa', 'validation', 'min.numeric', ':attribute ਘੱਟੋ ਘੱਟ :min ਹੋਣਾ ਚਾਹੀਦਾ ਹੈ।', '2025-12-02 13:52:01', '2025-12-02 13:54:03'),
('26530', '0', 'pa', 'validation', 'min.file', ':attribute ਦਾ ਆਕਾਰ ਘੱਟੋ ਘੱਟ :min ਕਿਲੋਬਾਈਟ ਹੋਣਾ ਚਾਹੀਦਾ ਹੈ।', '2025-12-02 13:52:01', '2025-12-02 13:54:03'),
('26531', '0', 'pa', 'validation', 'min.string', ':attribute ਵਿੱਚ ਘੱਟੋ ਘੱਟ :min ਅੱਖਰ ਹੋਣੇ ਚਾਹੀਦੇ ਹਨ।', '2025-12-02 13:52:01', '2025-12-02 13:54:03'),
('26532', '0', 'pa', 'validation', 'min.array', ':attribute ਵਿੱਚ ਘੱਟੋ ਘੱਟ :min ਆਈਟਮ ਹੋਣੀਆਂ ਚਾਹੀਦੀਆਂ ਹਨ।', '2025-12-02 13:52:01', '2025-12-02 13:54:03'),
('26533', '0', 'pa', 'validation', 'numeric', ':attribute ਇੱਕ ਵੈਧ ਅੰਕ ਹੋਣਾ ਚਾਹੀਦਾ ਹੈ।', '2025-12-02 13:52:01', '2025-12-02 13:54:03'),
('26534', '0', 'pa', 'validation', 'required', ':attribute ਖੇਤਰ ਲਾਜ਼ਮੀ ਹੈ।', '2025-12-02 13:52:01', '2025-12-02 13:54:03'),
('26535', '0', 'pa', 'validation', 'same', ':attribute ਨੂੰ :other ਨਾਲ ਮੇਲ ਖਾਣਾ ਚਾਹੀਦਾ ਹੈ।', '2025-12-02 13:52:01', '2025-12-02 13:54:03'),
('26536', '0', 'pa', 'validation', 'string', ':attribute ਇੱਕ ਸਟਰਿੰਗ ਹੋਣੀ ਚਾਹੀਦੀ ਹੈ।', '2025-12-02 13:52:01', '2025-12-02 13:54:03'),
('26537', '0', 'pa', 'validation', 'unique', ':attribute ਪਹਿਲਾਂ ਹੀ ਲਿਆ ਗਿਆ ਹੈ।', '2025-12-02 13:52:01', '2025-12-02 13:54:03'),
('26538', '0', 'pa', 'validation', 'url', ':attribute ਇੱਕ ਵੈਧ URL ਹੋਣਾ ਚਾਹੀਦਾ ਹੈ।', '2025-12-02 13:52:01', '2025-12-02 13:54:03'),
('26539', '0', 'pa', 'validation', 'variationNameRequired', 'ਵੈਰੀਏਸ਼ਨ ਨਾਮ ਲਾਜ਼ਮੀ ਹੈ।', '2025-12-02 13:52:01', '2025-12-02 13:54:03'),
('26540', '0', 'pa', 'validation', 'variationPriceRequired', 'ਵੈਰੀਏਸ਼ਨ ਕੀਮਤ ਲਾਜ਼ਮੀ ਹੈ।', '2025-12-02 13:52:01', '2025-12-02 13:54:03'),
('26541', '0', 'pa', 'validation', 'itemNameRequired', ':language ਲਈ ਆਈਟਮ ਨਾਮ ਲਾਜ਼ਮੀ ਹੈ।', '2025-12-02 13:52:01', '2025-12-02 13:54:03'),
('26542', '0', 'pa', 'validation', 'menuNameRequired', ':language ਲਈ ਮੇਨੂ ਨਾਮ ਲਾਜ਼ਮੀ ਹੈ।', '2025-12-02 13:52:01', '2025-12-02 13:54:03'),
('26543', '0', 'pa', 'validation', 'categoryNameRequired', ':language ਲਈ ਸ਼੍ਰੇਣੀ ਨਾਮ ਲਾਜ਼ਮੀ ਹੈ।', '2025-12-02 13:52:01', '2025-12-02 13:54:03'),
('26544', '0', 'pa', 'validation', 'categoryNameUnique', ':language ਵਿੱਚ ਸ਼੍ਰੇਣੀ ਦਾ ਨਾਮ ਪਹਿਲਾਂ ਹੀ ਵਰਤਿਆ ਗਿਆ ਹੈ।', '2025-12-02 13:52:01', '2025-12-02 13:54:03'),
('26545', '0', 'pa', 'validation', 'alreadyAssociatedGroup', 'ਚੁਣਿਆ ਗਿਆ ਮੋਡੀਫਾਇਰ ਗਰੁੱਪ ਪਹਿਲਾਂ ਹੀ ਇਸ ਮੇਨੂ ਆਈਟਮ ਨਾਲ ਜੋੜਿਆ ਗਿਆ ਹੈ।', '2025-12-02 13:52:01', '2025-12-02 13:54:03'),
('26546', '0', 'pa', 'validation', 'InvalidFlutterwaveKeyOrSecret', 'Flutterwave ਕੁੰਜੀ ਜਾਂ ਸੀਕ੍ਰੇਟ ਗਲਤ ਹੈ।', '2025-12-02 13:52:01', '2025-12-02 13:54:03'),
('26547', '0', 'pa', 'validation', 'availabilityRequired', 'ਉਪਲਬਧਤਾ ਸਥਿਤੀ ਲਾਜ਼ਮੀ ਹੈ।', '2025-12-02 13:52:01', '2025-12-02 13:54:03'),
('26548', '0', 'pa', 'validation', 'itemPriceRequired', 'ਆਈਟਮ ਦੀ ਕੀਮਤ ਲਾਜ਼ਮੀ ਹੈ।', '2025-12-02 13:52:01', '2025-12-02 13:54:03'),
('26549', '0', 'pa', 'validation', 'menuRequired', 'ਮੇਨੂ ਲਾਜ਼ਮੀ ਹੈ।', '2025-12-02 13:52:01', '2025-12-02 13:54:03'),
('26550', '0', 'pa', 'validation', 'priceRequired', 'ਕੀਮਤ ਲਾਜ਼ਮੀ ਹੈ।', '2025-12-02 13:52:01', '2025-12-02 13:54:03'),
('26551', '0', 'pa', 'validation', 'priceMustBeNumeric', 'ਕੀਮਤ ਇੱਕ ਵੈਧ ਅੰਕ ਹੋਣੀ ਚਾਹੀਦੀ ਹੈ।', '2025-12-02 13:52:01', '2025-12-02 13:54:03'),
('26552', '0', 'pa', 'validation', 'priceMinZero', 'ਕੀਮਤ ਘੱਟੋ ਘੱਟ 0 ਹੋਣੀ ਚਾਹੀਦੀ ਹੈ।', '2025-12-02 13:52:01', '2025-12-02 13:54:03'),
('26553', '0', 'pa', 'validation', 'variationPriceMustBeNumeric', 'ਵੈਰੀਏਸ਼ਨ ਕੀਮਤ ਇੱਕ ਵੈਧ ਅੰਕ ਹੋਣੀ ਚਾਹੀਦੀ ਹੈ।', '2025-12-02 13:52:01', '2025-12-02 13:54:03'),
('26554', '0', 'pa', 'validation', 'variationPriceMustBePositive', 'ਵੈਰੀਏਸ਼ਨ ਕੀਮਤ ਘੱਟੋ ਘੱਟ 0 ਹੋਣੀ ਚਾਹੀਦੀ ਹੈ।', '2025-12-02 13:52:01', '2025-12-02 13:54:03');


-- Table structure for table `menu_item_prices`
CREATE TABLE `menu_item_prices` (
  `id` bigint(20) unsigned NOT NULL AUTO_INCREMENT,
  `menu_item_id` bigint(20) unsigned NOT NULL,
  `order_type_id` bigint(20) unsigned NOT NULL,
  `delivery_app_id` bigint(20) unsigned DEFAULT NULL,
  `menu_item_variation_id` bigint(20) unsigned DEFAULT NULL,
  `calculated_price` decimal(16,2) NOT NULL,
  `override_price` decimal(16,2) DEFAULT NULL,
  `final_price` decimal(16,2) NOT NULL DEFAULT 0.00,
  `status` tinyint(1) NOT NULL DEFAULT 1,
  `created_at` timestamp NULL DEFAULT NULL,
  `updated_at` timestamp NULL DEFAULT NULL,
  PRIMARY KEY (`id`),
  KEY `menu_item_prices_menu_item_id_foreign` (`menu_item_id`),
  KEY `menu_item_prices_order_type_id_foreign` (`order_type_id`),
  KEY `menu_item_prices_delivery_app_id_foreign` (`delivery_app_id`),
  KEY `menu_item_prices_menu_item_variation_id_foreign` (`menu_item_variation_id`),
  CONSTRAINT `menu_item_prices_delivery_app_id_foreign` FOREIGN KEY (`delivery_app_id`) REFERENCES `delivery_platforms` (`id`) ON DELETE CASCADE ON UPDATE CASCADE,
  CONSTRAINT `menu_item_prices_menu_item_id_foreign` FOREIGN KEY (`menu_item_id`) REFERENCES `menu_items` (`id`) ON DELETE CASCADE ON UPDATE CASCADE,
  CONSTRAINT `menu_item_prices_menu_item_variation_id_foreign` FOREIGN KEY (`menu_item_variation_id`) REFERENCES `menu_item_variations` (`id`) ON DELETE CASCADE ON UPDATE CASCADE,
  CONSTRAINT `menu_item_prices_order_type_id_foreign` FOREIGN KEY (`order_type_id`) REFERENCES `order_types` (`id`) ON DELETE CASCADE ON UPDATE CASCADE
) ENGINE=InnoDB AUTO_INCREMENT=292 DEFAULT CHARSET=utf8mb4 COLLATE=utf8mb4_unicode_ci;

-- Dumping data for table `menu_item_prices`
INSERT INTO `menu_item_prices` VALUES
('1', '509', '13', NULL, '11', '10.00', NULL, '10.00', '1', '2025-10-24 14:49:12', '2025-10-24 14:49:12'),
('2', '509', '14', NULL, '11', '10.00', NULL, '10.00', '1', '2025-10-24 14:49:12', '2025-10-24 14:49:12'),
('3', '509', '15', NULL, '11', '10.00', NULL, '10.00', '1', '2025-10-24 14:49:12', '2025-10-24 14:49:12'),
('4', '509', '14', '1', '11', '10.00', NULL, '12.00', '1', '2025-10-24 14:49:12', '2025-10-24 14:49:12'),
('5', '509', '13', NULL, '12', '15.00', NULL, '15.00', '1', '2025-10-24 14:49:12', '2025-10-24 14:49:12'),
('6', '509', '14', NULL, '12', '15.00', NULL, '15.00', '1', '2025-10-24 14:49:12', '2025-10-24 14:49:12'),
('7', '509', '15', NULL, '12', '15.00', NULL, '15.00', '1', '2025-10-24 14:49:12', '2025-10-24 14:49:12'),
('8', '509', '14', '1', '12', '15.00', NULL, '18.00', '1', '2025-10-24 14:49:12', '2025-10-24 14:49:12'),
('9', '509', '13', NULL, '13', '20.00', NULL, '20.00', '1', '2025-10-24 14:49:12', '2025-10-24 14:49:12'),
('10', '509', '14', NULL, '13', '20.00', NULL, '20.00', '1', '2025-10-24 14:49:12', '2025-10-24 14:49:12'),
('11', '509', '15', NULL, '13', '20.00', NULL, '20.00', '1', '2025-10-24 14:49:12', '2025-10-24 14:49:12'),
('12', '509', '14', '1', '13', '20.00', NULL, '24.00', '1', '2025-10-24 14:49:12', '2025-10-24 14:49:12'),
('23', '510', '13', NULL, '14', '120.00', NULL, '120.00', '1', '2025-11-17 13:07:53', '2025-11-17 13:07:53'),
('24', '510', '14', NULL, '14', '120.00', NULL, '120.00', '1', '2025-11-17 13:07:53', '2025-11-17 13:07:53'),
('25', '510', '15', NULL, '14', '120.00', NULL, '120.00', '1', '2025-11-17 13:07:53', '2025-11-17 13:07:53'),
('26', '510', '14', '1', '14', '120.00', NULL, '144.00', '1', '2025-11-17 13:07:53', '2025-11-17 13:07:53'),
('27', '510', '14', '2', '14', '120.00', NULL, '144.00', '1', '2025-11-17 13:07:53', '2025-11-17 13:07:53'),
('28', '510', '13', NULL, '15', '180.00', NULL, '180.00', '1', '2025-11-17 13:07:53', '2025-11-17 13:07:53'),
('29', '510', '14', NULL, '15', '200.00', NULL, '200.00', '1', '2025-11-17 13:07:53', '2025-11-17 13:07:53'),
('30', '510', '15', NULL, '15', '200.00', NULL, '200.00', '1', '2025-11-17 13:07:53', '2025-11-17 13:07:53'),
('31', '510', '14', '1', '15', '200.00', NULL, '240.00', '1', '2025-11-17 13:07:53', '2025-11-17 13:07:53'),
('32', '510', '14', '2', '15', '200.00', NULL, '240.00', '1', '2025-11-17 13:07:53', '2025-11-17 13:07:53'),
('33', '652', '79', NULL, NULL, '50.00', NULL, '50.00', '1', '2025-11-26 08:31:49', '2025-11-26 08:31:49'),
('34', '652', '80', NULL, NULL, '50.00', NULL, '50.00', '1', '2025-11-26 08:31:49', '2025-11-26 08:31:49'),
('35', '652', '81', NULL, NULL, '50.00', NULL, '50.00', '1', '2025-11-26 08:31:49', '2025-11-26 08:31:49'),
('44', '653', '79', NULL, NULL, '100.00', NULL, '100.00', '1', '2025-11-26 09:56:35', '2025-11-26 09:56:35'),
('45', '653', '80', NULL, NULL, '100.00', NULL, '100.00', '1', '2025-11-26 09:56:35', '2025-11-26 09:56:35'),
('46', '653', '81', NULL, NULL, '100.00', NULL, '100.00', '1', '2025-11-26 09:56:35', '2025-11-26 09:56:35'),
('72', '642', '13', NULL, NULL, '250.00', NULL, '250.00', '1', '2025-11-26 12:10:10', '2025-11-26 12:10:10'),
('73', '642', '14', NULL, NULL, '250.00', NULL, '250.00', '1', '2025-11-26 12:10:10', '2025-11-26 12:10:10'),
('74', '642', '15', NULL, NULL, '250.00', NULL, '250.00', '1', '2025-11-26 12:10:10', '2025-11-26 12:10:10'),
('75', '642', '14', '1', NULL, '250.00', NULL, '300.00', '1', '2025-11-26 12:10:10', '2025-11-26 12:10:10'),
('76', '642', '14', '2', NULL, '250.00', NULL, '300.00', '1', '2025-11-26 12:10:10', '2025-11-26 12:10:10'),
('152', '503', '13', NULL, '1', '130.00', NULL, '130.00', '1', '2025-11-28 10:06:35', '2025-11-28 10:06:35'),
('153', '503', '14', NULL, '1', '130.00', NULL, '130.00', '1', '2025-11-28 10:06:35', '2025-11-28 10:06:35'),
('154', '503', '15', NULL, '1', '130.00', NULL, '130.00', '1', '2025-11-28 10:06:35', '2025-11-28 10:06:35'),
('155', '503', '14', '1', '1', '130.00', NULL, '156.00', '1', '2025-11-28 10:06:35', '2025-11-28 10:06:35'),
('156', '503', '14', '2', '1', '130.00', NULL, '156.00', '1', '2025-11-28 10:06:35', '2025-11-28 10:06:35'),
('157', '503', '13', NULL, '2', '250.00', NULL, '250.00', '1', '2025-11-28 10:06:35', '2025-11-28 10:06:35'),
('158', '503', '14', NULL, '2', '250.00', NULL, '250.00', '1', '2025-11-28 10:06:35', '2025-11-28 10:06:35'),
('159', '503', '15', NULL, '2', '250.00', NULL, '250.00', '1', '2025-11-28 10:06:35', '2025-11-28 10:06:35'),
('160', '503', '14', '1', '2', '250.00', NULL, '300.00', '1', '2025-11-28 10:06:35', '2025-11-28 10:06:35'),
('161', '503', '14', '2', '2', '250.00', NULL, '300.00', '1', '2025-11-28 10:06:35', '2025-11-28 10:06:35'),
('162', '503', '13', NULL, '3', '400.00', NULL, '400.00', '1', '2025-11-28 10:06:35', '2025-11-28 10:06:35'),
('163', '503', '14', NULL, '3', '400.00', NULL, '400.00', '1', '2025-11-28 10:06:35', '2025-11-28 10:06:35'),
('164', '503', '15', NULL, '3', '400.00', NULL, '400.00', '1', '2025-11-28 10:06:35', '2025-11-28 10:06:35'),
('165', '503', '14', '1', '3', '400.00', NULL, '480.00', '1', '2025-11-28 10:06:35', '2025-11-28 10:06:35'),
('166', '503', '14', '2', '3', '400.00', NULL, '480.00', '1', '2025-11-28 10:06:35', '2025-11-28 10:06:35'),
('212', '650', '13', NULL, NULL, '100.00', NULL, '100.00', '1', '2025-11-28 10:27:59', '2025-11-28 10:27:59'),
('213', '650', '14', NULL, NULL, '100.00', NULL, '100.00', '1', '2025-11-28 10:27:59', '2025-11-28 10:27:59'),
('214', '650', '15', NULL, NULL, '100.00', NULL, '100.00', '1', '2025-11-28 10:27:59', '2025-11-28 10:27:59'),
('215', '650', '14', '1', NULL, '100.00', NULL, '120.00', '1', '2025-11-28 10:27:59', '2025-11-28 10:27:59'),
('216', '650', '14', '2', NULL, '100.00', NULL, '120.00', '1', '2025-11-28 10:27:59', '2025-11-28 10:27:59'),
('232', '641', '13', NULL, NULL, '250.00', NULL, '250.00', '1', '2025-11-28 10:33:14', '2025-11-28 10:33:14'),
('233', '641', '14', NULL, NULL, '250.00', NULL, '250.00', '1', '2025-11-28 10:33:14', '2025-11-28 10:33:14'),
('234', '641', '15', NULL, NULL, '250.00', NULL, '250.00', '1', '2025-11-28 10:33:14', '2025-11-28 10:33:14'),
('235', '641', '14', '1', NULL, '250.00', NULL, '300.00', '1', '2025-11-28 10:33:14', '2025-11-28 10:33:14'),
('236', '641', '14', '2', NULL, '250.00', NULL, '300.00', '1', '2025-11-28 10:33:14', '2025-11-28 10:33:14'),
('237', '649', '13', NULL, NULL, '275.00', NULL, '275.00', '1', '2025-11-28 10:33:41', '2025-11-28 10:33:41'),
('238', '649', '14', NULL, NULL, '275.00', NULL, '275.00', '1', '2025-11-28 10:33:41', '2025-11-28 10:33:41'),
('239', '649', '15', NULL, NULL, '275.00', NULL, '275.00', '1', '2025-11-28 10:33:41', '2025-11-28 10:33:41'),
('240', '649', '14', '1', NULL, '275.00', NULL, '330.00', '1', '2025-11-28 10:33:41', '2025-11-28 10:33:41'),
('241', '649', '14', '2', NULL, '275.00', NULL, '330.00', '1', '2025-11-28 10:33:41', '2025-11-28 10:33:41'),
('262', '644', '13', NULL, NULL, '250.00', NULL, '250.00', '1', '2025-11-28 10:34:39', '2025-11-28 10:34:39'),
('263', '644', '14', NULL, NULL, '250.00', NULL, '250.00', '1', '2025-11-28 10:34:39', '2025-11-28 10:34:39'),
('264', '644', '15', NULL, NULL, '250.00', NULL, '250.00', '1', '2025-11-28 10:34:39', '2025-11-28 10:34:39'),
('265', '644', '14', '1', NULL, '250.00', NULL, '300.00', '1', '2025-11-28 10:34:39', '2025-11-28 10:34:39'),
('266', '644', '14', '2', NULL, '250.00', NULL, '300.00', '1', '2025-11-28 10:34:39', '2025-11-28 10:34:39'),
('267', '647', '13', NULL, NULL, '250.00', NULL, '250.00', '1', '2025-11-28 10:39:44', '2025-11-28 10:39:44'),
('268', '647', '14', NULL, NULL, '250.00', NULL, '250.00', '1', '2025-11-28 10:39:44', '2025-11-28 10:39:44'),
('269', '647', '15', NULL, NULL, '250.00', NULL, '250.00', '1', '2025-11-28 10:39:44', '2025-11-28 10:39:44'),
('270', '647', '14', '1', NULL, '250.00', NULL, '300.00', '1', '2025-11-28 10:39:44', '2025-11-28 10:39:44'),
('271', '647', '14', '2', NULL, '250.00', NULL, '300.00', '1', '2025-11-28 10:39:44', '2025-11-28 10:39:44'),
('272', '648', '13', NULL, NULL, '275.00', NULL, '275.00', '1', '2025-11-28 10:42:54', '2025-11-28 10:42:54'),
('273', '648', '14', NULL, NULL, '275.00', NULL, '275.00', '1', '2025-11-28 10:42:54', '2025-11-28 10:42:54'),
('274', '648', '15', NULL, NULL, '275.00', NULL, '275.00', '1', '2025-11-28 10:42:54', '2025-11-28 10:42:54'),
('275', '648', '14', '1', NULL, '275.00', NULL, '330.00', '1', '2025-11-28 10:42:54', '2025-11-28 10:42:54'),
('276', '648', '14', '2', NULL, '275.00', NULL, '330.00', '1', '2025-11-28 10:42:54', '2025-11-28 10:42:54'),
('277', '643', '13', NULL, NULL, '250.00', NULL, '250.00', '1', '2025-11-28 10:43:22', '2025-11-28 10:43:22'),
('278', '643', '14', NULL, NULL, '250.00', NULL, '250.00', '1', '2025-11-28 10:43:22', '2025-11-28 10:43:22'),
('279', '643', '15', NULL, NULL, '250.00', NULL, '250.00', '1', '2025-11-28 10:43:22', '2025-11-28 10:43:22'),
('280', '643', '14', '1', NULL, '250.00', NULL, '300.00', '1', '2025-11-28 10:43:22', '2025-11-28 10:43:22'),
('281', '643', '14', '2', NULL, '250.00', NULL, '300.00', '1', '2025-11-28 10:43:22', '2025-11-28 10:43:22'),
('282', '508', '13', NULL, NULL, '90.00', NULL, '90.00', '1', '2025-11-28 11:25:45', '2025-11-28 11:25:45'),
('283', '508', '14', NULL, NULL, '90.00', NULL, '90.00', '1', '2025-11-28 11:25:45', '2025-11-28 11:25:45'),
('284', '508', '15', NULL, NULL, '90.00', NULL, '90.00', '1', '2025-11-28 11:25:45', '2025-11-28 11:25:45'),
('285', '508', '14', '1', NULL, '90.00', NULL, '108.00', '1', '2025-11-28 11:25:45', '2025-11-28 11:25:45'),
('286', '508', '14', '2', NULL, '90.00', NULL, '108.00', '1', '2025-11-28 11:25:45', '2025-11-28 11:25:45'),
('287', '651', '13', NULL, NULL, '120.00', NULL, '120.00', '1', '2025-11-28 11:26:19', '2025-11-28 11:26:19'),
('288', '651', '14', NULL, NULL, '120.00', NULL, '120.00', '1', '2025-11-28 11:26:19', '2025-11-28 11:26:19'),
('289', '651', '15', NULL, NULL, '120.00', NULL, '120.00', '1', '2025-11-28 11:26:19', '2025-11-28 11:26:19'),
('290', '651', '14', '1', NULL, '120.00', NULL, '144.00', '1', '2025-11-28 11:26:19', '2025-11-28 11:26:19'),
('291', '651', '14', '2', NULL, '120.00', NULL, '144.00', '1', '2025-11-28 11:26:19', '2025-11-28 11:26:19');


-- Table structure for table `menu_item_tax`
CREATE TABLE `menu_item_tax` (
  `id` bigint(20) unsigned NOT NULL AUTO_INCREMENT,
  `menu_item_id` bigint(20) unsigned NOT NULL,
  `tax_id` bigint(20) unsigned NOT NULL,
  PRIMARY KEY (`id`),
  KEY `menu_item_tax_menu_item_id_foreign` (`menu_item_id`),
  KEY `menu_item_tax_tax_id_foreign` (`tax_id`),
  CONSTRAINT `menu_item_tax_menu_item_id_foreign` FOREIGN KEY (`menu_item_id`) REFERENCES `menu_items` (`id`) ON DELETE CASCADE ON UPDATE CASCADE,
  CONSTRAINT `menu_item_tax_tax_id_foreign` FOREIGN KEY (`tax_id`) REFERENCES `taxes` (`id`) ON DELETE CASCADE
) ENGINE=InnoDB DEFAULT CHARSET=utf8mb4 COLLATE=utf8mb4_unicode_ci;


-- Table structure for table `menu_item_translations`
CREATE TABLE `menu_item_translations` (
  `id` bigint(20) unsigned NOT NULL AUTO_INCREMENT,
  `menu_item_id` bigint(20) unsigned NOT NULL,
  `locale` varchar(191) NOT NULL,
  `item_name` varchar(191) NOT NULL,
  `description` text DEFAULT NULL,
  PRIMARY KEY (`id`),
  UNIQUE KEY `menu_item_translations_menu_item_id_locale_unique` (`menu_item_id`,`locale`),
  KEY `menu_item_translations_locale_index` (`locale`),
  CONSTRAINT `menu_item_translations_menu_item_id_foreign` FOREIGN KEY (`menu_item_id`) REFERENCES `menu_items` (`id`) ON DELETE CASCADE
) ENGINE=InnoDB AUTO_INCREMENT=22 DEFAULT CHARSET=utf8mb4 COLLATE=utf8mb4_unicode_ci;

-- Dumping data for table `menu_item_translations`
INSERT INTO `menu_item_translations` VALUES
('1', '501', 'en', 'Margherita Pizza', NULL),
('3', '503', 'en', 'Butter Chicken', 'Rich creamy chicken curry with butter and spices.'),
('4', '504', 'en', 'Paneer Butter Masala', 'Paneer cubes cooked in buttery tomato gravy.'),
('5', '505', 'en', 'Dal Makhani', 'Black lentils simmered overnight with cream.'),
('6', '506', 'en', 'Rogan Josh', 'Spicy lamb curry from Kashmir.'),
('7', '507', 'en', 'Pani Puri', 'Crispy puris filled with tangy spiced water.'),
('8', '508', 'en', 'Aloo Tikki Chaat', 'Crispy potato patties topped with chutneys.'),
('9', '509', 'en', 'Fresh Croissant', 'Test description for Fresh Croissant'),
('10', '510', 'en', 'Butternut Squash Soup', 'Creamy roasted butternut squash, herb oil, served with multigrain toast'),
('11', '652', 'en', 'Idli', 'Idli'),
('12', '653', 'en', 'paratha', 'paratha'),
('13', '651', 'en', 'Ice bucket', 'Ice bucket'),
('14', '642', 'en', 'Virgin Sangria', 'Non-alcoholic sangria'),
('15', '650', 'en', 'Aerated Beverages', 'Coke, Fanta, Sprite or Diet soda'),
('16', '649', 'en', 'Pineapple Mint Cooler', 'Pineapple and mint cooler'),
('17', '641', 'en', 'Virgin Mojito', 'Non-alcoholic mojito'),
('18', '648', 'en', 'Virgin Pina Colada', 'Pina colada mocktail'),
('19', '644', 'en', 'Fizzy Orange', 'Carbonated orange drink'),
('20', '647', 'en', 'Spicy Grande', 'Spicy mocktail'),
('21', '643', 'en', 'Lemonade', 'Fresh lemonade');


-- Table structure for table `menu_item_variations`
CREATE TABLE `menu_item_variations` (
  `id` bigint(20) unsigned NOT NULL AUTO_INCREMENT,
  `variation` varchar(191) NOT NULL,
  `price` decimal(16,2) NOT NULL,
  `menu_item_id` bigint(20) unsigned NOT NULL,
  `created_at` timestamp NULL DEFAULT NULL,
  `updated_at` timestamp NULL DEFAULT NULL,
  PRIMARY KEY (`id`),
  KEY `menu_item_variations_menu_item_id_foreign` (`menu_item_id`),
  CONSTRAINT `menu_item_variations_menu_item_id_foreign` FOREIGN KEY (`menu_item_id`) REFERENCES `menu_items` (`id`) ON DELETE CASCADE ON UPDATE CASCADE
) ENGINE=InnoDB AUTO_INCREMENT=16 DEFAULT CHARSET=utf8mb4 COLLATE=utf8mb4_unicode_ci;

-- Dumping data for table `menu_item_variations`
INSERT INTO `menu_item_variations` VALUES
('1', 'Small', '130.00', '503', '2025-10-08 08:47:24', '2025-11-28 10:06:35'),
('2', 'Half', '250.00', '503', '2025-10-08 08:47:24', '2025-11-28 10:06:35'),
('3', 'Full', '400.00', '503', '2025-10-08 08:47:24', '2025-11-28 10:06:35'),
('4', 'Small', '120.00', '504', '2025-10-08 08:48:17', '2025-10-08 08:48:17'),
('5', 'Half', '210.00', '504', '2025-10-08 08:48:17', '2025-10-08 08:48:17'),
('6', 'Full', '400.00', '504', '2025-10-08 08:48:17', '2025-10-08 08:48:17'),
('7', 'Half', '110.00', '505', '2025-10-08 08:49:15', '2025-10-08 08:49:15'),
('8', 'Full', '200.00', '505', '2025-10-08 08:49:15', '2025-10-08 08:49:15'),
('9', 'Half', '300.00', '506', '2025-10-08 08:50:17', '2025-10-08 08:50:17'),
('10', 'Full', '500.00', '506', '2025-10-08 08:50:17', '2025-10-08 08:50:17'),
('11', 'Small', '10.00', '509', '2025-10-24 14:49:12', '2025-10-24 14:49:12'),
('12', 'Medium', '15.00', '509', '2025-10-24 14:49:12', '2025-10-24 14:49:12'),
('13', 'Full', '20.00', '509', '2025-10-24 14:49:12', '2025-10-24 14:49:12'),
('14', 'Small', '120.00', '510', '2025-10-25 12:59:58', '2025-11-17 13:07:53'),
('15', 'Full', '200.00', '510', '2025-10-25 12:59:58', '2025-11-17 13:07:53');


-- Table structure for table `menu_items`
CREATE TABLE `menu_items` (
  `id` bigint(20) unsigned NOT NULL AUTO_INCREMENT,
  `branch_id` bigint(20) unsigned DEFAULT NULL,
  `kot_place_id` bigint(20) unsigned DEFAULT NULL,
  `item_name` varchar(191) NOT NULL,
  `image` varchar(191) DEFAULT NULL,
  `description` text DEFAULT NULL,
  `type` enum('veg','non-veg','egg','drink','other','halal') DEFAULT NULL,
  `price` decimal(16,2) DEFAULT NULL,
  `menu_id` bigint(20) unsigned NOT NULL,
  `item_category_id` bigint(20) unsigned NOT NULL,
  `created_at` timestamp NULL DEFAULT NULL,
  `updated_at` timestamp NULL DEFAULT NULL,
  `preparation_time` int(11) DEFAULT NULL,
  `is_available` tinyint(1) NOT NULL DEFAULT 1,
  `show_on_customer_site` tinyint(1) NOT NULL DEFAULT 1,
  `in_stock` tinyint(1) NOT NULL DEFAULT 1,
  `sort_order` int(10) unsigned NOT NULL DEFAULT 0,
  `tax_inclusive` tinyint(1) NOT NULL DEFAULT 0,
  PRIMARY KEY (`id`),
  KEY `menu_items_menu_id_foreign` (`menu_id`),
  KEY `menu_items_item_category_id_foreign` (`item_category_id`),
  KEY `idx_branch_available` (`branch_id`,`is_available`),
  CONSTRAINT `menu_items_branch_id_foreign` FOREIGN KEY (`branch_id`) REFERENCES `branches` (`id`) ON DELETE CASCADE ON UPDATE CASCADE,
  CONSTRAINT `menu_items_item_category_id_foreign` FOREIGN KEY (`item_category_id`) REFERENCES `item_categories` (`id`) ON DELETE CASCADE ON UPDATE CASCADE,
  CONSTRAINT `menu_items_menu_id_foreign` FOREIGN KEY (`menu_id`) REFERENCES `menus` (`id`) ON DELETE CASCADE ON UPDATE CASCADE
) ENGINE=InnoDB AUTO_INCREMENT=654 DEFAULT CHARSET=utf8mb4 COLLATE=utf8mb4_unicode_ci;

-- Dumping data for table `menu_items`
INSERT INTO `menu_items` VALUES
('1', '1', '1', 'Paneer Butter Masala', NULL, 'Paneer Butter Masala from our Indian Veg Curries selection.', 'veg', '269.52', '1', '1', '2025-09-17 06:04:58', '2025-09-17 06:04:58', NULL, '1', '1', '1', '0', '0'),
('2', '1', '1', 'Kadai Paneer', NULL, 'Kadai Paneer from our Indian Veg Curries selection.', 'veg', '183.50', '1', '1', '2025-09-17 06:04:58', '2025-09-17 06:04:58', NULL, '1', '1', '1', '0', '0'),
('3', '1', '1', 'Shahi Paneer', NULL, 'Shahi Paneer from our Indian Veg Curries selection.', 'veg', '218.50', '1', '1', '2025-09-17 06:04:58', '2025-09-17 06:04:58', NULL, '1', '1', '1', '0', '0'),
('4', '1', '1', 'Palak Paneer', NULL, 'Palak Paneer from our Indian Veg Curries selection.', 'veg', '211.25', '1', '1', '2025-09-17 06:04:58', '2025-09-17 06:04:58', NULL, '1', '1', '1', '0', '0'),
('5', '1', '1', 'Matar Paneer', NULL, 'Matar Paneer from our Indian Veg Curries selection.', 'veg', '283.11', '1', '1', '2025-09-17 06:04:58', '2025-09-17 06:04:58', NULL, '1', '1', '1', '0', '0'),
('6', '1', '1', 'Paneer Tikka Masala', NULL, 'Paneer Tikka Masala from our Indian Veg Curries selection.', 'veg', '274.74', '1', '1', '2025-09-17 06:04:58', '2025-09-17 06:04:58', NULL, '1', '1', '1', '0', '0'),
('7', '1', '1', 'Dal Makhani', NULL, 'Dal Makhani from our Indian Veg Curries selection.', 'veg', '304.91', '1', '1', '2025-09-17 06:04:58', '2025-09-17 06:04:58', NULL, '1', '1', '1', '0', '0'),
('8', '1', '1', 'Dal Tadka', NULL, 'Dal Tadka from our Indian Veg Curries selection.', 'veg', '192.17', '1', '1', '2025-09-17 06:04:58', '2025-09-17 06:04:58', NULL, '1', '1', '1', '0', '0'),
('9', '1', '1', 'Chana Masala', NULL, 'Chana Masala from our Indian Veg Curries selection.', 'veg', '239.07', '1', '1', '2025-09-17 06:04:58', '2025-09-17 06:04:58', NULL, '1', '1', '1', '0', '0'),
('10', '1', '1', 'Aloo Gobi', NULL, 'Aloo Gobi from our Indian Veg Curries selection.', 'veg', '184.17', '1', '1', '2025-09-17 06:04:58', '2025-09-17 06:04:58', NULL, '1', '1', '1', '0', '0'),
('11', '1', '1', 'Baingan Bharta', NULL, 'Baingan Bharta from our Indian Veg Curries selection.', 'veg', '210.61', '1', '1', '2025-09-17 06:04:58', '2025-09-17 06:04:58', NULL, '1', '1', '1', '0', '0'),
('12', '1', '1', 'Bhindi Masala', NULL, 'Bhindi Masala from our Indian Veg Curries selection.', 'veg', '250.75', '1', '1', '2025-09-17 06:04:58', '2025-09-17 06:04:58', NULL, '1', '1', '1', '0', '0'),
('13', '1', '1', 'Mix Veg Curry', NULL, 'Mix Veg Curry from our Indian Veg Curries selection.', 'veg', '183.72', '1', '1', '2025-09-17 06:04:58', '2025-09-17 06:04:58', NULL, '1', '1', '1', '0', '0'),
('14', '1', '1', 'Malai Kofta', NULL, 'Malai Kofta from our Indian Veg Curries selection.', 'veg', '207.84', '1', '1', '2025-09-17 06:04:58', '2025-09-17 06:04:58', NULL, '1', '1', '1', '0', '0'),
('15', '1', '1', 'Veg Kolhapuri', NULL, 'Veg Kolhapuri from our Indian Veg Curries selection.', 'veg', '270.98', '1', '1', '2025-09-17 06:04:58', '2025-09-17 06:04:58', NULL, '1', '1', '1', '0', '0'),
('16', '1', '1', 'Navratan Korma', NULL, 'Navratan Korma from our Indian Veg Curries selection.', 'veg', '256.29', '1', '1', '2025-09-17 06:04:58', '2025-09-17 06:04:58', NULL, '1', '1', '1', '0', '0'),
('17', '1', '1', 'Methi Malai Matar', NULL, 'Methi Malai Matar from our Indian Veg Curries selection.', 'veg', '210.86', '1', '1', '2025-09-17 06:04:58', '2025-09-17 06:04:58', NULL, '1', '1', '1', '0', '0'),
('18', '1', '1', 'Kadhi Pakora', NULL, 'Kadhi Pakora from our Indian Veg Curries selection.', 'veg', '262.50', '1', '1', '2025-09-17 06:04:58', '2025-09-17 06:04:58', NULL, '1', '1', '1', '0', '0'),
('19', '1', '1', 'Paneer Lababdar', NULL, 'Paneer Lababdar from our Indian Veg Curries selection.', 'veg', '293.32', '1', '1', '2025-09-17 06:04:58', '2025-09-17 06:04:58', NULL, '1', '1', '1', '0', '0'),
('20', '1', '1', 'Veg Jaipuri', NULL, 'Veg Jaipuri from our Indian Veg Curries selection.', 'veg', '180.91', '1', '1', '2025-09-17 06:04:58', '2025-09-17 06:04:58', NULL, '1', '1', '1', '0', '0'),
('21', '1', '1', 'Butter Chicken', NULL, 'Butter Chicken from our Indian Non-Veg Curries selection.', 'non-veg', '381.16', '1', '2', '2025-09-17 06:04:58', '2025-09-17 06:04:58', NULL, '1', '1', '1', '0', '0'),
('22', '1', '1', 'Chicken Tikka Masala', NULL, 'Chicken Tikka Masala from our Indian Non-Veg Curries selection.', 'non-veg', '359.63', '1', '2', '2025-09-17 06:04:58', '2025-09-17 06:04:58', NULL, '1', '1', '1', '0', '0'),
('23', '1', '1', 'Chicken Korma', NULL, 'Chicken Korma from our Indian Non-Veg Curries selection.', 'non-veg', '288.05', '1', '2', '2025-09-17 06:04:58', '2025-09-17 06:04:58', NULL, '1', '1', '1', '0', '0'),
('24', '1', '1', 'Chicken Curry Home Style', NULL, 'Chicken Curry Home Style from our Indian Non-Veg Curries selection.', 'non-veg', '251.10', '1', '2', '2025-09-17 06:04:58', '2025-09-17 06:04:58', NULL, '1', '1', '1', '0', '0'),
('25', '1', '1', 'Chicken Chettinad', NULL, 'Chicken Chettinad from our Indian Non-Veg Curries selection.', 'non-veg', '411.44', '1', '2', '2025-09-17 06:04:58', '2025-09-17 06:04:58', NULL, '1', '1', '1', '0', '0'),
('26', '1', '1', 'Chicken Handi', NULL, 'Chicken Handi from our Indian Non-Veg Curries selection.', 'non-veg', '287.32', '1', '2', '2025-09-17 06:04:58', '2025-09-17 06:04:58', NULL, '1', '1', '1', '0', '0'),
('27', '1', '1', 'Chicken Bhuna', NULL, 'Chicken Bhuna from our Indian Non-Veg Curries selection.', 'non-veg', '238.55', '1', '2', '2025-09-17 06:04:58', '2025-09-17 06:04:58', NULL, '1', '1', '1', '0', '0'),
('28', '1', '1', 'Mutton Rogan Josh', NULL, 'Mutton Rogan Josh from our Indian Non-Veg Curries selection.', 'non-veg', '239.34', '1', '2', '2025-09-17 06:04:58', '2025-09-17 06:04:58', NULL, '1', '1', '1', '0', '0'),
('29', '1', '1', 'Mutton Korma', NULL, 'Mutton Korma from our Indian Non-Veg Curries selection.', 'non-veg', '389.50', '1', '2', '2025-09-17 06:04:58', '2025-09-17 06:04:58', NULL, '1', '1', '1', '0', '0'),
('30', '1', '1', 'Mutton Bhuna', NULL, 'Mutton Bhuna from our Indian Non-Veg Curries selection.', 'non-veg', '340.75', '1', '2', '2025-09-17 06:04:58', '2025-09-17 06:04:58', NULL, '1', '1', '1', '0', '0'),
('31', '1', '1', 'Fish Curry Goan', NULL, 'Fish Curry Goan from our Indian Non-Veg Curries selection.', 'non-veg', '381.43', '1', '2', '2025-09-17 06:04:58', '2025-09-17 06:04:58', NULL, '1', '1', '1', '0', '0'),
('32', '1', '1', 'Fish Curry Bengali', NULL, 'Fish Curry Bengali from our Indian Non-Veg Curries selection.', 'non-veg', '365.95', '1', '2', '2025-09-17 06:04:58', '2025-09-17 06:04:58', NULL, '1', '1', '1', '0', '0'),
('33', '1', '1', 'Prawn Masala', NULL, 'Prawn Masala from our Indian Non-Veg Curries selection.', 'non-veg', '327.25', '1', '2', '2025-09-17 06:04:58', '2025-09-17 06:04:58', NULL, '1', '1', '1', '0', '0'),
('34', '1', '1', 'Egg Curry', NULL, 'Egg Curry from our Indian Non-Veg Curries selection.', 'egg', '414.62', '1', '2', '2025-09-17 06:04:58', '2025-09-17 06:04:58', NULL, '1', '1', '1', '0', '0'),
('35', '1', '1', 'Keema Matar', NULL, 'Keema Matar from our Indian Non-Veg Curries selection.', 'non-veg', '295.71', '1', '2', '2025-09-17 06:04:58', '2025-09-17 06:04:58', NULL, '1', '1', '1', '0', '0'),
('36', '1', '1', 'Chicken Saagwala', NULL, 'Chicken Saagwala from our Indian Non-Veg Curries selection.', 'non-veg', '330.41', '1', '2', '2025-09-17 06:04:58', '2025-09-17 06:04:58', NULL, '1', '1', '1', '0', '0'),
('37', '1', '1', 'Chicken Vindaloo', NULL, 'Chicken Vindaloo from our Indian Non-Veg Curries selection.', 'non-veg', '385.88', '1', '2', '2025-09-17 06:04:58', '2025-09-17 06:04:58', NULL, '1', '1', '1', '0', '0'),
('38', '1', '1', 'Chicken Do Pyaza', NULL, 'Chicken Do Pyaza from our Indian Non-Veg Curries selection.', 'non-veg', '343.70', '1', '2', '2025-09-17 06:04:58', '2025-09-17 06:04:58', NULL, '1', '1', '1', '0', '0'),
('39', '1', '1', 'Idli Sambar', NULL, 'Idli Sambar from our South Indian selection.', 'veg', '200.64', '1', '3', '2025-09-17 06:04:58', '2025-09-17 06:04:58', NULL, '1', '1', '1', '0', '0'),
('40', '1', '1', 'Medu Vada Sambar', NULL, 'Medu Vada Sambar from our South Indian selection.', 'veg', '160.83', '1', '3', '2025-09-17 06:04:58', '2025-09-17 06:04:58', NULL, '1', '1', '1', '0', '0'),
('41', '1', '1', 'Plain Dosa', NULL, 'Plain Dosa from our South Indian selection.', 'veg', '178.64', '1', '3', '2025-09-17 06:04:58', '2025-09-17 06:04:58', NULL, '1', '1', '1', '0', '0'),
('42', '1', '1', 'Masala Dosa', NULL, 'Masala Dosa from our South Indian selection.', 'veg', '86.42', '1', '3', '2025-09-17 06:04:58', '2025-09-17 06:04:58', NULL, '1', '1', '1', '0', '0'),
('43', '1', '1', 'Onion Rava Dosa', NULL, 'Onion Rava Dosa from our South Indian selection.', 'veg', '111.91', '1', '3', '2025-09-17 06:04:58', '2025-09-17 06:04:58', NULL, '1', '1', '1', '0', '0'),
('44', '1', '1', 'Mysore Masala Dosa', NULL, 'Mysore Masala Dosa from our South Indian selection.', 'veg', '120.51', '1', '3', '2025-09-17 06:04:58', '2025-09-17 06:04:58', NULL, '1', '1', '1', '0', '0'),
('45', '1', '1', 'Ghee Roast Dosa', NULL, 'Ghee Roast Dosa from our South Indian selection.', 'veg', '91.17', '1', '3', '2025-09-17 06:04:58', '2025-09-17 06:04:58', NULL, '1', '1', '1', '0', '0'),
('46', '1', '1', 'Paper Dosa', NULL, 'Paper Dosa from our South Indian selection.', 'veg', '112.59', '1', '3', '2025-09-17 06:04:58', '2025-09-17 06:04:58', NULL, '1', '1', '1', '0', '0'),
('47', '1', '1', 'Paneer Dosa', NULL, 'Paneer Dosa from our South Indian selection.', 'veg', '94.14', '1', '3', '2025-09-17 06:04:58', '2025-09-17 06:04:58', NULL, '1', '1', '1', '0', '0'),
('48', '1', '1', 'Cheese Dosa', NULL, 'Cheese Dosa from our South Indian selection.', 'veg', '118.92', '1', '3', '2025-09-17 06:04:58', '2025-09-17 06:04:58', NULL, '1', '1', '1', '0', '0'),
('49', '1', '1', 'Uttapam Onion', NULL, 'Uttapam Onion from our South Indian selection.', 'veg', '169.00', '1', '3', '2025-09-17 06:04:58', '2025-09-17 06:04:58', NULL, '1', '1', '1', '0', '0'),
('50', '1', '1', 'Uttapam Mix Veg', NULL, 'Uttapam Mix Veg from our South Indian selection.', 'veg', '131.08', '1', '3', '2025-09-17 06:04:58', '2025-09-17 06:04:58', NULL, '1', '1', '1', '0', '0'),
('51', '1', '1', 'Pongal', NULL, 'Pongal from our South Indian selection.', 'veg', '131.83', '1', '3', '2025-09-17 06:04:58', '2025-09-17 06:04:58', NULL, '1', '1', '1', '0', '0'),
('52', '1', '1', 'Curd Rice', NULL, 'Curd Rice from our South Indian selection.', 'veg', '109.33', '1', '3', '2025-09-17 06:04:58', '2025-09-17 06:04:58', NULL, '1', '1', '1', '0', '0'),
('53', '1', '1', 'Lemon Rice', NULL, 'Lemon Rice from our South Indian selection.', 'veg', '117.38', '1', '3', '2025-09-17 06:04:58', '2025-09-17 06:04:58', NULL, '1', '1', '1', '0', '0'),
('54', '1', '1', 'Tamarind Rice', NULL, 'Tamarind Rice from our South Indian selection.', 'veg', '211.13', '1', '3', '2025-09-17 06:04:58', '2025-09-17 06:04:58', NULL, '1', '1', '1', '0', '0'),
('55', '1', '1', 'Sambar Rice', NULL, 'Sambar Rice from our South Indian selection.', 'veg', '170.72', '1', '3', '2025-09-17 06:04:58', '2025-09-17 06:04:58', NULL, '1', '1', '1', '0', '0'),
('56', '1', '1', 'Rasam Rice', NULL, 'Rasam Rice from our South Indian selection.', 'veg', '165.28', '1', '3', '2025-09-17 06:04:58', '2025-09-17 06:04:58', NULL, '1', '1', '1', '0', '0'),
('57', '1', '1', 'Veg Biryani', NULL, 'Veg Biryani from our Biryani & Rice selection.', 'veg', '164.50', '1', '4', '2025-09-17 06:04:58', '2025-09-17 06:04:58', NULL, '1', '1', '1', '0', '0'),
('58', '1', '1', 'Paneer Biryani', NULL, 'Paneer Biryani from our Biryani & Rice selection.', 'veg', '309.57', '1', '4', '2025-09-17 06:04:58', '2025-09-17 06:04:58', NULL, '1', '1', '1', '0', '0'),
('59', '1', '1', 'Mushroom Biryani', NULL, 'Mushroom Biryani from our Biryani & Rice selection.', 'veg', '162.48', '1', '4', '2025-09-17 06:04:58', '2025-09-17 06:04:58', NULL, '1', '1', '1', '0', '0'),
('60', '1', '1', 'Hyderabadi Veg Biryani', NULL, 'Hyderabadi Veg Biryani from our Biryani & Rice selection.', 'veg', '218.66', '1', '4', '2025-09-17 06:04:58', '2025-09-17 06:04:58', NULL, '1', '1', '1', '0', '0'),
('61', '1', '1', 'Jeera Rice', NULL, 'Jeera Rice from our Biryani & Rice selection.', 'veg', '377.28', '1', '4', '2025-09-17 06:04:58', '2025-09-17 06:04:58', NULL, '1', '1', '1', '0', '0'),
('62', '1', '1', 'Peas Pulao', NULL, 'Peas Pulao from our Biryani & Rice selection.', 'veg', '286.40', '1', '4', '2025-09-17 06:04:58', '2025-09-17 06:04:58', NULL, '1', '1', '1', '0', '0'),
('63', '1', '1', 'Veg Fried Rice', NULL, 'Veg Fried Rice from our Biryani & Rice selection.', 'veg', '264.81', '1', '4', '2025-09-17 06:04:58', '2025-09-17 06:04:58', NULL, '1', '1', '1', '0', '0'),
('64', '1', '1', 'Curd Rice Tempered', NULL, 'Curd Rice Tempered from our Biryani & Rice selection.', 'veg', '298.00', '1', '4', '2025-09-17 06:04:58', '2025-09-17 06:04:58', NULL, '1', '1', '1', '0', '0'),
('65', '1', '1', 'Chicken Biryani', NULL, 'Chicken Biryani from our Biryani & Rice selection.', 'non-veg', '339.14', '1', '4', '2025-09-17 06:04:58', '2025-09-17 06:04:58', NULL, '1', '1', '1', '0', '0'),
('66', '1', '1', 'Chicken Dum Biryani', NULL, 'Chicken Dum Biryani from our Biryani & Rice selection.', 'non-veg', '321.76', '1', '4', '2025-09-17 06:04:58', '2025-09-17 06:04:58', NULL, '1', '1', '1', '0', '0'),
('67', '1', '1', 'Chicken Tikka Biryani', NULL, 'Chicken Tikka Biryani from our Biryani & Rice selection.', 'non-veg', '179.55', '1', '4', '2025-09-17 06:04:58', '2025-09-17 06:04:58', NULL, '1', '1', '1', '0', '0'),
('68', '1', '1', 'Mutton Biryani', NULL, 'Mutton Biryani from our Biryani & Rice selection.', 'non-veg', '128.35', '1', '4', '2025-09-17 06:04:58', '2025-09-17 06:04:58', NULL, '1', '1', '1', '0', '0'),
('69', '1', '1', 'Egg Biryani', NULL, 'Egg Biryani from our Biryani & Rice selection.', 'egg', '202.02', '1', '4', '2025-09-17 06:04:58', '2025-09-17 06:04:58', NULL, '1', '1', '1', '0', '0'),
('70', '1', '1', 'Egg Fried Rice', NULL, 'Egg Fried Rice from our Biryani & Rice selection.', 'egg', '189.61', '1', '4', '2025-09-17 06:04:58', '2025-09-17 06:04:58', NULL, '1', '1', '1', '0', '0'),
('71', '1', '1', 'Prawn Biryani', NULL, 'Prawn Biryani from our Biryani & Rice selection.', 'non-veg', '174.86', '1', '4', '2025-09-17 06:04:58', '2025-09-17 06:04:58', NULL, '1', '1', '1', '0', '0'),
('72', '1', '1', 'Fish Biryani', NULL, 'Fish Biryani from our Biryani & Rice selection.', 'non-veg', '365.16', '1', '4', '2025-09-17 06:04:58', '2025-09-17 06:04:58', NULL, '1', '1', '1', '0', '0'),
('73', '1', '1', 'Schezwan Fried Rice', NULL, 'Schezwan Fried Rice from our Biryani & Rice selection.', 'veg', '347.86', '1', '4', '2025-09-17 06:04:58', '2025-09-17 06:04:58', NULL, '1', '1', '1', '0', '0'),
('74', '1', '1', 'Brown Rice Plain', NULL, 'Brown Rice Plain from our Biryani & Rice selection.', 'veg', '201.82', '1', '4', '2025-09-17 06:04:58', '2025-09-17 06:04:58', NULL, '1', '1', '1', '0', '0'),
('75', '1', '1', 'Tandoori Roti', NULL, 'Tandoori Roti from our Indian Breads selection.', 'veg', '85.54', '1', '5', '2025-09-17 06:04:58', '2025-09-17 06:04:58', NULL, '1', '1', '1', '0', '0'),
('76', '1', '1', 'Butter Roti', NULL, 'Butter Roti from our Indian Breads selection.', 'veg', '59.56', '1', '5', '2025-09-17 06:04:58', '2025-09-17 06:04:58', NULL, '1', '1', '1', '0', '0'),
('77', '1', '1', 'Plain Naan', NULL, 'Plain Naan from our Indian Breads selection.', 'veg', '111.45', '1', '5', '2025-09-17 06:04:58', '2025-09-17 06:04:58', NULL, '1', '1', '1', '0', '0'),
('78', '1', '1', 'Butter Naan', NULL, 'Butter Naan from our Indian Breads selection.', 'veg', '65.89', '1', '5', '2025-09-17 06:04:58', '2025-09-17 06:04:58', NULL, '1', '1', '1', '0', '0'),
('79', '1', '1', 'Garlic Naan', NULL, 'Garlic Naan from our Indian Breads selection.', 'veg', '46.49', '1', '5', '2025-09-17 06:04:58', '2025-09-17 06:04:58', NULL, '1', '1', '1', '0', '0'),
('80', '1', '1', 'Lachha Paratha', NULL, 'Lachha Paratha from our Indian Breads selection.', 'veg', '44.66', '1', '5', '2025-09-17 06:04:58', '2025-09-17 06:04:58', NULL, '1', '1', '1', '0', '0'),
('81', '1', '1', 'Aloo Paratha', NULL, 'Aloo Paratha from our Indian Breads selection.', 'veg', '76.14', '1', '5', '2025-09-17 06:04:58', '2025-09-17 06:04:58', NULL, '1', '1', '1', '0', '0'),
('82', '1', '1', 'Paneer Paratha', NULL, 'Paneer Paratha from our Indian Breads selection.', 'veg', '46.27', '1', '5', '2025-09-17 06:04:58', '2025-09-17 06:04:58', NULL, '1', '1', '1', '0', '0'),
('83', '1', '1', 'Missi Roti', NULL, 'Missi Roti from our Indian Breads selection.', 'veg', '78.46', '1', '5', '2025-09-17 06:04:58', '2025-09-17 06:04:58', NULL, '1', '1', '1', '0', '0'),
('84', '1', '1', 'Stuffed Kulcha', NULL, 'Stuffed Kulcha from our Indian Breads selection.', 'veg', '109.78', '1', '5', '2025-09-17 06:04:58', '2025-09-17 06:04:58', NULL, '1', '1', '1', '0', '0'),
('85', '1', '1', 'Amritsari Kulcha', NULL, 'Amritsari Kulcha from our Indian Breads selection.', 'veg', '59.94', '1', '5', '2025-09-17 06:04:58', '2025-09-17 06:04:58', NULL, '1', '1', '1', '0', '0'),
('86', '1', '1', 'Roomali Roti', NULL, 'Roomali Roti from our Indian Breads selection.', 'veg', '41.93', '1', '5', '2025-09-17 06:04:58', '2025-09-17 06:04:58', NULL, '1', '1', '1', '0', '0'),
('87', '1', '1', 'Pani Puri', NULL, 'Pani Puri from our Chaat & Street Food selection.', 'veg', '219.61', '1', '6', '2025-09-17 06:04:58', '2025-09-17 06:04:58', NULL, '1', '1', '1', '0', '0'),
('88', '1', '1', 'Sev Puri', NULL, 'Sev Puri from our Chaat & Street Food selection.', 'veg', '141.52', '1', '6', '2025-09-17 06:04:58', '2025-09-17 06:04:58', NULL, '1', '1', '1', '0', '0'),
('89', '1', '1', 'Dahi Puri', NULL, 'Dahi Puri from our Chaat & Street Food selection.', 'veg', '74.55', '1', '6', '2025-09-17 06:04:58', '2025-09-17 06:04:58', NULL, '1', '1', '1', '0', '0'),
('90', '1', '1', 'Bhel Puri', NULL, 'Bhel Puri from our Chaat & Street Food selection.', 'veg', '67.54', '1', '6', '2025-09-17 06:04:58', '2025-09-17 06:04:58', NULL, '1', '1', '1', '0', '0'),
('91', '1', '1', 'Ragda Pattice', NULL, 'Ragda Pattice from our Chaat & Street Food selection.', 'veg', '77.54', '1', '6', '2025-09-17 06:04:58', '2025-09-17 06:04:58', NULL, '1', '1', '1', '0', '0'),
('92', '1', '1', 'Aloo Tikki Chaat', NULL, 'Aloo Tikki Chaat from our Chaat & Street Food selection.', 'veg', '160.39', '1', '6', '2025-09-17 06:04:58', '2025-09-17 06:04:58', NULL, '1', '1', '1', '0', '0'),
('93', '1', '1', 'Papdi Chaat', NULL, 'Papdi Chaat from our Chaat & Street Food selection.', 'veg', '186.73', '1', '6', '2025-09-17 06:04:58', '2025-09-17 06:04:58', NULL, '1', '1', '1', '0', '0'),
('94', '1', '1', 'Dahi Bhalla', NULL, 'Dahi Bhalla from our Chaat & Street Food selection.', 'veg', '127.55', '1', '6', '2025-09-17 06:04:58', '2025-09-17 06:04:58', NULL, '1', '1', '1', '0', '0'),
('95', '1', '1', 'Samosa Chaat', NULL, 'Samosa Chaat from our Chaat & Street Food selection.', 'veg', '70.16', '1', '6', '2025-09-17 06:04:58', '2025-09-17 06:04:58', NULL, '1', '1', '1', '0', '0'),
('96', '1', '1', 'Chole Bhature', NULL, 'Chole Bhature from our Chaat & Street Food selection.', 'veg', '121.06', '1', '6', '2025-09-17 06:04:58', '2025-09-17 06:04:58', NULL, '1', '1', '1', '0', '0'),
('97', '1', '1', 'Pav Bhaji', NULL, 'Pav Bhaji from our Chaat & Street Food selection.', 'veg', '219.38', '1', '6', '2025-09-17 06:04:58', '2025-09-17 06:04:58', NULL, '1', '1', '1', '0', '0'),
('98', '1', '1', 'Vada Pav', NULL, 'Vada Pav from our Chaat & Street Food selection.', 'veg', '144.66', '1', '6', '2025-09-17 06:04:58', '2025-09-17 06:04:58', NULL, '1', '1', '1', '0', '0'),
('99', '1', '1', 'Kathi Roll Paneer', NULL, 'Kathi Roll Paneer from our Chaat & Street Food selection.', 'veg', '215.37', '1', '6', '2025-09-17 06:04:58', '2025-09-17 06:04:58', NULL, '1', '1', '1', '0', '0'),
('100', '1', '1', 'Kathi Roll Chicken', NULL, 'Kathi Roll Chicken from our Chaat & Street Food selection.', 'non-veg', '197.72', '1', '6', '2025-09-17 06:04:58', '2025-09-17 06:04:58', NULL, '1', '1', '1', '0', '0'),
('101', '1', '1', 'Kachori Sabzi', NULL, 'Kachori Sabzi from our Chaat & Street Food selection.', 'veg', '61.84', '1', '6', '2025-09-17 06:04:58', '2025-09-17 06:04:58', NULL, '1', '1', '1', '0', '0'),
('102', '1', '1', 'Poha Jalebi', NULL, 'Poha Jalebi from our Chaat & Street Food selection.', 'veg', '175.32', '1', '6', '2025-09-17 06:04:58', '2025-09-17 06:04:58', NULL, '1', '1', '1', '0', '0'),
('103', '1', '1', 'Kanda Poha', NULL, 'Kanda Poha from our Chaat & Street Food selection.', 'veg', '169.07', '1', '6', '2025-09-17 06:04:58', '2025-09-17 06:04:58', NULL, '1', '1', '1', '0', '0'),
('104', '1', '1', 'Raj Kachori', NULL, 'Raj Kachori from our Chaat & Street Food selection.', 'veg', '145.92', '1', '6', '2025-09-17 06:04:58', '2025-09-17 06:04:58', NULL, '1', '1', '1', '0', '0'),
('105', '1', '1', 'Paneer Tikka', NULL, 'Paneer Tikka from our Tandoor & Kebabs selection.', 'veg', '237.38', '1', '7', '2025-09-17 06:04:58', '2025-09-17 06:04:58', NULL, '1', '1', '1', '0', '0'),
('106', '1', '1', 'Paneer Malai Tikka', NULL, 'Paneer Malai Tikka from our Tandoor & Kebabs selection.', 'veg', '345.88', '1', '7', '2025-09-17 06:04:58', '2025-09-17 06:04:58', NULL, '1', '1', '1', '0', '0'),
('107', '1', '1', 'Soya Chaap Tikka', NULL, 'Soya Chaap Tikka from our Tandoor & Kebabs selection.', 'veg', '192.35', '1', '7', '2025-09-17 06:04:58', '2025-09-17 06:04:58', NULL, '1', '1', '1', '0', '0'),
('108', '1', '1', 'Tandoori Aloo', NULL, 'Tandoori Aloo from our Tandoor & Kebabs selection.', 'veg', '286.08', '1', '7', '2025-09-17 06:04:58', '2025-09-17 06:04:58', NULL, '1', '1', '1', '0', '0'),
('109', '1', '1', 'Veg Seekh Kebab', NULL, 'Veg Seekh Kebab from our Tandoor & Kebabs selection.', 'veg', '291.58', '1', '7', '2025-09-17 06:04:58', '2025-09-17 06:04:58', NULL, '1', '1', '1', '0', '0'),
('110', '1', '1', 'Achari Paneer Tikka', NULL, 'Achari Paneer Tikka from our Tandoor & Kebabs selection.', 'veg', '436.61', '1', '7', '2025-09-17 06:04:58', '2025-09-17 06:04:58', NULL, '1', '1', '1', '0', '0'),
('111', '1', '1', 'Chicken Tikka', NULL, 'Chicken Tikka from our Tandoor & Kebabs selection.', 'non-veg', '414.00', '1', '7', '2025-09-17 06:04:58', '2025-09-17 06:04:58', NULL, '1', '1', '1', '0', '0'),
('112', '1', '1', 'Chicken Malai Tikka', NULL, 'Chicken Malai Tikka from our Tandoor & Kebabs selection.', 'non-veg', '236.38', '1', '7', '2025-09-17 06:04:58', '2025-09-17 06:04:58', NULL, '1', '1', '1', '0', '0'),
('113', '1', '1', 'Chicken Seekh Kebab', NULL, 'Chicken Seekh Kebab from our Tandoor & Kebabs selection.', 'non-veg', '305.17', '1', '7', '2025-09-17 06:04:58', '2025-09-17 06:04:58', NULL, '1', '1', '1', '0', '0'),
('114', '1', '1', 'Tandoori Chicken Half', NULL, 'Tandoori Chicken Half from our Tandoor & Kebabs selection.', 'non-veg', '211.81', '1', '7', '2025-09-17 06:04:58', '2025-09-17 06:04:58', NULL, '1', '1', '1', '0', '0'),
('115', '1', '1', 'Tandoori Chicken Full', NULL, 'Tandoori Chicken Full from our Tandoor & Kebabs selection.', 'non-veg', '424.66', '1', '7', '2025-09-17 06:04:58', '2025-09-17 06:04:58', NULL, '1', '1', '1', '0', '0'),
('116', '1', '1', 'Mutton Seekh Kebab', NULL, 'Mutton Seekh Kebab from our Tandoor & Kebabs selection.', 'non-veg', '412.45', '1', '7', '2025-09-17 06:04:58', '2025-09-17 06:04:58', NULL, '1', '1', '1', '0', '0'),
('117', '1', '1', 'Fish Tikka', NULL, 'Fish Tikka from our Tandoor & Kebabs selection.', 'non-veg', '246.55', '1', '7', '2025-09-17 06:04:58', '2025-09-17 06:04:58', NULL, '1', '1', '1', '0', '0'),
('118', '1', '1', 'Amritsari Fish Fry', NULL, 'Amritsari Fish Fry from our Tandoor & Kebabs selection.', 'non-veg', '345.30', '1', '7', '2025-09-17 06:04:58', '2025-09-17 06:04:58', NULL, '1', '1', '1', '0', '0'),
('119', '1', '1', 'Prawn Tandoori', NULL, 'Prawn Tandoori from our Tandoor & Kebabs selection.', 'non-veg', '336.60', '1', '7', '2025-09-17 06:04:58', '2025-09-17 06:04:58', NULL, '1', '1', '1', '0', '0'),
('120', '1', '1', 'Afghani Chicken', NULL, 'Afghani Chicken from our Tandoor & Kebabs selection.', 'non-veg', '204.32', '1', '7', '2025-09-17 06:04:58', '2025-09-17 06:04:58', NULL, '1', '1', '1', '0', '0'),
('121', '1', '1', 'Tangdi Kebab', NULL, 'Tangdi Kebab from our Tandoor & Kebabs selection.', 'non-veg', '381.13', '1', '7', '2025-09-17 06:04:58', '2025-09-17 06:04:58', NULL, '1', '1', '1', '0', '0'),
('122', '1', '1', 'Kalmi Kebab', NULL, 'Kalmi Kebab from our Tandoor & Kebabs selection.', 'non-veg', '316.42', '1', '7', '2025-09-17 06:04:58', '2025-09-17 06:04:58', NULL, '1', '1', '1', '0', '0'),
('123', '1', '1', 'Tandoori Broccoli', NULL, 'Tandoori Broccoli from our Tandoor & Kebabs selection.', 'veg', '385.80', '1', '7', '2025-09-17 06:04:58', '2025-09-17 06:04:58', NULL, '1', '1', '1', '0', '0'),
('124', '1', '1', 'Stuffed Mushroom Tikka', NULL, 'Stuffed Mushroom Tikka from our Tandoor & Kebabs selection.', 'veg', '313.80', '1', '7', '2025-09-17 06:04:58', '2025-09-17 06:04:58', NULL, '1', '1', '1', '0', '0'),
('125', '1', '1', 'Veg Manchurian Gravy', NULL, 'Veg Manchurian Gravy from our Indo-Chinese selection.', 'veg', '140.13', '1', '8', '2025-09-17 06:04:58', '2025-09-17 06:04:58', NULL, '1', '1', '1', '0', '0'),
('126', '1', '1', 'Veg Manchurian Dry', NULL, 'Veg Manchurian Dry from our Indo-Chinese selection.', 'veg', '211.31', '1', '8', '2025-09-17 06:04:58', '2025-09-17 06:04:58', NULL, '1', '1', '1', '0', '0'),
('127', '1', '1', 'Chilli Paneer Gravy', NULL, 'Chilli Paneer Gravy from our Indo-Chinese selection.', 'veg', '144.28', '1', '8', '2025-09-17 06:04:58', '2025-09-17 06:04:58', NULL, '1', '1', '1', '0', '0'),
('128', '1', '1', 'Chilli Paneer Dry', NULL, 'Chilli Paneer Dry from our Indo-Chinese selection.', 'veg', '344.40', '1', '8', '2025-09-17 06:04:58', '2025-09-17 06:04:58', NULL, '1', '1', '1', '0', '0'),
('129', '1', '1', 'Gobi Manchurian', NULL, 'Gobi Manchurian from our Indo-Chinese selection.', 'veg', '333.32', '1', '8', '2025-09-17 06:04:58', '2025-09-17 06:04:58', NULL, '1', '1', '1', '0', '0'),
('130', '1', '1', 'Chilli Mushroom', NULL, 'Chilli Mushroom from our Indo-Chinese selection.', 'veg', '322.97', '1', '8', '2025-09-17 06:04:58', '2025-09-17 06:04:58', NULL, '1', '1', '1', '0', '0'),
('131', '1', '1', 'Hakka Noodles Veg', NULL, 'Hakka Noodles Veg from our Indo-Chinese selection.', 'veg', '207.65', '1', '8', '2025-09-17 06:04:58', '2025-09-17 06:04:58', NULL, '1', '1', '1', '0', '0'),
('132', '1', '1', 'Schezwan Noodles Veg', NULL, 'Schezwan Noodles Veg from our Indo-Chinese selection.', 'veg', '152.74', '1', '8', '2025-09-17 06:04:58', '2025-09-17 06:04:58', NULL, '1', '1', '1', '0', '0'),
('133', '1', '1', 'Triple Schezwan Rice Veg', NULL, 'Triple Schezwan Rice Veg from our Indo-Chinese selection.', 'veg', '333.16', '1', '8', '2025-09-17 06:04:58', '2025-09-17 06:04:58', NULL, '1', '1', '1', '0', '0'),
('134', '1', '1', 'American Chopsuey Veg', NULL, 'American Chopsuey Veg from our Indo-Chinese selection.', 'veg', '348.33', '1', '8', '2025-09-17 06:04:58', '2025-09-17 06:04:58', NULL, '1', '1', '1', '0', '0'),
('135', '1', '1', 'Chicken Lollipop', NULL, 'Chicken Lollipop from our Indo-Chinese selection.', 'non-veg', '158.84', '1', '8', '2025-09-17 06:04:58', '2025-09-17 06:04:58', NULL, '1', '1', '1', '0', '0'),
('136', '1', '1', 'Chilli Chicken Gravy', NULL, 'Chilli Chicken Gravy from our Indo-Chinese selection.', 'non-veg', '246.92', '1', '8', '2025-09-17 06:04:58', '2025-09-17 06:04:58', NULL, '1', '1', '1', '0', '0'),
('137', '1', '1', 'Chilli Chicken Dry', NULL, 'Chilli Chicken Dry from our Indo-Chinese selection.', 'non-veg', '155.23', '1', '8', '2025-09-17 06:04:58', '2025-09-17 06:04:58', NULL, '1', '1', '1', '0', '0'),
('138', '1', '1', 'Hakka Noodles Chicken', NULL, 'Hakka Noodles Chicken from our Indo-Chinese selection.', 'non-veg', '307.33', '1', '8', '2025-09-17 06:04:58', '2025-09-17 06:04:58', NULL, '1', '1', '1', '0', '0'),
('139', '1', '1', 'Schezwan Noodles Chicken', NULL, 'Schezwan Noodles Chicken from our Indo-Chinese selection.', 'non-veg', '308.48', '1', '8', '2025-09-17 06:04:58', '2025-09-17 06:04:58', NULL, '1', '1', '1', '0', '0'),
('140', '1', '1', 'Egg Hakka Noodles', NULL, 'Egg Hakka Noodles from our Indo-Chinese selection.', 'egg', '168.25', '1', '8', '2025-09-17 06:04:58', '2025-09-17 06:04:58', NULL, '1', '1', '1', '0', '0'),
('141', '1', '1', 'Egg Schezwan Noodles', NULL, 'Egg Schezwan Noodles from our Indo-Chinese selection.', 'egg', '244.56', '1', '8', '2025-09-17 06:04:58', '2025-09-17 06:04:58', NULL, '1', '1', '1', '0', '0'),
('142', '1', '1', 'Egg Chilli Garlic Fried Rice', NULL, 'Egg Chilli Garlic Fried Rice from our Indo-Chinese selection.', 'egg', '260.96', '1', '8', '2025-09-17 06:04:58', '2025-09-17 06:04:58', NULL, '1', '1', '1', '0', '0'),
('143', '1', '1', 'Prawn Chilli Garlic', NULL, 'Prawn Chilli Garlic from our Indo-Chinese selection.', 'non-veg', '198.31', '1', '8', '2025-09-17 06:04:58', '2025-09-17 06:04:58', NULL, '1', '1', '1', '0', '0'),
('144', '1', '1', 'Fish Chilli Basil', NULL, 'Fish Chilli Basil from our Indo-Chinese selection.', 'non-veg', '331.94', '1', '8', '2025-09-17 06:04:58', '2025-09-17 06:04:58', NULL, '1', '1', '1', '0', '0'),
('145', '1', '1', 'Penne Arrabbiata', NULL, 'Penne Arrabbiata from our Continental & Pastas selection.', 'veg', '294.25', '1', '9', '2025-09-17 06:04:58', '2025-09-17 06:04:58', NULL, '1', '1', '1', '0', '0'),
('146', '1', '1', 'Penne Alfredo', NULL, 'Penne Alfredo from our Continental & Pastas selection.', 'veg', '237.19', '1', '9', '2025-09-17 06:04:58', '2025-09-17 06:04:58', NULL, '1', '1', '1', '0', '0'),
('147', '1', '1', 'Spaghetti Aglio e Olio', NULL, 'Spaghetti Aglio e Olio from our Continental & Pastas selection.', 'veg', '325.61', '1', '9', '2025-09-17 06:04:58', '2025-09-17 06:04:58', NULL, '1', '1', '1', '0', '0'),
('148', '1', '1', 'Spaghetti Pomodoro', NULL, 'Spaghetti Pomodoro from our Continental & Pastas selection.', 'veg', '377.08', '1', '9', '2025-09-17 06:04:58', '2025-09-17 06:04:58', NULL, '1', '1', '1', '0', '0'),
('149', '1', '1', 'Fusilli Pesto', NULL, 'Fusilli Pesto from our Continental & Pastas selection.', 'veg', '234.31', '1', '9', '2025-09-17 06:04:58', '2025-09-17 06:04:58', NULL, '1', '1', '1', '0', '0'),
('150', '1', '1', 'Mac and Cheese', NULL, 'Mac and Cheese from our Continental & Pastas selection.', 'veg', '264.16', '1', '9', '2025-09-17 06:04:58', '2025-09-17 06:04:58', NULL, '1', '1', '1', '0', '0'),
('151', '1', '1', 'Veg Lasagna', NULL, 'Veg Lasagna from our Continental & Pastas selection.', 'veg', '448.69', '1', '9', '2025-09-17 06:04:58', '2025-09-17 06:04:58', NULL, '1', '1', '1', '0', '0'),
('152', '1', '1', 'Grilled Cottage Cheese Steak', NULL, 'Grilled Cottage Cheese Steak from our Continental & Pastas selection.', 'veg', '355.47', '1', '9', '2025-09-17 06:04:58', '2025-09-17 06:04:58', NULL, '1', '1', '1', '0', '0'),
('153', '1', '1', 'Sauteed Vegetables Plate', NULL, 'Sauteed Vegetables Plate from our Continental & Pastas selection.', 'veg', '298.29', '1', '9', '2025-09-17 06:04:58', '2025-09-17 06:04:58', NULL, '1', '1', '1', '0', '0'),
('154', '1', '1', 'Herb Rice with Veggies', NULL, 'Herb Rice with Veggies from our Continental & Pastas selection.', 'veg', '319.75', '1', '9', '2025-09-17 06:04:58', '2025-09-17 06:04:58', NULL, '1', '1', '1', '0', '0'),
('155', '1', '1', 'Chicken Alfredo Pasta', NULL, 'Chicken Alfredo Pasta from our Continental & Pastas selection.', 'non-veg', '212.67', '1', '9', '2025-09-17 06:04:58', '2025-09-17 06:04:58', NULL, '1', '1', '1', '0', '0'),
('156', '1', '1', 'Chicken Arrabbiata Pasta', NULL, 'Chicken Arrabbiata Pasta from our Continental & Pastas selection.', 'non-veg', '240.67', '1', '9', '2025-09-17 06:04:58', '2025-09-17 06:04:58', NULL, '1', '1', '1', '0', '0'),
('157', '1', '1', 'Grilled Chicken Breast', NULL, 'Grilled Chicken Breast from our Continental & Pastas selection.', 'non-veg', '271.28', '1', '9', '2025-09-17 06:04:58', '2025-09-17 06:04:58', NULL, '1', '1', '1', '0', '0'),
('158', '1', '1', 'Chicken Stroganoff', NULL, 'Chicken Stroganoff from our Continental & Pastas selection.', 'non-veg', '338.84', '1', '9', '2025-09-17 06:04:58', '2025-09-17 06:04:58', NULL, '1', '1', '1', '0', '0'),
('159', '1', '1', 'Fish and Chips', NULL, 'Fish and Chips from our Continental & Pastas selection.', 'non-veg', '242.13', '1', '9', '2025-09-17 06:04:58', '2025-09-17 06:04:58', NULL, '1', '1', '1', '0', '0'),
('160', '1', '1', 'Herb-Grilled Fish Fillet', NULL, 'Herb-Grilled Fish Fillet from our Continental & Pastas selection.', 'non-veg', '239.46', '1', '9', '2025-09-17 06:04:58', '2025-09-17 06:04:58', NULL, '1', '1', '1', '0', '0'),
('161', '1', '1', 'Chicken Caesar Salad', NULL, 'Chicken Caesar Salad from our Continental & Pastas selection.', 'non-veg', '199.17', '1', '9', '2025-09-17 06:04:58', '2025-09-17 06:04:58', NULL, '1', '1', '1', '0', '0'),
('162', '1', '1', 'Greek Salad', NULL, 'Greek Salad from our Continental & Pastas selection.', 'veg', '350.40', '1', '9', '2025-09-17 06:04:58', '2025-09-17 06:04:58', NULL, '1', '1', '1', '0', '0'),
('163', '1', '1', 'Mushroom Risotto', NULL, 'Mushroom Risotto from our Continental & Pastas selection.', 'veg', '241.81', '1', '9', '2025-09-17 06:04:58', '2025-09-17 06:04:58', NULL, '1', '1', '1', '0', '0'),
('164', '1', '1', 'Chicken Risotto', NULL, 'Chicken Risotto from our Continental & Pastas selection.', 'non-veg', '424.46', '1', '9', '2025-09-17 06:04:58', '2025-09-17 06:04:58', NULL, '1', '1', '1', '0', '0'),
('165', '1', '1', 'Margherita Pizza Personal', NULL, 'Margherita Pizza Personal from our Pizzas selection.', 'veg', '546.66', '1', '10', '2025-09-17 06:04:58', '2025-09-17 06:04:58', NULL, '1', '1', '1', '0', '0'),
('166', '1', '1', 'Margherita Pizza Medium', NULL, 'Margherita Pizza Medium from our Pizzas selection.', 'veg', '246.93', '1', '10', '2025-09-17 06:04:58', '2025-09-17 06:04:58', NULL, '1', '1', '1', '0', '0'),
('167', '1', '1', 'Farmhouse Pizza Personal', NULL, 'Farmhouse Pizza Personal from our Pizzas selection.', 'veg', '310.44', '1', '10', '2025-09-17 06:04:58', '2025-09-17 06:04:58', NULL, '1', '1', '1', '0', '0'),
('168', '1', '1', 'Farmhouse Pizza Medium', NULL, 'Farmhouse Pizza Medium from our Pizzas selection.', 'veg', '474.21', '1', '10', '2025-09-17 06:04:58', '2025-09-17 06:04:58', NULL, '1', '1', '1', '0', '0'),
('169', '1', '1', 'Veggie Supreme Pizza Personal', NULL, 'Veggie Supreme Pizza Personal from our Pizzas selection.', 'veg', '301.41', '1', '10', '2025-09-17 06:04:58', '2025-09-17 06:04:58', NULL, '1', '1', '1', '0', '0'),
('170', '1', '1', 'Veggie Supreme Pizza Medium', NULL, 'Veggie Supreme Pizza Medium from our Pizzas selection.', 'veg', '270.28', '1', '10', '2025-09-17 06:04:58', '2025-09-17 06:04:58', NULL, '1', '1', '1', '0', '0'),
('171', '1', '1', 'Paneer Tikka Pizza Personal', NULL, 'Paneer Tikka Pizza Personal from our Pizzas selection.', 'veg', '575.50', '1', '10', '2025-09-17 06:04:58', '2025-09-17 06:04:58', NULL, '1', '1', '1', '0', '0'),
('172', '1', '1', 'Paneer Tikka Pizza Medium', NULL, 'Paneer Tikka Pizza Medium from our Pizzas selection.', 'veg', '437.00', '1', '10', '2025-09-17 06:04:58', '2025-09-17 06:04:58', NULL, '1', '1', '1', '0', '0'),
('173', '1', '1', 'Corn & Cheese Pizza Personal', NULL, 'Corn & Cheese Pizza Personal from our Pizzas selection.', 'veg', '399.61', '1', '10', '2025-09-17 06:04:58', '2025-09-17 06:04:58', NULL, '1', '1', '1', '0', '0'),
('174', '1', '1', 'Corn & Cheese Pizza Medium', NULL, 'Corn & Cheese Pizza Medium from our Pizzas selection.', 'veg', '518.16', '1', '10', '2025-09-17 06:04:58', '2025-09-17 06:04:58', NULL, '1', '1', '1', '0', '0'),
('175', '1', '1', 'Pepperoni Pizza Personal', NULL, 'Pepperoni Pizza Personal from our Pizzas selection.', 'non-veg', '526.85', '1', '10', '2025-09-17 06:04:58', '2025-09-17 06:04:58', NULL, '1', '1', '1', '0', '0'),
('176', '1', '1', 'Pepperoni Pizza Medium', NULL, 'Pepperoni Pizza Medium from our Pizzas selection.', 'non-veg', '292.36', '1', '10', '2025-09-17 06:04:58', '2025-09-17 06:04:58', NULL, '1', '1', '1', '0', '0'),
('177', '1', '1', 'BBQ Chicken Pizza Personal', NULL, 'BBQ Chicken Pizza Personal from our Pizzas selection.', 'non-veg', '256.83', '1', '10', '2025-09-17 06:04:58', '2025-09-17 06:04:58', NULL, '1', '1', '1', '0', '0'),
('178', '1', '1', 'BBQ Chicken Pizza Medium', NULL, 'BBQ Chicken Pizza Medium from our Pizzas selection.', 'non-veg', '383.80', '1', '10', '2025-09-17 06:04:58', '2025-09-17 06:04:58', NULL, '1', '1', '1', '0', '0'),
('179', '1', '1', 'Chicken Tikka Pizza Personal', NULL, 'Chicken Tikka Pizza Personal from our Pizzas selection.', 'non-veg', '380.96', '1', '10', '2025-09-17 06:04:58', '2025-09-17 06:04:58', NULL, '1', '1', '1', '0', '0'),
('180', '1', '1', 'Chicken Tikka Pizza Medium', NULL, 'Chicken Tikka Pizza Medium from our Pizzas selection.', 'non-veg', '397.47', '1', '10', '2025-09-17 06:04:58', '2025-09-17 06:04:58', NULL, '1', '1', '1', '0', '0'),
('181', '1', '1', 'Four Cheese Pizza Medium', NULL, 'Four Cheese Pizza Medium from our Pizzas selection.', 'veg', '497.05', '1', '10', '2025-09-17 06:04:58', '2025-09-17 06:04:58', NULL, '1', '1', '1', '0', '0'),
('182', '1', '1', 'Mexican Green Wave Pizza Medium', NULL, 'Mexican Green Wave Pizza Medium from our Pizzas selection.', 'veg', '475.88', '1', '10', '2025-09-17 06:04:58', '2025-09-17 06:04:58', NULL, '1', '1', '1', '0', '0'),
('183', '1', '1', 'Peri Peri Paneer Pizza Medium', NULL, 'Peri Peri Paneer Pizza Medium from our Pizzas selection.', 'veg', '593.98', '1', '10', '2025-09-17 06:04:58', '2025-09-17 06:04:58', NULL, '1', '1', '1', '0', '0'),
('184', '1', '1', 'Tandoori Chicken Pizza Medium', NULL, 'Tandoori Chicken Pizza Medium from our Pizzas selection.', 'non-veg', '257.40', '1', '10', '2025-09-17 06:04:58', '2025-09-17 06:04:58', NULL, '1', '1', '1', '0', '0'),
('185', '1', '1', 'Garden Fresh Pizza Thin Crust', NULL, 'Garden Fresh Pizza Thin Crust from our Pizzas selection.', 'veg', '373.00', '1', '10', '2025-09-17 06:04:58', '2025-09-17 06:04:58', NULL, '1', '1', '1', '0', '0'),
('186', '1', '1', 'Smoked Chicken Pizza Thin Crust', NULL, 'Smoked Chicken Pizza Thin Crust from our Pizzas selection.', 'non-veg', '348.93', '1', '10', '2025-09-17 06:04:58', '2025-09-17 06:04:58', NULL, '1', '1', '1', '0', '0'),
('187', '1', '1', 'Classic Veg Burger', NULL, 'Classic Veg Burger from our Burgers & Sandwiches selection.', 'veg', '344.03', '1', '11', '2025-09-17 06:04:58', '2025-09-17 06:04:58', NULL, '1', '1', '1', '0', '0'),
('188', '1', '1', 'Cheese Veg Burger', NULL, 'Cheese Veg Burger from our Burgers & Sandwiches selection.', 'veg', '184.65', '1', '11', '2025-09-17 06:04:58', '2025-09-17 06:04:58', NULL, '1', '1', '1', '0', '0'),
('189', '1', '1', 'Crispy Paneer Burger', NULL, 'Crispy Paneer Burger from our Burgers & Sandwiches selection.', 'veg', '169.45', '1', '11', '2025-09-17 06:04:58', '2025-09-17 06:04:58', NULL, '1', '1', '1', '0', '0'),
('190', '1', '1', 'Aloo Tikki Burger', NULL, 'Aloo Tikki Burger from our Burgers & Sandwiches selection.', 'veg', '236.64', '1', '11', '2025-09-17 06:04:58', '2025-09-17 06:04:58', NULL, '1', '1', '1', '0', '0'),
('191', '1', '1', 'Mexican Veg Burger', NULL, 'Mexican Veg Burger from our Burgers & Sandwiches selection.', 'veg', '229.69', '1', '11', '2025-09-17 06:04:58', '2025-09-17 06:04:58', NULL, '1', '1', '1', '0', '0'),
('192', '1', '1', 'Grilled Veg Sandwich', NULL, 'Grilled Veg Sandwich from our Burgers & Sandwiches selection.', 'veg', '192.42', '1', '11', '2025-09-17 06:04:58', '2025-09-17 06:04:58', NULL, '1', '1', '1', '0', '0'),
('193', '1', '1', 'Bombay Masala Sandwich', NULL, 'Bombay Masala Sandwich from our Burgers & Sandwiches selection.', 'veg', '184.95', '1', '11', '2025-09-17 06:04:58', '2025-09-17 06:04:58', NULL, '1', '1', '1', '0', '0'),
('194', '1', '1', 'Paneer Tikka Sandwich', NULL, 'Paneer Tikka Sandwich from our Burgers & Sandwiches selection.', 'veg', '360.05', '1', '11', '2025-09-17 06:04:58', '2025-09-17 06:04:58', NULL, '1', '1', '1', '0', '0'),
('195', '1', '1', 'Club Sandwich Veg', NULL, 'Club Sandwich Veg from our Burgers & Sandwiches selection.', 'veg', '235.21', '1', '11', '2025-09-17 06:04:58', '2025-09-17 06:04:58', NULL, '1', '1', '1', '0', '0'),
('196', '1', '1', 'Chicken Burger Classic', NULL, 'Chicken Burger Classic from our Burgers & Sandwiches selection.', 'non-veg', '343.95', '1', '11', '2025-09-17 06:04:58', '2025-09-17 06:04:58', NULL, '1', '1', '1', '0', '0'),
('197', '1', '1', 'Chicken Burger Spicy', NULL, 'Chicken Burger Spicy from our Burgers & Sandwiches selection.', 'non-veg', '263.08', '1', '11', '2025-09-17 06:04:58', '2025-09-17 06:04:58', NULL, '1', '1', '1', '0', '0'),
('198', '1', '1', 'BBQ Chicken Burger', NULL, 'BBQ Chicken Burger from our Burgers & Sandwiches selection.', 'non-veg', '133.15', '1', '11', '2025-09-17 06:04:58', '2025-09-17 06:04:58', NULL, '1', '1', '1', '0', '0'),
('199', '1', '1', 'Crispy Chicken Burger', NULL, 'Crispy Chicken Burger from our Burgers & Sandwiches selection.', 'non-veg', '379.81', '1', '11', '2025-09-17 06:04:58', '2025-09-17 06:04:58', NULL, '1', '1', '1', '0', '0'),
('200', '1', '1', 'Peri Peri Chicken Burger', NULL, 'Peri Peri Chicken Burger from our Burgers & Sandwiches selection.', 'non-veg', '337.37', '1', '11', '2025-09-17 06:04:58', '2025-09-17 06:04:58', NULL, '1', '1', '1', '0', '0'),
('201', '1', '1', 'Egg Mayo Sandwich', NULL, 'Egg Mayo Sandwich from our Burgers & Sandwiches selection.', 'egg', '371.94', '1', '11', '2025-09-17 06:04:58', '2025-09-17 06:04:58', NULL, '1', '1', '1', '0', '0'),
('202', '1', '1', 'Chicken Club Sandwich', NULL, 'Chicken Club Sandwich from our Burgers & Sandwiches selection.', 'non-veg', '360.86', '1', '11', '2025-09-17 06:04:58', '2025-09-17 06:04:58', NULL, '1', '1', '1', '0', '0'),
('203', '1', '1', 'Tuna Sandwich', NULL, 'Tuna Sandwich from our Burgers & Sandwiches selection.', 'non-veg', '340.66', '1', '11', '2025-09-17 06:04:58', '2025-09-17 06:04:58', NULL, '1', '1', '1', '0', '0'),
('204', '1', '1', 'Grilled Chicken Sandwich', NULL, 'Grilled Chicken Sandwich from our Burgers & Sandwiches selection.', 'non-veg', '163.24', '1', '11', '2025-09-17 06:04:58', '2025-09-17 06:04:58', NULL, '1', '1', '1', '0', '0'),
('205', '1', '1', 'Double Patty Veg Burger', NULL, 'Double Patty Veg Burger from our Burgers & Sandwiches selection.', 'veg', '246.27', '1', '11', '2025-09-17 06:04:58', '2025-09-17 06:04:58', NULL, '1', '1', '1', '0', '0'),
('206', '1', '1', 'Paneer Kathi Roll', NULL, 'Paneer Kathi Roll from our Burgers & Sandwiches selection.', 'veg', '175.57', '1', '11', '2025-09-17 06:04:58', '2025-09-17 06:04:58', NULL, '1', '1', '1', '0', '0'),
('207', '1', '1', 'Chicken Kathi Roll', NULL, 'Chicken Kathi Roll from our Burgers & Sandwiches selection.', 'non-veg', '224.27', '1', '11', '2025-09-17 06:04:58', '2025-09-17 06:04:58', NULL, '1', '1', '1', '0', '0'),
('208', '1', '1', 'Egg Kathi Roll', NULL, 'Egg Kathi Roll from our Burgers & Sandwiches selection.', 'egg', '135.25', '1', '11', '2025-09-17 06:04:58', '2025-09-17 06:04:58', NULL, '1', '1', '1', '0', '0'),
('209', '1', '1', 'Gulab Jamun', NULL, 'Gulab Jamun from our Desserts selection.', 'veg', '148.22', '1', '12', '2025-09-17 06:04:58', '2025-09-17 06:04:58', NULL, '1', '1', '1', '0', '0'),
('210', '1', '1', 'Rasmalai', NULL, 'Rasmalai from our Desserts selection.', 'veg', '257.36', '1', '12', '2025-09-17 06:04:58', '2025-09-17 06:04:58', NULL, '1', '1', '1', '0', '0'),
('211', '1', '1', 'Rasgulla', NULL, 'Rasgulla from our Desserts selection.', 'veg', '127.74', '1', '12', '2025-09-17 06:04:58', '2025-09-17 06:04:58', NULL, '1', '1', '1', '0', '0'),
('212', '1', '1', 'Jalebi', NULL, 'Jalebi from our Desserts selection.', 'veg', '221.13', '1', '12', '2025-09-17 06:04:58', '2025-09-17 06:04:58', NULL, '1', '1', '1', '0', '0'),
('213', '1', '1', 'Gajar Halwa', NULL, 'Gajar Halwa from our Desserts selection.', 'veg', '161.90', '1', '12', '2025-09-17 06:04:58', '2025-09-17 06:04:58', NULL, '1', '1', '1', '0', '0'),
('214', '1', '1', 'Moong Dal Halwa', NULL, 'Moong Dal Halwa from our Desserts selection.', 'veg', '156.14', '1', '12', '2025-09-17 06:04:58', '2025-09-17 06:04:58', NULL, '1', '1', '1', '0', '0'),
('215', '1', '1', 'Kheer', NULL, 'Kheer from our Desserts selection.', 'veg', '252.32', '1', '12', '2025-09-17 06:04:58', '2025-09-17 06:04:58', NULL, '1', '1', '1', '0', '0'),
('216', '1', '1', 'Phirni', NULL, 'Phirni from our Desserts selection.', 'veg', '259.18', '1', '12', '2025-09-17 06:04:58', '2025-09-17 06:04:58', NULL, '1', '1', '1', '0', '0'),
('217', '1', '1', 'Kulfi Malai', NULL, 'Kulfi Malai from our Desserts selection.', 'veg', '180.04', '1', '12', '2025-09-17 06:04:58', '2025-09-17 06:04:58', NULL, '1', '1', '1', '0', '0'),
('218', '1', '1', 'Kulfi Pista', NULL, 'Kulfi Pista from our Desserts selection.', 'veg', '209.31', '1', '12', '2025-09-17 06:04:58', '2025-09-17 06:04:58', NULL, '1', '1', '1', '0', '0'),
('219', '1', '1', 'Matka Kulfi', NULL, 'Matka Kulfi from our Desserts selection.', 'veg', '107.86', '1', '12', '2025-09-17 06:04:58', '2025-09-17 06:04:58', NULL, '1', '1', '1', '0', '0'),
('220', '1', '1', 'Ice Cream Vanilla Scoop', NULL, 'Ice Cream Vanilla Scoop from our Desserts selection.', 'veg', '133.41', '1', '12', '2025-09-17 06:04:58', '2025-09-17 06:04:58', NULL, '1', '1', '1', '0', '0'),
('221', '1', '1', 'Ice Cream Chocolate Scoop', NULL, 'Ice Cream Chocolate Scoop from our Desserts selection.', 'veg', '254.37', '1', '12', '2025-09-17 06:04:58', '2025-09-17 06:04:58', NULL, '1', '1', '1', '0', '0'),
('222', '1', '1', 'Brownie with Ice Cream', NULL, 'Brownie with Ice Cream from our Desserts selection.', 'veg', '184.25', '1', '12', '2025-09-17 06:04:58', '2025-09-17 06:04:58', NULL, '1', '1', '1', '0', '0'),
('223', '1', '1', 'Sizzling Brownie', NULL, 'Sizzling Brownie from our Desserts selection.', 'veg', '177.60', '1', '12', '2025-09-17 06:04:58', '2025-09-17 06:04:58', NULL, '1', '1', '1', '0', '0'),
('224', '1', '1', 'Cheesecake Blueberry', NULL, 'Cheesecake Blueberry from our Desserts selection.', 'veg', '214.64', '1', '12', '2025-09-17 06:04:58', '2025-09-17 06:04:58', NULL, '1', '1', '1', '0', '0'),
('225', '1', '1', 'Tiramisu', NULL, 'Tiramisu from our Desserts selection.', 'veg', '90.29', '1', '12', '2025-09-17 06:04:58', '2025-09-17 06:04:58', NULL, '1', '1', '1', '0', '0'),
('226', '1', '1', 'Caramel Custard', NULL, 'Caramel Custard from our Desserts selection.', 'egg', '185.15', '1', '12', '2025-09-17 06:04:58', '2025-09-17 06:04:58', NULL, '1', '1', '1', '0', '0'),
('227', '1', '1', 'Apple Pie', NULL, 'Apple Pie from our Desserts selection.', 'veg', '170.51', '1', '12', '2025-09-17 06:04:58', '2025-09-17 06:04:58', NULL, '1', '1', '1', '0', '0'),
('228', '1', '1', 'Mysore Pak', NULL, 'Mysore Pak from our Desserts selection.', 'veg', '233.49', '1', '12', '2025-09-17 06:04:58', '2025-09-17 06:04:58', NULL, '1', '1', '1', '0', '0'),
('229', '1', '1', 'Shrikhand', NULL, 'Shrikhand from our Desserts selection.', 'veg', '108.34', '1', '12', '2025-09-17 06:04:58', '2025-09-17 06:04:58', NULL, '1', '1', '1', '0', '0'),
('230', '1', '1', 'Masala Chai', NULL, 'Masala Chai from our Beverages selection.', 'veg', '213.33', '1', '13', '2025-09-17 06:04:58', '2025-09-17 06:04:58', NULL, '1', '1', '1', '0', '0'),
('231', '1', '1', 'Ginger Tea', NULL, 'Ginger Tea from our Beverages selection.', 'veg', '63.62', '1', '13', '2025-09-17 06:04:58', '2025-09-17 06:04:58', NULL, '1', '1', '1', '0', '0'),
('232', '1', '1', 'Filter Coffee', NULL, 'Filter Coffee from our Beverages selection.', 'veg', '81.59', '1', '13', '2025-09-17 06:04:58', '2025-09-17 06:04:58', NULL, '1', '1', '1', '0', '0'),
('233', '1', '1', 'Cold Coffee Classic', NULL, 'Cold Coffee Classic from our Beverages selection.', 'veg', '151.16', '1', '13', '2025-09-17 06:04:58', '2025-09-17 06:04:58', NULL, '1', '1', '1', '0', '0'),
('234', '1', '1', 'Cold Coffee Frappe', NULL, 'Cold Coffee Frappe from our Beverages selection.', 'veg', '164.79', '1', '13', '2025-09-17 06:04:58', '2025-09-17 06:04:58', NULL, '1', '1', '1', '0', '0'),
('235', '1', '1', 'Iced Tea Lemon', NULL, 'Iced Tea Lemon from our Beverages selection.', 'veg', '89.98', '1', '13', '2025-09-17 06:04:58', '2025-09-17 06:04:58', NULL, '1', '1', '1', '0', '0'),
('236', '1', '1', 'Iced Tea Peach', NULL, 'Iced Tea Peach from our Beverages selection.', 'veg', '70.38', '1', '13', '2025-09-17 06:04:58', '2025-09-17 06:04:58', NULL, '1', '1', '1', '0', '0'),
('237', '1', '1', 'Fresh Lime Soda Sweet', NULL, 'Fresh Lime Soda Sweet from our Beverages selection.', 'veg', '201.35', '1', '13', '2025-09-17 06:04:58', '2025-09-17 06:04:58', NULL, '1', '1', '1', '0', '0'),
('238', '1', '1', 'Fresh Lime Soda Salted', NULL, 'Fresh Lime Soda Salted from our Beverages selection.', 'veg', '91.86', '1', '13', '2025-09-17 06:04:58', '2025-09-17 06:04:58', NULL, '1', '1', '1', '0', '0'),
('239', '1', '1', 'Sweet Lassi', NULL, 'Sweet Lassi from our Beverages selection.', 'veg', '151.07', '1', '13', '2025-09-17 06:04:58', '2025-09-17 06:04:58', NULL, '1', '1', '1', '0', '0'),
('240', '1', '1', 'Salted Lassi', NULL, 'Salted Lassi from our Beverages selection.', 'veg', '155.29', '1', '13', '2025-09-17 06:04:58', '2025-09-17 06:04:58', NULL, '1', '1', '1', '0', '0'),
('241', '1', '1', 'Mango Lassi', NULL, 'Mango Lassi from our Beverages selection.', 'veg', '121.27', '1', '13', '2025-09-17 06:04:58', '2025-09-17 06:04:58', NULL, '1', '1', '1', '0', '0'),
('242', '1', '1', 'Buttermilk Chaas', NULL, 'Buttermilk Chaas from our Beverages selection.', 'veg', '149.22', '1', '13', '2025-09-17 06:04:58', '2025-09-17 06:04:58', NULL, '1', '1', '1', '0', '0'),
('243', '1', '1', 'Thandai', NULL, 'Thandai from our Beverages selection.', 'veg', '138.87', '1', '13', '2025-09-17 06:04:58', '2025-09-17 06:04:58', NULL, '1', '1', '1', '0', '0'),
('244', '1', '1', 'Badam Milk', NULL, 'Badam Milk from our Beverages selection.', 'veg', '208.90', '1', '13', '2025-09-17 06:04:58', '2025-09-17 06:04:58', NULL, '1', '1', '1', '0', '0'),
('245', '1', '1', 'Watermelon Juice', NULL, 'Watermelon Juice from our Beverages selection.', 'veg', '84.72', '1', '13', '2025-09-17 06:04:58', '2025-09-17 06:04:58', NULL, '1', '1', '1', '0', '0'),
('246', '1', '1', 'Orange Juice', NULL, 'Orange Juice from our Beverages selection.', 'veg', '171.75', '1', '13', '2025-09-17 06:04:58', '2025-09-17 06:04:58', NULL, '1', '1', '1', '0', '0'),
('247', '1', '1', 'Pineapple Juice', NULL, 'Pineapple Juice from our Beverages selection.', 'veg', '90.58', '1', '13', '2025-09-17 06:04:58', '2025-09-17 06:04:58', NULL, '1', '1', '1', '0', '0'),
('248', '1', '1', 'Mint Mojito', NULL, 'Mint Mojito from our Beverages selection.', 'veg', '117.28', '1', '13', '2025-09-17 06:04:58', '2025-09-17 06:04:58', NULL, '1', '1', '1', '0', '0'),
('249', '1', '1', 'Strawberry Milkshake', NULL, 'Strawberry Milkshake from our Beverages selection.', 'veg', '164.19', '1', '13', '2025-09-17 06:04:58', '2025-09-17 06:04:58', NULL, '1', '1', '1', '0', '0'),
('250', '1', '1', 'Chocolate Milkshake', NULL, 'Chocolate Milkshake from our Beverages selection.', 'veg', '101.00', '1', '13', '2025-09-17 06:04:58', '2025-09-17 06:04:58', NULL, '1', '1', '1', '0', '0'),
('251', '3', '3', 'Paneer Butter Masala', NULL, 'Paneer Butter Masala from our Indian Veg Curries selection.', 'veg', '269.52', '2', '14', '2025-09-19 20:04:20', '2025-11-26 05:27:38', NULL, '1', '1', '1', '0', '0'),
('252', '3', '3', 'Kadai Paneer', NULL, 'Kadai Paneer from our Indian Veg Curries selection.', 'veg', '183.50', '2', '14', '2025-09-19 20:04:20', '2025-11-26 05:27:39', NULL, '1', '1', '1', '0', '0'),
('253', '3', '3', 'Shahi Paneer', NULL, 'Shahi Paneer from our Indian Veg Curries selection.', 'veg', '218.50', '2', '14', '2025-09-19 20:04:20', '2025-11-26 05:27:39', NULL, '1', '1', '1', '0', '0'),
('254', '3', '3', 'Palak Paneer', NULL, 'Palak Paneer from our Indian Veg Curries selection.', 'veg', '211.25', '2', '14', '2025-09-19 20:04:20', '2025-11-26 05:27:39', NULL, '1', '1', '1', '0', '0'),
('255', '3', '3', 'Matar Paneer', NULL, 'Matar Paneer from our Indian Veg Curries selection.', 'veg', '283.11', '2', '14', '2025-09-19 20:04:20', '2025-11-26 05:27:40', NULL, '1', '1', '1', '0', '0'),
('256', '3', '3', 'Paneer Tikka Masala', NULL, 'Paneer Tikka Masala from our Indian Veg Curries selection.', 'veg', '274.74', '2', '14', '2025-09-19 20:04:20', '2025-11-26 05:27:40', NULL, '1', '1', '1', '0', '0'),
('257', '3', '3', 'Dal Makhani', NULL, 'Dal Makhani from our Indian Veg Curries selection.', 'veg', '304.91', '2', '14', '2025-09-19 20:04:20', '2025-11-26 05:27:41', NULL, '1', '1', '1', '0', '0'),
('258', '3', '3', 'Dal Tadka', NULL, 'Dal Tadka from our Indian Veg Curries selection.', 'veg', '192.17', '2', '14', '2025-09-19 20:04:20', '2025-11-26 05:27:41', NULL, '1', '1', '1', '0', '0'),
('259', '3', '3', 'Chana Masala', NULL, 'Chana Masala from our Indian Veg Curries selection.', 'veg', '239.07', '2', '14', '2025-09-19 20:04:20', '2025-11-26 05:27:41', NULL, '1', '1', '1', '0', '0'),
('260', '3', '3', 'Aloo Gobi', NULL, 'Aloo Gobi from our Indian Veg Curries selection.', 'veg', '184.17', '2', '14', '2025-09-19 20:04:20', '2025-11-26 05:27:43', NULL, '1', '1', '1', '0', '0'),
('261', '3', '3', 'Baingan Bharta', NULL, 'Baingan Bharta from our Indian Veg Curries selection.', 'veg', '210.61', '2', '14', '2025-09-19 20:04:20', '2025-11-26 05:27:43', NULL, '1', '1', '1', '0', '0'),
('262', '3', '3', 'Bhindi Masala', NULL, 'Bhindi Masala from our Indian Veg Curries selection.', 'veg', '250.75', '2', '14', '2025-09-19 20:04:20', '2025-11-26 05:27:43', NULL, '1', '1', '1', '0', '0'),
('263', '3', '3', 'Mix Veg Curry', NULL, 'Mix Veg Curry from our Indian Veg Curries selection.', 'veg', '183.72', '2', '14', '2025-09-19 20:04:20', '2025-11-26 05:27:44', NULL, '1', '1', '1', '0', '0'),
('264', '3', '3', 'Malai Kofta', NULL, 'Malai Kofta from our Indian Veg Curries selection.', 'veg', '207.84', '2', '14', '2025-09-19 20:04:20', '2025-11-26 05:27:44', NULL, '1', '1', '1', '0', '0'),
('265', '3', '3', 'Veg Kolhapuri', NULL, 'Veg Kolhapuri from our Indian Veg Curries selection.', 'veg', '270.98', '2', '14', '2025-09-19 20:04:20', '2025-11-26 05:27:45', NULL, '1', '1', '1', '0', '0'),
('266', '3', '3', 'Navratan Korma', NULL, 'Navratan Korma from our Indian Veg Curries selection.', 'veg', '256.29', '2', '14', '2025-09-19 20:04:20', '2025-11-26 05:27:45', NULL, '1', '1', '1', '0', '0'),
('267', '3', '3', 'Methi Malai Matar', NULL, 'Methi Malai Matar from our Indian Veg Curries selection.', 'veg', '210.86', '2', '14', '2025-09-19 20:04:20', '2025-11-26 05:27:46', NULL, '1', '1', '1', '0', '0'),
('268', '3', '3', 'Kadhi Pakora', NULL, 'Kadhi Pakora from our Indian Veg Curries selection.', 'veg', '262.50', '2', '14', '2025-09-19 20:04:20', '2025-11-26 05:27:47', NULL, '1', '1', '1', '0', '0'),
('269', '3', '3', 'Paneer Lababdar', NULL, 'Paneer Lababdar from our Indian Veg Curries selection.', 'veg', '293.32', '2', '14', '2025-09-19 20:04:20', '2025-11-26 05:27:47', NULL, '1', '1', '1', '0', '0'),
('270', '3', '3', 'Veg Jaipuri', NULL, 'Veg Jaipuri from our Indian Veg Curries selection.', 'veg', '180.91', '2', '14', '2025-09-19 20:04:20', '2025-11-26 05:27:47', NULL, '1', '1', '1', '0', '0'),
('271', '3', '3', 'Butter Chicken', NULL, 'Butter Chicken from our Indian Non-Veg Curries selection.', 'non-veg', '381.16', '2', '15', '2025-09-19 20:04:20', '2025-11-26 05:27:48', NULL, '1', '1', '1', '0', '0'),
('272', '3', '3', 'Chicken Tikka Masala', NULL, 'Chicken Tikka Masala from our Indian Non-Veg Curries selection.', 'non-veg', '359.63', '2', '15', '2025-09-19 20:04:20', '2025-11-26 05:27:48', NULL, '1', '1', '1', '0', '0'),
('273', '3', '3', 'Chicken Korma', NULL, 'Chicken Korma from our Indian Non-Veg Curries selection.', 'non-veg', '288.05', '2', '15', '2025-09-19 20:04:20', '2025-11-26 05:27:49', NULL, '1', '1', '1', '0', '0'),
('274', '3', '3', 'Chicken Curry Home Style', NULL, 'Chicken Curry Home Style from our Indian Non-Veg Curries selection.', 'non-veg', '251.10', '2', '15', '2025-09-19 20:04:20', '2025-11-26 05:27:49', NULL, '1', '1', '1', '0', '0'),
('275', '3', '3', 'Chicken Chettinad', NULL, 'Chicken Chettinad from our Indian Non-Veg Curries selection.', 'non-veg', '411.44', '2', '15', '2025-09-19 20:04:20', '2025-11-26 05:27:50', NULL, '1', '1', '1', '0', '0'),
('276', '3', '3', 'Chicken Handi', NULL, 'Chicken Handi from our Indian Non-Veg Curries selection.', 'non-veg', '287.32', '2', '15', '2025-09-19 20:04:20', '2025-11-26 05:27:50', NULL, '1', '1', '1', '0', '0'),
('277', '3', '3', 'Chicken Bhuna', NULL, 'Chicken Bhuna from our Indian Non-Veg Curries selection.', 'non-veg', '238.55', '2', '15', '2025-09-19 20:04:20', '2025-11-26 05:27:51', NULL, '1', '1', '1', '0', '0'),
('278', '3', '3', 'Mutton Rogan Josh', NULL, 'Mutton Rogan Josh from our Indian Non-Veg Curries selection.', 'non-veg', '239.34', '2', '15', '2025-09-19 20:04:20', '2025-11-26 05:27:51', NULL, '1', '1', '1', '0', '0'),
('279', '3', '3', 'Mutton Korma', NULL, 'Mutton Korma from our Indian Non-Veg Curries selection.', 'non-veg', '389.50', '2', '15', '2025-09-19 20:04:20', '2025-11-26 05:27:51', NULL, '1', '1', '1', '0', '0'),
('280', '3', '3', 'Mutton Bhuna', NULL, 'Mutton Bhuna from our Indian Non-Veg Curries selection.', 'non-veg', '340.75', '2', '15', '2025-09-19 20:04:20', '2025-11-26 05:27:52', NULL, '1', '1', '1', '0', '0'),
('281', '3', '3', 'Fish Curry Goan', NULL, 'Fish Curry Goan from our Indian Non-Veg Curries selection.', 'non-veg', '381.43', '2', '15', '2025-09-19 20:04:20', '2025-11-26 05:27:52', NULL, '1', '1', '1', '0', '0'),
('282', '3', '3', 'Fish Curry Bengali', NULL, 'Fish Curry Bengali from our Indian Non-Veg Curries selection.', 'non-veg', '365.95', '2', '15', '2025-09-19 20:04:20', '2025-11-26 05:27:53', NULL, '1', '1', '1', '0', '0'),
('283', '3', '3', 'Prawn Masala', NULL, 'Prawn Masala from our Indian Non-Veg Curries selection.', 'non-veg', '327.25', '2', '15', '2025-09-19 20:04:20', '2025-11-26 05:27:54', NULL, '1', '1', '1', '0', '0'),
('284', '3', '3', 'Egg Curry', NULL, 'Egg Curry from our Indian Non-Veg Curries selection.', 'egg', '414.62', '2', '15', '2025-09-19 20:04:20', '2025-11-26 05:27:54', NULL, '1', '1', '1', '0', '0'),
('285', '3', '3', 'Keema Matar', NULL, 'Keema Matar from our Indian Non-Veg Curries selection.', 'non-veg', '295.71', '2', '15', '2025-09-19 20:04:20', '2025-11-26 05:27:55', NULL, '1', '1', '1', '0', '0'),
('286', '3', '3', 'Chicken Saagwala', NULL, 'Chicken Saagwala from our Indian Non-Veg Curries selection.', 'non-veg', '330.41', '2', '15', '2025-09-19 20:04:20', '2025-11-26 05:27:56', NULL, '1', '1', '1', '0', '0'),
('287', '3', '3', 'Chicken Vindaloo', NULL, 'Chicken Vindaloo from our Indian Non-Veg Curries selection.', 'non-veg', '385.88', '2', '15', '2025-09-19 20:04:20', '2025-11-26 05:27:56', NULL, '1', '1', '1', '0', '0'),
('288', '3', '3', 'Chicken Do Pyaza', NULL, 'Chicken Do Pyaza from our Indian Non-Veg Curries selection.', 'non-veg', '343.70', '2', '15', '2025-09-19 20:04:20', '2025-11-26 05:27:57', NULL, '1', '1', '1', '0', '0'),
('289', '3', '3', 'Idli Sambar', NULL, 'Idli Sambar from our South Indian selection.', 'veg', '200.64', '2', '16', '2025-09-19 20:04:20', '2025-11-26 05:27:57', NULL, '1', '1', '1', '0', '0'),
('290', '3', '3', 'Medu Vada Sambar', NULL, 'Medu Vada Sambar from our South Indian selection.', 'veg', '160.83', '2', '16', '2025-09-19 20:04:20', '2025-11-26 05:27:57', NULL, '1', '1', '1', '0', '0'),
('291', '3', '3', 'Plain Dosa', NULL, 'Plain Dosa from our South Indian selection.', 'veg', '178.64', '2', '16', '2025-09-19 20:04:20', '2025-11-26 05:27:58', NULL, '1', '1', '1', '0', '0'),
('292', '3', '3', 'Masala Dosa', NULL, 'Masala Dosa from our South Indian selection.', 'veg', '86.42', '2', '16', '2025-09-19 20:04:20', '2025-11-26 05:27:58', NULL, '1', '1', '1', '0', '0'),
('293', '3', '3', 'Onion Rava Dosa', NULL, 'Onion Rava Dosa from our South Indian selection.', 'veg', '111.91', '2', '16', '2025-09-19 20:04:20', '2025-11-26 05:27:58', NULL, '1', '1', '1', '0', '0'),
('294', '3', '3', 'Mysore Masala Dosa', NULL, 'Mysore Masala Dosa from our South Indian selection.', 'veg', '120.51', '2', '16', '2025-09-19 20:04:20', '2025-11-26 05:27:59', NULL, '1', '1', '1', '0', '0'),
('295', '3', '3', 'Ghee Roast Dosa', NULL, 'Ghee Roast Dosa from our South Indian selection.', 'veg', '91.17', '2', '16', '2025-09-19 20:04:20', '2025-11-26 05:28:00', NULL, '1', '1', '1', '0', '0'),
('296', '3', '3', 'Paper Dosa', NULL, 'Paper Dosa from our South Indian selection.', 'veg', '112.59', '2', '16', '2025-09-19 20:04:20', '2025-11-26 05:28:00', NULL, '1', '1', '1', '0', '0'),
('297', '3', '3', 'Paneer Dosa', NULL, 'Paneer Dosa from our South Indian selection.', 'veg', '94.14', '2', '16', '2025-09-19 20:04:20', '2025-11-26 05:28:00', NULL, '1', '1', '1', '0', '0'),
('298', '3', '3', 'Cheese Dosa', NULL, 'Cheese Dosa from our South Indian selection.', 'veg', '118.92', '2', '16', '2025-09-19 20:04:20', '2025-11-26 05:28:01', NULL, '1', '1', '1', '0', '0'),
('299', '3', '3', 'Uttapam Onion', NULL, 'Uttapam Onion from our South Indian selection.', 'veg', '169.00', '2', '16', '2025-09-19 20:04:20', '2025-11-26 05:28:01', NULL, '1', '1', '1', '0', '0'),
('300', '3', '3', 'Uttapam Mix Veg', NULL, 'Uttapam Mix Veg from our South Indian selection.', 'veg', '131.08', '2', '16', '2025-09-19 20:04:20', '2025-11-26 05:28:02', NULL, '1', '1', '1', '0', '0'),
('301', '3', '3', 'Pongal', NULL, 'Pongal from our South Indian selection.', 'veg', '131.83', '2', '16', '2025-09-19 20:04:20', '2025-11-26 05:28:03', NULL, '1', '1', '1', '0', '0'),
('302', '3', '3', 'Curd Rice', NULL, 'Curd Rice from our South Indian selection.', 'veg', '109.33', '2', '16', '2025-09-19 20:04:20', '2025-11-26 05:28:03', NULL, '1', '1', '1', '0', '0'),
('303', '3', '3', 'Lemon Rice', NULL, 'Lemon Rice from our South Indian selection.', 'veg', '117.38', '2', '16', '2025-09-19 20:04:20', '2025-11-26 05:28:03', NULL, '1', '1', '1', '0', '0'),
('304', '3', '3', 'Tamarind Rice', NULL, 'Tamarind Rice from our South Indian selection.', 'veg', '211.13', '2', '16', '2025-09-19 20:04:20', '2025-11-26 05:28:04', NULL, '1', '1', '1', '0', '0'),
('305', '3', '3', 'Sambar Rice', NULL, 'Sambar Rice from our South Indian selection.', 'veg', '170.72', '2', '16', '2025-09-19 20:04:20', '2025-11-26 05:28:04', NULL, '1', '1', '1', '0', '0'),
('306', '3', '3', 'Rasam Rice', NULL, 'Rasam Rice from our South Indian selection.', 'veg', '165.28', '2', '16', '2025-09-19 20:04:20', '2025-11-26 05:28:06', NULL, '1', '1', '1', '0', '0'),
('307', '3', '3', 'Veg Biryani', NULL, 'Veg Biryani from our Biryani & Rice selection.', 'veg', '164.50', '2', '17', '2025-09-19 20:04:20', '2025-11-26 05:28:06', NULL, '1', '1', '1', '0', '0'),
('308', '3', '3', 'Paneer Biryani', NULL, 'Paneer Biryani from our Biryani & Rice selection.', 'veg', '309.57', '2', '17', '2025-09-19 20:04:20', '2025-11-26 05:28:06', NULL, '1', '1', '1', '0', '0'),
('309', '3', '3', 'Mushroom Biryani', NULL, 'Mushroom Biryani from our Biryani & Rice selection.', 'veg', '162.48', '2', '17', '2025-09-19 20:04:20', '2025-11-26 05:28:07', NULL, '1', '1', '1', '0', '0'),
('310', '3', '3', 'Hyderabadi Veg Biryani', NULL, 'Hyderabadi Veg Biryani from our Biryani & Rice selection.', 'veg', '218.66', '2', '17', '2025-09-19 20:04:20', '2025-11-26 05:28:07', NULL, '1', '1', '1', '0', '0'),
('311', '3', '3', 'Jeera Rice', NULL, 'Jeera Rice from our Biryani & Rice selection.', 'veg', '377.28', '2', '17', '2025-09-19 20:04:20', '2025-11-26 05:28:08', NULL, '1', '1', '1', '0', '0'),
('312', '3', '3', 'Peas Pulao', NULL, 'Peas Pulao from our Biryani & Rice selection.', 'veg', '286.40', '2', '17', '2025-09-19 20:04:20', '2025-11-26 05:28:08', NULL, '1', '1', '1', '0', '0'),
('313', '3', '3', 'Veg Fried Rice', NULL, 'Veg Fried Rice from our Biryani & Rice selection.', 'veg', '264.81', '2', '17', '2025-09-19 20:04:20', '2025-11-26 05:28:08', NULL, '1', '1', '1', '0', '0'),
('314', '3', '3', 'Curd Rice Tempered', NULL, 'Curd Rice Tempered from our Biryani & Rice selection.', 'veg', '298.00', '2', '17', '2025-09-19 20:04:20', '2025-11-26 05:28:09', NULL, '1', '1', '1', '0', '0'),
('315', '3', '3', 'Chicken Biryani', NULL, 'Chicken Biryani from our Biryani & Rice selection.', 'non-veg', '339.14', '2', '17', '2025-09-19 20:04:20', '2025-11-26 05:28:10', NULL, '1', '1', '1', '0', '0'),
('316', '3', '3', 'Chicken Dum Biryani', NULL, 'Chicken Dum Biryani from our Biryani & Rice selection.', 'non-veg', '321.76', '2', '17', '2025-09-19 20:04:20', '2025-11-26 05:28:10', NULL, '1', '1', '1', '0', '0'),
('317', '3', '3', 'Chicken Tikka Biryani', NULL, 'Chicken Tikka Biryani from our Biryani & Rice selection.', 'non-veg', '179.55', '2', '17', '2025-09-19 20:04:20', '2025-11-26 05:28:11', NULL, '1', '1', '1', '0', '0'),
('318', '3', '3', 'Mutton Biryani', NULL, 'Mutton Biryani from our Biryani & Rice selection.', 'non-veg', '128.35', '2', '17', '2025-09-19 20:04:20', '2025-11-26 05:28:11', NULL, '1', '1', '1', '0', '0'),
('319', '3', '3', 'Egg Biryani', NULL, 'Egg Biryani from our Biryani & Rice selection.', 'egg', '202.02', '2', '17', '2025-09-19 20:04:20', '2025-11-26 05:28:12', NULL, '1', '1', '1', '0', '0'),
('320', '3', '3', 'Egg Fried Rice', NULL, 'Egg Fried Rice from our Biryani & Rice selection.', 'egg', '189.61', '2', '17', '2025-09-19 20:04:20', '2025-11-26 05:28:12', NULL, '1', '1', '1', '0', '0'),
('321', '3', '3', 'Prawn Biryani', NULL, 'Prawn Biryani from our Biryani & Rice selection.', 'non-veg', '174.86', '2', '17', '2025-09-19 20:04:20', '2025-11-26 05:28:12', NULL, '1', '1', '1', '0', '0'),
('322', '3', '3', 'Fish Biryani', NULL, 'Fish Biryani from our Biryani & Rice selection.', 'non-veg', '365.16', '2', '17', '2025-09-19 20:04:20', '2025-11-26 05:28:13', NULL, '1', '1', '1', '0', '0'),
('323', '3', '3', 'Schezwan Fried Rice', NULL, 'Schezwan Fried Rice from our Biryani & Rice selection.', 'veg', '347.86', '2', '17', '2025-09-19 20:04:20', '2025-11-26 05:28:13', NULL, '1', '1', '1', '0', '0'),
('324', '3', '3', 'Brown Rice Plain', NULL, 'Brown Rice Plain from our Biryani & Rice selection.', 'veg', '201.82', '2', '17', '2025-09-19 20:04:20', '2025-11-26 05:28:14', NULL, '1', '1', '1', '0', '0'),
('325', '3', '3', 'Tandoori Roti', NULL, 'Tandoori Roti from our Indian Breads selection.', 'veg', '85.54', '2', '18', '2025-09-19 20:04:20', '2025-11-26 05:28:14', NULL, '1', '1', '1', '0', '0'),
('326', '3', '3', 'Butter Roti', NULL, 'Butter Roti from our Indian Breads selection.', 'veg', '59.56', '2', '18', '2025-09-19 20:04:20', '2025-11-26 05:28:15', NULL, '1', '1', '1', '0', '0'),
('327', '3', '3', 'Plain Naan', NULL, 'Plain Naan from our Indian Breads selection.', 'veg', '111.45', '2', '18', '2025-09-19 20:04:20', '2025-11-26 05:28:15', NULL, '1', '1', '1', '0', '0'),
('328', '3', '3', 'Butter Naan', NULL, 'Butter Naan from our Indian Breads selection.', 'veg', '65.89', '2', '18', '2025-09-19 20:04:20', '2025-11-26 05:28:15', NULL, '1', '1', '1', '0', '0'),
('329', '3', '3', 'Garlic Naan', NULL, 'Garlic Naan from our Indian Breads selection.', 'veg', '46.49', '2', '18', '2025-09-19 20:04:20', '2025-11-26 05:28:16', NULL, '1', '1', '1', '0', '0'),
('330', '3', '3', 'Lachha Paratha', NULL, 'Lachha Paratha from our Indian Breads selection.', 'veg', '44.66', '2', '18', '2025-09-19 20:04:20', '2025-11-26 05:28:17', NULL, '1', '1', '1', '0', '0'),
('331', '3', '3', 'Aloo Paratha', NULL, 'Aloo Paratha from our Indian Breads selection.', 'veg', '76.14', '2', '18', '2025-09-19 20:04:20', '2025-11-26 05:28:18', NULL, '1', '1', '1', '0', '0'),
('332', '3', '3', 'Paneer Paratha', NULL, 'Paneer Paratha from our Indian Breads selection.', 'veg', '46.27', '2', '18', '2025-09-19 20:04:20', '2025-11-26 05:28:20', NULL, '1', '1', '1', '0', '0'),
('333', '3', '3', 'Missi Roti', NULL, 'Missi Roti from our Indian Breads selection.', 'veg', '78.46', '2', '18', '2025-09-19 20:04:20', '2025-11-26 05:28:21', NULL, '1', '1', '1', '0', '0'),
('334', '3', '3', 'Stuffed Kulcha', NULL, 'Stuffed Kulcha from our Indian Breads selection.', 'veg', '109.78', '2', '18', '2025-09-19 20:04:20', '2025-11-26 05:28:23', NULL, '1', '1', '1', '0', '0'),
('335', '3', '3', 'Amritsari Kulcha', NULL, 'Amritsari Kulcha from our Indian Breads selection.', 'veg', '59.94', '2', '18', '2025-09-19 20:04:20', '2025-11-26 05:28:23', NULL, '1', '1', '1', '0', '0'),
('336', '3', '3', 'Roomali Roti', NULL, 'Roomali Roti from our Indian Breads selection.', 'veg', '41.93', '2', '18', '2025-09-19 20:04:20', '2025-11-26 05:28:25', NULL, '1', '1', '1', '0', '0'),
('337', '3', '3', 'Pani Puri', NULL, 'Pani Puri from our Chaat & Street Food selection.', 'veg', '219.61', '2', '19', '2025-09-19 20:04:20', '2025-11-26 05:28:25', NULL, '1', '1', '1', '0', '0'),
('338', '3', '3', 'Sev Puri', NULL, 'Sev Puri from our Chaat & Street Food selection.', 'veg', '141.52', '2', '19', '2025-09-19 20:04:20', '2025-11-26 05:28:27', NULL, '1', '1', '1', '0', '0'),
('339', '3', '3', 'Dahi Puri', NULL, 'Dahi Puri from our Chaat & Street Food selection.', 'veg', '74.55', '2', '19', '2025-09-19 20:04:20', '2025-11-26 05:28:27', NULL, '1', '1', '1', '0', '0'),
('340', '3', '3', 'Bhel Puri', NULL, 'Bhel Puri from our Chaat & Street Food selection.', 'veg', '67.54', '2', '19', '2025-09-19 20:04:20', '2025-11-26 05:28:28', NULL, '1', '1', '1', '0', '0'),
('341', '3', '3', 'Ragda Pattice', NULL, 'Ragda Pattice from our Chaat & Street Food selection.', 'veg', '77.54', '2', '19', '2025-09-19 20:04:20', '2025-11-26 05:28:29', NULL, '1', '1', '1', '0', '0'),
('342', '3', '3', 'Aloo Tikki Chaat', NULL, 'Aloo Tikki Chaat from our Chaat & Street Food selection.', 'veg', '160.39', '2', '19', '2025-09-19 20:04:20', '2025-11-26 05:28:30', NULL, '1', '1', '1', '0', '0'),
('343', '3', '3', 'Papdi Chaat', NULL, 'Papdi Chaat from our Chaat & Street Food selection.', 'veg', '186.73', '2', '19', '2025-09-19 20:04:20', '2025-11-26 05:28:31', NULL, '1', '1', '1', '0', '0'),
('344', '3', '3', 'Dahi Bhalla', NULL, 'Dahi Bhalla from our Chaat & Street Food selection.', 'veg', '127.55', '2', '19', '2025-09-19 20:04:20', '2025-11-26 05:28:32', NULL, '1', '1', '1', '0', '0'),
('345', '3', '3', 'Samosa Chaat', NULL, 'Samosa Chaat from our Chaat & Street Food selection.', 'veg', '70.16', '2', '19', '2025-09-19 20:04:20', '2025-11-26 05:28:34', NULL, '1', '1', '1', '0', '0'),
('346', '3', '3', 'Chole Bhature', NULL, 'Chole Bhature from our Chaat & Street Food selection.', 'veg', '121.06', '2', '19', '2025-09-19 20:04:20', '2025-11-26 05:28:35', NULL, '1', '1', '1', '0', '0'),
('347', '3', '3', 'Pav Bhaji', NULL, 'Pav Bhaji from our Chaat & Street Food selection.', 'veg', '219.38', '2', '19', '2025-09-19 20:04:20', '2025-11-26 05:28:35', NULL, '1', '1', '1', '0', '0'),
('348', '3', '3', 'Vada Pav', NULL, 'Vada Pav from our Chaat & Street Food selection.', 'veg', '144.66', '2', '19', '2025-09-19 20:04:20', '2025-11-26 05:28:37', NULL, '1', '1', '1', '0', '0'),
('349', '3', '3', 'Kathi Roll Paneer', NULL, 'Kathi Roll Paneer from our Chaat & Street Food selection.', 'veg', '215.37', '2', '19', '2025-09-19 20:04:20', '2025-11-26 05:28:37', NULL, '1', '1', '1', '0', '0'),
('350', '3', '3', 'Kathi Roll Chicken', NULL, 'Kathi Roll Chicken from our Chaat & Street Food selection.', 'non-veg', '197.72', '2', '19', '2025-09-19 20:04:20', '2025-11-26 05:28:38', NULL, '1', '1', '1', '0', '0'),
('351', '3', '3', 'Kachori Sabzi', NULL, 'Kachori Sabzi from our Chaat & Street Food selection.', 'veg', '61.84', '2', '19', '2025-09-19 20:04:21', '2025-11-26 05:28:39', NULL, '1', '1', '1', '0', '0'),
('352', '3', '3', 'Poha Jalebi', NULL, 'Poha Jalebi from our Chaat & Street Food selection.', 'veg', '175.32', '2', '19', '2025-09-19 20:04:21', '2025-11-26 05:28:40', NULL, '1', '1', '1', '0', '0'),
('353', '3', '3', 'Kanda Poha', NULL, 'Kanda Poha from our Chaat & Street Food selection.', 'veg', '169.07', '2', '19', '2025-09-19 20:04:21', '2025-11-26 05:28:41', NULL, '1', '1', '1', '0', '0'),
('354', '3', '3', 'Raj Kachori', NULL, 'Raj Kachori from our Chaat & Street Food selection.', 'veg', '145.92', '2', '19', '2025-09-19 20:04:21', '2025-11-26 05:28:42', NULL, '1', '1', '1', '0', '0'),
('355', '3', '3', 'Paneer Tikka', NULL, 'Paneer Tikka from our Tandoor & Kebabs selection.', 'veg', '237.38', '2', '20', '2025-09-19 20:04:21', '2025-11-26 05:28:43', NULL, '1', '1', '1', '0', '0'),
('356', '3', '3', 'Paneer Malai Tikka', NULL, 'Paneer Malai Tikka from our Tandoor & Kebabs selection.', 'veg', '345.88', '2', '20', '2025-09-19 20:04:21', '2025-11-26 05:28:45', NULL, '1', '1', '1', '0', '0'),
('357', '3', '3', 'Soya Chaap Tikka', NULL, 'Soya Chaap Tikka from our Tandoor & Kebabs selection.', 'veg', '192.35', '2', '20', '2025-09-19 20:04:21', '2025-11-26 05:28:46', NULL, '1', '1', '1', '0', '0'),
('358', '3', '3', 'Tandoori Aloo', NULL, 'Tandoori Aloo from our Tandoor & Kebabs selection.', 'veg', '286.08', '2', '20', '2025-09-19 20:04:21', '2025-11-26 05:28:47', NULL, '1', '1', '1', '0', '0'),
('359', '3', '3', 'Veg Seekh Kebab', NULL, 'Veg Seekh Kebab from our Tandoor & Kebabs selection.', 'veg', '291.58', '2', '20', '2025-09-19 20:04:21', '2025-11-26 05:28:48', NULL, '1', '1', '1', '0', '0'),
('360', '3', '3', 'Achari Paneer Tikka', NULL, 'Achari Paneer Tikka from our Tandoor & Kebabs selection.', 'veg', '436.61', '2', '20', '2025-09-19 20:04:21', '2025-11-26 05:28:49', NULL, '1', '1', '1', '0', '0'),
('361', '3', '3', 'Chicken Tikka', NULL, 'Chicken Tikka from our Tandoor & Kebabs selection.', 'non-veg', '414.00', '2', '20', '2025-09-19 20:04:21', '2025-11-26 05:28:50', NULL, '1', '1', '1', '0', '0'),
('362', '3', '3', 'Chicken Malai Tikka', NULL, 'Chicken Malai Tikka from our Tandoor & Kebabs selection.', 'non-veg', '236.38', '2', '20', '2025-09-19 20:04:21', '2025-11-26 05:28:53', NULL, '1', '1', '1', '0', '0'),
('363', '3', '3', 'Chicken Seekh Kebab', NULL, 'Chicken Seekh Kebab from our Tandoor & Kebabs selection.', 'non-veg', '305.17', '2', '20', '2025-09-19 20:04:21', '2025-11-26 05:28:54', NULL, '1', '1', '1', '0', '0'),
('364', '3', '3', 'Tandoori Chicken Half', NULL, 'Tandoori Chicken Half from our Tandoor & Kebabs selection.', 'non-veg', '211.81', '2', '20', '2025-09-19 20:04:21', '2025-11-26 05:28:55', NULL, '1', '1', '1', '0', '0'),
('365', '3', '3', 'Tandoori Chicken Full', NULL, 'Tandoori Chicken Full from our Tandoor & Kebabs selection.', 'non-veg', '424.66', '2', '20', '2025-09-19 20:04:21', '2025-11-26 05:28:56', NULL, '1', '1', '1', '0', '0'),
('366', '3', '3', 'Mutton Seekh Kebab', NULL, 'Mutton Seekh Kebab from our Tandoor & Kebabs selection.', 'non-veg', '412.45', '2', '20', '2025-09-19 20:04:21', '2025-11-26 05:28:58', NULL, '1', '1', '1', '0', '0'),
('367', '3', '3', 'Fish Tikka', NULL, 'Fish Tikka from our Tandoor & Kebabs selection.', 'non-veg', '246.55', '2', '20', '2025-09-19 20:04:21', '2025-11-26 05:29:00', NULL, '1', '1', '1', '0', '0'),
('368', '3', '3', 'Amritsari Fish Fry', NULL, 'Amritsari Fish Fry from our Tandoor & Kebabs selection.', 'non-veg', '345.30', '2', '20', '2025-09-19 20:04:21', '2025-11-26 05:29:01', NULL, '1', '1', '1', '0', '0'),
('369', '3', '3', 'Prawn Tandoori', NULL, 'Prawn Tandoori from our Tandoor & Kebabs selection.', 'non-veg', '336.60', '2', '20', '2025-09-19 20:04:21', '2025-11-26 05:29:02', NULL, '1', '1', '1', '0', '0'),
('370', '3', '3', 'Afghani Chicken', NULL, 'Afghani Chicken from our Tandoor & Kebabs selection.', 'non-veg', '204.32', '2', '20', '2025-09-19 20:04:21', '2025-11-26 05:29:03', NULL, '1', '1', '1', '0', '0'),
('371', '3', '3', 'Tangdi Kebab', NULL, 'Tangdi Kebab from our Tandoor & Kebabs selection.', 'non-veg', '381.13', '2', '20', '2025-09-19 20:04:21', '2025-11-26 05:29:03', NULL, '1', '1', '1', '0', '0'),
('372', '3', '3', 'Kalmi Kebab', NULL, 'Kalmi Kebab from our Tandoor & Kebabs selection.', 'non-veg', '316.42', '2', '20', '2025-09-19 20:04:21', '2025-11-26 05:29:04', NULL, '1', '1', '1', '0', '0'),
('373', '3', '3', 'Tandoori Broccoli', NULL, 'Tandoori Broccoli from our Tandoor & Kebabs selection.', 'veg', '385.80', '2', '20', '2025-09-19 20:04:21', '2025-11-26 05:29:06', NULL, '1', '1', '1', '0', '0'),
('374', '3', '3', 'Stuffed Mushroom Tikka', NULL, 'Stuffed Mushroom Tikka from our Tandoor & Kebabs selection.', 'veg', '313.80', '2', '20', '2025-09-19 20:04:21', '2025-11-26 05:29:07', NULL, '1', '1', '1', '0', '0'),
('375', '3', '3', 'Veg Manchurian Gravy', NULL, 'Veg Manchurian Gravy from our Indo-Chinese selection.', 'veg', '140.13', '2', '21', '2025-09-19 20:04:21', '2025-11-26 05:29:08', NULL, '1', '1', '1', '0', '0'),
('376', '3', '3', 'Veg Manchurian Dry', NULL, 'Veg Manchurian Dry from our Indo-Chinese selection.', 'veg', '211.31', '2', '21', '2025-09-19 20:04:21', '2025-11-26 05:29:08', NULL, '1', '1', '1', '0', '0'),
('377', '3', '3', 'Chilli Paneer Gravy', NULL, 'Chilli Paneer Gravy from our Indo-Chinese selection.', 'veg', '144.28', '2', '21', '2025-09-19 20:04:21', '2025-11-26 05:29:09', NULL, '1', '1', '1', '0', '0'),
('378', '3', '3', 'Chilli Paneer Dry', NULL, 'Chilli Paneer Dry from our Indo-Chinese selection.', 'veg', '344.40', '2', '21', '2025-09-19 20:04:21', '2025-11-26 05:29:10', NULL, '1', '1', '1', '0', '0'),
('379', '3', '3', 'Gobi Manchurian', NULL, 'Gobi Manchurian from our Indo-Chinese selection.', 'veg', '333.32', '2', '21', '2025-09-19 20:04:21', '2025-11-26 05:29:10', NULL, '1', '1', '1', '0', '0'),
('380', '3', '3', 'Chilli Mushroom', NULL, 'Chilli Mushroom from our Indo-Chinese selection.', 'veg', '322.97', '2', '21', '2025-09-19 20:04:21', '2025-11-26 05:29:12', NULL, '1', '1', '1', '0', '0'),
('381', '3', '3', 'Hakka Noodles Veg', NULL, 'Hakka Noodles Veg from our Indo-Chinese selection.', 'veg', '207.65', '2', '21', '2025-09-19 20:04:21', '2025-11-26 05:29:14', NULL, '1', '1', '1', '0', '0'),
('382', '3', '3', 'Schezwan Noodles Veg', NULL, 'Schezwan Noodles Veg from our Indo-Chinese selection.', 'veg', '152.74', '2', '21', '2025-09-19 20:04:21', '2025-11-26 05:29:15', NULL, '1', '1', '1', '0', '0'),
('383', '3', '3', 'Triple Schezwan Rice Veg', NULL, 'Triple Schezwan Rice Veg from our Indo-Chinese selection.', 'veg', '333.16', '2', '21', '2025-09-19 20:04:21', '2025-11-26 05:29:17', NULL, '1', '1', '1', '0', '0'),
('384', '3', '3', 'American Chopsuey Veg', NULL, 'American Chopsuey Veg from our Indo-Chinese selection.', 'veg', '348.33', '2', '21', '2025-09-19 20:04:21', '2025-11-26 05:29:18', NULL, '1', '1', '1', '0', '0'),
('385', '3', '3', 'Chicken Lollipop', NULL, 'Chicken Lollipop from our Indo-Chinese selection.', 'non-veg', '158.84', '2', '21', '2025-09-19 20:04:21', '2025-11-26 05:29:20', NULL, '1', '1', '1', '0', '0'),
('386', '3', '3', 'Chilli Chicken Gravy', NULL, 'Chilli Chicken Gravy from our Indo-Chinese selection.', 'non-veg', '246.92', '2', '21', '2025-09-19 20:04:21', '2025-11-26 05:29:21', NULL, '1', '1', '1', '0', '0'),
('387', '3', '3', 'Chilli Chicken Dry', NULL, 'Chilli Chicken Dry from our Indo-Chinese selection.', 'non-veg', '155.23', '2', '21', '2025-09-19 20:04:21', '2025-11-26 05:29:23', NULL, '1', '1', '1', '0', '0'),
('388', '3', '3', 'Hakka Noodles Chicken', NULL, 'Hakka Noodles Chicken from our Indo-Chinese selection.', 'non-veg', '307.33', '2', '21', '2025-09-19 20:04:21', '2025-11-26 05:29:24', NULL, '1', '1', '1', '0', '0'),
('389', '3', '3', 'Schezwan Noodles Chicken', NULL, 'Schezwan Noodles Chicken from our Indo-Chinese selection.', 'non-veg', '308.48', '2', '21', '2025-09-19 20:04:21', '2025-11-26 05:29:26', NULL, '1', '1', '1', '0', '0'),
('390', '3', '3', 'Egg Hakka Noodles', NULL, 'Egg Hakka Noodles from our Indo-Chinese selection.', 'egg', '168.25', '2', '21', '2025-09-19 20:04:21', '2025-11-26 05:29:27', NULL, '1', '1', '1', '0', '0'),
('391', '3', '3', 'Egg Schezwan Noodles', NULL, 'Egg Schezwan Noodles from our Indo-Chinese selection.', 'egg', '244.56', '2', '21', '2025-09-19 20:04:21', '2025-11-26 05:29:28', NULL, '1', '1', '1', '0', '0'),
('392', '3', '3', 'Egg Chilli Garlic Fried Rice', NULL, 'Egg Chilli Garlic Fried Rice from our Indo-Chinese selection.', 'egg', '260.96', '2', '21', '2025-09-19 20:04:21', '2025-11-26 05:29:29', NULL, '1', '1', '1', '0', '0'),
('393', '3', '3', 'Prawn Chilli Garlic', NULL, 'Prawn Chilli Garlic from our Indo-Chinese selection.', 'non-veg', '198.31', '2', '21', '2025-09-19 20:04:21', '2025-11-26 05:29:30', NULL, '1', '1', '1', '0', '0'),
('394', '3', '3', 'Fish Chilli Basil', NULL, 'Fish Chilli Basil from our Indo-Chinese selection.', 'non-veg', '331.94', '2', '21', '2025-09-19 20:04:21', '2025-11-26 05:29:31', NULL, '1', '1', '1', '0', '0'),
('395', '3', '3', 'Penne Arrabbiata', NULL, 'Penne Arrabbiata from our Continental & Pastas selection.', 'veg', '294.25', '2', '22', '2025-09-19 20:04:21', '2025-11-26 05:29:33', NULL, '1', '1', '1', '0', '0'),
('396', '3', '3', 'Penne Alfredo', NULL, 'Penne Alfredo from our Continental & Pastas selection.', 'veg', '237.19', '2', '22', '2025-09-19 20:04:21', '2025-11-26 05:29:33', NULL, '1', '1', '1', '0', '0'),
('397', '3', '3', 'Spaghetti Aglio e Olio', NULL, 'Spaghetti Aglio e Olio from our Continental & Pastas selection.', 'veg', '325.61', '2', '22', '2025-09-19 20:04:21', '2025-11-26 05:29:35', NULL, '1', '1', '1', '0', '0'),
('398', '3', '3', 'Spaghetti Pomodoro', NULL, 'Spaghetti Pomodoro from our Continental & Pastas selection.', 'veg', '377.08', '2', '22', '2025-09-19 20:04:21', '2025-11-26 05:29:36', NULL, '1', '1', '1', '0', '0'),
('399', '3', '3', 'Fusilli Pesto', NULL, 'Fusilli Pesto from our Continental & Pastas selection.', 'veg', '234.31', '2', '22', '2025-09-19 20:04:21', '2025-11-26 05:29:37', NULL, '1', '1', '1', '0', '0'),
('400', '3', '3', 'Mac and Cheese', NULL, 'Mac and Cheese from our Continental & Pastas selection.', 'veg', '264.16', '2', '22', '2025-09-19 20:04:21', '2025-11-26 05:29:37', NULL, '1', '1', '1', '0', '0'),
('401', '3', '3', 'Veg Lasagna', NULL, 'Veg Lasagna from our Continental & Pastas selection.', 'veg', '448.69', '2', '22', '2025-09-19 20:04:21', '2025-11-26 05:29:39', NULL, '1', '1', '1', '0', '0'),
('402', '3', '3', 'Grilled Cottage Cheese Steak', NULL, 'Grilled Cottage Cheese Steak from our Continental & Pastas selection.', 'veg', '355.47', '2', '22', '2025-09-19 20:04:21', '2025-11-26 05:29:41', NULL, '1', '1', '1', '0', '0'),
('403', '3', '3', 'Sauteed Vegetables Plate', NULL, 'Sauteed Vegetables Plate from our Continental & Pastas selection.', 'veg', '298.29', '2', '22', '2025-09-19 20:04:21', '2025-11-26 05:29:42', NULL, '1', '1', '1', '0', '0'),
('404', '3', '3', 'Herb Rice with Veggies', NULL, 'Herb Rice with Veggies from our Continental & Pastas selection.', 'veg', '319.75', '2', '22', '2025-09-19 20:04:21', '2025-11-26 05:29:43', NULL, '1', '1', '1', '0', '0'),
('405', '3', '3', 'Chicken Alfredo Pasta', NULL, 'Chicken Alfredo Pasta from our Continental & Pastas selection.', 'non-veg', '212.67', '2', '22', '2025-09-19 20:04:21', '2025-11-26 05:29:43', NULL, '1', '1', '1', '0', '0'),
('406', '3', '3', 'Chicken Arrabbiata Pasta', NULL, 'Chicken Arrabbiata Pasta from our Continental & Pastas selection.', 'non-veg', '240.67', '2', '22', '2025-09-19 20:04:21', '2025-11-26 05:29:44', NULL, '1', '1', '1', '0', '0'),
('407', '3', '3', 'Grilled Chicken Breast', NULL, 'Grilled Chicken Breast from our Continental & Pastas selection.', 'non-veg', '271.28', '2', '22', '2025-09-19 20:04:21', '2025-11-26 05:29:45', NULL, '1', '1', '1', '0', '0'),
('408', '3', '3', 'Chicken Stroganoff', NULL, 'Chicken Stroganoff from our Continental & Pastas selection.', 'non-veg', '338.84', '2', '22', '2025-09-19 20:04:21', '2025-11-26 05:29:46', NULL, '1', '1', '1', '0', '0'),
('409', '3', '3', 'Fish and Chips', NULL, 'Fish and Chips from our Continental & Pastas selection.', 'non-veg', '242.13', '2', '22', '2025-09-19 20:04:21', '2025-11-26 05:29:47', NULL, '1', '1', '1', '0', '0'),
('410', '3', '3', 'Herb-Grilled Fish Fillet', NULL, 'Herb-Grilled Fish Fillet from our Continental & Pastas selection.', 'non-veg', '239.46', '2', '22', '2025-09-19 20:04:21', '2025-11-26 05:29:48', NULL, '1', '1', '1', '0', '0'),
('411', '3', '3', 'Chicken Caesar Salad', NULL, 'Chicken Caesar Salad from our Continental & Pastas selection.', 'non-veg', '199.17', '2', '22', '2025-09-19 20:04:21', '2025-11-26 05:29:49', NULL, '1', '1', '1', '0', '0'),
('412', '3', '3', 'Greek Salad', NULL, 'Greek Salad from our Continental & Pastas selection.', 'veg', '350.40', '2', '22', '2025-09-19 20:04:21', '2025-11-26 05:29:49', NULL, '1', '1', '1', '0', '0'),
('413', '3', '3', 'Mushroom Risotto', NULL, 'Mushroom Risotto from our Continental & Pastas selection.', 'veg', '241.81', '2', '22', '2025-09-19 20:04:21', '2025-11-26 05:29:50', NULL, '1', '1', '1', '0', '0'),
('414', '3', '3', 'Chicken Risotto', NULL, 'Chicken Risotto from our Continental & Pastas selection.', 'non-veg', '424.46', '2', '22', '2025-09-19 20:04:21', '2025-11-26 05:29:52', NULL, '1', '1', '1', '0', '0'),
('415', '3', '3', 'Margherita Pizza Personal', NULL, 'Margherita Pizza Personal from our Pizzas selection.', 'veg', '546.66', '2', '23', '2025-09-19 20:04:21', '2025-11-26 05:29:54', NULL, '1', '1', '1', '0', '0'),
('416', '3', '3', 'Margherita Pizza Medium', NULL, 'Margherita Pizza Medium from our Pizzas selection.', 'veg', '246.93', '2', '23', '2025-09-19 20:04:21', '2025-11-26 05:29:54', NULL, '1', '1', '1', '0', '0'),
('417', '3', '3', 'Farmhouse Pizza Personal', NULL, 'Farmhouse Pizza Personal from our Pizzas selection.', 'veg', '310.44', '2', '23', '2025-09-19 20:04:21', '2025-11-26 05:29:55', NULL, '1', '1', '1', '0', '0'),
('418', '3', '3', 'Farmhouse Pizza Medium', NULL, 'Farmhouse Pizza Medium from our Pizzas selection.', 'veg', '474.21', '2', '23', '2025-09-19 20:04:21', '2025-11-26 05:29:56', NULL, '1', '1', '1', '0', '0'),
('419', '3', '3', 'Veggie Supreme Pizza Personal', NULL, 'Veggie Supreme Pizza Personal from our Pizzas selection.', 'veg', '301.41', '2', '23', '2025-09-19 20:04:21', '2025-11-26 05:29:58', NULL, '1', '1', '1', '0', '0'),
('420', '3', '3', 'Veggie Supreme Pizza Medium', NULL, 'Veggie Supreme Pizza Medium from our Pizzas selection.', 'veg', '270.28', '2', '23', '2025-09-19 20:04:21', '2025-11-26 05:29:59', NULL, '1', '1', '1', '0', '0'),
('421', '3', '3', 'Paneer Tikka Pizza Personal', NULL, 'Paneer Tikka Pizza Personal from our Pizzas selection.', 'veg', '575.50', '2', '23', '2025-09-19 20:04:21', '2025-11-26 05:29:59', NULL, '1', '1', '1', '0', '0'),
('422', '3', '3', 'Paneer Tikka Pizza Medium', NULL, 'Paneer Tikka Pizza Medium from our Pizzas selection.', 'veg', '437.00', '2', '23', '2025-09-19 20:04:21', '2025-11-26 05:30:00', NULL, '1', '1', '1', '0', '0'),
('423', '3', '3', 'Corn & Cheese Pizza Personal', NULL, 'Corn & Cheese Pizza Personal from our Pizzas selection.', 'veg', '399.61', '2', '23', '2025-09-19 20:04:21', '2025-11-26 05:30:01', NULL, '1', '1', '1', '0', '0'),
('424', '3', '3', 'Corn & Cheese Pizza Medium', NULL, 'Corn & Cheese Pizza Medium from our Pizzas selection.', 'veg', '518.16', '2', '23', '2025-09-19 20:04:21', '2025-11-26 05:30:02', NULL, '1', '1', '1', '0', '0'),
('425', '3', '3', 'Pepperoni Pizza Personal', NULL, 'Pepperoni Pizza Personal from our Pizzas selection.', 'non-veg', '526.85', '2', '23', '2025-09-19 20:04:21', '2025-11-26 05:30:02', NULL, '1', '1', '1', '0', '0'),
('426', '3', '3', 'Pepperoni Pizza Medium', NULL, 'Pepperoni Pizza Medium from our Pizzas selection.', 'non-veg', '292.36', '2', '23', '2025-09-19 20:04:21', '2025-11-26 05:30:04', NULL, '1', '1', '1', '0', '0'),
('427', '3', '3', 'BBQ Chicken Pizza Personal', NULL, 'BBQ Chicken Pizza Personal from our Pizzas selection.', 'non-veg', '256.83', '2', '23', '2025-09-19 20:04:21', '2025-11-26 05:30:05', NULL, '1', '1', '1', '0', '0'),
('428', '3', '3', 'BBQ Chicken Pizza Medium', NULL, 'BBQ Chicken Pizza Medium from our Pizzas selection.', 'non-veg', '383.80', '2', '23', '2025-09-19 20:04:21', '2025-11-26 05:30:05', NULL, '1', '1', '1', '0', '0'),
('429', '3', '3', 'Chicken Tikka Pizza Personal', NULL, 'Chicken Tikka Pizza Personal from our Pizzas selection.', 'non-veg', '380.96', '2', '23', '2025-09-19 20:04:21', '2025-11-26 05:30:06', NULL, '1', '1', '1', '0', '0'),
('430', '3', '3', 'Chicken Tikka Pizza Medium', NULL, 'Chicken Tikka Pizza Medium from our Pizzas selection.', 'non-veg', '397.47', '2', '23', '2025-09-19 20:04:21', '2025-11-26 05:30:07', NULL, '1', '1', '1', '0', '0'),
('431', '3', '3', 'Four Cheese Pizza Medium', NULL, 'Four Cheese Pizza Medium from our Pizzas selection.', 'veg', '497.05', '2', '23', '2025-09-19 20:04:21', '2025-11-26 05:30:07', NULL, '1', '1', '1', '0', '0'),
('432', '3', '3', 'Mexican Green Wave Pizza Medium', NULL, 'Mexican Green Wave Pizza Medium from our Pizzas selection.', 'veg', '475.88', '2', '23', '2025-09-19 20:04:21', '2025-11-26 05:30:08', NULL, '1', '1', '1', '0', '0'),
('433', '3', '3', 'Peri Peri Paneer Pizza Medium', NULL, 'Peri Peri Paneer Pizza Medium from our Pizzas selection.', 'veg', '593.98', '2', '23', '2025-09-19 20:04:21', '2025-11-26 05:30:09', NULL, '1', '1', '1', '0', '0'),
('434', '3', '3', 'Tandoori Chicken Pizza Medium', NULL, 'Tandoori Chicken Pizza Medium from our Pizzas selection.', 'non-veg', '257.40', '2', '23', '2025-09-19 20:04:21', '2025-11-26 05:30:10', NULL, '1', '1', '1', '0', '0'),
('435', '3', '3', 'Garden Fresh Pizza Thin Crust', NULL, 'Garden Fresh Pizza Thin Crust from our Pizzas selection.', 'veg', '373.00', '2', '23', '2025-09-19 20:04:21', '2025-11-26 05:30:11', NULL, '1', '1', '1', '0', '0'),
('436', '3', '3', 'Smoked Chicken Pizza Thin Crust', NULL, 'Smoked Chicken Pizza Thin Crust from our Pizzas selection.', 'non-veg', '348.93', '2', '23', '2025-09-19 20:04:21', '2025-11-26 05:30:11', NULL, '1', '1', '1', '0', '0'),
('437', '3', '3', 'Classic Veg Burger', NULL, 'Classic Veg Burger from our Burgers & Sandwiches selection.', 'veg', '344.03', '2', '24', '2025-09-19 20:04:21', '2025-11-26 05:30:12', NULL, '1', '1', '1', '0', '0'),
('438', '3', '3', 'Cheese Veg Burger', NULL, 'Cheese Veg Burger from our Burgers & Sandwiches selection.', 'veg', '184.65', '2', '24', '2025-09-19 20:04:21', '2025-11-26 05:30:14', NULL, '1', '1', '1', '0', '0'),
('439', '3', '3', 'Crispy Paneer Burger', NULL, 'Crispy Paneer Burger from our Burgers & Sandwiches selection.', 'veg', '169.45', '2', '24', '2025-09-19 20:04:21', '2025-11-26 05:30:14', NULL, '1', '1', '1', '0', '0'),
('440', '3', '3', 'Aloo Tikki Burger', NULL, 'Aloo Tikki Burger from our Burgers & Sandwiches selection.', 'veg', '236.64', '2', '24', '2025-09-19 20:04:21', '2025-11-26 05:30:15', NULL, '1', '1', '1', '0', '0'),
('441', '3', '3', 'Mexican Veg Burger', NULL, 'Mexican Veg Burger from our Burgers & Sandwiches selection.', 'veg', '229.69', '2', '24', '2025-09-19 20:04:21', '2025-11-26 05:30:16', NULL, '1', '1', '1', '0', '0'),
('442', '3', '3', 'Grilled Veg Sandwich', NULL, 'Grilled Veg Sandwich from our Burgers & Sandwiches selection.', 'veg', '192.42', '2', '24', '2025-09-19 20:04:21', '2025-11-26 05:30:17', NULL, '1', '1', '1', '0', '0'),
('443', '3', '3', 'Bombay Masala Sandwich', NULL, 'Bombay Masala Sandwich from our Burgers & Sandwiches selection.', 'veg', '184.95', '2', '24', '2025-09-19 20:04:21', '2025-11-26 05:30:18', NULL, '1', '1', '1', '0', '0'),
('444', '3', '3', 'Paneer Tikka Sandwich', NULL, 'Paneer Tikka Sandwich from our Burgers & Sandwiches selection.', 'veg', '360.05', '2', '24', '2025-09-19 20:04:21', '2025-11-26 05:30:20', NULL, '1', '1', '1', '0', '0'),
('445', '3', '3', 'Club Sandwich Veg', NULL, 'Club Sandwich Veg from our Burgers & Sandwiches selection.', 'veg', '235.21', '2', '24', '2025-09-19 20:04:21', '2025-11-26 05:30:21', NULL, '1', '1', '1', '0', '0'),
('446', '3', '3', 'Chicken Burger Classic', NULL, 'Chicken Burger Classic from our Burgers & Sandwiches selection.', 'non-veg', '343.95', '2', '24', '2025-09-19 20:04:21', '2025-11-26 05:30:23', NULL, '1', '1', '1', '0', '0'),
('447', '3', '3', 'Chicken Burger Spicy', NULL, 'Chicken Burger Spicy from our Burgers & Sandwiches selection.', 'non-veg', '263.08', '2', '24', '2025-09-19 20:04:21', '2025-11-26 05:30:23', NULL, '1', '1', '1', '0', '0'),
('448', '3', '3', 'BBQ Chicken Burger', NULL, 'BBQ Chicken Burger from our Burgers & Sandwiches selection.', 'non-veg', '133.15', '2', '24', '2025-09-19 20:04:21', '2025-11-26 05:30:24', NULL, '1', '1', '1', '0', '0'),
('449', '3', '3', 'Crispy Chicken Burger', NULL, 'Crispy Chicken Burger from our Burgers & Sandwiches selection.', 'non-veg', '379.81', '2', '24', '2025-09-19 20:04:21', '2025-11-26 05:30:24', NULL, '1', '1', '1', '0', '0'),
('450', '3', '3', 'Peri Peri Chicken Burger', NULL, 'Peri Peri Chicken Burger from our Burgers & Sandwiches selection.', 'non-veg', '337.37', '2', '24', '2025-09-19 20:04:21', '2025-11-26 05:30:25', NULL, '1', '1', '1', '0', '0'),
('451', '3', '3', 'Egg Mayo Sandwich', NULL, 'Egg Mayo Sandwich from our Burgers & Sandwiches selection.', 'egg', '371.94', '2', '24', '2025-09-19 20:04:21', '2025-11-26 05:30:26', NULL, '1', '1', '1', '0', '0'),
('452', '3', '3', 'Chicken Club Sandwich', NULL, 'Chicken Club Sandwich from our Burgers & Sandwiches selection.', 'non-veg', '360.86', '2', '24', '2025-09-19 20:04:21', '2025-11-26 05:30:27', NULL, '1', '1', '1', '0', '0'),
('453', '3', '3', 'Tuna Sandwich', NULL, 'Tuna Sandwich from our Burgers & Sandwiches selection.', 'non-veg', '340.66', '2', '24', '2025-09-19 20:04:21', '2025-11-26 05:30:27', NULL, '1', '1', '1', '0', '0'),
('454', '3', '3', 'Grilled Chicken Sandwich', NULL, 'Grilled Chicken Sandwich from our Burgers & Sandwiches selection.', 'non-veg', '163.24', '2', '24', '2025-09-19 20:04:21', '2025-11-26 05:30:28', NULL, '1', '1', '1', '0', '0'),
('455', '3', '3', 'Double Patty Veg Burger', NULL, 'Double Patty Veg Burger from our Burgers & Sandwiches selection.', 'veg', '246.27', '2', '24', '2025-09-19 20:04:21', '2025-11-26 05:30:29', NULL, '1', '1', '1', '0', '0'),
('456', '3', '3', 'Paneer Kathi Roll', NULL, 'Paneer Kathi Roll from our Burgers & Sandwiches selection.', 'veg', '175.57', '2', '24', '2025-09-19 20:04:21', '2025-11-26 05:30:29', NULL, '1', '1', '1', '0', '0'),
('457', '3', '3', 'Chicken Kathi Roll', NULL, 'Chicken Kathi Roll from our Burgers & Sandwiches selection.', 'non-veg', '224.27', '2', '24', '2025-09-19 20:04:21', '2025-11-26 05:30:29', NULL, '1', '1', '1', '0', '0'),
('458', '3', '3', 'Egg Kathi Roll', NULL, 'Egg Kathi Roll from our Burgers & Sandwiches selection.', 'egg', '135.25', '2', '24', '2025-09-19 20:04:21', '2025-11-26 05:30:30', NULL, '1', '1', '1', '0', '0'),
('459', '3', '3', 'Gulab Jamun', NULL, 'Gulab Jamun from our Desserts selection.', 'veg', '148.22', '2', '25', '2025-09-19 20:04:21', '2025-11-26 05:30:30', NULL, '1', '1', '1', '0', '0'),
('460', '3', '3', 'Rasmalai', NULL, 'Rasmalai from our Desserts selection.', 'veg', '257.36', '2', '25', '2025-09-19 20:04:21', '2025-11-26 05:30:31', NULL, '1', '1', '1', '0', '0'),
('461', '3', '3', 'Rasgulla', NULL, 'Rasgulla from our Desserts selection.', 'veg', '127.74', '2', '25', '2025-09-19 20:04:21', '2025-11-26 05:30:33', NULL, '1', '1', '1', '0', '0'),
('462', '3', '3', 'Jalebi', NULL, 'Jalebi from our Desserts selection.', 'veg', '221.13', '2', '25', '2025-09-19 20:04:21', '2025-11-26 05:30:33', NULL, '1', '1', '1', '0', '0'),
('463', '3', '3', 'Gajar Halwa', NULL, 'Gajar Halwa from our Desserts selection.', 'veg', '161.90', '2', '25', '2025-09-19 20:04:21', '2025-11-26 05:30:34', NULL, '1', '1', '1', '0', '0'),
('464', '3', '3', 'Moong Dal Halwa', NULL, 'Moong Dal Halwa from our Desserts selection.', 'veg', '156.14', '2', '25', '2025-09-19 20:04:21', '2025-11-26 05:30:34', NULL, '1', '1', '1', '0', '0'),
('465', '3', '3', 'Kheer', NULL, 'Kheer from our Desserts selection.', 'veg', '252.32', '2', '25', '2025-09-19 20:04:21', '2025-11-26 05:30:34', NULL, '1', '1', '1', '0', '0'),
('466', '3', '3', 'Phirni', NULL, 'Phirni from our Desserts selection.', 'veg', '259.18', '2', '25', '2025-09-19 20:04:21', '2025-11-26 05:30:35', NULL, '1', '1', '1', '0', '0'),
('467', '3', '3', 'Kulfi Malai', NULL, 'Kulfi Malai from our Desserts selection.', 'veg', '180.04', '2', '25', '2025-09-19 20:04:21', '2025-11-26 05:30:35', NULL, '1', '1', '1', '0', '0'),
('468', '3', '3', 'Kulfi Pista', NULL, 'Kulfi Pista from our Desserts selection.', 'veg', '209.31', '2', '25', '2025-09-19 20:04:21', '2025-11-26 05:30:36', NULL, '1', '1', '1', '0', '0'),
('469', '3', '3', 'Matka Kulfi', NULL, 'Matka Kulfi from our Desserts selection.', 'veg', '107.86', '2', '25', '2025-09-19 20:04:21', '2025-11-26 05:30:36', NULL, '1', '1', '1', '0', '0'),
('470', '3', '3', 'Ice Cream Vanilla Scoop', NULL, 'Ice Cream Vanilla Scoop from our Desserts selection.', 'veg', '133.41', '2', '25', '2025-09-19 20:04:21', '2025-11-26 05:30:36', NULL, '1', '1', '1', '0', '0'),
('471', '3', '3', 'Ice Cream Chocolate Scoop', NULL, 'Ice Cream Chocolate Scoop from our Desserts selection.', 'veg', '254.37', '2', '25', '2025-09-19 20:04:21', '2025-11-26 05:30:37', NULL, '1', '1', '1', '0', '0'),
('472', '3', '3', 'Brownie with Ice Cream', NULL, 'Brownie with Ice Cream from our Desserts selection.', 'veg', '184.25', '2', '25', '2025-09-19 20:04:21', '2025-11-26 05:30:37', NULL, '1', '1', '1', '0', '0'),
('473', '3', '3', 'Sizzling Brownie', NULL, 'Sizzling Brownie from our Desserts selection.', 'veg', '177.60', '2', '25', '2025-09-19 20:04:21', '2025-11-26 05:30:38', NULL, '1', '1', '1', '0', '0'),
('474', '3', '3', 'Cheesecake Blueberry', NULL, 'Cheesecake Blueberry from our Desserts selection.', 'veg', '214.64', '2', '25', '2025-09-19 20:04:21', '2025-11-26 05:30:38', NULL, '1', '1', '1', '0', '0'),
('475', '3', '3', 'Tiramisu', NULL, 'Tiramisu from our Desserts selection.', 'veg', '90.29', '2', '25', '2025-09-19 20:04:21', '2025-11-26 05:30:39', NULL, '1', '1', '1', '0', '0'),
('476', '3', '3', 'Caramel Custard', NULL, 'Caramel Custard from our Desserts selection.', 'egg', '185.15', '2', '25', '2025-09-19 20:04:21', '2025-11-26 05:30:40', NULL, '1', '1', '1', '0', '0'),
('477', '3', '3', 'Apple Pie', NULL, 'Apple Pie from our Desserts selection.', 'veg', '170.51', '2', '25', '2025-09-19 20:04:21', '2025-11-26 05:30:40', NULL, '1', '1', '1', '0', '0'),
('478', '3', '3', 'Mysore Pak', NULL, 'Mysore Pak from our Desserts selection.', 'veg', '233.49', '2', '25', '2025-09-19 20:04:21', '2025-11-26 05:30:41', NULL, '1', '1', '1', '0', '0'),
('479', '3', '3', 'Shrikhand', NULL, 'Shrikhand from our Desserts selection.', 'veg', '108.34', '2', '25', '2025-09-19 20:04:21', '2025-11-26 05:30:41', NULL, '1', '1', '1', '0', '0'),
('480', '3', '3', 'Masala Chai', NULL, 'Masala Chai from our Beverages selection.', 'veg', '213.33', '2', '26', '2025-09-19 20:04:21', '2025-11-26 05:30:41', NULL, '1', '1', '1', '0', '0'),
('481', '3', '3', 'Ginger Tea', NULL, 'Ginger Tea from our Beverages selection.', 'veg', '63.62', '2', '26', '2025-09-19 20:04:21', '2025-11-26 05:30:42', NULL, '1', '1', '1', '0', '0'),
('482', '3', '3', 'Filter Coffee', NULL, 'Filter Coffee from our Beverages selection.', 'veg', '81.59', '2', '26', '2025-09-19 20:04:21', '2025-11-26 05:30:43', NULL, '1', '1', '1', '0', '0'),
('483', '3', '3', 'Cold Coffee Classic', NULL, 'Cold Coffee Classic from our Beverages selection.', 'veg', '151.16', '2', '26', '2025-09-19 20:04:21', '2025-11-26 05:30:43', NULL, '1', '1', '1', '0', '0'),
('484', '3', '3', 'Cold Coffee Frappe', NULL, 'Cold Coffee Frappe from our Beverages selection.', 'veg', '164.79', '2', '26', '2025-09-19 20:04:21', '2025-11-26 05:30:44', NULL, '1', '1', '1', '0', '0'),
('485', '3', '3', 'Iced Tea Lemon', NULL, 'Iced Tea Lemon from our Beverages selection.', 'veg', '89.98', '2', '26', '2025-09-19 20:04:21', '2025-11-26 05:30:45', NULL, '1', '1', '1', '0', '0'),
('486', '3', '3', 'Iced Tea Peach', NULL, 'Iced Tea Peach from our Beverages selection.', 'veg', '70.38', '2', '26', '2025-09-19 20:04:21', '2025-11-26 05:30:45', NULL, '1', '1', '1', '0', '0'),
('487', '3', '3', 'Fresh Lime Soda Sweet', NULL, 'Fresh Lime Soda Sweet from our Beverages selection.', 'veg', '201.35', '2', '26', '2025-09-19 20:04:21', '2025-11-26 05:30:46', NULL, '1', '1', '1', '0', '0'),
('488', '3', '3', 'Fresh Lime Soda Salted', NULL, 'Fresh Lime Soda Salted from our Beverages selection.', 'veg', '91.86', '2', '26', '2025-09-19 20:04:21', '2025-11-26 05:30:46', NULL, '1', '1', '1', '0', '0'),
('489', '3', '3', 'Sweet Lassi', NULL, 'Sweet Lassi from our Beverages selection.', 'veg', '151.07', '2', '26', '2025-09-19 20:04:21', '2025-11-26 05:30:47', NULL, '1', '1', '1', '0', '0'),
('490', '3', '3', 'Salted Lassi', NULL, 'Salted Lassi from our Beverages selection.', 'veg', '155.29', '2', '26', '2025-09-19 20:04:21', '2025-11-26 05:30:47', NULL, '1', '1', '1', '0', '0'),
('491', '3', '3', 'Mango Lassi', NULL, 'Mango Lassi from our Beverages selection.', 'veg', '121.27', '2', '26', '2025-09-19 20:04:21', '2025-11-26 05:30:47', NULL, '1', '1', '1', '0', '0'),
('492', '3', '3', 'Buttermilk Chaas', NULL, 'Buttermilk Chaas from our Beverages selection.', 'veg', '149.22', '2', '26', '2025-09-19 20:04:21', '2025-11-26 05:30:49', NULL, '1', '1', '1', '0', '0'),
('493', '3', '3', 'Thandai', NULL, 'Thandai from our Beverages selection.', 'veg', '138.87', '2', '26', '2025-09-19 20:04:21', '2025-11-26 05:30:50', NULL, '1', '1', '1', '0', '0'),
('494', '3', '3', 'Badam Milk', NULL, 'Badam Milk from our Beverages selection.', 'veg', '208.90', '2', '26', '2025-09-19 20:04:21', '2025-11-26 05:30:50', NULL, '1', '1', '1', '0', '0'),
('495', '3', '3', 'Watermelon Juice', NULL, 'Watermelon Juice from our Beverages selection.', 'veg', '84.72', '2', '26', '2025-09-19 20:04:21', '2025-11-26 05:30:51', NULL, '1', '1', '1', '0', '0'),
('496', '3', '3', 'Orange Juice', NULL, 'Orange Juice from our Beverages selection.', 'veg', '171.75', '2', '26', '2025-09-19 20:04:21', '2025-11-26 05:30:51', NULL, '1', '1', '1', '0', '0'),
('497', '3', '3', 'Pineapple Juice', NULL, 'Pineapple Juice from our Beverages selection.', 'veg', '90.58', '2', '26', '2025-09-19 20:04:21', '2025-11-26 05:30:52', NULL, '1', '1', '1', '0', '0'),
('498', '3', '3', 'Mint Mojito', NULL, 'Mint Mojito from our Beverages selection.', 'veg', '117.28', '2', '26', '2025-09-19 20:04:21', '2025-11-26 05:30:52', NULL, '1', '1', '1', '0', '0'),
('499', '3', '3', 'Strawberry Milkshake', NULL, 'Strawberry Milkshake from our Beverages selection.', 'veg', '164.19', '2', '26', '2025-09-19 20:04:21', '2025-11-26 05:30:53', NULL, '1', '1', '1', '0', '0'),
('500', '3', '3', 'Chocolate Milkshake', NULL, 'Chocolate Milkshake from our Beverages selection.', 'veg', '101.00', '2', '26', '2025-09-19 20:04:21', '2025-11-26 05:30:53', NULL, '1', '1', '1', '0', '0'),
('501', '4', '1', 'Margherita Pizza', NULL, NULL, 'veg', '100.00', '3', '27', '2025-09-20 12:59:59', '2025-10-15 12:17:29', NULL, '1', '1', '1', '0', '0'),
('503', '5', '7', 'Butter Chicken', 'menu_503_69298b96f21dd.jpg', 'Rich creamy chicken curry with butter and spices.', 'non-veg', '0.00', '4', '30', '2025-10-08 08:47:24', '2025-11-28 11:46:31', '10', '1', '1', '1', '0', '0'),
('504', '5', '5', 'Paneer Butter Masala', 'menu_504_69298b979ba1b.jpg', 'Paneer cubes cooked in buttery tomato gravy.', 'veg', '0.00', '4', '30', '2025-10-08 08:48:17', '2025-11-28 11:46:31', '10', '1', '1', '1', '0', '0'),
('505', '5', '5', 'Dal Makhani', 'menu_505_69298b9859f3f.png', 'Black lentils simmered overnight with cream.', 'veg', '0.00', '4', '30', '2025-10-08 08:49:15', '2025-11-28 11:46:32', '4', '1', '1', '1', '0', '0'),
('506', '5', '7', 'Rogan Josh', 'menu_506_69298b9937e1c.png', 'Spicy lamb curry from Kashmir.', 'halal', '0.00', '4', '30', '2025-10-08 08:50:17', '2025-11-28 11:46:33', '6', '1', '1', '1', '0', '0'),
('507', '5', '5', 'Pani Puri', 'menu_507_69298b99e46cc.png', 'Crispy puris filled with tangy spiced water.', 'veg', '60.00', '4', '31', '2025-10-08 08:53:49', '2025-11-28 11:46:34', '1', '1', '1', '1', '0', '0'),
('508', '5', '5', 'Aloo Tikki Chaat', 'menu_508_69298b9a86432.png', 'Crispy potato patties topped with chutneys.', 'veg', '90.00', '4', '31', '2025-10-08 08:55:20', '2025-11-28 11:46:34', NULL, '1', '1', '1', '0', '0'),
('509', '5', '5', 'Fresh Croissant', 'menu_509_69298b9b4636a.png', 'Test description for Fresh Croissant', 'veg', '0.00', '6', '32', '2025-10-24 14:49:12', '2025-11-28 11:46:35', '5', '1', '1', '1', '0', '0'),
('510', '5', '5', 'Butternut Squash Soup', 'menu_510_69298b9be2503.jpg', 'Creamy roasted butternut squash, herb oil, served with multigrain toast', 'veg', '0.00', '7', '34', '2025-10-25 12:59:58', '2025-11-28 11:46:35', '8', '1', '1', '1', '0', '0'),
('511', '5', '5', 'All-Time Favourite Shorba (Veg)', 'menu_511_69298b9c73aac.webp', 'Tomato shorba (Veg)', 'veg', '225.00', '8', '40', '2025-11-17 13:46:42', '2025-11-28 11:46:36', NULL, '1', '1', '1', '0', '0'),
('512', '5', '5', 'All-Time Favourite Shorba (Non-Veg)', 'menu_512_69298b9d361f5.jpg', 'Chicken / yakhni shorba (Non-Veg)', 'non-veg', '250.00', '8', '40', '2025-11-17 13:46:42', '2025-11-28 11:46:37', NULL, '1', '1', '1', '0', '0'),
('513', '5', '5', 'The Asian Bowl (Veg)', 'menu_513_69298b9e01e79.png', 'Man chow / Hot & Sour / Lemon Coriander / Sweet corn (Veg)', 'veg', '225.00', '8', '40', '2025-11-17 13:46:42', '2025-11-28 11:46:38', NULL, '1', '1', '1', '0', '0'),
('514', '5', '5', 'The Asian Bowl (Non-Veg)', 'menu_514_69298b9ecb05f.jpg', 'Man chow / Hot & Sour / Lemon Coriander / Sweet corn (Non-Veg)', 'non-veg', '250.00', '8', '40', '2025-11-17 13:46:42', '2025-11-28 11:46:38', NULL, '1', '1', '1', '0', '0'),
('515', '5', '5', 'Tibetan Thukpa (Non-Veg)', 'menu_515_69298b9f69844.webp', 'Hearty Tibetan noodle soup (Non-Veg)', 'non-veg', '250.00', '8', '40', '2025-11-17 13:46:42', '2025-11-28 11:46:39', NULL, '1', '1', '1', '0', '0'),
('516', '5', '5', 'Chicken kimchi Salad', 'menu_516_69298ba017715.jpg', 'Fried Chicken Lettuce – Red Cabbage, Cherry tomato with sesame oil', 'non-veg', '395.00', '8', '41', '2025-11-17 13:46:42', '2025-11-28 11:46:40', NULL, '1', '1', '1', '0', '0'),
('517', '5', '5', 'Charcoal Grill Chicken Salad', 'menu_517_69298ba0ba4c5.jpg', 'Eggs, Chicken tikka, Lettuce, Cherry Tomato, Cucumber, Olives, Mediterranean Dressing', 'non-veg', '395.00', '8', '41', '2025-11-17 13:46:42', '2025-11-28 11:46:40', NULL, '1', '1', '1', '0', '0'),
('518', '5', '5', 'Green Salad', 'menu_518_69298ba15c7bf.jpg', 'Lettuce, Cucumber, Tomato, Onion, Green Chilli, Lemon', 'veg', '210.00', '8', '41', '2025-11-17 13:46:42', '2025-11-28 11:46:41', NULL, '1', '1', '1', '0', '0'),
('519', '5', '5', 'Tossed Salad', 'menu_519_69298ba2012d9.jpg', 'Lettuce, Cucumber, Tomato, Onion, Green Chilli, Lemon, Olives & Dressing', 'veg', '210.00', '8', '41', '2025-11-17 13:46:42', '2025-11-28 11:46:42', NULL, '1', '1', '1', '0', '0'),
('520', '5', '5', 'Honey Chilli Wings', 'menu_520_69298ba2ae03e.jpg', 'Signature honey chilli glazed chicken wings', 'non-veg', '375.00', '9', '42', '2025-11-17 13:46:42', '2025-11-28 11:46:42', NULL, '1', '1', '1', '0', '0'),
('521', '5', '5', 'Schezwan Chicken Lollipop', 'menu_521_69298ba35614b.jpg', 'Spicy schezwan chicken lollipop', 'non-veg', '375.00', '9', '42', '2025-11-17 13:46:42', '2025-11-28 11:46:43', NULL, '1', '1', '1', '0', '0'),
('522', '5', '5', 'Butter Chicken Wing', 'menu_522_69298ba3f319d.png', 'Butter chicken flavored wings', 'non-veg', '375.00', '9', '42', '2025-11-17 13:46:42', '2025-11-28 11:46:44', NULL, '1', '1', '1', '0', '0'),
('523', '5', '5', 'Creamy Kali Mirch Lemon wing', 'menu_523_69298ba4d55cb.jpg', 'Creamy black pepper lemon wings', 'non-veg', '375.00', '9', '42', '2025-11-17 13:46:42', '2025-11-28 11:46:44', NULL, '1', '1', '1', '0', '0'),
('524', '5', '5', 'Tandoori Wings', 'menu_524_69298ba57ad08.jpg', 'Tandoori spiced chicken wings', 'non-veg', '375.00', '9', '42', '2025-11-17 13:46:42', '2025-11-28 11:46:45', NULL, '1', '1', '1', '0', '0'),
('525', '5', '5', 'Adraki Chicken Wings', 'menu_525_69298ba644c47.jpg', 'Ginger marinated chicken wings', 'non-veg', '375.00', '9', '42', '2025-11-17 13:46:42', '2025-11-28 11:46:46', NULL, '1', '1', '1', '0', '0'),
('526', '5', '5', 'Drams of haven', 'menu_526_69298ba70d60a.jpg', 'Chef special wings', 'non-veg', '375.00', '9', '42', '2025-11-17 13:46:42', '2025-11-28 11:46:47', NULL, '1', '1', '1', '0', '0'),
('527', '5', '5', 'Fish Croquettes', 'menu_527_69298ba79560f.jpg', 'Crusted Fish Roll with Dill Tartar Sauce', 'non-veg', '395.00', '8', '43', '2025-11-17 13:46:42', '2025-11-28 11:46:47', NULL, '1', '1', '1', '0', '0'),
('528', '5', '5', 'Hari Mirch Chicken Tikka Hummus', 'menu_528_69298ba86f58f.jpg', 'Classic Israeli Hummus with baby Naan and chicken', 'non-veg', '395.00', '8', '43', '2025-11-17 13:46:42', '2025-11-28 11:46:48', NULL, '1', '1', '1', '0', '0'),
('529', '5', '5', 'American Fried Chicken', 'menu_529_69298ba9351a3.png', 'Fried chicken with sweet chilli Mayo', 'non-veg', '375.00', '8', '43', '2025-11-17 13:46:42', '2025-11-28 11:46:49', NULL, '1', '1', '1', '0', '0'),
('530', '5', '5', 'Chicken Ball', 'menu_530_69298ba9c77aa.png', 'Fried chicken with sweet chilli Mayo', 'non-veg', '375.00', '8', '43', '2025-11-17 13:46:42', '2025-11-28 11:46:49', NULL, '1', '1', '1', '0', '0'),
('531', '5', '5', 'Classic Sprout chat', 'menu_531_69298baa63389.png', 'Green Moong & chickpeas with onion, tomato, Anardana, & Pineapple', 'veg', '310.00', '8', '44', '2025-11-17 13:46:42', '2025-11-28 11:46:50', NULL, '1', '1', '1', '0', '0'),
('532', '5', '5', 'Kala Chana Chat', 'menu_532_69298bab23206.jpg', 'Black chana with Tomato, Onion, Green Chilli & Lemon', 'veg', '310.00', '8', '44', '2025-11-17 13:46:42', '2025-11-28 11:46:51', NULL, '1', '1', '1', '0', '0'),
('533', '5', '5', 'Aloo Chana Chat', 'menu_533_69298babad61e.jpg', 'Potato and black chana with tomato and spices', 'veg', '310.00', '8', '44', '2025-11-17 13:46:42', '2025-11-28 11:46:51', NULL, '1', '1', '1', '0', '0'),
('534', '5', '5', 'Peanut Masala', 'menu_534_69298bac3d86b.jpg', 'Spiced peanut mix', 'veg', '310.00', '8', '44', '2025-11-17 13:46:42', '2025-11-28 11:46:52', NULL, '1', '1', '1', '0', '0'),
('535', '5', '5', 'Masala Papad', 'menu_535_69298bacceceb.jpg', 'Roasted Papad with tomato onion and spices', 'veg', '295.00', '8', '44', '2025-11-17 13:46:42', '2025-11-28 11:46:52', NULL, '1', '1', '1', '0', '0'),
('536', '5', '5', 'Crispy Corn Bhal', 'menu_536_69298badbd30d.jpg', 'Fried Corn with tomato and spices', 'veg', '310.00', '8', '44', '2025-11-17 13:46:42', '2025-11-28 11:46:53', NULL, '1', '1', '1', '0', '0'),
('537', '5', '5', 'Sprout Masala', 'menu_537_69298bae7ff29.jpg', 'Sprout salad with onion, tomato, cucumber and pineapple', 'veg', '310.00', '8', '44', '2025-11-17 13:46:42', '2025-11-28 11:46:54', NULL, '1', '1', '1', '0', '0'),
('538', '5', '5', 'Chakhna 2 Ways', 'menu_538_69298baf4cdb1.jpg', 'Salted Peanuts and Nachos', 'veg', '350.00', '8', '44', '2025-11-17 13:46:42', '2025-11-28 11:46:55', NULL, '1', '1', '1', '0', '0'),
('539', '5', '5', 'Golden fried vegetable Finger', 'menu_539_69298bb044c3c.jpg', 'Fried vegetable fingers with peri-peri chilli mayo dip', 'veg', '350.00', '8', '44', '2025-11-17 13:46:42', '2025-11-28 11:46:56', NULL, '1', '1', '1', '0', '0'),
('540', '5', '5', 'Falafel With Hummus', 'menu_540_69298bb0ee013.png', 'Classic Israeli Hummus, Pitta, Falafel', 'veg', '350.00', '8', '44', '2025-11-17 13:46:42', '2025-11-28 11:46:57', NULL, '1', '1', '1', '0', '0'),
('541', '5', '5', 'Garlic Breads', 'menu_541_69298bb1a4bb6.jpg', 'Toasted garlic bread', 'veg', '250.00', '8', '44', '2025-11-17 13:46:42', '2025-11-28 11:46:57', NULL, '1', '1', '1', '0', '0'),
('542', '5', '5', 'Cheese Garlic Breads', 'menu_542_69298bb257524.jpg', 'Garlic bread topped with cheese', 'veg', '275.00', '8', '44', '2025-11-17 13:46:42', '2025-11-28 11:46:58', NULL, '1', '1', '1', '0', '0'),
('543', '5', '5', 'Peri-peri French fry', 'menu_543_69298bb2e08ff.jpg', 'Peri-peri French fries', 'veg', '250.00', '8', '44', '2025-11-17 13:46:42', '2025-11-28 11:46:58', NULL, '1', '1', '1', '0', '0'),
('544', '5', '5', 'Papad Basket', 'menu_544_69298bb38dbcd.jpg', 'Assorted papads', 'veg', '295.00', '8', '44', '2025-11-17 13:46:42', '2025-11-28 11:46:59', NULL, '1', '1', '1', '0', '0'),
('545', '5', '5', 'Egg Bhurji', 'menu_545_69298bb42d522.jpg', 'Spiced scrambled eggs', 'veg', '225.00', '8', '44', '2025-11-17 13:46:42', '2025-11-28 11:47:00', NULL, '1', '1', '1', '0', '0'),
('546', '5', '5', 'Tandoori non-Veg Platter', 'menu_546_69298bb4bf374.jpg', 'Chicken Tikka, Chicken Seekh, Mutton Seekh, Fish Tikka, Fry Fish & Dips', 'non-veg', '799.00', '9', '45', '2025-11-17 13:46:42', '2025-11-28 11:47:00', NULL, '1', '1', '1', '0', '0'),
('547', '5', '5', 'Tandoori Chicken Platter', 'menu_547_69298bb55e975.jpg', 'Chicken Tikka, Chicken Seekh, Hari Mirch chicken, Malai chicken & Dips', 'non-veg', '799.00', '9', '45', '2025-11-17 13:46:42', '2025-11-28 11:47:01', NULL, '1', '1', '1', '0', '0'),
('548', '5', '5', 'Tandoori Vegetable Platter', 'menu_548_69298bb5f3133.png', 'Soya Chaap, Hara Bara Kebab, Paneer Tikka, Dahi Kabab, Mushroom & Dips', 'veg', '699.00', '9', '45', '2025-11-17 13:46:42', '2025-11-28 11:47:02', NULL, '1', '1', '1', '0', '0'),
('549', '5', '5', 'Schezwan Chilli fish', 'menu_549_69298bb6c1802.jpg', 'Spicy schezwan style fish', 'non-veg', '375.00', '10', '46', '2025-11-17 13:46:42', '2025-11-28 11:47:02', NULL, '1', '1', '1', '0', '0'),
('550', '5', '5', 'Classic Chilli Chicken', 'menu_550_69298bb775177.png', 'Classic chilli chicken', 'non-veg', '375.00', '10', '46', '2025-11-17 13:46:42', '2025-11-28 11:47:03', NULL, '1', '1', '1', '0', '0'),
('551', '5', '5', 'Crispy Garlic chicken', 'menu_551_69298bb82c050.webp', 'Crispy garlic chicken', 'non-veg', '375.00', '10', '46', '2025-11-17 13:46:42', '2025-11-28 11:47:04', NULL, '1', '1', '1', '0', '0'),
('552', '5', '5', 'SingaPuri Chicken', 'menu_552_69298bb8b1df6.jpg', 'Singapore style chicken', 'non-veg', '375.00', '10', '46', '2025-11-17 13:46:42', '2025-11-28 11:47:04', NULL, '1', '1', '1', '0', '0'),
('553', '5', '5', 'Thai Style Dragon chicken', 'menu_553_69298bb96fa1a.png', 'Thai style dragon chicken', 'non-veg', '375.00', '10', '46', '2025-11-17 13:46:42', '2025-11-28 11:47:05', NULL, '1', '1', '1', '0', '0'),
('554', '5', '5', 'Hawker Style Chilli Paneer', 'menu_554_69298bba1baaa.png', 'Spicy chilli paneer', 'veg', '350.00', '10', '46', '2025-11-17 13:46:42', '2025-11-28 11:47:06', NULL, '1', '1', '1', '0', '0'),
('555', '5', '5', 'Money Bag Wonton', 'menu_555_69298bbad312c.jpg', 'Crispy wontons', 'veg', '350.00', '10', '46', '2025-11-17 13:46:42', '2025-11-28 11:47:06', NULL, '1', '1', '1', '0', '0'),
('556', '5', '5', 'Thai Nutri Spring Roll', 'menu_556_69298bbb847d7.jpg', 'Nutritious spring roll', 'veg', '350.00', '10', '46', '2025-11-17 13:46:42', '2025-11-28 11:47:07', NULL, '1', '1', '1', '0', '0'),
('557', '5', '5', 'Wok toasted Mushroom', 'menu_557_69298bbc16aac.jpg', 'Wok tossed mushrooms', 'veg', '350.00', '10', '46', '2025-11-17 13:46:42', '2025-11-28 11:47:08', NULL, '1', '1', '1', '0', '0'),
('558', '5', '5', 'Thick cut chilli Potato', 'menu_558_69298bbcefda0.jpg', 'Thick cut chilli potato fries', 'veg', '350.00', '10', '46', '2025-11-17 13:46:42', '2025-11-28 11:47:09', NULL, '1', '1', '1', '0', '0'),
('559', '5', '5', 'Crispy Corn salt & Pepper', 'menu_559_69298bbdcab0f.png', 'Crispy corn tossed in salt & pepper', 'veg', '350.00', '10', '46', '2025-11-17 13:46:42', '2025-11-28 11:47:09', NULL, '1', '1', '1', '0', '0'),
('560', '5', '5', 'Cottage Cheese cubes', 'menu_560_69298bbe7ea88.jpg', 'Fried cottage cheese cubes', 'veg', '350.00', '10', '46', '2025-11-17 13:46:42', '2025-11-28 11:47:10', NULL, '1', '1', '1', '0', '0'),
('561', '5', '5', 'Jims styles Vegetable', 'menu_561_69298bbfa5d02.jpg', 'Chef\'s style mixed vegetables', 'veg', '350.00', '10', '46', '2025-11-17 13:46:42', '2025-11-28 11:47:11', NULL, '1', '1', '1', '0', '0'),
('562', '5', '5', 'Cheese Corn Roll', 'menu_562_69298b738b2aa.png', 'Cheese and corn roll', 'veg', '350.00', '10', '46', '2025-11-17 13:46:42', '2025-11-28 11:45:55', NULL, '1', '1', '1', '0', '0'),
('563', '5', '5', 'Spicy Chicken Dimsum', 'menu_563_69298bc075652.jpg', 'Spicy steamed chicken dimsum', 'non-veg', '350.00', '10', '47', '2025-11-17 13:46:42', '2025-11-28 11:47:12', NULL, '1', '1', '1', '0', '0'),
('564', '5', '5', 'Gyoza Chicken Dimsums', 'menu_564_69298b74cb259.png', 'Pan-fried gyoza style chicken dimsums', 'non-veg', '350.00', '10', '47', '2025-11-17 13:46:42', '2025-11-28 11:45:57', NULL, '1', '1', '1', '0', '0'),
('565', '5', '5', 'Exotic Veg Dimsum', 'menu_565_69298b759a151.jpg', 'Assorted vegetable dimsum', 'veg', '325.00', '10', '47', '2025-11-17 13:46:42', '2025-11-28 11:45:57', NULL, '1', '1', '1', '0', '0'),
('566', '5', '5', 'Corn & Water Chestnut', 'menu_566_69298b764b283.jpg', 'Corn and water chestnut dimsum', 'veg', '325.00', '10', '47', '2025-11-17 13:46:42', '2025-11-28 11:45:58', NULL, '1', '1', '1', '0', '0'),
('567', '5', '5', 'Three Mushroom & Cream Cheese', 'menu_567_69298b76ecba4.jpg', 'Mushroom and cream cheese dimsum', 'veg', '325.00', '10', '47', '2025-11-17 13:46:42', '2025-11-28 11:45:59', NULL, '1', '1', '1', '0', '0'),
('568', '5', '5', 'Jhol Chicken Dimsum', 'menu_568_69298b7796580.jpg', 'Dumplings in spicy gravy', 'non-veg', '325.00', '10', '47', '2025-11-17 13:46:42', '2025-11-28 11:45:59', NULL, '1', '1', '1', '0', '0'),
('569', '5', '5', 'Adraki Buna Meat', 'menu_569_69298b784267b.jpg', 'Ginger flavored roasted meat', 'non-veg', '550.00', '9', '48', '2025-11-17 13:46:42', '2025-11-28 11:46:00', NULL, '1', '1', '1', '0', '0'),
('570', '5', '5', 'Kashmiri Mutton Seekh', 'menu_570_69298b792548e.jpg', 'Kashmiri spiced mutton seekh kebab', 'non-veg', '550.00', '9', '48', '2025-11-17 13:46:42', '2025-11-28 11:46:01', NULL, '1', '1', '1', '0', '0'),
('571', '5', '5', 'Kothmir Fish Fry', 'menu_571_69298b79d558e.jpg', 'Coriander marinated fish fry', 'non-veg', '395.00', '9', '48', '2025-11-17 13:46:42', '2025-11-28 11:46:02', NULL, '1', '1', '1', '0', '0'),
('572', '5', '5', 'Sarso Mahi tikka', 'menu_572_69298b7a85ba1.jpg', 'Mustard fish tikka', 'non-veg', '395.00', '9', '48', '2025-11-17 13:46:42', '2025-11-28 11:46:02', NULL, '1', '1', '1', '0', '0'),
('573', '5', '5', 'Charsi Chicken (T.C)', 'menu_573_69298b7b21591.jpg', 'Charcoal roasted chicken', 'non-veg', '350.00', '9', '48', '2025-11-17 13:46:42', '2025-11-28 11:46:03', NULL, '1', '1', '1', '0', '0'),
('574', '5', '5', 'Hari Mirch ka Chicken tikka', 'menu_574_69298b7bbfae0.jpg', 'Green chilli chicken tikka', 'non-veg', '350.00', '9', '48', '2025-11-17 13:46:42', '2025-11-28 11:46:03', NULL, '1', '1', '1', '0', '0'),
('575', '5', '5', 'Creamy Kali Mirch Lemon Chicken', 'menu_575_69298b7c96045.jpg', 'Creamy black pepper lemon chicken', 'non-veg', '350.00', '9', '48', '2025-11-17 13:46:42', '2025-11-28 11:46:04', NULL, '1', '1', '1', '0', '0'),
('576', '5', '5', 'Murg tikka Angara', 'menu_576_69298b7d3684e.jpg', 'Smoky angara style chicken tikka', 'non-veg', '350.00', '9', '48', '2025-11-17 13:46:42', '2025-11-28 11:46:05', NULL, '1', '1', '1', '0', '0'),
('577', '5', '5', 'Silbatte ki shami', 'menu_577_69298b7ddd371.jpg', 'Traditional shami kebab', 'non-veg', '350.00', '9', '48', '2025-11-17 13:46:42', '2025-11-28 11:46:06', NULL, '1', '1', '1', '0', '0'),
('578', '5', '5', 'Chicken Gilafi', 'menu_578_69298b7e977dc.jpg', 'Spiced minced chicken kebab', 'non-veg', '350.00', '9', '48', '2025-11-17 13:46:42', '2025-11-28 11:46:06', NULL, '1', '1', '1', '0', '0'),
('579', '5', '5', 'Tawa Tangri Chicken', 'menu_579_69298b7f39b94.jpg', 'Tawa cooked tangri chicken', 'non-veg', '425.00', '9', '48', '2025-11-17 13:46:42', '2025-11-28 11:46:07', NULL, '1', '1', '1', '0', '0'),
('580', '5', '5', 'Crispy Tangri kebab (K.F.C style)', 'menu_580_69298b7fd3f07.png', 'Crispy fried tangri kebab', 'non-veg', '425.00', '9', '48', '2025-11-17 13:46:42', '2025-11-28 11:46:08', NULL, '1', '1', '1', '0', '0'),
('581', '5', '5', 'Peshawari Paneer Tikka', 'menu_581_69298b80bd503.jpg', 'Paneer tikka with peshawari masala', 'veg', '350.00', '9', '49', '2025-11-17 13:46:42', '2025-11-28 11:46:08', NULL, '1', '1', '1', '0', '0'),
('582', '5', '5', 'Achari Paneer tikka', 'menu_582_69298b8153f06.jpg', 'Pickled masala paneer tikka', 'veg', '350.00', '9', '49', '2025-11-17 13:46:42', '2025-11-28 11:46:09', NULL, '1', '1', '1', '0', '0'),
('583', '5', '5', 'Tandoori Mushroom Tikka', 'menu_583_69298b81d9936.jpg', 'Tandoori mushroom skewers', 'veg', '350.00', '9', '49', '2025-11-17 13:46:42', '2025-11-28 11:46:09', NULL, '1', '1', '1', '0', '0'),
('584', '5', '5', 'Mushroom ki Galouti', 'menu_584_69298b82736a0.jpg', 'Galouti style mushroom', 'veg', '350.00', '9', '49', '2025-11-17 13:46:42', '2025-11-28 11:46:10', NULL, '1', '1', '1', '0', '0'),
('585', '5', '5', 'Malai mushroom Tikka', 'menu_585_69298b833fa5e.png', 'Creamy malai mushroom tikka', 'veg', '350.00', '9', '49', '2025-11-17 13:46:42', '2025-11-28 11:46:11', NULL, '1', '1', '1', '0', '0'),
('586', '5', '5', 'Sultani Dahi Kebab', 'menu_586_69298b840762f.jpg', 'Yogurt based kebab', 'veg', '325.00', '9', '49', '2025-11-17 13:46:42', '2025-11-28 11:46:12', NULL, '1', '1', '1', '0', '0'),
('587', '5', '5', 'Tandoori Pineapple', 'menu_587_69298b848f06d.png', 'Grilled tandoori pineapple', 'veg', '325.00', '9', '49', '2025-11-17 13:46:42', '2025-11-28 11:46:12', NULL, '1', '1', '1', '0', '0'),
('588', '5', '5', 'Tandoori Charra Aloo', 'menu_588_69298b852da2d.jpg', 'Spiced tandoori potatoes', 'veg', '325.00', '9', '49', '2025-11-17 13:46:42', '2025-11-28 11:46:13', NULL, '1', '1', '1', '0', '0'),
('589', '5', '5', 'Gol Mirch ki soya Chaap', 'menu_589_69298b85dad4c.jpg', 'Peppery soya chaap', 'veg', '325.00', '9', '49', '2025-11-17 13:46:42', '2025-11-28 11:46:14', NULL, '1', '1', '1', '0', '0'),
('590', '5', '5', 'Hara Bara kebab', 'menu_590_69298b868fe76.jpg', 'Green herb kebab', 'veg', '325.00', '9', '49', '2025-11-17 13:46:42', '2025-11-28 11:46:14', NULL, '1', '1', '1', '0', '0'),
('591', '5', '5', 'Badami Seekh kabab', 'menu_591_69298b873d8f7.jpg', 'Almond flavored veg seekh', 'veg', '325.00', '9', '49', '2025-11-17 13:46:42', '2025-11-28 11:46:15', NULL, '1', '1', '1', '0', '0'),
('592', '5', '5', 'Kerla Fish curry', 'menu_592_69298bc35e6a5.jpg', 'Kerala style fish curry', 'non-veg', '395.00', '11', '50', '2025-11-17 13:46:42', '2025-11-28 11:47:15', NULL, '1', '1', '1', '0', '0'),
('593', '5', '5', 'Goan Fish curry', 'menu_593_69298bc3f408f.jpg', 'Goan style fish curry', 'non-veg', '395.00', '11', '50', '2025-11-17 13:46:42', '2025-11-28 11:47:16', NULL, '1', '1', '1', '0', '0'),
('594', '5', '5', 'Mutton Ghee Roast', 'menu_594_69298b893ced6.jpg', 'Spiced mutton ghee roast', 'non-veg', '550.00', '11', '50', '2025-11-17 13:46:42', '2025-11-28 11:46:17', NULL, '1', '1', '1', '0', '0'),
('595', '5', '5', 'Tawa Mutton', 'menu_595_69298bc4b3da8.jpg', 'Tawa cooked mutton', 'non-veg', '550.00', '11', '50', '2025-11-17 13:46:42', '2025-11-28 11:47:16', NULL, '1', '1', '1', '0', '0'),
('596', '5', '5', 'Meat Curry', 'menu_596_69298b8a77aea.png', 'Homestyle meat curry', 'non-veg', '550.00', '11', '50', '2025-11-17 13:46:42', '2025-11-28 11:46:18', NULL, '1', '1', '1', '0', '0'),
('597', '5', '5', 'Mutton Rogan josh', 'menu_597_69298b8b30634.png', 'Kashmiri rogan josh', 'non-veg', '550.00', '11', '50', '2025-11-17 13:46:42', '2025-11-28 11:46:19', NULL, '1', '1', '1', '0', '0'),
('598', '5', '5', 'Bhuna Chicken', 'menu_598_69298b8bdf341.jpg', 'Spicy bhuna chicken', 'non-veg', '395.00', '11', '50', '2025-11-17 13:46:42', '2025-11-28 11:46:19', NULL, '1', '1', '1', '0', '0'),
('599', '5', '5', 'Murg Mirch ka Salan', 'menu_599_69298b8ca5984.jpg', 'Chicken in peppery salan', 'non-veg', '395.00', '11', '50', '2025-11-17 13:46:42', '2025-11-28 11:46:20', NULL, '1', '1', '1', '0', '0'),
('600', '5', '5', 'Hyderabadi chicken', 'menu_600_69298b8d3eec3.jpg', 'Hyderabadi style chicken', 'non-veg', '395.00', '11', '50', '2025-11-17 13:46:42', '2025-11-28 11:46:21', NULL, '1', '1', '1', '0', '0'),
('601', '5', '5', 'Butter Chicken', 'menu_601_69298b8dce4b3.jpg', 'Creamy butter chicken', 'non-veg', '395.00', '11', '50', '2025-11-17 13:46:42', '2025-11-28 11:46:21', NULL, '1', '1', '1', '0', '0'),
('602', '5', '5', 'Chicken curry', 'menu_602_69298b8e6e601.png', 'Classic chicken curry', 'non-veg', '395.00', '11', '50', '2025-11-17 13:46:42', '2025-11-28 11:46:22', NULL, '1', '1', '1', '0', '0'),
('603', '5', '5', 'Paneer Tikka Butter Masala', 'menu_603_69298b8f20d68.jpg', 'Paneer tikka in butter masala', 'veg', '350.00', '11', '51', '2025-11-17 13:46:42', '2025-11-28 11:46:23', NULL, '1', '1', '1', '0', '0'),
('604', '5', '5', 'Punjabi Kadai Paneer', 'menu_604_69298b8fbb7e9.jpg', 'Kadai style paneer', 'veg', '350.00', '11', '51', '2025-11-17 13:46:42', '2025-11-28 11:46:23', NULL, '1', '1', '1', '0', '0'),
('605', '5', '5', 'Mix Vegetable Handi', 'menu_605_69298b904d0b0.png', 'Mixed vegetables handi', 'veg', '350.00', '11', '51', '2025-11-17 13:46:42', '2025-11-28 11:46:24', NULL, '1', '1', '1', '0', '0'),
('606', '5', '5', 'Mater Mushroom', 'menu_606_69298b910d35e.jpg', 'Mutter mushroom curry', 'veg', '350.00', '11', '51', '2025-11-17 13:46:42', '2025-11-28 11:46:25', NULL, '1', '1', '1', '0', '0'),
('607', '5', '5', 'Malai kofta', 'menu_607_69298b919895a.jpg', 'Creamy malai kofta', 'veg', '350.00', '11', '51', '2025-11-17 13:46:42', '2025-11-28 11:46:25', NULL, '1', '1', '1', '0', '0'),
('608', '5', '5', 'Aloo Gobhi', 'menu_608_69298b92398ff.png', 'Potato cauliflower curry', 'veg', '350.00', '11', '51', '2025-11-17 13:46:42', '2025-11-28 11:46:26', NULL, '1', '1', '1', '0', '0'),
('609', '5', '5', 'Dal Makhani', 'menu_609_69298b9301970.png', 'Rich lentil curry', 'veg', '350.00', '11', '51', '2025-11-17 13:46:42', '2025-11-28 11:46:27', NULL, '1', '1', '1', '0', '0'),
('610', '5', '5', 'Dal Tadka', 'menu_610_69298b93a163a.jpg', 'Tempered dal tadka', 'veg', '350.00', '11', '51', '2025-11-17 13:46:42', '2025-11-28 11:46:27', NULL, '1', '1', '1', '0', '0'),
('611', '5', '5', 'Dum Mutton Biryani', 'menu_611_69298b944a90f.jpg', 'Slow cooked mutton biryani', 'non-veg', '550.00', '11', '52', '2025-11-17 13:46:42', '2025-11-28 11:46:28', NULL, '1', '1', '1', '0', '0'),
('612', '5', '5', 'Dum Chicken Biryani', 'menu_612_69298b94f1ec8.png', 'Slow cooked chicken biryani', 'non-veg', '425.00', '11', '52', '2025-11-17 13:46:42', '2025-11-28 11:46:29', NULL, '1', '1', '1', '0', '0'),
('613', '5', '5', 'Dum Veg Biryani', 'menu_613_69298b95d7a90.png', 'Vegetable biryani', 'veg', '395.00', '11', '52', '2025-11-17 13:46:42', '2025-11-28 11:46:30', NULL, '1', '1', '1', '0', '0'),
('614', '5', '5', 'Steam Rice', 'menu_614_69298b968b304.png', 'Plain steamed rice', 'veg', '295.00', '11', '52', '2025-11-17 13:46:42', '2025-11-28 11:46:30', NULL, '1', '1', '1', '0', '0'),
('615', '5', '5', 'Jeera Rice', 'menu_615_69298b974b0ac.jpg', 'Cumin flavored rice', 'veg', '295.00', '11', '52', '2025-11-17 13:46:42', '2025-11-28 11:46:31', NULL, '1', '1', '1', '0', '0'),
('616', '5', '5', 'Fried Rice (Vegetable)', 'menu_616_69298b98142df.png', 'Hakka/Chilli Garlic vegetable fried rice', 'veg', '350.00', '11', '52', '2025-11-17 13:46:42', '2025-11-28 11:46:32', NULL, '1', '1', '1', '0', '0'),
('617', '5', '5', 'Fried Rice (Chicken)', 'menu_617_69298b98efd87.jpg', 'Hakka/Chilli Garlic chicken fried rice', 'non-veg', '375.00', '11', '52', '2025-11-17 13:46:42', '2025-11-28 11:46:33', NULL, '1', '1', '1', '0', '0'),
('618', '5', '5', 'Fried Rice (Egg)', 'menu_618_69298b999276b.jpg', 'Hakka/Chilli Garlic egg fried rice', 'veg', '350.00', '11', '52', '2025-11-17 13:46:42', '2025-11-28 11:46:33', NULL, '1', '1', '1', '0', '0'),
('619', '5', '5', 'Noodles (Vegetable)', 'menu_619_69298b9a3825a.png', 'Hakka/Chilli Garlic veg noodles', 'veg', '350.00', '11', '52', '2025-11-17 13:46:42', '2025-11-28 11:46:34', NULL, '1', '1', '1', '0', '0'),
('620', '5', '5', 'Noodles (Chicken)', 'menu_620_69298b9aeb8fe.jpg', 'Hakka/Chilli Garlic chicken noodles', 'non-veg', '375.00', '11', '52', '2025-11-17 13:46:42', '2025-11-28 11:46:35', NULL, '1', '1', '1', '0', '0'),
('621', '5', '5', 'Noodles (Egg)', 'menu_621_69298b9bb247b.png', 'Hakka/Chilli Garlic egg noodles', 'veg', '350.00', '11', '52', '2025-11-17 13:46:42', '2025-11-28 11:46:35', NULL, '1', '1', '1', '0', '0'),
('622', '5', '5', 'Chilli Garlic Slice Fish', 'menu_622_69298b9c677a4.png', 'Chilli garlic slice fish', 'non-veg', '525.00', '10', '53', '2025-11-17 13:46:42', '2025-11-28 11:46:36', NULL, '1', '1', '1', '0', '0'),
('623', '5', '5', 'Slice Fish Black Bean Sauce', 'menu_623_69298b9d1a36f.jpg', 'Slice fish in black bean sauce', 'non-veg', '525.00', '10', '53', '2025-11-17 13:46:42', '2025-11-28 11:46:37', NULL, '1', '1', '1', '0', '0'),
('624', '5', '5', 'Basil Chicken', 'menu_624_69298b9dc664b.jpg', 'Chicken with basil sauce', 'non-veg', '395.00', '10', '53', '2025-11-17 13:46:42', '2025-11-28 11:46:37', NULL, '1', '1', '1', '0', '0'),
('625', '5', '5', 'Hunan Chicken', 'menu_625_69298b9e565ee.jpg', 'Hunan style chicken', 'non-veg', '395.00', '10', '53', '2025-11-17 13:46:42', '2025-11-28 11:46:38', NULL, '1', '1', '1', '0', '0'),
('626', '5', '5', 'Veg Manchurian', 'menu_626_69298b9eecab5.png', 'Vegetable manchurian', 'veg', '350.00', '10', '53', '2025-11-17 13:46:42', '2025-11-28 11:46:39', NULL, '1', '1', '1', '0', '0'),
('627', '5', '5', 'Exotic Garlic Vegetable', 'menu_627_69298b9fcad84.png', 'Garlic tossed mixed vegetables', 'veg', '350.00', '10', '53', '2025-11-17 13:46:42', '2025-11-28 11:46:40', NULL, '1', '1', '1', '0', '0'),
('628', '5', '5', 'Exotic Vegetable Black Bean Sauce', 'menu_628_69298ba09fadd.png', 'Vegetables in black bean sauce', 'veg', '350.00', '10', '53', '2025-11-17 13:46:42', '2025-11-28 11:46:40', NULL, '1', '1', '1', '0', '0'),
('629', '5', '5', 'Green Thai curry', 'menu_629_69298ba1527af.png', 'Green Thai curry (Veg/Non-Veg)', 'veg', '395.00', '10', '53', '2025-11-17 13:46:42', '2025-11-28 11:46:41', NULL, '1', '1', '1', '0', '0'),
('630', '5', '5', 'Tandoori Roti', 'menu_630_69298ba1f39c2.jpg', 'Traditional tandoori roti', 'veg', '45.00', '11', '54', '2025-11-17 13:46:42', '2025-11-28 11:46:42', NULL, '1', '1', '1', '0', '0'),
('631', '5', '5', 'Butter Roti', 'menu_631_69298ba2a6eeb.png', 'Buttery roti', 'veg', '50.00', '11', '54', '2025-11-17 13:46:42', '2025-11-28 11:46:42', NULL, '1', '1', '1', '0', '0'),
('632', '5', '5', 'Missi (Onion, Masala)', 'menu_632_69298ba3724f3.jpg', 'Missi roti with onion and masala', 'veg', '65.00', '11', '54', '2025-11-17 13:46:42', '2025-11-28 11:46:43', NULL, '1', '1', '1', '0', '0'),
('633', '5', '5', 'Naan (Plain/Garlic/Chilli Coriander/Butter)', 'menu_633_69298ba40e5a3.jpg', 'Assorted naans', 'veg', '65.00', '11', '54', '2025-11-17 13:46:42', '2025-11-28 11:46:44', NULL, '1', '1', '1', '0', '0'),
('634', '5', '5', 'Parantha (Laccha/Pudina/Ajwain/Mirchi)', 'menu_634_69298ba4d6ac7.jpg', 'Assorted paranthas', 'veg', '65.00', '11', '54', '2025-11-17 13:46:42', '2025-11-28 11:46:44', NULL, '1', '1', '1', '0', '0'),
('635', '5', '5', 'Ice-Cream (Vanilla/Butterscotch/Chocolate/Strawberry)', 'menu_635_69298ba572685.png', 'Served per scoop', 'veg', '150.00', '12', '55', '2025-11-17 13:46:42', '2025-11-28 11:46:45', NULL, '1', '1', '1', '0', '0'),
('636', '5', '5', 'Coffee', 'menu_636_69298ba63bb9c.jpg', 'Hot brewed coffee', 'veg', '225.00', '13', '56', '2025-11-17 13:46:42', '2025-11-28 11:46:46', NULL, '1', '1', '1', '0', '0'),
('637', '5', '5', 'Cold Coffee', 'menu_637_69298ba6c13d6.jpg', 'Cold iced coffee', 'veg', '250.00', '13', '56', '2025-11-17 13:46:42', '2025-11-28 11:46:46', NULL, '1', '1', '1', '0', '0'),
('638', '5', '5', 'Choco chip cookie frappe', 'menu_638_69298ba756fdf.jpg', 'Chocolate chip cookie frappe', 'veg', '250.00', '13', '56', '2025-11-17 13:46:42', '2025-11-28 11:46:47', NULL, '1', '1', '1', '0', '0'),
('639', '5', '5', 'Milk Shakes', 'menu_639_69298ba806af0.jpg', 'Assorted milkshakes', 'veg', '250.00', '13', '56', '2025-11-17 13:46:42', '2025-11-28 11:46:48', NULL, '1', '1', '1', '0', '0'),
('640', '5', '5', 'Lassi or Butter Milk', 'menu_640_69298ba8a0121.jpg', 'Traditional lassi or buttermilk', 'veg', '225.00', '13', '56', '2025-11-17 13:46:42', '2025-11-28 11:46:48', NULL, '1', '1', '1', '0', '0'),
('641', '5', '5', 'Virgin Mojito', 'menu_641_69298ba94a019.jpg', 'Non-alcoholic mojito', 'veg', '250.00', '13', '56', '2025-11-17 13:46:42', '2025-11-28 11:46:49', NULL, '1', '1', '1', '0', '0'),
('642', '5', '5', 'Virgin Sangria', 'menu_642_69298baa4f4a1.jpg', 'Non-alcoholic sangria', 'veg', '250.00', '13', '56', '2025-11-17 13:46:42', '2025-11-28 11:46:50', NULL, '1', '1', '1', '0', '0'),
('643', '5', '5', 'Lemonade', 'menu_643_69298bab18960.png', 'Fresh lemonade', 'veg', '250.00', '13', '56', '2025-11-17 13:46:42', '2025-11-28 11:46:51', NULL, '1', '1', '1', '0', '0'),
('644', '5', '5', 'Fizzy Orange', 'menu_644_69298baba7dad.jpg', 'Carbonated orange drink', 'veg', '250.00', '13', '56', '2025-11-17 13:46:42', '2025-11-28 11:46:51', NULL, '1', '1', '1', '0', '0'),
('645', '5', '5', 'Strawberry And Basil Mojito', 'menu_645_69298bac40ce9.jpg', 'Strawberry and basil infused mojito', 'veg', '275.00', '13', '56', '2025-11-17 13:46:42', '2025-11-28 11:46:52', NULL, '1', '1', '1', '0', '0'),
('646', '5', '5', 'The Signature Corbett Grill', 'menu_646_69298bace4630.jpg', 'House special drink', 'veg', '275.00', '13', '56', '2025-11-17 13:46:42', '2025-11-28 11:46:53', NULL, '1', '1', '1', '0', '0'),
('647', '5', '5', 'Spicy Grande', 'menu_647_69298bad968e9.jpg', 'Spicy mocktail', 'veg', '250.00', '13', '56', '2025-11-17 13:46:42', '2025-11-28 11:46:53', NULL, '1', '1', '1', '0', '0'),
('648', '5', '5', 'Virgin Pina Colada', 'menu_648_69298bae3cebb.jpg', 'Pina colada mocktail', 'veg', '275.00', '13', '56', '2025-11-17 13:46:42', '2025-11-28 11:46:54', NULL, '1', '1', '1', '0', '0'),
('649', '5', '5', 'Pineapple Mint Cooler', 'menu_649_69298baeef781.png', 'Pineapple and mint cooler', 'veg', '275.00', '13', '56', '2025-11-17 13:46:42', '2025-11-28 11:46:55', NULL, '1', '1', '1', '0', '0'),
('650', '5', '5', 'Aerated Beverages', 'menu_650_69298bafc4839.jpg', 'Coke, Fanta, Sprite or Diet soda', 'veg', '100.00', '13', '56', '2025-11-17 13:46:42', '2025-11-28 11:46:55', NULL, '1', '1', '1', '0', '0'),
('651', '5', '5', 'Ice bucket', 'menu_651_69298bb0b5ec5.jpg', 'Ice bucket', 'veg', '120.00', '13', '56', '2025-11-17 13:46:42', '2025-11-28 11:46:56', NULL, '1', '1', '1', '0', '0'),
('652', '27', '28', 'Idli', NULL, 'Idli', 'veg', '50.00', '14', '57', '2025-11-26 08:31:49', '2025-11-26 10:30:00', NULL, '1', '1', '1', '0', '0'),
('653', '27', '28', 'paratha', NULL, 'paratha', 'veg', '100.00', '14', '57', '2025-11-26 09:15:23', '2025-11-26 10:30:00', '45', '1', '1', '1', '0', '0');


-- Table structure for table `menus`
CREATE TABLE `menus` (
  `id` bigint(20) unsigned NOT NULL AUTO_INCREMENT,
  `branch_id` bigint(20) unsigned DEFAULT NULL,
  `menu_name` text DEFAULT NULL,
  `sort_order` int(10) unsigned NOT NULL DEFAULT 0,
  `created_at` timestamp NULL DEFAULT NULL,
  `updated_at` timestamp NULL DEFAULT NULL,
  PRIMARY KEY (`id`),
  KEY `menus_branch_id_foreign` (`branch_id`),
  CONSTRAINT `menus_branch_id_foreign` FOREIGN KEY (`branch_id`) REFERENCES `branches` (`id`) ON DELETE CASCADE ON UPDATE CASCADE
) ENGINE=InnoDB AUTO_INCREMENT=16 DEFAULT CHARSET=utf8mb4 COLLATE=utf8mb4_unicode_ci;

-- Dumping data for table `menus`
INSERT INTO `menus` VALUES
('1', '1', '{\"en\":\"Main Menu\"}', '0', '2025-09-17 06:04:57', '2025-09-17 06:04:57'),
('2', '3', '{\"en\":\"Main Menu\"}', '0', '2025-09-19 20:04:20', '2025-09-19 20:04:20'),
('3', '4', '{\"en\":\"Breakfast\"}', '0', '2025-09-20 12:58:54', '2025-09-20 12:58:54'),
('4', '5', '{\"en\":\"Vada pao\"}', '0', '2025-10-07 15:01:24', '2025-10-07 15:01:24'),
('6', '5', '{\"en\":\"Breakfast\"}', '0', '2025-10-24 14:47:12', '2025-10-24 14:47:12'),
('7', '5', '{\"en\":\"Lunch Menu\",\"fr\":\"Menu Du Dîner\",\"pa\":\"ਦੁਪਹਿਰ ਦੇ ਖਾਣੇ ਦਾ ਮੀਨੂ\"}', '0', '2025-10-25 12:49:38', '2025-10-25 12:50:34'),
('8', '5', '{\"en\":\"Starters\"}', '0', '2025-11-17 13:46:42', '2025-11-17 13:46:42'),
('9', '5', '{\"en\":\"Tandoor & Grill\"}', '0', '2025-11-17 13:46:42', '2025-11-17 13:46:42'),
('10', '5', '{\"en\":\"Asian Kitchen\"}', '0', '2025-11-17 13:46:42', '2025-11-17 13:46:42'),
('11', '5', '{\"en\":\"Main Course\"}', '0', '2025-11-17 13:46:42', '2025-11-17 13:46:42'),
('12', '5', '{\"en\":\"Desserts\"}', '0', '2025-11-17 13:46:42', '2025-11-17 13:46:42'),
('13', '5', '{\"en\":\"Beverages\"}', '0', '2025-11-17 13:46:42', '2025-11-17 13:46:42'),
('14', '27', '{\"en\":\"BreakFast\"}', '0', '2025-11-26 08:23:15', '2025-11-26 08:23:15'),
('15', '27', '{\"en\":\"Lunch\"}', '0', '2025-11-26 08:23:58', '2025-11-26 08:23:58');


-- Table structure for table `migrations`
CREATE TABLE `migrations` (
  `id` int(10) unsigned NOT NULL AUTO_INCREMENT,
  `migration` varchar(191) NOT NULL,
  `batch` int(11) NOT NULL,
  PRIMARY KEY (`id`)
) ENGINE=InnoDB AUTO_INCREMENT=304 DEFAULT CHARSET=utf8mb4 COLLATE=utf8mb4_unicode_ci;

-- Dumping data for table `migrations`
INSERT INTO `migrations` VALUES
('1', '0001_01_01_000000_create_users_table', '1'),
('2', '0001_01_01_000001_create_cache_table', '1'),
('3', '0001_01_01_000002_create_jobs_table', '1'),
('4', '2014_04_02_193005_create_translations_table', '1'),
('5', '2024_01_01_create_printers_table', '1'),
('6', '2024_03_13_000002_create_expense_categories_table', '1'),
('7', '2024_07_01_060651_add_two_factor_columns_to_users_table', '1'),
('8', '2024_07_01_060707_create_personal_access_tokens_table', '1'),
('9', '2024_07_02_064204_create_menus_table', '1'),
('10', '2024_07_12_070634_create_areas_table', '1'),
('11', '2024_07_16_103816_create_orders_table', '1'),
('12', '2024_07_21_083459_add_user_type_column', '1'),
('13', '2024_07_24_131631_create_payments_table', '1'),
('14', '2024_07_31_081306_add_email_otp_column', '1'),
('15', '2024_08_02_061808_create_countries_table', '1'),
('16', '2024_08_02_071637_create_restaurant_settings_table', '1'),
('17', '2024_08_04_104258_create_razorpay_payments_table', '1'),
('18', '2024_08_05_092258_create_stripe_payments_table', '1'),
('19', '2024_08_05_110157_create_payment_gateway_credentials_table', '1'),
('20', '2024_08_13_033139_create_global_settings_table', '1'),
('21', '2024_08_13_073129_update_settings_add_envato_key', '1'),
('22', '2024_08_13_073129_update_settings_add_support_key', '1'),
('23', '2024_08_14_073129_update_settings_add_email', '1'),
('24', '2024_08_14_073129_update_settings_add_last_verified_key', '1'),
('25', '2024_09_13_081726_create_modules_table', '1'),
('26', '2024_09_14_130619_create_permission_tables', '1'),
('27', '2024_09_27_071339_create_reservations_table', '1'),
('28', '2024_10_02_090924_create_email_settings_table', '1'),
('29', '2024_10_03_073837_create_notification_settings_table', '1'),
('30', '2024_10_11_100539_create_branches_table', '1'),
('31', '2024_10_14_121135_create_onboarding_steps_table', '1'),
('32', '2024_10_15_071238_add_restaurant_hash_column', '1'),
('33', '2024_10_15_071238_storage', '1'),
('34', '2024_10_15_100639_create_restaurant_payments_table', '1'),
('35', '2024_10_27_101326_create_packages_table', '1'),
('36', '2024_11_02_112920_create_language_settings_table', '1'),
('37', '2024_11_02_120314_create_flags_table', '1'),
('38', '2024_11_02_120314_email_settings_table', '1'),
('39', '2024_11_08_071617_add_customer_login_required_column', '1'),
('40', '2024_11_08_093032_create_superadmin_payment_gateways_table', '1'),
('41', '2024_11_08_133506_add_stripe_column_for_license', '1'),
('42', '2024_11_12_055119_create_delivery_executives_table', '1'),
('43', '2024_11_12_055632_add_order_types_column', '1'),
('44', '2024_11_12_060500_create_order_histories_table', '1'),
('45', '2024_11_12_060500_global_license_type_table', '1'),
('46', '2024_11_12_060500_global_purchase_on_table', '1'),
('47', '2024_11_12_060500_global_setting_timezone_table', '1'),
('48', '2024_11_17_052707_currency_position', '1'),
('49', '2024_11_17_052707_move_qr_code', '1'),
('50', '2024_11_19_113852_add_is_active_to_restaurants_table', '1'),
('51', '2024_11_20_114816_add_staff_welcome_email_notification', '1'),
('52', '2024_11_25_061322_create_pusher_settings_table', '1'),
('53', '2024_11_26_090216_create_global_currencies_table', '1'),
('54', '2024_12_03_085842_add_about_us_column', '1'),
('55', '2024_12_03_104817_add_currency_id_packages', '1'),
('56', '2024_12_04_080223_add_allow_customer_delivery_orders', '1'),
('57', '2024_12_04_115601_add_preparation_time_column', '1'),
('58', '2024_12_11_110000_create_tables_for_subscription_table', '1'),
('59', '2024_12_11_131225_add_disable_landing_site_columns', '1'),
('60', '2024_12_12_090840_create_waiter_requests_table', '1'),
('61', '2024_12_13_090840_add_domain_global_setting', '1'),
('62', '2024_12_16_080201_create_lifetime_subscriptions_for_paid_restaurants', '1'),
('63', '2024_12_23_124452_add_payment_enabled_columns_to_payment_settings_table', '1'),
('64', '2024_12_27_054246_add_table_reservation_default_status_to_restaurants_table', '1'),
('65', '2024_12_30_074018_create_split_orders_table', '1'),
('66', '2024_12_30_200942_create_restaurant_settings_table', '1'),
('67', '2025_01_03_050139_add_social_media_links_to_reataurants_table', '1'),
('68', '2025_01_03_093938_add_social_media_links_to_global_settings_table', '1'),
('69', '2025_01_06_111550_create_receipt_settings_table', '1'),
('70', '2025_01_09_073145_generate_qr_codes_for_existing_branches', '1'),
('71', '2025_01_09_115652_update_receipt_settings_for_existing_restaurants', '1'),
('72', '2025_01_10_064103_add_table_required_column_to_customer_settings_table', '1'),
('73', '2025_01_10_100552_insert_to_file_storage_settings_default_values', '1'),
('74', '2025_01_11_063817_add_default_currency_column', '1'),
('75', '2025_01_15_000000_create_cart_header_settings_table', '1'),
('76', '2025_01_15_000001_create_cart_header_images_table', '1'),
('77', '2025_01_16_125322_add_is_enabled_to_menu_items_table', '1'),
('78', '2025_01_16_131100_regenrate_qr_codes', '1'),
('79', '2025_01_20_000000_add_restaurant_id_to_roles', '1'),
('80', '2025_01_20_071544_add_branch_limit_to_packages_table', '1'),
('81', '2025_01_20_091630_update_item_type', '1'),
('82', '2025_01_20_125429_add_discount_columns_to_orders_table', '1'),
('83', '2025_01_21_064139_add_show_logo_text_column', '1'),
('84', '2025_01_21_064256_add_offline_payment', '1'),
('85', '2025_01_21_132218_fix_user_roles', '1'),
('86', '2025_01_22_114720_add_show_tax_to_receipt_setting', '1'),
('87', '2025_01_23_065746_create_modifier_groups_table', '1'),
('88', '2025_01_23_085333_create_restaurant_taxes_table', '1'),
('89', '2025_01_23_090554_create_modifier_options_table', '1'),
('90', '2025_01_23_094318_create_item_modifiers_table', '1'),
('91', '2025_01_23_121154_create_order_item_modifier_options_table', '1'),
('92', '2025_01_27_065822_add_balance_column_to_payment', '1'),
('93', '2025_01_28_111039_add_allow_dine_in_orders_to_restaurant', '1'),
('94', '2025_01_30_050755_add_yelp_icon_to_global_settings', '1'),
('95', '2025_01_30_055744_add_yelp_link_to_restaurants', '1'),
('96', '2025_01_30_100556_fix_package_price_length', '1'),
('97', '2025_01_30_104043_add_meta_data_to_global_settings', '1'),
('98', '2025_01_31_000001_create_predefined_amounts_table', '1'),
('99', '2025_02_03_062109_add_is_cash_payment_enabled_to_payment', '1'),
('100', '2025_02_04_140538_add_transaction_id_kot', '1'),
('101', '2025_02_15_121956_add_hide_new_orders_option_to_restaurant', '1'),
('102', '2025_02_17_052801_create_restaurant_charges_settings_table', '1'),
('103', '2025_02_17_093729_add_favicon_to_restaurant', '1'),
('104', '2025_02_19_091730_update_menu_name_to_json', '1'),
('105', '2025_02_20_095321_add_waiter_request_options_to_restaurant', '1'),
('106', '2025_02_21_051534_add_hash_to_global_settings_table', '1'),
('107', '2025_02_21_102116_add_column_to_settings', '1'),
('108', '2025_02_24_063827_add_payment_qr_to_receipt_settings', '1'),
('109', '2025_02_24_111946_add_permissions_to_customers', '1'),
('110', '2025_03_04_114535_add_is_enabled_to_restaurant_charges', '1'),
('111', '2025_03_10_055100_add_tip_column_to_orders_table', '1'),
('112', '2025_03_10_100727_add_is_pwa_intall_alert_show_column_in_restaurants_table', '1'),
('113', '2025_03_17_090450_add_meta_title_to_global_settings', '1'),
('114', '2025_03_18_044410_create_expenses_table', '1'),
('115', '2025_03_19_092459_create_custom_menus_table', '1'),
('116', '2025_03_19_103047_update_additional_modules', '1'),
('117', '2025_03_24_084350_add_show_payments_column_to_receipt_settings_table', '1'),
('118', '2025_04_01_050059_add_branch_id_to_expense_category', '1'),
('119', '2025_04_01_051356_add_branch_id_to_expenses', '1'),
('120', '2025_04_02_071911_update_kot_status_enum', '1'),
('121', '2025_04_07_112351_add_payment_recived_status_to_orders_table', '1'),
('122', '2025_04_08_063624_update_meta_keywords', '1'),
('123', '2025_04_10_065753_add_flutterwave_payment_gateway_columns_and_tables', '1'),
('124', '2025_04_15_084543_create_front_details_table', '1'),
('125', '2025_04_22_065157_create_front_reviews_setting_table', '1'),
('126', '2025_04_22_091055_create_branch_delivery_settings_table', '1'),
('127', '2025_04_22_091146_create_customer_addresses_table', '1'),
('128', '2025_04_22_091223_create_delivery_fee_tiers_table', '1'),
('129', '2025_04_22_091258_add_delivery_columns_to_orders_table', '1'),
('130', '2025_04_29_102014_add_landing_type_column_in_global_settings_table', '1'),
('131', '2025_04_29_114538_add_front_data_in_front_details_table', '1'),
('132', '2025_05_14_094039_update_printers_settings_columns_to_printers_table', '1'),
('133', '2025_05_15_071027_create_kot_places_table', '1'),
('134', '2025_05_23_124746_add_in_stock_column', '1'),
('135', '2025_05_26_105151_relocate_map_api_key_to_superadmin_settings', '1'),
('136', '2025_05_26_114443_modify_kot_places_table', '1'),
('137', '2025_05_30_081624_add_show_item_on_customer_site_to_menu_items', '1'),
('138', '2025_06_02_081928_add_session_driver_column_to_global_settings', '1'),
('139', '2025_06_02_112147_add_columns_to_superadmin_payment_gateways_table', '1'),
('140', '2025_06_02_112903_add_paypal_payment_column_to_payment_gateway_credentials', '1'),
('141', '2025_06_02_113108_create_paypal_payments_table', '1'),
('142', '2025_06_02_114326_add_paypal_payment_in_payment_method_to_payments', '1'),
('143', '2025_06_03_095923_add_status_column_kot_item', '1'),
('144', '2025_06_04_065130_add_columns_payfast_in_superadmin_payment_gateways_table', '1'),
('145', '2025_06_05_063256_add_sort_order_columns_in_menu_and_items', '1'),
('146', '2025_06_05_112055_create_kot_settings_table', '1'),
('147', '2025_06_06_050159_add_payfast_payment_column_to_payment_gateway_credentials', '1'),
('148', '2025_06_06_051204_create_payfast_payments_table', '1'),
('149', '2025_06_10_093131_change_delete_cascade_for_orders', '1'),
('150', '2025_06_11_061716_add_uuid_to_orders_table', '1'),
('151', '2025_06_11_062354_add_columns_paystack_in_superadmin_payment_gateways_table', '1'),
('152', '2025_06_13_112612_add_phone_to_users', '1'),
('153', '2025_06_13_113200_add_column_paystack_payments_to_payment_gateway_credentials', '1'),
('154', '2025_06_13_113240_create_paystack_payments_table', '1'),
('155', '2025_06_16_104533_add_note_columns_to_kot_items_and_order_items', '1'),
('156', '2025_06_18_112425_add_payment_gateways_to_restaurants_table', '1'),
('157', '2025_06_19_070518_add_position_to_custom_menus_table', '1'),
('158', '2025_06_20_060452_add_columns_to_branch_table', '1'),
('159', '2025_06_20_092521_add_others_type_to_payments_table', '1'),
('160', '2025_06_23_101041_create_kot_cancel_reasons_table', '1'),
('161', '2025_06_23_120021_update_kot_place_id_in_menu_items', '1'),
('162', '2025_06_24_092521_disable_printer', '1'),
('163', '2025_06_24_092811_add_column_cancel_kot_reason_to_kots_table', '1'),
('164', '2025_06_24_102830_update_enum_status_to_kots_table', '1'),
('165', '2025_06_25_094311_add_column_cancellation_reason_to_orders_table', '1'),
('166', '2025_06_26_060831_add_custom_delivery_options_to_restaurants_table', '1'),
('167', '2025_06_27_084541_insert_sample_kot_cancel_reasons_data', '1'),
('168', '2025_07_01_112529_create_print_jobs_table', '1'),
('169', '2025_07_01_133114_add_placed_via_column_orders_table', '1'),
('170', '2025_07_02_090709_create_order_types_table', '1'),
('171', '2025_07_02_105440_add_translations_columns_for_modifier_group', '1'),
('172', '2025_07_02_114040_add_unique_hash_to_branches_table', '1'),
('173', '2025_07_03_123829_update_kot_place_id_for_cloned_menu_items', '1'),
('174', '2025_07_04_064350_update_order_type_id_in_orders', '1'),
('175', '2025_07_04_081809_add_tax_mode_to_restaurants_table', '1'),
('176', '2025_07_04_131541_create_desktop_applications_table', '1'),
('177', '2025_07_07_070122_add_pusher_broadcast_to_pusher_settings_table', '1'),
('178', '2025_07_07_110131_create_menu_item_taxes_table', '1'),
('179', '2025_07_14_082950_add_columns_to_restaurants_table', '1'),
('180', '2025_07_14_124125_add_pick_up_date_range_in_restaurants_table', '1'),
('181', '2025_07_17_122331_create_order_number_settings', '1'),
('182', '2025_07_29_063129_modify_item_type_in-menus', '1'),
('183', '2025_07_29_082605_add_show_halal_and_veg_option_to_restaurants', '1'),
('184', '2025_07_30_125616_add_tax_mode_to_orders', '1'),
('185', '2025_08_01_114055_add_reservation_column_to_restaurants_table', '1'),
('186', '2025_08_04_131541_create_desktop_applications_update_table', '1'),
('187', '2025_08_05_081541_modify_split_orders_table_add_bank_transfer', '1'),
('188', '2025_08_06_065323_change_payment_method_to_string_in_payments_table', '1'),
('189', '2025_08_07_033322_add_column_disable_slot_minutes_to_restaurants_table', '1'),
('190', '2025_08_08_115502_add_variation_id_to_item_modifiers', '1'),
('191', '2025_08_12_133228_change_package_description_length', '1'),
('192', '2025_08_13_060315_rename_payfast_columns_in_superadmin_payment_gateways_table', '1'),
('193', '2025_08_13_110934_add_default_expense_categories_to_existing_branches', '1'),
('194', '2025_08_16_110310_add_slot_time_difference_to_reservations', '1'),
('195', '2025_08_19_071639_fix_tax_percent_to_unlimited_decimal', '1'),
('196', '2025_08_19_131541_create_desktop_applications_mac_update_table', '1'),
('197', '2025_08_20_000001_add_quantity_to_split_order_items', '1'),
('198', '2025_08_21_100452_add_html_content_print_job', '1'),
('199', '2025_08_25_050939_add_hide_menu_item_image_columns_to_restaurants_table', '1'),
('200', '2025_08_25_060934_add_xendit_payment_gateway_to_payment_gateway_credentials_table', '1'),
('201', '2025_08_25_061405_add_xendit_to_global_settings_table', '1'),
('202', '2025_08_25_061500_create_xendit_payments_table', '1'),
('203', '2025_08_25_062000_add_xendit_webhook_verification_tokens', '1'),
('204', '2025_01_15_000000_create_database_backups_table', '2'),
('205', '2025_01_15_000001_create_database_backup_settings_table', '2'),
('206', '2025_01_01_121040_inventory_global_settings', '3'),
('207', '2025_02_06_095827_create_invetory_module_table', '3'),
('208', '2025_02_12_create_purchase_orders_tables', '3'),
('209', '2025_03_02_181226_create_inventory_settings_table', '3'),
('210', '2025_03_05_100018_create_inventory_settings_table', '3'),
('211', '2025_03_19_113535_soft_delete_supplier', '3'),
('212', '2025_03_20_113535_permission_supplier', '3'),
('213', '2025_07_07_000000_add_variation_support_to_recipes_table', '3'),
('214', '2025_07_07_000001_add_modifier_option_support_to_recipes_table', '3'),
('215', '2025_07_07_000002_make_menu_item_id_nullable_in_recipes_table', '3'),
('216', '2025_01_01_121040_kitchen_global_settings', '4'),
('217', '2025_05_19_163251_add_permission_to_kot_places', '4'),
('218', '2025_06_12_094512_add_kitchen_place_id_to_kot', '4'),
('219', '2025_06_16_121348_update_kot_place_id_in_menu_items', '4'),
('220', '2023_10_09_114356_create_language_pack_settings_table', '5'),
('221', '2023_11_02_094141_language_pack_notify_update_global_settings', '5'),
('222', '2023_11_28_094141_language_license_type_update_global_settings', '5'),
('223', '2023_12_19_091940_purchased_on_language_setting_table', '5'),
('224', '2020_04_09_121040_subdomain_settings', '6'),
('225', '2024_11_01_000000_add_sub_domain_in_companies_table', '6'),
('226', '2025_09_11_094443_remove_phone_unique', '7'),
('227', '2025_09_15_100452_remove_extra_content_print_job', '7'),
('228', '2025_09_17_094034_create_cart_session_tables', '7'),
('229', '2025_08_01_164051_create_kiosk_setting_tables', '8'),
('230', '2025_09_26_164051_create_kiosk_tables', '8'),
('231', '2025_09_26_164052_create_kiosk_promos_tables', '8'),
('232', '2025_08_29_091315_add_phone_code_to_customers_table', '9'),
('233', '2025_09_02_085025_add_xendit_payment_column_to_superadmin_payment_gateways_table', '9'),
('234', '2025_09_02_113846_add_xendit_payments_column_to_packages_table', '9'),
('235', '2025_09_02_130000_create_otps_table', '9'),
('236', '2025_09_18_083624_add_table_lock_columns_and_settings', '9'),
('237', '2025_09_25_063220_add_xendit_webhook_token_to_superadmin_payment_gateways', '9'),
('238', '2025_09_26_115847_add_token_number_to_orders_table', '9'),
('239', '2025_09_26_115854_add_enable_token_number_to_order_types_table', '9'),
('240', '2025_10_07_070000_add_reference_id_to_payment_tables', '9'),
('241', '2025_10_07_094006_add_token_number_to_kots_table', '9'),
('242', '2025_10_07_094018_remove_token_number_from_orders_table', '9'),
('243', '2025_10_08_095954_add_columns_paddle_payment_keys_to_superadmin_payment_gateways', '9'),
('244', '2025_10_08_102000_add_paddle_client_token_columns_to_superadmin_payment_gateways', '9'),
('245', '2025_10_09_041734_add_enable_paddle_to_global_settings_table', '9'),
('246', '2025_10_09_065853_remove_payload_from_print_jobs', '9'),
('247', '2025_10_09_084200_add_package_id_to_restaurant_payments_table', '9'),
('248', '2025_10_09_091500_add_paddle_price_ids_to_packages_table', '9'),
('249', '2025_10_10_100000_add_paddle_webhook_secret_to_superadmin_payment_gateways', '9'),
('250', '2025_10_10_122321_add_privacy_policy_link_to_global_settings_table', '9'),
('251', '2025_10_14_071228_add_consent_fields_to_users_table', '9'),
('252', '2025_10_15_045419_sms_count_packages', '10'),
('253', '2023_10_17_073008_create_universal_bundle_settings_table', '11'),
('254', '2025_09_01_073008_create_global_settings_table', '12'),
('255', '2025_09_16_000001_create_cash_register_module', '12'),
('256', '2025_09_16_000001_create_cash_registers_tables', '12'),
('257', '2025_09_18_000002_add_approval_columns_to_cash_register_sessions', '12'),
('258', '2025_09_20_000003_create_denominations_table', '12'),
('259', '2025_09_26_043532_create_cash_register_settings_table', '12'),
('260', '2025_09_29_120001_add_order_id_to_cash_register_transactions_table', '12'),
('261', '2025_10_08_070529_add_open_register_permission_to_cash_register_module', '12'),
('262', '2025_10_08_080000_rename_cash_register_permissions', '12'),
('263', '2025_10_10_120000_drop_currency_from_denominations', '12'),
('264', '2025_10_08_164052_create_kiosks', '13'),
('265', '2025_09_29_095519_create_delivery_platforms_table', '14'),
('266', '2025_10_01_064424_create_menu_item_prices_table', '14'),
('267', '2025_10_14_000001_create_modifier_option_prices_table', '14'),
('268', '2025_10_17_074528_add_delivery_app_id_orders_table', '14'),
('269', '2025_08_25_062431_create_sms_settings_table', '15'),
('270', '2025_08_25_085421_create_sms_permissions_table', '15'),
('271', '2025_08_28_081001_create_sms_notification_settings_table', '15'),
('272', '2025_09_09_045430_create_sms_template_table', '15'),
('273', '2025_09_25_065936_create_sms_usage_logs_table', '15'),
('274', '2025_09_26_055517_add_columns_to_packages_table', '15'),
('275', '2025_07_07_000002_make_menu_item_id_nullable_in_recipes_table copy', '16'),
('276', '2025_09_11_000002_update_cascade_purchase_orders_table', '16'),
('277', '2025_09_23_062535_add_cancel_functionality_to_kot_items_table', '17'),
('278', '2025_10_14_105354_add_order_item_id_to_kot_items_table', '17'),
('279', '2025_10_27_065853_add_from_printer_type', '17'),
('280', '2025_10_28_065738_add_discount_permission_to_existing_roles', '17'),
('281', '2025_11_03_065853_add_from_printer_enum', '17'),
('282', '2025_01_16_000000_add_is_header_disabled_to_cart_header_settings_table', '18'),
('283', '2025_10_30_055800_add_qr_order_location_columns_to_restaurants_table', '18'),
('284', '2025_11_07_065319_add_disable_order_type_popup_to_restaurants_table', '18'),
('285', '2025_11_10_000000_add_show_customer_phone_to_receipt_settings_table', '18'),
('286', '2025_11_10_000001_add_show_payment_status_to_receipt_settings_table', '18'),
('287', '2025_11_10_100652_add_added_by_to_orders_table', '18'),
('288', '2025_09_18_051324_add_limit_columns_to_packages_table', '19'),
('289', '2025_10_28_081340_add_multipos_limit_to_packages_table', '19'),
('290', '2025_11_12_081126_create_table_epay_payments_table', '19'),
('291', '2025_11_13_060849_add_cancelled_by_to_orders_table', '19'),
('292', '2025_11_18_083606_add_modifier_option_prices_column_to_table', '19'),
('293', '2025_12_20_000000_add_cancelled_by_to_kot_items_table', '19'),
('294', '2025_01_01_073008_create_global_settings_table', '20'),
('295', '2025_01_15_000001_create_pos_machines_table', '20'),
('296', '2025_01_15_000002_add_pos_machine_id_to_orders_table', '20'),
('297', '2025_01_15_000003_add_pos_machine_id_to_register_sessions_table', '20'),
('298', '2025_01_15_000004_add_pos_machine_request_notification_setting', '20'),
('299', '2025_10_24_100001_create_multi_pos_module', '20'),
('300', '2025_11_07_093246_add_device_id_to_pos_machines_table', '20'),
('301', '2025_11_24_181400_call_activate_command_for_notification_settings', '20'),
('302', '2025_11_25_000000_create_purchase_order_payments_table', '21'),
('303', '2025_11_25_120001_add_description_photo_to_inventory_items_table', '21');


-- Table structure for table `model_has_permissions`
CREATE TABLE `model_has_permissions` (
  `permission_id` bigint(20) unsigned NOT NULL,
  `model_type` varchar(191) NOT NULL,
  `model_id` bigint(20) unsigned NOT NULL,
  PRIMARY KEY (`permission_id`,`model_id`,`model_type`),
  KEY `model_has_permissions_model_id_model_type_index` (`model_id`,`model_type`),
  CONSTRAINT `model_has_permissions_permission_id_foreign` FOREIGN KEY (`permission_id`) REFERENCES `permissions` (`id`) ON DELETE CASCADE
) ENGINE=InnoDB DEFAULT CHARSET=utf8mb4 COLLATE=utf8mb4_unicode_ci;


-- Table structure for table `model_has_roles`
CREATE TABLE `model_has_roles` (
  `role_id` bigint(20) unsigned NOT NULL,
  `model_type` varchar(191) NOT NULL,
  `model_id` bigint(20) unsigned NOT NULL,
  PRIMARY KEY (`role_id`,`model_id`,`model_type`),
  KEY `model_has_roles_model_id_model_type_index` (`model_id`,`model_type`),
  CONSTRAINT `model_has_roles_role_id_foreign` FOREIGN KEY (`role_id`) REFERENCES `roles` (`id`) ON DELETE CASCADE
) ENGINE=InnoDB DEFAULT CHARSET=utf8mb4 COLLATE=utf8mb4_unicode_ci;

-- Dumping data for table `model_has_roles`
INSERT INTO `model_has_roles` VALUES
('1', 'App\\Models\\User', '1'),
('1', 'App\\Models\\User', '10'),
('1', 'App\\Models\\User', '18'),
('1', 'App\\Models\\User', '19'),
('1', 'App\\Models\\User', '20'),
('2', 'App\\Models\\User', '2'),
('4', 'App\\Models\\User', '3'),
('6', 'App\\Models\\User', '4'),
('8', 'App\\Models\\User', '5'),
('10', 'App\\Models\\User', '6'),
('14', 'App\\Models\\User', '7'),
('16', 'App\\Models\\User', '9'),
('22', 'App\\Models\\User', '12'),
('26', 'App\\Models\\User', '13'),
('30', 'App\\Models\\User', '14'),
('34', 'App\\Models\\User', '15'),
('38', 'App\\Models\\User', '16');


-- Table structure for table `modifier_group_translations`
CREATE TABLE `modifier_group_translations` (
  `id` bigint(20) unsigned NOT NULL AUTO_INCREMENT,
  `modifier_group_id` bigint(20) unsigned NOT NULL,
  `locale` varchar(191) NOT NULL,
  `name` varchar(191) DEFAULT NULL,
  `description` text DEFAULT NULL,
  PRIMARY KEY (`id`),
  UNIQUE KEY `modifier_group_translations_modifier_group_id_locale_unique` (`modifier_group_id`,`locale`),
  KEY `modifier_group_translations_locale_index` (`locale`),
  CONSTRAINT `modifier_group_translations_modifier_group_id_foreign` FOREIGN KEY (`modifier_group_id`) REFERENCES `modifier_groups` (`id`) ON DELETE CASCADE
) ENGINE=InnoDB AUTO_INCREMENT=2 DEFAULT CHARSET=utf8mb4 COLLATE=utf8mb4_unicode_ci;

-- Dumping data for table `modifier_group_translations`
INSERT INTO `modifier_group_translations` VALUES
('1', '1', 'en', 'Coffee', '');


-- Table structure for table `modifier_groups`
CREATE TABLE `modifier_groups` (
  `id` bigint(20) unsigned NOT NULL AUTO_INCREMENT,
  `name` varchar(191) NOT NULL,
  `description` text DEFAULT NULL,
  `branch_id` bigint(20) unsigned DEFAULT NULL,
  `created_at` timestamp NULL DEFAULT NULL,
  `updated_at` timestamp NULL DEFAULT NULL,
  PRIMARY KEY (`id`),
  KEY `modifier_groups_branch_id_foreign` (`branch_id`),
  CONSTRAINT `modifier_groups_branch_id_foreign` FOREIGN KEY (`branch_id`) REFERENCES `branches` (`id`) ON DELETE CASCADE ON UPDATE CASCADE
) ENGINE=InnoDB AUTO_INCREMENT=2 DEFAULT CHARSET=utf8mb4 COLLATE=utf8mb4_unicode_ci;

-- Dumping data for table `modifier_groups`
INSERT INTO `modifier_groups` VALUES
('1', 'Coffee', NULL, '5', '2025-10-24 14:50:33', '2025-10-24 14:50:33');


-- Table structure for table `modifier_option_prices`
CREATE TABLE `modifier_option_prices` (
  `id` bigint(20) unsigned NOT NULL AUTO_INCREMENT,
  `modifier_group_id` bigint(20) unsigned NOT NULL,
  `modifier_option_id` bigint(20) unsigned DEFAULT NULL,
  `order_type_id` bigint(20) unsigned DEFAULT NULL,
  `delivery_app_id` bigint(20) unsigned DEFAULT NULL,
  `calculated_price` decimal(16,2) NOT NULL,
  `override_price` decimal(16,2) DEFAULT NULL,
  `final_price` decimal(16,2) NOT NULL DEFAULT 0.00,
  `status` tinyint(1) NOT NULL DEFAULT 1,
  `created_at` timestamp NULL DEFAULT NULL,
  `updated_at` timestamp NULL DEFAULT NULL,
  PRIMARY KEY (`id`),
  KEY `modifier_option_prices_modifier_group_id_foreign` (`modifier_group_id`),
  KEY `modifier_option_prices_modifier_option_id_foreign` (`modifier_option_id`),
  KEY `modifier_option_prices_order_type_id_foreign` (`order_type_id`),
  KEY `modifier_option_prices_delivery_app_id_foreign` (`delivery_app_id`),
  CONSTRAINT `modifier_option_prices_delivery_app_id_foreign` FOREIGN KEY (`delivery_app_id`) REFERENCES `delivery_platforms` (`id`) ON DELETE CASCADE ON UPDATE CASCADE,
  CONSTRAINT `modifier_option_prices_modifier_group_id_foreign` FOREIGN KEY (`modifier_group_id`) REFERENCES `modifier_groups` (`id`) ON DELETE CASCADE ON UPDATE CASCADE,
  CONSTRAINT `modifier_option_prices_modifier_option_id_foreign` FOREIGN KEY (`modifier_option_id`) REFERENCES `modifier_options` (`id`) ON DELETE CASCADE ON UPDATE CASCADE,
  CONSTRAINT `modifier_option_prices_order_type_id_foreign` FOREIGN KEY (`order_type_id`) REFERENCES `order_types` (`id`) ON DELETE CASCADE ON UPDATE CASCADE
) ENGINE=InnoDB AUTO_INCREMENT=9 DEFAULT CHARSET=utf8mb4 COLLATE=utf8mb4_unicode_ci;

-- Dumping data for table `modifier_option_prices`
INSERT INTO `modifier_option_prices` VALUES
('1', '1', '1', '13', NULL, '10.00', NULL, '10.00', '1', '2025-10-24 14:50:33', '2025-10-24 14:50:33'),
('2', '1', '1', '14', NULL, '10.00', NULL, '10.00', '1', '2025-10-24 14:50:33', '2025-10-24 14:50:33'),
('3', '1', '1', '15', NULL, '10.00', NULL, '10.00', '1', '2025-10-24 14:50:33', '2025-10-24 14:50:33'),
('4', '1', '1', '14', '1', '12.00', NULL, '12.00', '1', '2025-10-24 14:50:33', '2025-10-24 14:50:33'),
('5', '1', '2', '13', NULL, '25.00', NULL, '25.00', '1', '2025-10-24 14:50:33', '2025-10-24 14:50:33'),
('6', '1', '2', '14', NULL, '25.00', NULL, '25.00', '1', '2025-10-24 14:50:33', '2025-10-24 14:50:33'),
('7', '1', '2', '15', NULL, '25.00', NULL, '25.00', '1', '2025-10-24 14:50:33', '2025-10-24 14:50:33'),
('8', '1', '2', '14', '1', '30.00', NULL, '30.00', '1', '2025-10-24 14:50:33', '2025-10-24 14:50:33');


-- Table structure for table `modifier_options`
CREATE TABLE `modifier_options` (
  `id` bigint(20) unsigned NOT NULL AUTO_INCREMENT,
  `modifier_group_id` bigint(20) unsigned NOT NULL,
  `name` text DEFAULT NULL,
  `price` decimal(16,2) NOT NULL,
  `is_available` tinyint(1) NOT NULL DEFAULT 1,
  `sort_order` int(11) NOT NULL DEFAULT 0,
  `is_preselected` tinyint(1) NOT NULL DEFAULT 0,
  `created_at` timestamp NULL DEFAULT NULL,
  `updated_at` timestamp NULL DEFAULT NULL,
  PRIMARY KEY (`id`),
  KEY `modifier_options_modifier_group_id_foreign` (`modifier_group_id`),
  CONSTRAINT `modifier_options_modifier_group_id_foreign` FOREIGN KEY (`modifier_group_id`) REFERENCES `modifier_groups` (`id`) ON DELETE CASCADE ON UPDATE CASCADE
) ENGINE=InnoDB AUTO_INCREMENT=3 DEFAULT CHARSET=utf8mb4 COLLATE=utf8mb4_unicode_ci;

-- Dumping data for table `modifier_options`
INSERT INTO `modifier_options` VALUES
('1', '1', '{\"en\":\"Small\",\"fr\":\"\"}', '10.00', '1', '0', '0', '2025-10-24 14:50:33', '2025-10-24 14:50:33'),
('2', '1', '{\"en\":\"Large\",\"fr\":\"\"}', '25.00', '1', '1', '0', '2025-10-24 14:50:33', '2025-10-24 14:50:33');


-- Table structure for table `modules`
CREATE TABLE `modules` (
  `id` bigint(20) unsigned NOT NULL AUTO_INCREMENT,
  `name` varchar(191) NOT NULL,
  `created_at` timestamp NULL DEFAULT NULL,
  `updated_at` timestamp NULL DEFAULT NULL,
  PRIMARY KEY (`id`)
) ENGINE=InnoDB AUTO_INCREMENT=23 DEFAULT CHARSET=utf8mb4 COLLATE=utf8mb4_unicode_ci;

-- Dumping data for table `modules`
INSERT INTO `modules` VALUES
('1', 'Menu', NULL, NULL),
('2', 'Menu Item', NULL, NULL),
('3', 'Item Category', NULL, NULL),
('4', 'Area', NULL, NULL),
('5', 'Table', NULL, NULL),
('6', 'Reservation', NULL, NULL),
('7', 'KOT', NULL, NULL),
('8', 'Order', NULL, NULL),
('9', 'Customer', NULL, NULL),
('10', 'Staff', NULL, NULL),
('11', 'Payment', NULL, NULL),
('12', 'Report', NULL, NULL),
('13', 'Settings', NULL, NULL),
('14', 'Delivery Executive', NULL, NULL),
('15', 'Waiter Request', NULL, NULL),
('16', 'Expense', NULL, NULL),
('17', 'Inventory', '2025-09-17 05:48:09', '2025-09-17 05:48:09'),
('18', 'Kitchen', '2025-09-17 05:48:21', '2025-09-17 05:48:21'),
('19', 'Kiosk', '2025-09-28 12:08:47', '2025-09-28 12:08:47'),
('20', 'Cash Register', '2025-10-15 12:16:30', '2025-10-15 12:16:30'),
('21', 'Sms', '2025-10-25 07:22:09', '2025-10-25 07:22:09'),
('22', 'MultiPOS', '2025-11-25 10:51:07', '2025-11-25 10:51:07');


-- Table structure for table `multi_pos_global_settings`
CREATE TABLE `multi_pos_global_settings` (
  `id` bigint(20) unsigned NOT NULL AUTO_INCREMENT,
  `purchase_code` varchar(191) DEFAULT NULL,
  `supported_until` timestamp NULL DEFAULT NULL,
  `purchased_on` timestamp NULL DEFAULT NULL,
  `license_type` varchar(20) DEFAULT NULL,
  `notify_update` tinyint(1) NOT NULL DEFAULT 1,
  `created_at` timestamp NULL DEFAULT NULL,
  `updated_at` timestamp NULL DEFAULT NULL,
  PRIMARY KEY (`id`)
) ENGINE=InnoDB AUTO_INCREMENT=2 DEFAULT CHARSET=utf8mb4 COLLATE=utf8mb4_unicode_ci;

-- Dumping data for table `multi_pos_global_settings`
INSERT INTO `multi_pos_global_settings` VALUES
('1', NULL, NULL, NULL, NULL, '1', '2025-11-25 10:51:07', '2025-11-25 10:51:07');


-- Table structure for table `notification_settings`
CREATE TABLE `notification_settings` (
  `id` bigint(20) unsigned NOT NULL AUTO_INCREMENT,
  `restaurant_id` bigint(20) unsigned DEFAULT NULL,
  `type` varchar(191) NOT NULL,
  `send_email` tinyint(1) NOT NULL DEFAULT 1,
  `created_at` timestamp NULL DEFAULT NULL,
  `updated_at` timestamp NULL DEFAULT NULL,
  PRIMARY KEY (`id`),
  KEY `notification_settings_restaurant_id_foreign` (`restaurant_id`),
  CONSTRAINT `notification_settings_restaurant_id_foreign` FOREIGN KEY (`restaurant_id`) REFERENCES `restaurants` (`id`) ON DELETE CASCADE ON UPDATE CASCADE
) ENGINE=InnoDB AUTO_INCREMENT=160 DEFAULT CHARSET=utf8mb4 COLLATE=utf8mb4_unicode_ci;

-- Dumping data for table `notification_settings`
INSERT INTO `notification_settings` VALUES
('1', '1', 'order_received', '1', NULL, NULL),
('2', '1', 'reservation_confirmed', '1', NULL, NULL),
('3', '1', 'new_reservation', '1', NULL, NULL),
('4', '1', 'order_bill_sent', '1', NULL, NULL),
('5', '1', 'staff_welcome', '1', NULL, NULL),
('6', '2', 'order_received', '1', NULL, NULL),
('7', '2', 'reservation_confirmed', '1', NULL, NULL),
('8', '2', 'new_reservation', '1', NULL, NULL),
('9', '2', 'order_bill_sent', '1', NULL, NULL),
('10', '2', 'staff_welcome', '1', NULL, NULL),
('11', '3', 'order_received', '1', NULL, NULL),
('12', '3', 'reservation_confirmed', '1', NULL, NULL),
('13', '3', 'new_reservation', '1', NULL, NULL),
('14', '3', 'order_bill_sent', '1', NULL, NULL),
('15', '3', 'staff_welcome', '1', NULL, NULL),
('16', '4', 'order_received', '1', NULL, NULL),
('17', '4', 'reservation_confirmed', '1', NULL, NULL),
('18', '4', 'new_reservation', '1', NULL, NULL),
('19', '4', 'order_bill_sent', '1', NULL, NULL),
('20', '4', 'staff_welcome', '1', NULL, NULL),
('126', '26', 'order_received', '1', NULL, NULL),
('127', '26', 'reservation_confirmed', '1', NULL, NULL),
('128', '26', 'new_reservation', '1', NULL, NULL),
('129', '26', 'order_bill_sent', '1', NULL, NULL),
('130', '26', 'staff_welcome', '1', NULL, NULL),
('131', '27', 'order_received', '1', NULL, NULL),
('132', '27', 'reservation_confirmed', '1', NULL, NULL),
('133', '27', 'new_reservation', '1', NULL, NULL),
('134', '27', 'order_bill_sent', '1', NULL, NULL),
('135', '27', 'staff_welcome', '1', NULL, NULL),
('136', '28', 'order_received', '1', NULL, NULL),
('137', '28', 'reservation_confirmed', '1', NULL, NULL),
('138', '28', 'new_reservation', '1', NULL, NULL),
('139', '28', 'order_bill_sent', '1', NULL, NULL),
('140', '28', 'staff_welcome', '1', NULL, NULL),
('141', '29', 'order_received', '1', NULL, NULL),
('142', '29', 'reservation_confirmed', '1', NULL, NULL),
('143', '29', 'new_reservation', '1', NULL, NULL),
('144', '29', 'order_bill_sent', '1', NULL, NULL),
('145', '29', 'staff_welcome', '1', NULL, NULL),
('146', '30', 'order_received', '1', NULL, NULL),
('147', '30', 'reservation_confirmed', '1', NULL, NULL),
('148', '30', 'new_reservation', '1', NULL, NULL),
('149', '30', 'order_bill_sent', '1', NULL, NULL),
('150', '30', 'staff_welcome', '1', NULL, NULL),
('151', '1', 'pos_machine_request', '1', '2025-11-25 10:51:07', '2025-11-25 10:51:07'),
('152', '2', 'pos_machine_request', '1', '2025-11-25 10:51:07', '2025-11-25 10:51:07'),
('153', '3', 'pos_machine_request', '1', '2025-11-25 10:51:07', '2025-11-25 10:51:07'),
('154', '4', 'pos_machine_request', '1', '2025-11-25 10:51:07', '2025-11-25 10:51:07'),
('155', '26', 'pos_machine_request', '1', '2025-11-25 10:51:07', '2025-11-25 10:51:07'),
('156', '27', 'pos_machine_request', '1', '2025-11-25 10:51:07', '2025-11-25 10:51:07'),
('157', '28', 'pos_machine_request', '1', '2025-11-25 10:51:07', '2025-11-25 10:51:07'),
('158', '29', 'pos_machine_request', '1', '2025-11-25 10:51:07', '2025-11-25 10:51:07'),
('159', '30', 'pos_machine_request', '1', '2025-11-25 10:51:07', '2025-11-25 10:51:07');


