-- Laravel Native Database Backup
-- Generated: 2025-12-02 02:00:02
-- Database: ewiidine_backend

CREATE DATABASE IF NOT EXISTS `ewiidine_backend`;
USE `ewiidine_backend`;


-- Table structure for table `areas`
CREATE TABLE `areas` (
  `id` bigint(20) unsigned NOT NULL AUTO_INCREMENT,
  `branch_id` bigint(20) unsigned DEFAULT NULL,
  `area_name` varchar(191) NOT NULL,
  `created_at` timestamp NULL DEFAULT NULL,
  `updated_at` timestamp NULL DEFAULT NULL,
  PRIMARY KEY (`id`),
  KEY `areas_branch_id_foreign` (`branch_id`),
  CONSTRAINT `areas_branch_id_foreign` FOREIGN KEY (`branch_id`) REFERENCES `branches` (`id`) ON DELETE CASCADE ON UPDATE CASCADE
) ENGINE=InnoDB AUTO_INCREMENT=11 DEFAULT CHARSET=utf8mb4 COLLATE=utf8mb4_unicode_ci;

-- Dumping data for table `areas`
INSERT INTO `areas` VALUES
('1', '3', 'Roof Top', '2025-09-20 12:23:30', '2025-09-20 12:23:30'),
('2', '3', 'Ground Floor', '2025-09-20 12:23:38', '2025-09-20 12:23:38'),
('3', '4', 'Roof Top', '2025-09-20 12:57:57', '2025-09-20 12:57:57'),
('4', '4', 'Ground Floor', '2025-09-20 12:58:17', '2025-09-20 12:58:17'),
('5', '4', 'Premium Loundge', '2025-09-20 12:58:25', '2025-09-20 12:58:25'),
('6', '5', 'Ground Floor', '2025-10-07 15:00:54', '2025-10-07 15:00:54'),
('7', '5', 'Rooftop', '2025-10-24 14:51:13', '2025-10-24 14:51:13'),
('8', '5', 'Floor 1', '2025-10-25 13:02:26', '2025-10-25 13:02:26'),
('9', '29', 'rooftop', '2025-11-12 14:16:22', '2025-11-12 14:16:22'),
('10', '27', 'sec4', '2025-11-15 13:12:34', '2025-11-15 13:12:34');


-- Table structure for table `branch_delivery_settings`
CREATE TABLE `branch_delivery_settings` (
  `id` bigint(20) unsigned NOT NULL AUTO_INCREMENT,
  `branch_id` bigint(20) unsigned NOT NULL,
  `max_radius` decimal(8,2) NOT NULL DEFAULT 5.00,
  `unit` enum('km','miles') NOT NULL DEFAULT 'km',
  `fee_type` varchar(191) NOT NULL DEFAULT 'fixed',
  `fixed_fee` decimal(8,2) DEFAULT NULL,
  `per_distance_rate` decimal(8,2) DEFAULT NULL,
  `free_delivery_over_amount` decimal(8,2) DEFAULT NULL,
  `free_delivery_within_radius` double DEFAULT NULL,
  `delivery_schedule_start` time DEFAULT NULL,
  `delivery_schedule_end` time DEFAULT NULL,
  `prep_time_minutes` int(11) NOT NULL DEFAULT 20,
  `additional_eta_buffer_time` int(11) DEFAULT NULL,
  `avg_delivery_speed_kmh` int(11) NOT NULL DEFAULT 30,
  `is_enabled` tinyint(1) NOT NULL DEFAULT 1,
  `created_at` timestamp NULL DEFAULT NULL,
  `updated_at` timestamp NULL DEFAULT NULL,
  PRIMARY KEY (`id`),
  KEY `branch_delivery_settings_branch_id_foreign` (`branch_id`),
  CONSTRAINT `branch_delivery_settings_branch_id_foreign` FOREIGN KEY (`branch_id`) REFERENCES `branches` (`id`) ON DELETE CASCADE ON UPDATE CASCADE
) ENGINE=InnoDB AUTO_INCREMENT=2 DEFAULT CHARSET=utf8mb4 COLLATE=utf8mb4_unicode_ci;

-- Dumping data for table `branch_delivery_settings`
INSERT INTO `branch_delivery_settings` VALUES
('1', '5', '5.00', 'km', 'fixed', '10.00', NULL, NULL, '2', NULL, NULL, '20', '0', '30', '1', '2025-10-18 17:38:24', '2025-10-18 17:38:24');


-- Table structure for table `branches`
CREATE TABLE `branches` (
  `id` bigint(20) unsigned NOT NULL AUTO_INCREMENT,
  `unique_hash` varchar(64) DEFAULT NULL,
  `restaurant_id` bigint(20) unsigned DEFAULT NULL,
  `name` varchar(191) NOT NULL,
  `cloned_branch_name` varchar(191) DEFAULT NULL,
  `cloned_branch_id` varchar(191) DEFAULT NULL,
  `is_menu_clone` tinyint(1) NOT NULL DEFAULT 0,
  `is_item_categories_clone` tinyint(1) NOT NULL DEFAULT 0,
  `is_menu_items_clone` tinyint(1) NOT NULL DEFAULT 0,
  `is_item_modifiers_clone` tinyint(1) NOT NULL DEFAULT 0,
  `is_clone_reservation_settings` tinyint(1) NOT NULL DEFAULT 0,
  `is_clone_delivery_settings` tinyint(1) NOT NULL DEFAULT 0,
  `is_clone_kot_setting` tinyint(1) NOT NULL DEFAULT 0,
  `is_modifiers_groups_clone` tinyint(1) NOT NULL DEFAULT 0,
  `address` varchar(191) DEFAULT NULL,
  `created_at` timestamp NULL DEFAULT NULL,
  `updated_at` timestamp NULL DEFAULT NULL,
  `lat` decimal(10,7) DEFAULT NULL,
  `lng` decimal(10,7) DEFAULT NULL,
  `count_orders` int(11) NOT NULL DEFAULT 0,
  `total_orders` int(11) NOT NULL DEFAULT -1,
  PRIMARY KEY (`id`),
  UNIQUE KEY `branches_unique_hash_unique` (`unique_hash`),
  KEY `branches_restaurant_id_foreign` (`restaurant_id`),
  CONSTRAINT `branches_restaurant_id_foreign` FOREIGN KEY (`restaurant_id`) REFERENCES `restaurants` (`id`) ON DELETE CASCADE ON UPDATE CASCADE
) ENGINE=InnoDB AUTO_INCREMENT=32 DEFAULT CHARSET=utf8mb4 COLLATE=utf8mb4_unicode_ci;

-- Dumping data for table `branches`
INSERT INTO `branches` VALUES
('1', '236a9f36ba17de102192', '1', 'East Ryann', NULL, NULL, '0', '0', '0', '0', '0', '0', '0', '0', '1933 Trantow Ports\nNorth Maiya, IN 36181-1654', '2025-09-17 05:36:43', '2025-09-17 05:36:44', NULL, NULL, '0', '-1'),
('2', '9b88bdaaf32ff43b0efa', '1', 'Port Maudiemouth', NULL, NULL, '0', '0', '0', '0', '0', '0', '0', '0', '4839 Skiles Greens Apt. 934\nSouth Dorothy, HI 63471-6063', '2025-09-17 05:36:44', '2025-09-17 05:36:44', NULL, NULL, '0', '-1'),
('3', '44d04158af269bb0295f', '2', 'Kosi Road', NULL, NULL, '0', '0', '0', '0', '0', '0', '0', '0', 'Kosi Road', '2025-09-17 10:02:45', '2025-11-26 00:00:04', NULL, NULL, '0', '-1'),
('4', 'da13321c2c3594be0816', '3', 'Montreal Branch', NULL, NULL, '0', '0', '0', '0', '0', '0', '0', '0', '1250 Boul René Lévesque O Bur 2200 Montreal,Québec H3B 4W8Canada\n', '2025-09-20 12:56:44', '2025-09-20 12:56:44', NULL, NULL, '0', '-1'),
('5', '48928f740c3b5a40d588', '4', 'MESS ONE', NULL, NULL, '0', '0', '0', '0', '0', '0', '0', '0', 'IIM L MESS', '2025-10-07 15:00:09', '2025-11-26 00:00:04', '26.9405032', '80.8958627', '0', '-1'),
('27', 'bff2acdc76d7c6af7a45', '26', 'sihdi', NULL, NULL, '0', '0', '0', '0', '0', '0', '0', '0', 'sector 7', '2025-11-07 17:23:03', '2025-11-07 17:23:03', NULL, NULL, '0', '-1'),
('28', 'b005b0960c9da17dc45c', '27', 'Dhaba', NULL, NULL, '0', '0', '0', '0', '0', '0', '0', '0', 'ssss', '2025-11-08 10:32:26', '2025-11-08 10:32:26', NULL, NULL, '0', '-1'),
('29', '6a1d7ccd7af2ddcbc0a5', '28', 'sgar', NULL, NULL, '0', '0', '0', '0', '0', '0', '0', '0', 'ssss', '2025-11-12 14:15:50', '2025-11-12 14:15:50', NULL, NULL, '0', '-1'),
('30', '8cfc726f9e2bcca25b5e', '29', 'sweet sweet', NULL, NULL, '0', '0', '0', '0', '0', '0', '0', '0', 'as', '2025-11-13 15:41:43', '2025-11-13 15:41:43', NULL, NULL, '0', '-1'),
('31', '79dd65dd83936e900954', '30', 'Testing', NULL, NULL, '0', '0', '0', '0', '0', '0', '0', '0', 'tttttt', '2025-11-15 07:46:25', '2025-11-15 07:46:25', NULL, NULL, '0', '-1');


-- Table structure for table `cache`
CREATE TABLE `cache` (
  `key` varchar(191) NOT NULL,
  `value` mediumtext NOT NULL,
  `expiration` int(11) NOT NULL,
  PRIMARY KEY (`key`)
) ENGINE=InnoDB DEFAULT CHARSET=utf8mb4 COLLATE=utf8mb4_unicode_ci;


-- Table structure for table `cache_locks`
CREATE TABLE `cache_locks` (
  `key` varchar(191) NOT NULL,
  `owner` varchar(191) NOT NULL,
  `expiration` int(11) NOT NULL,
  PRIMARY KEY (`key`)
) ENGINE=InnoDB DEFAULT CHARSET=utf8mb4 COLLATE=utf8mb4_unicode_ci;


-- Table structure for table `cart_header_images`
CREATE TABLE `cart_header_images` (
  `id` bigint(20) unsigned NOT NULL AUTO_INCREMENT,
  `cart_header_setting_id` bigint(20) unsigned NOT NULL,
  `image_path` varchar(191) NOT NULL,
  `alt_text` varchar(191) DEFAULT NULL,
  `sort_order` int(11) NOT NULL DEFAULT 0,
  `created_at` timestamp NULL DEFAULT NULL,
  `updated_at` timestamp NULL DEFAULT NULL,
  PRIMARY KEY (`id`),
  KEY `cart_header_images_cart_header_setting_id_foreign` (`cart_header_setting_id`),
  CONSTRAINT `cart_header_images_cart_header_setting_id_foreign` FOREIGN KEY (`cart_header_setting_id`) REFERENCES `cart_header_settings` (`id`) ON DELETE CASCADE
) ENGINE=InnoDB DEFAULT CHARSET=utf8mb4 COLLATE=utf8mb4_unicode_ci;


-- Table structure for table `cart_header_settings`
CREATE TABLE `cart_header_settings` (
  `id` bigint(20) unsigned NOT NULL AUTO_INCREMENT,
  `restaurant_id` bigint(20) unsigned NOT NULL,
  `header_type` enum('text','image') NOT NULL DEFAULT 'text',
  `header_text` text DEFAULT NULL,
  `is_header_disabled` tinyint(1) NOT NULL DEFAULT 0,
  `created_at` timestamp NULL DEFAULT NULL,
  `updated_at` timestamp NULL DEFAULT NULL,
  PRIMARY KEY (`id`),
  KEY `cart_header_settings_restaurant_id_foreign` (`restaurant_id`),
  CONSTRAINT `cart_header_settings_restaurant_id_foreign` FOREIGN KEY (`restaurant_id`) REFERENCES `restaurants` (`id`) ON DELETE CASCADE
) ENGINE=InnoDB AUTO_INCREMENT=4 DEFAULT CHARSET=utf8mb4 COLLATE=utf8mb4_unicode_ci;

-- Dumping data for table `cart_header_settings`
INSERT INTO `cart_header_settings` VALUES
('1', '1', 'text', 'Ready to Satisfy Your Cravings? Place Your Order Now!', '0', '2025-09-17 06:06:31', '2025-09-17 06:06:31'),
('2', '4', 'text', 'Ready to Satisfy Your Cravings? Place Your Order', '0', '2025-10-07 15:49:38', '2025-10-07 15:51:19'),
('3', '4', 'text', 'Pressure Is Temporary, Fooding is Permanent at HELL', '0', '2025-10-07 15:50:37', '2025-10-07 15:50:37');


-- Table structure for table `cart_item_modifier_options`
CREATE TABLE `cart_item_modifier_options` (
  `id` bigint(20) unsigned NOT NULL AUTO_INCREMENT,
  `cart_item_id` bigint(20) unsigned DEFAULT NULL,
  `modifier_option_id` bigint(20) unsigned DEFAULT NULL,
  `created_at` timestamp NULL DEFAULT NULL,
  `updated_at` timestamp NULL DEFAULT NULL,
  PRIMARY KEY (`id`),
  KEY `cart_item_modifier_options_cart_item_id_foreign` (`cart_item_id`),
  KEY `cart_item_modifier_options_modifier_option_id_foreign` (`modifier_option_id`),
  CONSTRAINT `cart_item_modifier_options_cart_item_id_foreign` FOREIGN KEY (`cart_item_id`) REFERENCES `cart_items` (`id`) ON DELETE CASCADE,
  CONSTRAINT `cart_item_modifier_options_modifier_option_id_foreign` FOREIGN KEY (`modifier_option_id`) REFERENCES `modifier_options` (`id`) ON DELETE CASCADE
) ENGINE=InnoDB DEFAULT CHARSET=utf8mb4 COLLATE=utf8mb4_unicode_ci;


-- Table structure for table `cash_denominations`
CREATE TABLE `cash_denominations` (
  `id` bigint(20) unsigned NOT NULL AUTO_INCREMENT,
  `restaurant_id` bigint(20) unsigned DEFAULT NULL,
  `branch_id` bigint(20) unsigned DEFAULT NULL,
  `value` int(11) NOT NULL,
  `sort_order` int(11) NOT NULL DEFAULT 0,
  `is_active` tinyint(1) NOT NULL DEFAULT 1,
  `created_at` timestamp NULL DEFAULT NULL,
  `updated_at` timestamp NULL DEFAULT NULL,
  PRIMARY KEY (`id`)
) ENGINE=InnoDB DEFAULT CHARSET=utf8mb4 COLLATE=utf8mb4_unicode_ci;


-- Table structure for table `cash_register_approvals`
CREATE TABLE `cash_register_approvals` (
  `id` bigint(20) unsigned NOT NULL AUTO_INCREMENT,
  `cash_register_session_id` bigint(20) unsigned NOT NULL,
  `approved_by` bigint(20) unsigned NOT NULL,
  `approved_at` datetime NOT NULL,
  `manager_note` text DEFAULT NULL,
  `created_at` timestamp NULL DEFAULT NULL,
  `updated_at` timestamp NULL DEFAULT NULL,
  PRIMARY KEY (`id`)
) ENGINE=InnoDB DEFAULT CHARSET=utf8mb4 COLLATE=utf8mb4_unicode_ci;


-- Table structure for table `cash_register_global_settings`
CREATE TABLE `cash_register_global_settings` (
  `id` bigint(20) unsigned NOT NULL AUTO_INCREMENT,
  `purchase_code` varchar(191) DEFAULT NULL,
  `supported_until` timestamp NULL DEFAULT NULL,
  `purchased_on` timestamp NULL DEFAULT NULL,
  `license_type` varchar(20) DEFAULT NULL,
  `notify_update` tinyint(1) NOT NULL DEFAULT 1,
  `created_at` timestamp NULL DEFAULT NULL,
  `updated_at` timestamp NULL DEFAULT NULL,
  PRIMARY KEY (`id`)
) ENGINE=InnoDB AUTO_INCREMENT=2 DEFAULT CHARSET=utf8mb4 COLLATE=utf8mb4_unicode_ci;

-- Dumping data for table `cash_register_global_settings`
INSERT INTO `cash_register_global_settings` VALUES
('1', '65100125-205d-420e-b03c-0faa1e6f02b9', '2026-04-16 03:07:13', NULL, NULL, '1', '2025-10-15 12:16:30', '2025-10-15 12:16:31');


-- Table structure for table `cash_register_sessions`
CREATE TABLE `cash_register_sessions` (
  `id` bigint(20) unsigned NOT NULL AUTO_INCREMENT,
  `cash_register_id` bigint(20) unsigned NOT NULL,
  `restaurant_id` bigint(20) unsigned NOT NULL,
  `branch_id` bigint(20) unsigned NOT NULL,
  `opened_by` bigint(20) unsigned NOT NULL,
  `opened_at` datetime NOT NULL,
  `opening_float` decimal(12,2) NOT NULL DEFAULT 0.00,
  `closed_by` bigint(20) unsigned DEFAULT NULL,
  `approved_by` bigint(20) unsigned DEFAULT NULL,
  `approved_at` datetime DEFAULT NULL,
  `closed_at` datetime DEFAULT NULL,
  `expected_cash` decimal(12,2) NOT NULL DEFAULT 0.00,
  `counted_cash` decimal(12,2) NOT NULL DEFAULT 0.00,
  `discrepancy` decimal(12,2) NOT NULL DEFAULT 0.00,
  `status` varchar(191) NOT NULL DEFAULT 'open',
  `closing_note` text DEFAULT NULL,
  `created_at` timestamp NULL DEFAULT NULL,
  `updated_at` timestamp NULL DEFAULT NULL,
  PRIMARY KEY (`id`)
) ENGINE=InnoDB AUTO_INCREMENT=5 DEFAULT CHARSET=utf8mb4 COLLATE=utf8mb4_unicode_ci;

-- Dumping data for table `cash_register_sessions`
INSERT INTO `cash_register_sessions` VALUES
('1', '1', '4', '5', '7', '2025-10-15 15:58:04', '10000.00', '7', '7', '2025-10-17 23:59:11', '2025-10-17 23:58:58', '11623.00', '11700.00', '77.00', 'closed', '', '2025-10-15 15:58:04', '2025-10-17 23:59:11'),
('2', '1', '4', '5', '7', '2025-10-17 23:59:32', '1000.00', '7', '7', '2025-10-18 00:01:15', '2025-10-18 00:01:10', '1100.00', '1100.00', '0.00', 'closed', '', '2025-10-17 23:59:32', '2025-10-18 00:01:15'),
('3', '1', '4', '5', '7', '2025-10-24 15:07:35', '1000.00', '7', '7', '2025-10-24 15:09:42', '2025-10-24 15:09:04', '1400.00', '1400.00', '0.00', 'closed', '', '2025-10-24 15:07:35', '2025-10-24 15:09:42'),
('4', '2', '2', '3', '4', '2025-11-25 07:39:44', '0.00', NULL, NULL, NULL, NULL, '0.00', '0.00', '0.00', 'open', NULL, '2025-11-25 07:39:44', '2025-11-25 07:39:44');


-- Table structure for table `cash_register_settings`
CREATE TABLE `cash_register_settings` (
  `id` bigint(20) unsigned NOT NULL AUTO_INCREMENT,
  `restaurant_id` bigint(20) unsigned NOT NULL,
  `force_open_after_login` tinyint(1) NOT NULL DEFAULT 0,
  `force_open_roles` longtext CHARACTER SET utf8mb4 COLLATE utf8mb4_bin DEFAULT NULL CHECK (json_valid(`force_open_roles`)),
  `created_at` timestamp NULL DEFAULT NULL,
  `updated_at` timestamp NULL DEFAULT NULL,
  PRIMARY KEY (`id`),
  UNIQUE KEY `cash_register_settings_restaurant_id_unique` (`restaurant_id`),
  CONSTRAINT `cash_register_settings_restaurant_id_foreign` FOREIGN KEY (`restaurant_id`) REFERENCES `restaurants` (`id`) ON DELETE CASCADE
) ENGINE=InnoDB DEFAULT CHARSET=utf8mb4 COLLATE=utf8mb4_unicode_ci;


-- Table structure for table `cash_registers`
CREATE TABLE `cash_registers` (
  `id` bigint(20) unsigned NOT NULL AUTO_INCREMENT,
  `restaurant_id` bigint(20) unsigned NOT NULL,
  `branch_id` bigint(20) unsigned NOT NULL,
  `name` varchar(191) NOT NULL,
  `is_active` tinyint(1) NOT NULL DEFAULT 1,
  `created_at` timestamp NULL DEFAULT NULL,
  `updated_at` timestamp NULL DEFAULT NULL,
  PRIMARY KEY (`id`)
) ENGINE=InnoDB AUTO_INCREMENT=3 DEFAULT CHARSET=utf8mb4 COLLATE=utf8mb4_unicode_ci;

-- Dumping data for table `cash_registers`
INSERT INTO `cash_registers` VALUES
('1', '4', '5', 'Default Register', '1', '2025-10-15 15:49:47', '2025-10-15 15:49:47'),
('2', '2', '3', 'Default Register', '1', '2025-11-25 07:39:37', '2025-11-25 07:39:37');


-- Table structure for table `contacts`
CREATE TABLE `contacts` (
  `id` bigint(20) unsigned NOT NULL AUTO_INCREMENT,
  `language_setting_id` bigint(20) unsigned DEFAULT NULL,
  `email` varchar(191) DEFAULT NULL,
  `contact_company` varchar(191) DEFAULT NULL,
  `image` varchar(200) DEFAULT NULL,
  `address` text DEFAULT NULL,
  `created_at` timestamp NULL DEFAULT NULL,
  `updated_at` timestamp NULL DEFAULT NULL,
  PRIMARY KEY (`id`),
  KEY `contacts_language_setting_id_foreign` (`language_setting_id`),
  CONSTRAINT `contacts_language_setting_id_foreign` FOREIGN KEY (`language_setting_id`) REFERENCES `language_settings` (`id`) ON DELETE CASCADE ON UPDATE CASCADE
) ENGINE=InnoDB AUTO_INCREMENT=2 DEFAULT CHARSET=utf8mb4 COLLATE=utf8mb4_unicode_ci;

-- Dumping data for table `contacts`
INSERT INTO `contacts` VALUES
('1', '1', 'support@example.com', 'Bond Hobbs Inc', NULL, '957 Jamie Station, Lamontborough, SD 27319-9459', '2025-09-17 05:36:44', '2025-09-17 05:36:44');


-- Table structure for table `countries`
CREATE TABLE `countries` (
  `id` bigint(20) unsigned NOT NULL AUTO_INCREMENT,
  `countries_code` char(2) NOT NULL,
  `countries_name` varchar(191) NOT NULL,
  `phonecode` varchar(191) NOT NULL,
  PRIMARY KEY (`id`),
  KEY `countries_countries_code_index` (`countries_code`)
) ENGINE=InnoDB AUTO_INCREMENT=250 DEFAULT CHARSET=utf8mb4 COLLATE=utf8mb4_unicode_ci;

-- Dumping data for table `countries`
INSERT INTO `countries` VALUES
('1', 'AF', 'Afghanistan', '93'),
('2', 'AX', 'Åland Islands', '358'),
('3', 'AL', 'Albania', '355'),
('4', 'DZ', 'Algeria', '213'),
('5', 'AS', 'American Samoa', '1684'),
('6', 'AD', 'Andorra', '376'),
('7', 'AO', 'Angola', '244'),
('8', 'AI', 'Anguilla', '1264'),
('9', 'AQ', 'Antarctica', '0'),
('10', 'AG', 'Antigua and Barbuda', '1268'),
('11', 'AR', 'Argentina', '54'),
('12', 'AM', 'Armenia', '374'),
('13', 'AW', 'Aruba', '297'),
('14', 'AU', 'Australia', '61'),
('15', 'AT', 'Austria', '43'),
('16', 'AZ', 'Azerbaijan', '994'),
('17', 'BS', 'Bahamas', '1242'),
('18', 'BH', 'Bahrain', '973'),
('19', 'BD', 'Bangladesh', '880'),
('20', 'BB', 'Barbados', '1246'),
('21', 'BY', 'Belarus', '375'),
('22', 'BE', 'Belgium', '32'),
('23', 'BZ', 'Belize', '501'),
('24', 'BJ', 'Benin', '229'),
('25', 'BM', 'Bermuda', '1441'),
('26', 'BT', 'Bhutan', '975'),
('27', 'BO', 'Bolivia, Plurinational State of', '591'),
('28', 'BQ', 'Bonaire, Sint Eustatius and Saba', '599'),
('29', 'BA', 'Bosnia and Herzegovina', '387'),
('30', 'BW', 'Botswana', '267'),
('31', 'BV', 'Bouvet Island', '0'),
('32', 'BR', 'Brazil', '55'),
('33', 'IO', 'British Indian Ocean Territory', '246'),
('34', 'BN', 'Brunei Darussalam', '673'),
('35', 'BG', 'Bulgaria', '359'),
('36', 'BF', 'Burkina Faso', '226'),
('37', 'BI', 'Burundi', '257'),
('38', 'KH', 'Cambodia', '855'),
('39', 'CM', 'Cameroon', '237'),
('40', 'CA', 'Canada', '1'),
('41', 'CV', 'Cape Verde', '238'),
('42', 'KY', 'Cayman Islands', '1345'),
('43', 'CF', 'Central African Republic', '236'),
('44', 'TD', 'Chad', '235'),
('45', 'CL', 'Chile', '56'),
('46', 'CN', 'China', '86'),
('47', 'CX', 'Christmas Island', '61'),
('48', 'CC', 'Cocos (Keeling) Islands', '672'),
('49', 'CO', 'Colombia', '57'),
('50', 'KM', 'Comoros', '269'),
('51', 'CG', 'Congo', '242'),
('52', 'CD', 'Congo, the Democratic Republic of the', '242'),
('53', 'CK', 'Cook Islands', '682'),
('54', 'CR', 'Costa Rica', '506'),
('55', 'CI', 'Côte d\'Ivoire', '225'),
('56', 'HR', 'Croatia', '385'),
('57', 'CU', 'Cuba', '53'),
('58', 'CW', 'Curaçao', '599'),
('59', 'CY', 'Cyprus', '357'),
('60', 'CZ', 'Czech Republic', '420'),
('61', 'DK', 'Denmark', '45'),
('62', 'DJ', 'Djibouti', '253'),
('63', 'DM', 'Dominica', '1767'),
('64', 'DO', 'Dominican Republic', '1809'),
('65', 'EC', 'Ecuador', '593'),
('66', 'EG', 'Egypt', '20'),
('67', 'SV', 'El Salvador', '503'),
('68', 'GQ', 'Equatorial Guinea', '240'),
('69', 'ER', 'Eritrea', '291'),
('70', 'EE', 'Estonia', '372'),
('71', 'ET', 'Ethiopia', '251'),
('72', 'FK', 'Falkland Islands (Malvinas)', '500'),
('73', 'FO', 'Faroe Islands', '298'),
('74', 'FJ', 'Fiji', '679'),
('75', 'FI', 'Finland', '358'),
('76', 'FR', 'France', '33'),
('77', 'GF', 'French Guiana', '594'),
('78', 'PF', 'French Polynesia', '689'),
('79', 'TF', 'French Southern Territories', '0'),
('80', 'GA', 'Gabon', '241'),
('81', 'GM', 'Gambia', '220'),
('82', 'GE', 'Georgia', '995'),
('83', 'DE', 'Germany', '49'),
('84', 'GH', 'Ghana', '233'),
('85', 'GI', 'Gibraltar', '350'),
('86', 'GR', 'Greece', '30'),
('87', 'GL', 'Greenland', '299'),
('88', 'GD', 'Grenada', '1473'),
('89', 'GP', 'Guadeloupe', '590'),
('90', 'GU', 'Guam', '1671'),
('91', 'GT', 'Guatemala', '502'),
('92', 'GG', 'Guernsey', '44'),
('93', 'GN', 'Guinea', '224'),
('94', 'GW', 'Guinea-Bissau', '245'),
('95', 'GY', 'Guyana', '592'),
('96', 'HT', 'Haiti', '509'),
('97', 'HM', 'Heard Island and McDonald Islands', '0'),
('98', 'VA', 'Holy See (Vatican City State)', '39'),
('99', 'HN', 'Honduras', '504'),
('100', 'HK', 'Hong Kong', '852'),
('101', 'HU', 'Hungary', '36'),
('102', 'IS', 'Iceland', '354'),
('103', 'IN', 'India', '91'),
('104', 'ID', 'Indonesia', '62'),
('105', 'IR', 'Iran, Islamic Republic of', '98'),
('106', 'IQ', 'Iraq', '964'),
('107', 'IE', 'Ireland', '353'),
('108', 'IM', 'Isle of Man', '44'),
('109', 'IL', 'Israel', '972'),
('110', 'IT', 'Italy', '39'),
('111', 'JM', 'Jamaica', '1876'),
('112', 'JP', 'Japan', '81'),
('113', 'JE', 'Jersey', '44'),
('114', 'JO', 'Jordan', '962'),
('115', 'KZ', 'Kazakhstan', '7'),
('116', 'KE', 'Kenya', '254'),
('117', 'KI', 'Kiribati', '686'),
('118', 'KP', 'Korea, Democratic People\'s Republic of', '850'),
('119', 'KR', 'Korea, Republic of', '82'),
('120', 'KW', 'Kuwait', '965'),
('121', 'KG', 'Kyrgyzstan', '996'),
('122', 'LA', 'Lao People\'s Democratic Republic', '856'),
('123', 'LV', 'Latvia', '371'),
('124', 'LB', 'Lebanon', '961'),
('125', 'LS', 'Lesotho', '266'),
('126', 'LR', 'Liberia', '231'),
('127', 'LY', 'Libya', '218'),
('128', 'LI', 'Liechtenstein', '423'),
('129', 'LT', 'Lithuania', '370'),
('130', 'LU', 'Luxembourg', '352'),
('131', 'MO', 'Macao', '853'),
('132', 'MK', 'Macedonia, the Former Yugoslav Republic of', '389'),
('133', 'MG', 'Madagascar', '261'),
('134', 'MW', 'Malawi', '265'),
('135', 'MY', 'Malaysia', '60'),
('136', 'MV', 'Maldives', '960'),
('137', 'ML', 'Mali', '223'),
('138', 'MT', 'Malta', '356'),
('139', 'MH', 'Marshall Islands', '692'),
('140', 'MQ', 'Martinique', '596'),
('141', 'MR', 'Mauritania', '222'),
('142', 'MU', 'Mauritius', '230'),
('143', 'YT', 'Mayotte', '269'),
('144', 'MX', 'Mexico', '52'),
('145', 'FM', 'Micronesia, Federated States of', '691'),
('146', 'MD', 'Moldova, Republic of', '373'),
('147', 'MC', 'Monaco', '377'),
('148', 'MN', 'Mongolia', '976'),
('149', 'ME', 'Montenegro', '382'),
('150', 'MS', 'Montserrat', '1664'),
('151', 'MA', 'Morocco', '212'),
('152', 'MZ', 'Mozambique', '258'),
('153', 'MM', 'Myanmar', '95'),
('154', 'NA', 'Namibia', '264'),
('155', 'NR', 'Nauru', '674'),
('156', 'NP', 'Nepal', '977'),
('157', 'NL', 'Netherlands', '31'),
('158', 'NC', 'New Caledonia', '687'),
('159', 'NZ', 'New Zealand', '64'),
('160', 'NI', 'Nicaragua', '505'),
('161', 'NE', 'Niger', '227'),
('162', 'NG', 'Nigeria', '234'),
('163', 'NU', 'Niue', '683'),
('164', 'NF', 'Norfolk Island', '672'),
('165', 'MP', 'Northern Mariana Islands', '1670'),
('166', 'NO', 'Norway', '47'),
('167', 'OM', 'Oman', '968'),
('168', 'PK', 'Pakistan', '92'),
('169', 'PW', 'Palau', '680'),
('170', 'PS', 'Palestine, State of', '970'),
('171', 'PA', 'Panama', '507'),
('172', 'PG', 'Papua New Guinea', '675'),
('173', 'PY', 'Paraguay', '595'),
('174', 'PE', 'Peru', '51'),
('175', 'PH', 'Philippines', '63'),
('176', 'PN', 'Pitcairn', '0'),
('177', 'PL', 'Poland', '48'),
('178', 'PT', 'Portugal', '351'),
('179', 'PR', 'Puerto Rico', '1787'),
('180', 'QA', 'Qatar', '974'),
('181', 'RE', 'Réunion', '262'),
('182', 'RO', 'Romania', '40'),
('183', 'RU', 'Russian Federation', '7'),
('184', 'RW', 'Rwanda', '250'),
('185', 'BL', 'Saint Barthélemy', '590'),
('186', 'SH', 'Saint Helena, Ascension and Tristan da Cunha', '290'),
('187', 'KN', 'Saint Kitts and Nevis', '1869'),
('188', 'LC', 'Saint Lucia', '1758'),
('189', 'MF', 'Saint Martin (French part)', '590'),
('190', 'PM', 'Saint Pierre and Miquelon', '508'),
('191', 'VC', 'Saint Vincent and the Grenadines', '1784'),
('192', 'WS', 'Samoa', '684'),
('193', 'SM', 'San Marino', '378'),
('194', 'ST', 'Sao Tome and Principe', '239'),
('195', 'SA', 'Saudi Arabia', '966'),
('196', 'SN', 'Senegal', '221'),
('197', 'RS', 'Serbia', '381'),
('198', 'SC', 'Seychelles', '248'),
('199', 'SL', 'Sierra Leone', '232'),
('200', 'SG', 'Singapore', '65'),
('201', 'SX', 'Sint Maarten (Dutch part)', '1'),
('202', 'SK', 'Slovakia', '421'),
('203', 'SI', 'Slovenia', '386'),
('204', 'SB', 'Solomon Islands', '677'),
('205', 'SO', 'Somalia', '252'),
('206', 'ZA', 'South Africa', '27'),
('207', 'GS', 'South Georgia and the South Sandwich Islands', '0'),
('208', 'SS', 'South Sudan', '211'),
('209', 'ES', 'Spain', '34'),
('210', 'LK', 'Sri Lanka', '94'),
('211', 'SD', 'Sudan', '249'),
('212', 'SR', 'Suriname', '597'),
('213', 'SJ', 'Svalbard and Jan Mayen', '47'),
('214', 'SZ', 'Swaziland', '268'),
('215', 'SE', 'Sweden', '46'),
('216', 'CH', 'Switzerland', '41'),
('217', 'SY', 'Syrian Arab Republic', '963'),
('218', 'TW', 'Taiwan, Province of China', '886'),
('219', 'TJ', 'Tajikistan', '992'),
('220', 'TZ', 'Tanzania, United Republic of', '255'),
('221', 'TH', 'Thailand', '66'),
('222', 'TL', 'Timor-Leste', '670'),
('223', 'TG', 'Togo', '228'),
('224', 'TK', 'Tokelau', '690'),
('225', 'TO', 'Tonga', '676'),
('226', 'TT', 'Trinidad and Tobago', '1868'),
('227', 'TN', 'Tunisia', '216'),
('228', 'TR', 'Turkey', '90'),
('229', 'TM', 'Turkmenistan', '7370'),
('230', 'TC', 'Turks and Caicos Islands', '1649'),
('231', 'TV', 'Tuvalu', '688'),
('232', 'UG', 'Uganda', '256'),
('233', 'UA', 'Ukraine', '380'),
('234', 'AE', 'United Arab Emirates', '971'),
('235', 'GB', 'United Kingdom', '44'),
('236', 'US', 'United States', '1'),
('237', 'UM', 'United States Minor Outlying Islands', '1'),
('238', 'UY', 'Uruguay', '598'),
('239', 'UZ', 'Uzbekistan', '998'),
('240', 'VU', 'Vanuatu', '678'),
('241', 'VE', 'Venezuela, Bolivarian Republic of', '58'),
('242', 'VN', 'Viet Nam', '84'),
('243', 'VG', 'Virgin Islands, British', '1284'),
('244', 'VI', 'Virgin Islands, U.S.', '1340'),
('245', 'WF', 'Wallis and Futuna', '681'),
('246', 'EH', 'Western Sahara', '212'),
('247', 'YE', 'Yemen', '967'),
('248', 'ZM', 'Zambia', '260'),
('249', 'ZW', 'Zimbabwe', '263');


-- Table structure for table `currencies`
CREATE TABLE `currencies` (
  `id` bigint(20) unsigned NOT NULL AUTO_INCREMENT,
  `restaurant_id` bigint(20) unsigned DEFAULT NULL,
  `currency_name` varchar(191) NOT NULL,
  `currency_code` varchar(191) NOT NULL,
  `currency_symbol` varchar(191) NOT NULL,
  `currency_position` enum('left','right','left_with_space','right_with_space') NOT NULL DEFAULT 'left',
  `no_of_decimal` int(10) unsigned NOT NULL DEFAULT 2,
  `thousand_separator` varchar(191) DEFAULT ',',
  `decimal_separator` varchar(191) DEFAULT '.',
  `exchange_rate` decimal(16,2) DEFAULT NULL,
  `usd_price` decimal(16,2) DEFAULT NULL,
  `is_cryptocurrency` enum('yes','no') NOT NULL DEFAULT 'no',
  PRIMARY KEY (`id`),
  KEY `currencies_restaurant_id_foreign` (`restaurant_id`),
  CONSTRAINT `currencies_restaurant_id_foreign` FOREIGN KEY (`restaurant_id`) REFERENCES `restaurants` (`id`) ON DELETE CASCADE ON UPDATE CASCADE
) ENGINE=InnoDB AUTO_INCREMENT=150 DEFAULT CHARSET=utf8mb4 COLLATE=utf8mb4_unicode_ci;

-- Dumping data for table `currencies`
INSERT INTO `currencies` VALUES
('1', '1', 'Dollars', 'USD', '$', 'left', '2', ',', '.', NULL, NULL, 'no'),
('2', '1', 'Rupee', 'INR', '₹', 'left', '2', ',', '.', NULL, NULL, 'no'),
('3', '1', 'Pounds', 'GBP', '£', 'left', '2', ',', '.', NULL, NULL, 'no'),
('4', '1', 'Euros', 'EUR', '€', 'left', '2', ',', '.', NULL, NULL, 'no'),
('5', '2', 'US Dollars', 'USD', '$', 'left', '2', ',', '.', NULL, NULL, 'no'),
('6', '2', 'Rupee', 'INR', '₹', 'left', '2', ',', '.', NULL, NULL, 'no'),
('7', '2', 'Pounds', 'GBP', '£', 'left', '2', ',', '.', NULL, NULL, 'no'),
('8', '2', 'Euros', 'EUR', '€', 'left', '2', ',', '.', NULL, NULL, 'no'),
('9', '2', 'Canadian Dollar', 'CAD', '$', 'left', '2', ',', '.', NULL, NULL, 'no'),
('10', '3', 'US Dollars', 'USD', '$', 'left', '2', ',', '.', NULL, NULL, 'no'),
('11', '3', 'Rupee', 'INR', '₹', 'left', '2', ',', '.', NULL, NULL, 'no'),
('12', '3', 'Pounds', 'GBP', '£', 'left', '2', ',', '.', NULL, NULL, 'no'),
('13', '3', 'Euros', 'EUR', '€', 'left', '2', ',', '.', NULL, NULL, 'no'),
('14', '3', 'Canadian Dollar', 'CAD', '$', 'left', '2', ',', '.', NULL, NULL, 'no'),
('15', '4', 'US Dollars', 'USD', '$', 'left', '2', ',', '.', NULL, NULL, 'no'),
('16', '4', 'Indian Rupee', 'INR', '₹', 'left', '2', ',', '.', NULL, NULL, 'no'),
('17', '4', 'Pounds', 'GBP', '£', 'left', '2', ',', '.', NULL, NULL, 'no'),
('18', '4', 'Euros', 'EUR', '€', 'left', '2', ',', '.', NULL, NULL, 'no'),
('19', '4', 'Canadian Dollar', 'CAD', '$', 'left', '2', ',', '.', NULL, NULL, 'no'),
('125', '26', 'US Dollars', 'USD', '$', 'left', '2', ',', '.', NULL, NULL, 'no'),
('126', '26', 'Indian Rupee', 'INR', '₹', 'left', '2', ',', '.', NULL, NULL, 'no'),
('127', '26', 'Pounds', 'GBP', '£', 'left', '2', ',', '.', NULL, NULL, 'no'),
('128', '26', 'Euros', 'EUR', '€', 'left', '2', ',', '.', NULL, NULL, 'no'),
('129', '26', 'Canadian Dollar', 'CAD', '$', 'left', '2', ',', '.', NULL, NULL, 'no'),
('130', '27', 'US Dollars', 'USD', '$', 'left', '2', ',', '.', NULL, NULL, 'no'),
('131', '27', 'Indian Rupee', 'INR', '₹', 'left', '2', ',', '.', NULL, NULL, 'no'),
('132', '27', 'Pounds', 'GBP', '£', 'left', '2', ',', '.', NULL, NULL, 'no'),
('133', '27', 'Euros', 'EUR', '€', 'left', '2', ',', '.', NULL, NULL, 'no'),
('134', '27', 'Canadian Dollar', 'CAD', '$', 'left', '2', ',', '.', NULL, NULL, 'no'),
('135', '28', 'US Dollars', 'USD', '$', 'left', '2', ',', '.', NULL, NULL, 'no'),
('136', '28', 'Indian Rupee', 'INR', '₹', 'left', '2', ',', '.', NULL, NULL, 'no'),
('137', '28', 'Pounds', 'GBP', '£', 'left', '2', ',', '.', NULL, NULL, 'no'),
('138', '28', 'Euros', 'EUR', '€', 'left', '2', ',', '.', NULL, NULL, 'no'),
('139', '28', 'Canadian Dollar', 'CAD', '$', 'left', '2', ',', '.', NULL, NULL, 'no'),
('140', '29', 'US Dollars', 'USD', '$', 'left', '2', ',', '.', NULL, NULL, 'no'),
('141', '29', 'Indian Rupee', 'INR', '₹', 'left', '2', ',', '.', NULL, NULL, 'no'),
('142', '29', 'Pounds', 'GBP', '£', 'left', '2', ',', '.', NULL, NULL, 'no'),
('143', '29', 'Euros', 'EUR', '€', 'left', '2', ',', '.', NULL, NULL, 'no'),
('144', '29', 'Canadian Dollar', 'CAD', '$', 'left', '2', ',', '.', NULL, NULL, 'no'),
('145', '30', 'US Dollars', 'USD', '$', 'left', '2', ',', '.', NULL, NULL, 'no'),
('146', '30', 'Indian Rupee', 'INR', '₹', 'left', '2', ',', '.', NULL, NULL, 'no'),
('147', '30', 'Pounds', 'GBP', '£', 'left', '2', ',', '.', NULL, NULL, 'no'),
('148', '30', 'Euros', 'EUR', '€', 'left', '2', ',', '.', NULL, NULL, 'no'),
('149', '30', 'Canadian Dollar', 'CAD', '$', 'left', '2', ',', '.', NULL, NULL, 'no');


-- Table structure for table `custom_menus`
CREATE TABLE `custom_menus` (
  `id` bigint(20) unsigned NOT NULL AUTO_INCREMENT,
  `menu_name` varchar(191) NOT NULL,
  `menu_slug` varchar(191) NOT NULL,
  `menu_content` longtext DEFAULT NULL,
  `is_active` tinyint(1) NOT NULL DEFAULT 1,
  `position` enum('header','footer') NOT NULL DEFAULT 'header',
  `sort_order` int(11) NOT NULL DEFAULT 0,
  `created_at` timestamp NULL DEFAULT NULL,
  `updated_at` timestamp NULL DEFAULT NULL,
  PRIMARY KEY (`id`),
  UNIQUE KEY `custom_menus_menu_slug_unique` (`menu_slug`)
) ENGINE=InnoDB DEFAULT CHARSET=utf8mb4 COLLATE=utf8mb4_unicode_ci;


-- Table structure for table `customer_addresses`
CREATE TABLE `customer_addresses` (
  `id` bigint(20) unsigned NOT NULL AUTO_INCREMENT,
  `customer_id` bigint(20) unsigned DEFAULT NULL,
  `label` varchar(191) DEFAULT NULL,
  `address` text DEFAULT NULL,
  `lat` decimal(10,7) DEFAULT NULL,
  `lng` decimal(10,7) DEFAULT NULL,
  `created_at` timestamp NULL DEFAULT NULL,
  `updated_at` timestamp NULL DEFAULT NULL,
  PRIMARY KEY (`id`),
  KEY `customer_addresses_customer_id_foreign` (`customer_id`),
  CONSTRAINT `customer_addresses_customer_id_foreign` FOREIGN KEY (`customer_id`) REFERENCES `customers` (`id`) ON DELETE CASCADE ON UPDATE CASCADE
) ENGINE=InnoDB DEFAULT CHARSET=utf8mb4 COLLATE=utf8mb4_unicode_ci;


-- Table structure for table `database_backup_settings`
CREATE TABLE `database_backup_settings` (
  `id` bigint(20) unsigned NOT NULL AUTO_INCREMENT,
  `license_type` varchar(20) DEFAULT NULL,
  `purchase_code` varchar(191) DEFAULT NULL,
  `purchased_on` timestamp NULL DEFAULT NULL,
  `supported_until` timestamp NULL DEFAULT NULL,
  `notify_update` tinyint(1) NOT NULL DEFAULT 1,
  `is_enabled` tinyint(1) NOT NULL DEFAULT 0,
  `frequency` enum('daily','weekly','monthly') NOT NULL DEFAULT 'daily',
  `backup_time` time NOT NULL DEFAULT '02:00:00',
  `retention_days` int(11) NOT NULL DEFAULT 30,
  `max_backups` int(11) NOT NULL DEFAULT 10,
  `include_files` tinyint(1) NOT NULL DEFAULT 0,
  `include_modules` tinyint(1) NOT NULL DEFAULT 0,
  `storage_location` enum('local','storage_setting') NOT NULL DEFAULT 'local',
  `storage_config` longtext CHARACTER SET utf8mb4 COLLATE utf8mb4_bin DEFAULT NULL CHECK (json_valid(`storage_config`)),
  `created_at` timestamp NULL DEFAULT NULL,
  `updated_at` timestamp NULL DEFAULT NULL,
  PRIMARY KEY (`id`)
) ENGINE=InnoDB AUTO_INCREMENT=2 DEFAULT CHARSET=utf8mb4 COLLATE=utf8mb4_unicode_ci;

-- Dumping data for table `database_backup_settings`
INSERT INTO `database_backup_settings` VALUES
('1', NULL, NULL, NULL, NULL, '1', '1', 'daily', '02:00:00', '180', '10', '1', '1', 'storage_setting', '{\"filesystem\":\"wasabi\",\"auth_keys\":{\"driver\":\"s3\",\"access_key\":\"MLB2O84AO2WEMN4EU8N6\",\"secret_key\":\"O1trSCPlnClNcozZXzmj5XZEAKAgYe3s06ltibog\",\"region\":\"ca-central-1\",\"bucket\":\"ewiidine\"},\"status\":\"enabled\"}', '2025-09-17 05:48:02', '2025-10-16 12:09:05');


-- Table structure for table `database_backups`
CREATE TABLE `database_backups` (
  `id` bigint(20) unsigned NOT NULL AUTO_INCREMENT,
  `filename` varchar(191) NOT NULL,
  `file_path` varchar(191) NOT NULL,
  `file_size` varchar(191) DEFAULT NULL,
  `status` enum('completed','failed','in_progress') NOT NULL DEFAULT 'in_progress',
  `error_message` text DEFAULT NULL,
  `backup_type` enum('manual','scheduled') NOT NULL DEFAULT 'manual',
  `version` varchar(191) DEFAULT NULL,
  `stored_on` varchar(191) NOT NULL DEFAULT 'local',
  `completed_at` timestamp NULL DEFAULT NULL,
  `created_at` timestamp NULL DEFAULT NULL,
  `updated_at` timestamp NULL DEFAULT NULL,
  PRIMARY KEY (`id`)
) ENGINE=InnoDB AUTO_INCREMENT=52 DEFAULT CHARSET=utf8mb4 COLLATE=utf8mb4_unicode_ci;

-- Dumping data for table `database_backups`
INSERT INTO `database_backups` VALUES
('41', 'combined_backup_v1.2.54_2025-11-18_02-00-18.tar.gz', '/home/ewiidine/public_html/ewiidine.ca/storage/app/backups/combined_backup_v1.2.54_2025-11-18_02-00-18.tar.gz', '155140930', 'completed', NULL, 'scheduled', '1.2.54', 'local', '2025-11-18 02:00:22', '2025-11-18 02:00:02', '2025-11-18 02:00:22'),
('42', 'combined_backup_v1.2.54_2025-11-19_02-00-18.tar.gz', '/home/ewiidine/public_html/ewiidine.ca/storage/app/backups/combined_backup_v1.2.54_2025-11-19_02-00-18.tar.gz', '155111996', 'completed', NULL, 'scheduled', '1.2.54', 'local', '2025-11-19 02:00:22', '2025-11-19 02:00:02', '2025-11-19 02:00:22'),
('43', 'combined_backup_v1.2.54_2025-11-20_02-00-19.tar.gz', '/home/ewiidine/public_html/ewiidine.ca/storage/app/backups/combined_backup_v1.2.54_2025-11-20_02-00-19.tar.gz', '155112275', 'completed', NULL, 'scheduled', '1.2.54', 'local', '2025-11-20 02:00:22', '2025-11-20 02:00:02', '2025-11-20 02:00:22'),
('44', 'combined_backup_v1.2.54_2025-11-25_02-00-18.tar.gz', '/home/ewiidine/public_html/ewiidine.ca/storage/app/backups/combined_backup_v1.2.54_2025-11-25_02-00-18.tar.gz', '155191969', 'completed', NULL, 'scheduled', '1.2.54', 'local', '2025-11-25 02:00:22', '2025-11-25 02:00:02', '2025-11-25 02:00:22'),
('45', 'combined_backup_v1.2.56_2025-11-26_02-00-21.tar.gz', '/home/ewiidine/public_html/ewiidine.ca/storage/app/backups/combined_backup_v1.2.56_2025-11-26_02-00-21.tar.gz', '237233167', 'completed', NULL, 'scheduled', '1.2.56', 'local', '2025-11-26 02:00:27', '2025-11-26 02:00:02', '2025-11-26 02:00:27'),
('46', 'combined_backup_v1.2.56_2025-11-27_02-00-25.tar.gz', 'backups/combined_backup_v1.2.56_2025-11-27_02-00-25.tar.gz', '374730104', 'completed', NULL, 'scheduled', '1.2.56', 'wasabi', '2025-11-27 02:00:43', '2025-11-27 02:00:02', '2025-11-27 02:00:43'),
('47', 'combined_backup_v1.2.56_2025-11-28_02-00-25.tar.gz', 'backups/combined_backup_v1.2.56_2025-11-28_02-00-25.tar.gz', '372010293', 'completed', NULL, 'scheduled', '1.2.56', 'wasabi', '2025-11-28 02:00:44', '2025-11-28 02:00:02', '2025-11-28 02:00:44'),
('48', 'combined_backup_v1.2.56_2025-11-29_02-00-19.tar.gz', 'backups/combined_backup_v1.2.56_2025-11-29_02-00-19.tar.gz', '157256350', 'completed', NULL, 'scheduled', '1.2.56', 'wasabi', '2025-11-29 02:00:27', '2025-11-29 02:00:01', '2025-11-29 02:00:27'),
('49', 'combined_backup_v1.2.56_2025-11-30_02-00-19.tar.gz', 'backups/combined_backup_v1.2.56_2025-11-30_02-00-19.tar.gz', '157271616', 'completed', NULL, 'scheduled', '1.2.56', 'wasabi', '2025-11-30 02:00:31', '2025-11-30 02:00:01', '2025-11-30 02:00:31'),
('50', 'combined_backup_v1.2.56_2025-12-01_02-00-19.tar.gz', 'backups/combined_backup_v1.2.56_2025-12-01_02-00-19.tar.gz', '157304209', 'completed', NULL, 'scheduled', '1.2.56', 'wasabi', '2025-12-01 02:00:28', '2025-12-01 02:00:02', '2025-12-01 02:00:28'),
('51', 'backup_v1.2.56_2025-12-02_02-00-01.sql', '', NULL, 'in_progress', NULL, 'scheduled', '1.2.56', 'wasabi', NULL, '2025-12-02 02:00:01', '2025-12-02 02:00:01');


-- Table structure for table `delivery_executives`
CREATE TABLE `delivery_executives` (
  `id` bigint(20) unsigned NOT NULL AUTO_INCREMENT,
  `branch_id` bigint(20) unsigned NOT NULL,
  `name` varchar(191) NOT NULL,
  `phone` varchar(191) DEFAULT NULL,
  `photo` varchar(191) DEFAULT NULL,
  `status` enum('available','on_delivery','inactive') NOT NULL DEFAULT 'available',
  `created_at` timestamp NULL DEFAULT NULL,
  `updated_at` timestamp NULL DEFAULT NULL,
  PRIMARY KEY (`id`),
  KEY `delivery_executives_branch_id_foreign` (`branch_id`),
  CONSTRAINT `delivery_executives_branch_id_foreign` FOREIGN KEY (`branch_id`) REFERENCES `branches` (`id`) ON DELETE CASCADE
) ENGINE=InnoDB AUTO_INCREMENT=2 DEFAULT CHARSET=utf8mb4 COLLATE=utf8mb4_unicode_ci;

-- Dumping data for table `delivery_executives`
INSERT INTO `delivery_executives` VALUES
('1', '5', 'Ram Sharma', '70178881812', NULL, 'available', '2025-10-24 15:04:34', '2025-10-24 15:04:34');


-- Table structure for table `delivery_fee_tiers`
CREATE TABLE `delivery_fee_tiers` (
  `id` bigint(20) unsigned NOT NULL AUTO_INCREMENT,
  `branch_id` bigint(20) unsigned NOT NULL,
  `min_distance` double DEFAULT NULL,
  `max_distance` double DEFAULT NULL,
  `fee` decimal(8,2) DEFAULT NULL,
  `created_at` timestamp NULL DEFAULT NULL,
  `updated_at` timestamp NULL DEFAULT NULL,
  PRIMARY KEY (`id`),
  KEY `delivery_fee_tiers_branch_id_foreign` (`branch_id`),
  CONSTRAINT `delivery_fee_tiers_branch_id_foreign` FOREIGN KEY (`branch_id`) REFERENCES `branches` (`id`) ON DELETE CASCADE
) ENGINE=InnoDB DEFAULT CHARSET=utf8mb4 COLLATE=utf8mb4_unicode_ci;


-- Table structure for table `delivery_platforms`
CREATE TABLE `delivery_platforms` (
  `id` bigint(20) unsigned NOT NULL AUTO_INCREMENT,
  `branch_id` bigint(20) unsigned DEFAULT NULL,
  `name` varchar(191) NOT NULL,
  `logo` varchar(191) DEFAULT NULL,
  `commission_type` enum('percent','fixed') NOT NULL DEFAULT 'percent',
  `commission_value` decimal(16,2) DEFAULT NULL,
  `is_active` tinyint(1) NOT NULL DEFAULT 1,
  `created_at` timestamp NULL DEFAULT NULL,
  `updated_at` timestamp NULL DEFAULT NULL,
  PRIMARY KEY (`id`),
  KEY `delivery_platforms_branch_id_foreign` (`branch_id`),
  CONSTRAINT `delivery_platforms_branch_id_foreign` FOREIGN KEY (`branch_id`) REFERENCES `branches` (`id`) ON DELETE CASCADE ON UPDATE CASCADE
) ENGINE=InnoDB AUTO_INCREMENT=3 DEFAULT CHARSET=utf8mb4 COLLATE=utf8mb4_unicode_ci;

-- Dumping data for table `delivery_platforms`
INSERT INTO `delivery_platforms` VALUES
('1', '5', 'Swiggy', NULL, 'percent', '20.00', '1', '2025-10-24 02:43:18', '2025-10-24 02:43:18'),
('2', '5', 'Zomato', NULL, 'percent', '20.00', '1', '2025-10-24 15:23:37', '2025-10-24 15:23:37');


-- Table structure for table `denominations`
CREATE TABLE `denominations` (
  `id` bigint(20) unsigned NOT NULL AUTO_INCREMENT,
  `uuid` char(36) NOT NULL,
  `name` varchar(191) NOT NULL,
  `value` decimal(10,2) NOT NULL,
  `type` enum('coin','note','bill') NOT NULL,
  `description` text DEFAULT NULL,
  `is_active` tinyint(1) NOT NULL DEFAULT 1,
  `branch_id` bigint(20) unsigned DEFAULT NULL,
  `restaurant_id` bigint(20) unsigned DEFAULT NULL,
  `created_at` timestamp NULL DEFAULT NULL,
  `updated_at` timestamp NULL DEFAULT NULL,
  `deleted_at` timestamp NULL DEFAULT NULL,
  PRIMARY KEY (`id`),
  UNIQUE KEY `denominations_uuid_unique` (`uuid`),
  UNIQUE KEY `unique_denomination_per_branch` (`value`,`type`,`branch_id`,`restaurant_id`),
  KEY `denominations_branch_id_restaurant_id_index` (`branch_id`,`restaurant_id`),
  KEY `denominations_type_is_active_index` (`type`,`is_active`),
  KEY `denominations_value_type_index` (`value`,`type`),
  KEY `denominations_restaurant_id_foreign` (`restaurant_id`),
  CONSTRAINT `denominations_branch_id_foreign` FOREIGN KEY (`branch_id`) REFERENCES `branches` (`id`) ON DELETE CASCADE,
  CONSTRAINT `denominations_restaurant_id_foreign` FOREIGN KEY (`restaurant_id`) REFERENCES `restaurants` (`id`) ON DELETE CASCADE
) ENGINE=InnoDB AUTO_INCREMENT=5 DEFAULT CHARSET=utf8mb4 COLLATE=utf8mb4_unicode_ci;

-- Dumping data for table `denominations`
INSERT INTO `denominations` VALUES
('1', 'c578aac0-04bc-4489-a5dc-e4823908ecf9', '10 Rupee Coin', '10.00', 'coin', NULL, '1', '5', '4', '2025-10-17 23:56:39', '2025-10-17 23:56:39', NULL),
('2', '3f7eb1e3-c9a4-44d1-afa1-e70782e1f577', '100 Rupee', '100.00', 'note', NULL, '1', '5', '4', '2025-10-17 23:56:53', '2025-10-17 23:56:53', NULL),
('3', 'e51f3ce4-ad6c-4637-b043-279d2f508ad7', '200  Note', '200.00', 'note', NULL, '1', '5', '4', '2025-10-17 23:57:04', '2025-10-17 23:57:04', NULL),
('4', 'f1f86633-2170-4caa-8145-4d59e0da8250', '500 Note', '500.00', 'note', NULL, '1', '5', '4', '2025-10-17 23:57:15', '2025-10-17 23:57:15', NULL);


-- Table structure for table `desktop_applications`
CREATE TABLE `desktop_applications` (
  `id` bigint(20) unsigned NOT NULL AUTO_INCREMENT,
  `windows_file_path` varchar(191) DEFAULT NULL,
  `mac_file_path` varchar(191) DEFAULT NULL,
  `linux_file_path` varchar(191) DEFAULT NULL,
  `created_at` timestamp NULL DEFAULT NULL,
  `updated_at` timestamp NULL DEFAULT NULL,
  PRIMARY KEY (`id`)
) ENGINE=InnoDB AUTO_INCREMENT=2 DEFAULT CHARSET=utf8mb4 COLLATE=utf8mb4_unicode_ci;

-- Dumping data for table `desktop_applications`
INSERT INTO `desktop_applications` VALUES
('1', 'https://ewiidine.ca/', 'https://ewiidine.ca/downloads/Mac_EwiiDine_App.zip', 'https://envato.froid.works/app/download/linux', '2025-09-17 05:36:43', '2025-10-16 11:50:58');


-- Table structure for table `epay_payments`
CREATE TABLE `epay_payments` (
  `id` bigint(20) unsigned NOT NULL AUTO_INCREMENT,
  `epay_payment_id` varchar(191) DEFAULT NULL,
  `order_id` bigint(20) unsigned NOT NULL,
  `amount` decimal(10,2) NOT NULL,
  `payment_status` enum('pending','completed','failed') NOT NULL DEFAULT 'pending',
  `payment_date` timestamp NULL DEFAULT NULL,
  `payment_error_response` longtext CHARACTER SET utf8mb4 COLLATE utf8mb4_bin DEFAULT NULL CHECK (json_valid(`payment_error_response`)),
  `epay_invoice_id` varchar(191) DEFAULT NULL,
  `epay_secret_hash` varchar(191) DEFAULT NULL,
  `epay_access_token` text DEFAULT NULL,
  `created_at` timestamp NULL DEFAULT NULL,
  `updated_at` timestamp NULL DEFAULT NULL,
  PRIMARY KEY (`id`),
  KEY `epay_payments_order_id_foreign` (`order_id`),
  CONSTRAINT `epay_payments_order_id_foreign` FOREIGN KEY (`order_id`) REFERENCES `orders` (`id`) ON DELETE CASCADE
) ENGINE=InnoDB DEFAULT CHARSET=utf8mb4 COLLATE=utf8mb4_unicode_ci;


-- Table structure for table `expense_categories`
CREATE TABLE `expense_categories` (
  `id` bigint(20) unsigned NOT NULL AUTO_INCREMENT,
  `branch_id` bigint(20) unsigned NOT NULL,
  `name` varchar(191) NOT NULL,
  `description` varchar(191) DEFAULT NULL,
  `is_active` tinyint(1) NOT NULL DEFAULT 1,
  `created_at` timestamp NULL DEFAULT NULL,
  `updated_at` timestamp NULL DEFAULT NULL,
  PRIMARY KEY (`id`),
  KEY `expense_categories_branch_id_foreign` (`branch_id`),
  CONSTRAINT `expense_categories_branch_id_foreign` FOREIGN KEY (`branch_id`) REFERENCES `branches` (`id`) ON DELETE CASCADE ON UPDATE CASCADE
) ENGINE=InnoDB AUTO_INCREMENT=311 DEFAULT CHARSET=utf8mb4 COLLATE=utf8mb4_unicode_ci;

-- Dumping data for table `expense_categories`
INSERT INTO `expense_categories` VALUES
('1', '1', 'Rent', 'Monthly rent for restaurant space', '1', '2025-09-17 05:36:44', '2025-09-17 05:36:44'),
('2', '1', 'Utilities', 'Electricity, water, gas, and other utilities', '1', '2025-09-17 05:36:44', '2025-09-17 05:36:44'),
('3', '1', 'Salaries', 'Employee salaries and wages', '1', '2025-09-17 05:36:44', '2025-09-17 05:36:44'),
('4', '1', 'Ingredients', 'Food ingredients and raw materials', '1', '2025-09-17 05:36:44', '2025-09-17 05:36:44'),
('5', '1', 'Equipment', 'Kitchen equipment and appliances', '1', '2025-09-17 05:36:44', '2025-09-17 05:36:44'),
('6', '1', 'Marketing', 'Advertising and promotional expenses', '1', '2025-09-17 05:36:44', '2025-09-17 05:36:44'),
('7', '1', 'Insurance', 'Business insurance and liability coverage', '1', '2025-09-17 05:36:44', '2025-09-17 05:36:44'),
('8', '1', 'Maintenance', 'Repairs and maintenance costs', '1', '2025-09-17 05:36:44', '2025-09-17 05:36:44'),
('9', '1', 'Licenses', 'Business licenses and permits', '1', '2025-09-17 05:36:44', '2025-09-17 05:36:44'),
('10', '1', 'Miscellaneous', 'Other miscellaneous expenses', '1', '2025-09-17 05:36:44', '2025-09-17 05:36:44'),
('11', '2', 'Rent', 'Monthly rent for restaurant space', '1', '2025-09-17 05:36:44', '2025-09-17 05:36:44'),
('12', '2', 'Utilities', 'Electricity, water, gas, and other utilities', '1', '2025-09-17 05:36:44', '2025-09-17 05:36:44'),
('13', '2', 'Salaries', 'Employee salaries and wages', '1', '2025-09-17 05:36:44', '2025-09-17 05:36:44'),
('14', '2', 'Ingredients', 'Food ingredients and raw materials', '1', '2025-09-17 05:36:44', '2025-09-17 05:36:44'),
('15', '2', 'Equipment', 'Kitchen equipment and appliances', '1', '2025-09-17 05:36:44', '2025-09-17 05:36:44'),
('16', '2', 'Marketing', 'Advertising and promotional expenses', '1', '2025-09-17 05:36:44', '2025-09-17 05:36:44'),
('17', '2', 'Insurance', 'Business insurance and liability coverage', '1', '2025-09-17 05:36:44', '2025-09-17 05:36:44'),
('18', '2', 'Maintenance', 'Repairs and maintenance costs', '1', '2025-09-17 05:36:44', '2025-09-17 05:36:44'),
('19', '2', 'Licenses', 'Business licenses and permits', '1', '2025-09-17 05:36:44', '2025-09-17 05:36:44'),
('20', '2', 'Miscellaneous', 'Other miscellaneous expenses', '1', '2025-09-17 05:36:44', '2025-09-17 05:36:44'),
('21', '3', 'Rent', 'Monthly rent for restaurant space', '1', '2025-09-17 10:02:45', '2025-09-17 10:02:45'),
('22', '3', 'Utilities', 'Electricity, water, gas, and other utilities', '1', '2025-09-17 10:02:45', '2025-09-17 10:02:45'),
('23', '3', 'Salaries', 'Employee salaries and wages', '1', '2025-09-17 10:02:45', '2025-09-17 10:02:45'),
('24', '3', 'Ingredients', 'Food ingredients and raw materials', '1', '2025-09-17 10:02:45', '2025-09-17 10:02:45'),
('25', '3', 'Equipment', 'Kitchen equipment and appliances', '1', '2025-09-17 10:02:45', '2025-09-17 10:02:45'),
('26', '3', 'Marketing', 'Advertising and promotional expenses', '1', '2025-09-17 10:02:45', '2025-09-17 10:02:45'),
('27', '3', 'Insurance', 'Business insurance and liability coverage', '1', '2025-09-17 10:02:45', '2025-09-17 10:02:45'),
('28', '3', 'Maintenance', 'Repairs and maintenance costs', '1', '2025-09-17 10:02:45', '2025-09-17 10:02:45'),
('29', '3', 'Licenses', 'Business licenses and permits', '1', '2025-09-17 10:02:45', '2025-09-17 10:02:45'),
('30', '3', 'Miscellaneous', 'Other miscellaneous expenses', '1', '2025-09-17 10:02:45', '2025-09-17 10:02:45'),
('31', '4', 'Rent', 'Monthly rent for restaurant space', '1', '2025-09-20 12:56:44', '2025-09-20 12:56:44'),
('32', '4', 'Utilities', 'Electricity, water, gas, and other utilities', '1', '2025-09-20 12:56:44', '2025-09-20 12:56:44'),
('33', '4', 'Salaries', 'Employee salaries and wages', '1', '2025-09-20 12:56:44', '2025-09-20 12:56:44'),
('34', '4', 'Ingredients', 'Food ingredients and raw materials', '1', '2025-09-20 12:56:44', '2025-09-20 12:56:44'),
('35', '4', 'Equipment', 'Kitchen equipment and appliances', '1', '2025-09-20 12:56:44', '2025-09-20 12:56:44'),
('36', '4', 'Marketing', 'Advertising and promotional expenses', '1', '2025-09-20 12:56:44', '2025-09-20 12:56:44'),
('37', '4', 'Insurance', 'Business insurance and liability coverage', '1', '2025-09-20 12:56:44', '2025-09-20 12:56:44'),
('38', '4', 'Maintenance', 'Repairs and maintenance costs', '1', '2025-09-20 12:56:44', '2025-09-20 12:56:44'),
('39', '4', 'Licenses', 'Business licenses and permits', '1', '2025-09-20 12:56:44', '2025-09-20 12:56:44'),
('40', '4', 'Miscellaneous', 'Other miscellaneous expenses', '1', '2025-09-20 12:56:44', '2025-09-20 12:56:44'),
('41', '5', 'Rent', 'Monthly rent for restaurant space', '1', '2025-10-07 15:00:09', '2025-10-07 15:00:09'),
('42', '5', 'Utilities', 'Electricity, water, gas, and other utilities', '1', '2025-10-07 15:00:09', '2025-10-07 15:00:09'),
('43', '5', 'Salaries', 'Employee salaries and wages', '1', '2025-10-07 15:00:09', '2025-10-07 15:00:09'),
('44', '5', 'Ingredients', 'Food ingredients and raw materials', '1', '2025-10-07 15:00:09', '2025-10-07 15:00:09'),
('45', '5', 'Equipment', 'Kitchen equipment and appliances', '1', '2025-10-07 15:00:09', '2025-10-07 15:00:09'),
('46', '5', 'Marketing', 'Advertising and promotional expenses', '1', '2025-10-07 15:00:09', '2025-10-07 15:00:09'),
('47', '5', 'Insurance', 'Business insurance and liability coverage', '1', '2025-10-07 15:00:09', '2025-10-07 15:00:09'),
('48', '5', 'Maintenance', 'Repairs and maintenance costs', '1', '2025-10-07 15:00:09', '2025-10-07 15:00:09'),
('49', '5', 'Licenses', 'Business licenses and permits', '1', '2025-10-07 15:00:09', '2025-10-07 15:00:09'),
('50', '5', 'Miscellaneous', 'Other miscellaneous expenses', '1', '2025-10-07 15:00:09', '2025-10-07 15:00:09'),
('261', '27', 'Rent', 'Monthly rent for restaurant space', '1', '2025-11-07 17:23:03', '2025-11-07 17:23:03'),
('262', '27', 'Utilities', 'Electricity, water, gas, and other utilities', '1', '2025-11-07 17:23:03', '2025-11-07 17:23:03'),
('263', '27', 'Salaries', 'Employee salaries and wages', '1', '2025-11-07 17:23:03', '2025-11-07 17:23:03'),
('264', '27', 'Ingredients', 'Food ingredients and raw materials', '1', '2025-11-07 17:23:03', '2025-11-07 17:23:03'),
('265', '27', 'Equipment', 'Kitchen equipment and appliances', '1', '2025-11-07 17:23:03', '2025-11-07 17:23:03'),
('266', '27', 'Marketing', 'Advertising and promotional expenses', '1', '2025-11-07 17:23:03', '2025-11-07 17:23:03'),
('267', '27', 'Insurance', 'Business insurance and liability coverage', '1', '2025-11-07 17:23:03', '2025-11-07 17:23:03'),
('268', '27', 'Maintenance', 'Repairs and maintenance costs', '1', '2025-11-07 17:23:03', '2025-11-07 17:23:03'),
('269', '27', 'Licenses', 'Business licenses and permits', '1', '2025-11-07 17:23:03', '2025-11-07 17:23:03'),
('270', '27', 'Miscellaneous', 'Other miscellaneous expenses', '1', '2025-11-07 17:23:03', '2025-11-07 17:23:03'),
('271', '28', 'Rent', 'Monthly rent for restaurant space', '1', '2025-11-08 10:32:27', '2025-11-08 10:32:27'),
('272', '28', 'Utilities', 'Electricity, water, gas, and other utilities', '1', '2025-11-08 10:32:27', '2025-11-08 10:32:27'),
('273', '28', 'Salaries', 'Employee salaries and wages', '1', '2025-11-08 10:32:27', '2025-11-08 10:32:27'),
('274', '28', 'Ingredients', 'Food ingredients and raw materials', '1', '2025-11-08 10:32:27', '2025-11-08 10:32:27'),
('275', '28', 'Equipment', 'Kitchen equipment and appliances', '1', '2025-11-08 10:32:27', '2025-11-08 10:32:27'),
('276', '28', 'Marketing', 'Advertising and promotional expenses', '1', '2025-11-08 10:32:27', '2025-11-08 10:32:27'),
('277', '28', 'Insurance', 'Business insurance and liability coverage', '1', '2025-11-08 10:32:27', '2025-11-08 10:32:27'),
('278', '28', 'Maintenance', 'Repairs and maintenance costs', '1', '2025-11-08 10:32:27', '2025-11-08 10:32:27'),
('279', '28', 'Licenses', 'Business licenses and permits', '1', '2025-11-08 10:32:27', '2025-11-08 10:32:27'),
('280', '28', 'Miscellaneous', 'Other miscellaneous expenses', '1', '2025-11-08 10:32:27', '2025-11-08 10:32:27'),
('281', '29', 'Rent', 'Monthly rent for restaurant space', '1', '2025-11-12 14:15:51', '2025-11-12 14:15:51'),
('282', '29', 'Utilities', 'Electricity, water, gas, and other utilities', '1', '2025-11-12 14:15:51', '2025-11-12 14:15:51'),
('283', '29', 'Salaries', 'Employee salaries and wages', '1', '2025-11-12 14:15:51', '2025-11-12 14:15:51'),
('284', '29', 'Ingredients', 'Food ingredients and raw materials', '1', '2025-11-12 14:15:51', '2025-11-12 14:15:51'),
('285', '29', 'Equipment', 'Kitchen equipment and appliances', '1', '2025-11-12 14:15:51', '2025-11-12 14:15:51'),
('286', '29', 'Marketing', 'Advertising and promotional expenses', '1', '2025-11-12 14:15:51', '2025-11-12 14:15:51'),
('287', '29', 'Insurance', 'Business insurance and liability coverage', '1', '2025-11-12 14:15:51', '2025-11-12 14:15:51'),
('288', '29', 'Maintenance', 'Repairs and maintenance costs', '1', '2025-11-12 14:15:51', '2025-11-12 14:15:51'),
('289', '29', 'Licenses', 'Business licenses and permits', '1', '2025-11-12 14:15:51', '2025-11-12 14:15:51'),
('290', '29', 'Miscellaneous', 'Other miscellaneous expenses', '1', '2025-11-12 14:15:51', '2025-11-12 14:15:51'),
('291', '30', 'Rent', 'Monthly rent for restaurant space', '1', '2025-11-13 15:41:44', '2025-11-13 15:41:44'),
('292', '30', 'Utilities', 'Electricity, water, gas, and other utilities', '1', '2025-11-13 15:41:44', '2025-11-13 15:41:44'),
('293', '30', 'Salaries', 'Employee salaries and wages', '1', '2025-11-13 15:41:44', '2025-11-13 15:41:44'),
('294', '30', 'Ingredients', 'Food ingredients and raw materials', '1', '2025-11-13 15:41:44', '2025-11-13 15:41:44'),
('295', '30', 'Equipment', 'Kitchen equipment and appliances', '1', '2025-11-13 15:41:44', '2025-11-13 15:41:44'),
('296', '30', 'Marketing', 'Advertising and promotional expenses', '1', '2025-11-13 15:41:44', '2025-11-13 15:41:44'),
('297', '30', 'Insurance', 'Business insurance and liability coverage', '1', '2025-11-13 15:41:44', '2025-11-13 15:41:44'),
('298', '30', 'Maintenance', 'Repairs and maintenance costs', '1', '2025-11-13 15:41:44', '2025-11-13 15:41:44'),
('299', '30', 'Licenses', 'Business licenses and permits', '1', '2025-11-13 15:41:44', '2025-11-13 15:41:44'),
('300', '30', 'Miscellaneous', 'Other miscellaneous expenses', '1', '2025-11-13 15:41:44', '2025-11-13 15:41:44'),
('301', '31', 'Rent', 'Monthly rent for restaurant space', '1', '2025-11-15 07:46:25', '2025-11-15 07:46:25'),
('302', '31', 'Utilities', 'Electricity, water, gas, and other utilities', '1', '2025-11-15 07:46:25', '2025-11-15 07:46:25'),
('303', '31', 'Salaries', 'Employee salaries and wages', '1', '2025-11-15 07:46:25', '2025-11-15 07:46:25'),
('304', '31', 'Ingredients', 'Food ingredients and raw materials', '1', '2025-11-15 07:46:25', '2025-11-15 07:46:25'),
('305', '31', 'Equipment', 'Kitchen equipment and appliances', '1', '2025-11-15 07:46:25', '2025-11-15 07:46:25'),
('306', '31', 'Marketing', 'Advertising and promotional expenses', '1', '2025-11-15 07:46:25', '2025-11-15 07:46:25'),
('307', '31', 'Insurance', 'Business insurance and liability coverage', '1', '2025-11-15 07:46:25', '2025-11-15 07:46:25'),
('308', '31', 'Maintenance', 'Repairs and maintenance costs', '1', '2025-11-15 07:46:25', '2025-11-15 07:46:25'),
('309', '31', 'Licenses', 'Business licenses and permits', '1', '2025-11-15 07:46:25', '2025-11-15 07:46:25'),
('310', '31', 'Miscellaneous', 'Other miscellaneous expenses', '1', '2025-11-15 07:46:25', '2025-11-15 07:46:25');


-- Table structure for table `expenses`
CREATE TABLE `expenses` (
  `id` bigint(20) unsigned NOT NULL AUTO_INCREMENT,
  `expense_category_id` bigint(20) unsigned DEFAULT NULL,
  `branch_id` bigint(20) unsigned NOT NULL,
  `expense_title` varchar(191) DEFAULT NULL,
  `description` text DEFAULT NULL,
  `amount` decimal(10,2) NOT NULL,
  `expense_date` date NOT NULL,
  `payment_status` varchar(191) NOT NULL,
  `payment_date` date DEFAULT NULL,
  `payment_due_date` date DEFAULT NULL,
  `payment_method` varchar(191) DEFAULT NULL,
  `receipt_path` varchar(191) DEFAULT NULL,
  `created_at` timestamp NULL DEFAULT NULL,
  `updated_at` timestamp NULL DEFAULT NULL,
  PRIMARY KEY (`id`),
  KEY `expenses_expense_category_id_foreign` (`expense_category_id`),
  KEY `expenses_branch_id_foreign` (`branch_id`),
  CONSTRAINT `expenses_branch_id_foreign` FOREIGN KEY (`branch_id`) REFERENCES `branches` (`id`) ON DELETE CASCADE ON UPDATE CASCADE,
  CONSTRAINT `expenses_expense_category_id_foreign` FOREIGN KEY (`expense_category_id`) REFERENCES `expense_categories` (`id`) ON DELETE SET NULL
) ENGINE=InnoDB AUTO_INCREMENT=2 DEFAULT CHARSET=utf8mb4 COLLATE=utf8mb4_unicode_ci;

-- Dumping data for table `expenses`
INSERT INTO `expenses` VALUES
('1', '45', '5', 'Payment For Salt', NULL, '10.00', '2025-10-18', 'paid', '2025-10-16', '2025-10-15', 'cash', NULL, '2025-10-18 00:13:40', '2025-10-18 00:13:40');


-- Table structure for table `failed_jobs`
CREATE TABLE `failed_jobs` (
  `id` bigint(20) unsigned NOT NULL AUTO_INCREMENT,
  `uuid` varchar(191) NOT NULL,
  `connection` text NOT NULL,
  `queue` text NOT NULL,
  `payload` longtext NOT NULL,
  `exception` longtext NOT NULL,
  `failed_at` timestamp NOT NULL DEFAULT current_timestamp(),
  PRIMARY KEY (`id`),
  UNIQUE KEY `failed_jobs_uuid_unique` (`uuid`)
) ENGINE=InnoDB DEFAULT CHARSET=utf8mb4 COLLATE=utf8mb4_unicode_ci;


-- Table structure for table `file_storage`
CREATE TABLE `file_storage` (
  `id` int(10) unsigned NOT NULL AUTO_INCREMENT,
  `restaurant_id` bigint(20) unsigned DEFAULT NULL,
  `path` varchar(191) NOT NULL,
  `filename` varchar(191) NOT NULL,
  `type` varchar(50) DEFAULT NULL,
  `size` int(10) unsigned NOT NULL,
  `storage_location` enum('local','aws_s3','digitalocean','wasabi','minio') NOT NULL DEFAULT 'local',
  `created_at` timestamp NULL DEFAULT NULL,
  `updated_at` timestamp NULL DEFAULT NULL,
  PRIMARY KEY (`id`),
  KEY `file_storage_restaurant_id_foreign` (`restaurant_id`),
  CONSTRAINT `file_storage_restaurant_id_foreign` FOREIGN KEY (`restaurant_id`) REFERENCES `restaurants` (`id`) ON DELETE CASCADE ON UPDATE CASCADE
) ENGINE=InnoDB AUTO_INCREMENT=95 DEFAULT CHARSET=utf8mb4 COLLATE=utf8mb4_unicode_ci;

-- Dumping data for table `file_storage`
INSERT INTO `file_storage` VALUES
('1', '1', 'qrcodes', 'qrcode-branch-1-1.png', 'image/png', '2764', 'wasabi', '2025-09-17 05:36:44', '2025-10-15 12:20:25'),
('3', '1', 'qrcodes', 'qrcode-branch-2-1.png', 'image/png', '2767', 'wasabi', '2025-09-17 05:36:44', '2025-10-15 12:20:25'),
('11', NULL, 'favicons/super-admin/', 'android-chrome-192x192.png', 'image/png', '26099', 'wasabi', '2025-09-17 06:11:53', '2025-10-15 12:20:26'),
('12', NULL, 'favicons/super-admin/', 'android-chrome-512x512.png', 'image/png', '131816', 'wasabi', '2025-09-17 06:11:53', '2025-10-15 12:20:26'),
('13', NULL, 'favicons/super-admin/', 'apple-touch-icon.png', 'image/png', '23503', 'wasabi', '2025-09-17 06:11:53', '2025-10-15 12:20:28'),
('14', NULL, 'favicons/super-admin/', 'favicon-16x16.png', 'image/png', '836', 'wasabi', '2025-09-17 06:11:53', '2025-10-15 12:20:28'),
('15', NULL, 'favicons/super-admin/', 'favicon-32x32.png', 'image/png', '1966', 'wasabi', '2025-09-17 06:11:53', '2025-10-15 12:20:28'),
('16', NULL, 'favicons/super-admin/', 'favicon.ico', 'image/vnd.microsoft.icon', '15406', 'wasabi', '2025-09-17 06:11:53', '2025-10-15 12:20:28'),
('17', '2', 'qrcodes', 'qrcode-branch-3-2.png', 'image/png', '2550', 'wasabi', '2025-09-17 10:02:45', '2025-10-15 12:20:28'),
('18', '2', 'qrcodes', 'qrcode-3-t01.png', 'image/png', '4740', 'wasabi', '2025-09-20 12:24:08', '2025-10-15 12:20:28'),
('19', '2', 'qrcodes', 'qrcode-3-r01.png', 'image/png', '4707', 'wasabi', '2025-09-20 12:24:21', '2025-10-15 12:20:28'),
('20', '3', 'qrcodes', 'qrcode-branch-4-3.png', 'image/png', '2777', 'wasabi', '2025-09-20 12:56:44', '2025-10-15 12:20:28'),
('21', '3', 'qrcodes', 'qrcode-4-t01.png', 'image/png', '4797', 'wasabi', '2025-09-20 12:58:07', '2025-10-15 12:20:28'),
('22', '3', 'qrcodes', 'qrcode-4-g01.png', 'image/png', '5096', 'wasabi', '2025-09-20 12:58:41', '2025-10-15 12:20:30'),
('23', '4', 'qrcodes', 'qrcode-branch-5-4.png', 'image/png', '2558', 'wasabi', '2025-10-07 15:00:09', '2025-10-15 12:20:30'),
('25', '4', 'qrcodes', 'qrcode-5-to1.png', 'image/png', '4694', 'wasabi', '2025-10-07 15:01:13', '2025-10-15 12:20:30'),
('26', '4', 'logo', 'fe8a6d219504148863cf356c9b23c71a.jpeg', 'image/jpeg', '11469', 'wasabi', '2025-10-07 15:29:17', '2025-10-15 12:20:30'),
('27', '4', 'qrcodes', 'qrcode-5-t02.png', 'image/png', '4986', 'wasabi', '2025-10-07 15:39:05', '2025-10-15 12:20:30'),
('28', '4', 'item', 'd53454ebe29fd1e1a47b90f692d86a6d.jpeg', 'image/jpeg', '204767', 'wasabi', '2025-10-08 08:47:24', '2025-10-15 12:20:30'),
('29', '4', 'item', '4892a1ba87cee5b2016d3505c120e7ae.jpeg', 'image/jpeg', '102740', 'wasabi', '2025-10-08 08:48:17', '2025-10-15 12:20:30'),
('30', '4', 'item', '4f724ef832d4425388dab42acfde2c3a.jpeg', 'image/jpeg', '96281', 'wasabi', '2025-10-08 08:49:15', '2025-10-15 12:20:30'),
('31', '4', 'item', '32b2d8f2eb55ef6c04737415608e768b.jpeg', 'image/jpeg', '286503', 'wasabi', '2025-10-08 08:50:17', '2025-10-15 12:20:31'),
('32', '4', 'item', '48cf1b5a9b4fde5d842184d3961bc5f3.jpeg', 'image/jpeg', '347340', 'wasabi', '2025-10-08 08:53:49', '2025-10-15 12:20:31'),
('33', NULL, '/', '6c4aeee7ac4e8e2ff6ae6faf68f0629e.jpg', 'image/jpeg', '68318', 'wasabi', '2025-10-15 12:19:55', '2025-10-15 12:19:55'),
('34', '4', 'favicons/restaurant/moms-biryani/', 'android-chrome-192x192.png', 'image/png', '52133', 'wasabi', '2025-10-15 12:31:03', '2025-10-15 12:31:03'),
('35', '4', 'favicons/restaurant/moms-biryani/', 'android-chrome-512x512.png', 'image/png', '246150', 'wasabi', '2025-10-15 12:31:03', '2025-10-15 12:31:03'),
('36', '4', 'favicons/restaurant/moms-biryani/', 'apple-touch-icon.png', 'image/png', '46964', 'wasabi', '2025-10-15 12:31:04', '2025-10-15 12:31:04'),
('37', '4', 'favicons/restaurant/moms-biryani/', 'favicon-16x16.png', 'image/png', '1000', 'wasabi', '2025-10-15 12:31:04', '2025-10-15 12:31:04'),
('38', '4', 'favicons/restaurant/moms-biryani/', 'favicon-32x32.png', 'image/png', '2756', 'wasabi', '2025-10-15 12:31:04', '2025-10-15 12:31:04'),
('39', '4', 'favicons/restaurant/moms-biryani/', 'favicon.ico', 'image/vnd.microsoft.icon', '15406', 'wasabi', '2025-10-15 12:31:04', '2025-10-15 12:31:04'),
('40', '4', 'qrcodes', 'qrcode-5-r01.png', 'image/png', '4726', 'wasabi', '2025-10-24 14:51:31', '2025-10-24 14:51:31'),
('41', '4', 'qrcodes', 'qrcode-5-r02.png', 'image/png', '4937', 'wasabi', '2025-10-24 14:51:45', '2025-10-24 14:51:45'),
('42', '4', 'qrcodes', 'qrcode-5-f01.png', 'image/png', '4740', 'wasabi', '2025-10-25 13:02:44', '2025-10-25 13:02:44'),
('43', '4', 'qrcodes', 'qrcode-5-f02.png', 'image/png', '5014', 'wasabi', '2025-10-25 13:03:55', '2025-10-25 13:03:55'),
('44', NULL, 'profile-photos', 'a6d28818e84ab926d02f2a417bd89542.jpeg', 'image/jpeg', '808167', 'wasabi', '2025-10-26 18:27:17', '2025-10-26 18:27:17'),
('45', NULL, 'profile-photos', '335000c1aea612025f606d90ed5649e5.jpeg', 'image/jpeg', '808167', 'wasabi', '2025-10-26 18:27:18', '2025-10-26 18:27:18'),
('66', '26', 'qrcodes', 'qrcode-branch-27-26.png', 'image/png', '2572', 'wasabi', '2025-11-07 17:23:03', '2025-11-07 17:23:03'),
('67', NULL, 'favicons/super-admin/', 'android-chrome-192x192.png', 'image/png', '23624', 'wasabi', '2025-11-07 17:49:13', '2025-11-07 17:49:13'),
('68', NULL, 'favicons/super-admin/', 'android-chrome-512x512.png', 'image/png', '108434', 'wasabi', '2025-11-07 17:49:13', '2025-11-07 17:49:13'),
('69', NULL, 'favicons/super-admin/', 'apple-touch-icon.png', 'image/png', '21525', 'wasabi', '2025-11-07 17:49:14', '2025-11-07 17:49:14'),
('70', NULL, 'favicons/super-admin/', 'favicon-16x16.png', 'image/png', '854', 'wasabi', '2025-11-07 17:49:14', '2025-11-07 17:49:14'),
('71', NULL, 'favicons/super-admin/', 'favicon-32x32.png', 'image/png', '1988', 'wasabi', '2025-11-07 17:49:14', '2025-11-07 17:49:14'),
('72', '26', 'offline-invoice', 'c4308617f0f149cfed75486be733e6ae.png', 'image/png', '235164', 'wasabi', '2025-11-08 07:26:10', '2025-11-08 07:26:10'),
('73', '27', 'qrcodes', 'qrcode-branch-28-27.png', 'image/png', '2797', 'wasabi', '2025-11-08 10:32:26', '2025-11-08 10:32:26'),
('74', '27', 'offline-invoice', '970330d67f7a25f1e2ebdc94709d0d9a.png', 'image/png', '1678232', 'wasabi', '2025-11-08 10:35:39', '2025-11-08 10:35:39'),
('75', '4', 'qrcodes', 'qrcode-5-to3.png', 'image/png', '4881', 'wasabi', '2025-11-12 08:50:38', '2025-11-12 08:50:38'),
('76', '28', 'qrcodes', 'qrcode-branch-29-28.png', 'image/png', '2800', 'wasabi', '2025-11-12 14:15:50', '2025-11-12 14:15:50'),
('77', '28', 'qrcodes', 'qrcode-29-xyz.png', 'image/png', '4936', 'wasabi', '2025-11-12 14:20:16', '2025-11-12 14:20:16'),
('78', '29', 'qrcodes', 'qrcode-branch-30-29.png', 'image/png', '2590', 'wasabi', '2025-11-13 15:41:43', '2025-11-13 15:41:43'),
('79', '29', 'offline-invoice', 'e70a56a6cda779498e1b983dd5eac660.png', 'image/png', '235164', 'wasabi', '2025-11-13 15:42:38', '2025-11-13 15:42:38'),
('80', '30', 'qrcodes', 'qrcode-branch-31-30.png', 'image/png', '2756', 'wasabi', '2025-11-15 07:46:25', '2025-11-15 07:46:25'),
('81', '30', 'offline-invoice', 'bb954913362561203460e2de3dfea064.svg', 'image/svg+xml', '5016', 'wasabi', '2025-11-15 07:49:09', '2025-11-15 07:49:09'),
('82', '26', 'qrcodes', 'qrcode-27-332.png', 'image/png', '4749', 'wasabi', '2025-11-15 13:14:03', '2025-11-15 13:14:03'),
('83', NULL, '/', '29cd6b0cc73da0dbdb8818b82e1402e4.png', 'image/png', '31802', 'wasabi', '2025-11-26 09:26:35', '2025-11-26 09:49:20'),
('84', NULL, '/', 'c38cd3d9b9d1bebf1f12feef212c81a3.avif', 'image/avif', '224365', 'wasabi', '2025-11-26 09:48:21', '2025-11-26 09:48:21'),
('85', NULL, 'favicons/super-admin/', 'favicon.ico', 'image/vnd.microsoft.icon', '15406', 'wasabi', '2025-11-27 16:49:55', '2025-11-27 16:49:55'),
('86', NULL, '/', '70cbd606f3efb0d1251cb85a73a2b4a2.jpg', 'image/jpeg', '488686', 'wasabi', '2025-11-28 07:24:07', '2025-11-28 07:24:07'),
('87', '4', 'item', '55c3abd472c4d9e2b7fa752e7556f942.jpg', 'image/jpeg', '11420', 'wasabi', '2025-11-28 10:26:53', '2025-11-28 10:32:54'),
('88', '4', 'item', 'f0907b5bff73659264a3a36ca98f0059.jpg', 'image/jpeg', '10405', 'wasabi', '2025-11-28 10:27:59', '2025-11-28 10:32:54'),
('89', '4', 'item', '21fa291ebc22727e4818a4d942959f8a.jpg', 'image/jpeg', '10405', 'wasabi', '2025-11-28 10:33:14', '2025-11-28 10:33:14'),
('90', '4', 'item', '9993284d2b8beb2e91d9b9dacf64cd2c.png', 'image/png', '26347', 'wasabi', '2025-11-28 10:33:41', '2025-11-28 10:33:41'),
('91', '4', 'item', '824f21f229f33eaf8df95f959785c95e.jpg', 'image/jpeg', '8577', 'wasabi', '2025-11-28 10:34:39', '2025-11-28 10:34:39'),
('92', '4', 'item', '9850bc475903ac2b63cdeaa046f0873a.jpg', 'image/jpeg', '11420', 'wasabi', '2025-11-28 10:43:22', '2025-11-28 10:43:22'),
('93', '4', 'item', 'fcfd1d51d634e81a24402be51da92be7.jpg', 'image/jpeg', '11420', 'wasabi', '2025-11-28 11:26:19', '2025-11-28 11:26:19'),
('94', NULL, 'profile-photos', 'ebe1f74a5670cbabfad4688d0b066896.jpg', 'image/jpeg', '17508', 'wasabi', '2025-11-29 09:21:46', '2025-11-29 09:21:46');


-- Table structure for table `file_storage_settings`
CREATE TABLE `file_storage_settings` (
  `id` int(10) unsigned NOT NULL AUTO_INCREMENT,
  `filesystem` varchar(191) NOT NULL,
  `auth_keys` text DEFAULT NULL,
  `status` enum('enabled','disabled') NOT NULL DEFAULT 'disabled',
  `created_at` timestamp NULL DEFAULT NULL,
  `updated_at` timestamp NULL DEFAULT NULL,
  PRIMARY KEY (`id`)
) ENGINE=InnoDB AUTO_INCREMENT=3 DEFAULT CHARSET=utf8mb4 COLLATE=utf8mb4_unicode_ci;

-- Dumping data for table `file_storage_settings`
INSERT INTO `file_storage_settings` VALUES
('1', 'local', NULL, 'disabled', '2025-09-17 05:36:41', '2025-11-28 10:32:49'),
('2', 'wasabi', 'eyJpdiI6Ikw5b1VHVXFtejRNTFcraWxYeS9BK0E9PSIsInZhbHVlIjoiQlRwVnJBZVErUUtZL2tzRVFiK0RlQm9JbFBQckZQTUd4Z1JKU1dSMEYrZHE0bCtNY3hHUllWR3hTRWNzZ2xqODZ4a3pkbWFka2Z5R3pjQktpSXJsbG8vbWIzS3FJQUFLekg1WWczTHEyY2g3WThFQk1jcjRrempxRTBtdUZVcTVtRy80NTdDNXhwV2l2QVhpMTZybWRtcHBXamI3N0R5R1Y4d01Cc0gydU40MmRscERuUmZpREI2bFZRbVh6cDV3ZWhWcEI0aktSSkxaU3ZYcDU1NkZJUT09IiwibWFjIjoiNjQ4NTgxMTMyZWMxYWZlZTdlZTg0OTIxZDk2ODM3MDY1YTA1N2Q0NWQ2MDkyZWM5ZGE2OWEyNDQxMjQ0NWIzZSIsInRhZyI6IiJ9', 'enabled', '2025-09-28 12:43:25', '2025-11-28 10:32:49');


-- Table structure for table `flags`
CREATE TABLE `flags` (
  `id` bigint(20) unsigned NOT NULL AUTO_INCREMENT,
  `capital` varchar(191) DEFAULT NULL,
  `code` varchar(191) DEFAULT NULL,
  `continent` varchar(191) DEFAULT NULL,
  `name` varchar(191) DEFAULT NULL,
  PRIMARY KEY (`id`)
) ENGINE=InnoDB AUTO_INCREMENT=267 DEFAULT CHARSET=utf8mb4 COLLATE=utf8mb4_unicode_ci;

-- Dumping data for table `flags`
INSERT INTO `flags` VALUES
('1', 'Kabul', 'af', 'Asia', 'Afghanistan'),
('2', 'Mariehamn', 'ax', 'Europe', 'Aland Islands'),
('3', 'Tirana', 'al', 'Europe', 'Albania'),
('4', 'Algiers', 'dz', 'Africa', 'Algeria'),
('5', 'Pago Pago', 'as', 'Oceania', 'American Samoa'),
('6', 'Andorra la Vella', 'ad', 'Europe', 'Andorra'),
('7', 'Luanda', 'ao', 'Africa', 'Angola'),
('8', 'The Valley', 'ai', 'North America', 'Anguilla'),
('9', '', 'aq', '', 'Antarctica'),
('10', 'St. John\'s', 'ag', 'North America', 'Antigua and Barbuda'),
('11', 'Buenos Aires', 'ar', 'South America', 'Argentina'),
('12', 'Yerevan', 'am', 'Asia', 'Armenia'),
('13', 'Oranjestad', 'aw', 'South America', 'Aruba'),
('14', 'Georgetown', 'ac', 'Africa', 'Ascension Island'),
('15', 'Canberra', 'au', 'Oceania', 'Australia'),
('16', 'Vienna', 'at', 'Europe', 'Austria'),
('17', 'Baku', 'az', 'Asia', 'Azerbaijan'),
('18', 'Nassau', 'bs', 'North America', 'Bahamas'),
('19', 'Manama', 'bh', 'Asia', 'Bahrain'),
('20', 'Dhaka', 'bd', 'Asia', 'Bangladesh'),
('21', 'Bridgetown', 'bb', 'North America', 'Barbados'),
('22', 'Minsk', 'by', 'Europe', 'Belarus'),
('23', 'Brussels', 'be', 'Europe', 'Belgium'),
('24', 'Belmopan', 'bz', 'North America', 'Belize'),
('25', 'Porto-Novo', 'bj', 'Africa', 'Benin'),
('26', 'Hamilton', 'bm', 'North America', 'Bermuda'),
('27', 'Thimphu', 'bt', 'Asia', 'Bhutan'),
('28', 'Sucre', 'bo', 'South America', 'Bolivia'),
('29', 'Kralendijk', 'bq', 'South America', 'Bonaire, Sint Eustatius and Saba'),
('30', 'Sarajevo', 'ba', 'Europe', 'Bosnia and Herzegovina'),
('31', 'Gaborone', 'bw', 'Africa', 'Botswana'),
('32', '', 'bv', '', 'Bouvet Island'),
('33', 'Brasília', 'br', 'South America', 'Brazil'),
('34', 'Diego Garcia', 'io', 'Asia', 'British Indian Ocean Territory'),
('35', 'Bandar Seri Begawan', 'bn', 'Asia', 'Brunei Darussalam'),
('36', 'Sofia', 'bg', 'Europe', 'Bulgaria'),
('37', 'Ouagadougou', 'bf', 'Africa', 'Burkina Faso'),
('38', 'Bujumbura', 'bi', 'Africa', 'Burundi'),
('39', 'Praia', 'cv', 'Africa', 'Cabo Verde'),
('40', 'Phnom Penh', 'kh', 'Asia', 'Cambodia'),
('41', 'Yaoundé', 'cm', 'Africa', 'Cameroon'),
('42', 'Ottawa', 'ca', 'North America', 'Canada'),
('43', '', 'ic', '', 'Canary Islands'),
('44', '', 'es-ct', '', 'Catalonia'),
('45', 'George Town', 'ky', 'North America', 'Cayman Islands'),
('46', 'Bangui', 'cf', 'Africa', 'Central African Republic'),
('47', '', 'cefta', '', 'Central European Free Trade Agreement'),
('48', '', 'ea', '', 'Ceuta & Melilla'),
('49', 'N\'Djamena', 'td', 'Africa', 'Chad'),
('50', 'Santiago', 'cl', 'South America', 'Chile'),
('51', 'Beijing', 'cn', 'Asia', 'China'),
('52', 'Flying Fish Cove', 'cx', 'Asia', 'Christmas Island'),
('53', '', 'cp', '', 'Clipperton Island'),
('54', 'West Island', 'cc', 'Asia', 'Cocos (Keeling) Islands'),
('55', 'Bogotá', 'co', 'South America', 'Colombia'),
('56', 'Moroni', 'km', 'Africa', 'Comoros'),
('57', 'Avarua', 'ck', 'Oceania', 'Cook Islands'),
('58', 'San José', 'cr', 'North America', 'Costa Rica'),
('59', 'Zagreb', 'hr', 'Europe', 'Croatia'),
('60', 'Havana', 'cu', 'North America', 'Cuba'),
('61', 'Willemstad', 'cw', 'South America', 'Curaçao'),
('62', 'Nicosia', 'cy', 'Europe', 'Cyprus'),
('63', 'Prague', 'cz', 'Europe', 'Czech Republic'),
('64', 'Yamoussoukro', 'ci', 'Africa', 'Côte d\'Ivoire'),
('65', 'Kinshasa', 'cd', 'Africa', 'Democratic Republic of the Congo'),
('66', 'Copenhagen', 'dk', 'Europe', 'Denmark'),
('67', '', 'dg', '', 'Diego Garcia'),
('68', 'Djibouti', 'dj', 'Africa', 'Djibouti'),
('69', 'Roseau', 'dm', 'North America', 'Dominica'),
('70', 'Santo Domingo', 'do', 'North America', 'Dominican Republic'),
('71', 'Quito', 'ec', 'South America', 'Ecuador'),
('72', 'Cairo', 'eg', 'Africa', 'Egypt'),
('73', 'San Salvador', 'sv', 'North America', 'El Salvador'),
('74', 'London', 'gb-eng', 'Europe', 'England'),
('75', 'Malabo', 'gq', 'Africa', 'Equatorial Guinea'),
('76', 'Asmara', 'er', 'Africa', 'Eritrea'),
('77', 'Tallinn', 'ee', 'Europe', 'Estonia'),
('78', 'Lobamba, Mbabane', 'sz', 'Africa', 'Eswatini'),
('79', 'Addis Ababa', 'et', 'Africa', 'Ethiopia'),
('80', '', 'eu', '', 'Europe'),
('81', 'Stanley', 'fk', 'South America', 'Falkland Islands'),
('82', 'Tórshavn', 'fo', 'Europe', 'Faroe Islands'),
('83', 'Palikir', 'fm', 'Oceania', 'Federated States of Micronesia'),
('84', 'Suva', 'fj', 'Oceania', 'Fiji'),
('85', 'Helsinki', 'fi', 'Europe', 'Finland'),
('86', 'Paris', 'fr', 'Europe', 'France'),
('87', 'Cayenne', 'gf', 'South America', 'French Guiana'),
('88', 'Papeete', 'pf', 'Oceania', 'French Polynesia'),
('89', 'Saint-Pierre, Réunion', 'tf', 'Africa', 'French Southern Territories'),
('90', 'Libreville', 'ga', 'Africa', 'Gabon'),
('91', '', 'es-ga', '', 'Galicia'),
('92', 'Banjul', 'gm', 'Africa', 'Gambia'),
('93', 'Tbilisi', 'ge', 'Asia', 'Georgia'),
('94', 'Berlin', 'de', 'Europe', 'Germany'),
('95', 'Accra', 'gh', 'Africa', 'Ghana'),
('96', 'Gibraltar', 'gi', 'Europe', 'Gibraltar'),
('97', 'Athens', 'gr', 'Europe', 'Greece'),
('98', 'Nuuk', 'gl', 'North America', 'Greenland'),
('99', 'St. George\'s', 'gd', 'North America', 'Grenada'),
('100', 'Basse-Terre', 'gp', 'North America', 'Guadeloupe'),
('101', 'Hagåtña', 'gu', 'Oceania', 'Guam'),
('102', 'Guatemala City', 'gt', 'North America', 'Guatemala'),
('103', 'Saint Peter Port', 'gg', 'Europe', 'Guernsey'),
('104', 'Conakry', 'gn', 'Africa', 'Guinea'),
('105', 'Bissau', 'gw', 'Africa', 'Guinea-Bissau'),
('106', 'Georgetown', 'gy', 'South America', 'Guyana'),
('107', 'Port-au-Prince', 'ht', 'North America', 'Haiti'),
('108', '', 'hm', '', 'Heard Island and McDonald Islands'),
('109', 'Vatican City', 'va', 'Europe', 'Holy See'),
('110', 'Tegucigalpa', 'hn', 'North America', 'Honduras'),
('111', 'Hong Kong', 'hk', 'Asia', 'Hong Kong'),
('112', 'Budapest', 'hu', 'Europe', 'Hungary'),
('113', 'Reykjavik', 'is', 'Europe', 'Iceland'),
('114', 'New Delhi', 'in', 'Asia', 'India'),
('115', 'Jakarta', 'id', 'Asia', 'Indonesia'),
('116', 'Tehran', 'ir', 'Asia', 'Iran'),
('117', 'Baghdad', 'iq', 'Asia', 'Iraq'),
('118', 'Dublin', 'ie', 'Europe', 'Ireland'),
('119', 'Douglas', 'im', 'Europe', 'Isle of Man'),
('120', 'Jerusalem', 'il', 'Asia', 'Israel'),
('121', 'Rome', 'it', 'Europe', 'Italy'),
('122', 'Kingston', 'jm', 'North America', 'Jamaica'),
('123', 'Tokyo', 'jp', 'Asia', 'Japan'),
('124', 'Saint Helier', 'je', 'Europe', 'Jersey'),
('125', 'Amman', 'jo', 'Asia', 'Jordan'),
('126', 'Astana', 'kz', 'Asia', 'Kazakhstan'),
('127', 'Nairobi', 'ke', 'Africa', 'Kenya'),
('128', 'South Tarawa', 'ki', 'Oceania', 'Kiribati'),
('129', 'Pristina', 'xk', 'Europe', 'Kosovo'),
('130', 'Kuwait City', 'kw', 'Asia', 'Kuwait'),
('131', 'Bishkek', 'kg', 'Asia', 'Kyrgyzstan'),
('132', 'Vientiane', 'la', 'Asia', 'Laos'),
('133', 'Riga', 'lv', 'Europe', 'Latvia'),
('134', 'Beirut', 'lb', 'Asia', 'Lebanon'),
('135', 'Maseru', 'ls', 'Africa', 'Lesotho'),
('136', 'Monrovia', 'lr', 'Africa', 'Liberia'),
('137', 'Tripoli', 'ly', 'Africa', 'Libya'),
('138', 'Vaduz', 'li', 'Europe', 'Liechtenstein'),
('139', 'Vilnius', 'lt', 'Europe', 'Lithuania'),
('140', 'Luxembourg City', 'lu', 'Europe', 'Luxembourg'),
('141', 'Macau', 'mo', 'Asia', 'Macau'),
('142', 'Antananarivo', 'mg', 'Africa', 'Madagascar'),
('143', 'Lilongwe', 'mw', 'Africa', 'Malawi'),
('144', 'Kuala Lumpur', 'my', 'Asia', 'Malaysia'),
('145', 'Malé', 'mv', 'Asia', 'Maldives'),
('146', 'Bamako', 'ml', 'Africa', 'Mali'),
('147', 'Valletta', 'mt', 'Europe', 'Malta'),
('148', 'Majuro', 'mh', 'Oceania', 'Marshall Islands'),
('149', 'Fort-de-France', 'mq', 'North America', 'Martinique'),
('150', 'Nouakchott', 'mr', 'Africa', 'Mauritania'),
('151', 'Port Louis', 'mu', 'Africa', 'Mauritius'),
('152', 'Mamoudzou', 'yt', 'Africa', 'Mayotte'),
('153', 'Mexico City', 'mx', 'North America', 'Mexico'),
('154', 'Chișinău', 'md', 'Europe', 'Moldova'),
('155', 'Monaco', 'mc', 'Europe', 'Monaco'),
('156', 'Ulaanbaatar', 'mn', 'Asia', 'Mongolia'),
('157', 'Podgorica', 'me', 'Europe', 'Montenegro'),
('158', 'Little Bay, Brades, Plymouth', 'ms', 'North America', 'Montserrat'),
('159', 'Rabat', 'ma', 'Africa', 'Morocco'),
('160', 'Maputo', 'mz', 'Africa', 'Mozambique'),
('161', 'Naypyidaw', 'mm', 'Asia', 'Myanmar'),
('162', 'Windhoek', 'na', 'Africa', 'Namibia'),
('163', 'Yaren District', 'nr', 'Oceania', 'Nauru'),
('164', 'Kathmandu', 'np', 'Asia', 'Nepal'),
('165', 'Amsterdam', 'nl', 'Europe', 'Netherlands'),
('166', 'Nouméa', 'nc', 'Oceania', 'New Caledonia'),
('167', 'Wellington', 'nz', 'Oceania', 'New Zealand'),
('168', 'Managua', 'ni', 'North America', 'Nicaragua'),
('169', 'Niamey', 'ne', 'Africa', 'Niger'),
('170', 'Abuja', 'ng', 'Africa', 'Nigeria'),
('171', 'Alofi', 'nu', 'Oceania', 'Niue'),
('172', 'Kingston', 'nf', 'Oceania', 'Norfolk Island'),
('173', 'Pyongyang', 'kp', 'Asia', 'North Korea'),
('174', 'Skopje', 'mk', 'Europe', 'North Macedonia'),
('175', 'Belfast', 'gb-nir', 'Europe', 'Northern Ireland'),
('176', 'Saipan', 'mp', 'Oceania', 'Northern Mariana Islands'),
('177', 'Oslo', 'no', 'Europe', 'Norway'),
('178', 'Muscat', 'om', 'Asia', 'Oman'),
('179', 'Islamabad', 'pk', 'Asia', 'Pakistan'),
('180', 'Ngerulmud', 'pw', 'Oceania', 'Palau'),
('181', 'Panama City', 'pa', 'North America', 'Panama'),
('182', 'Port Moresby', 'pg', 'Oceania', 'Papua New Guinea'),
('183', 'Asunción', 'py', 'South America', 'Paraguay'),
('184', 'Lima', 'pe', 'South America', 'Peru'),
('185', 'Manila', 'ph', 'Asia', 'Philippines'),
('186', 'Adamstown', 'pn', 'Oceania', 'Pitcairn'),
('187', 'Warsaw', 'pl', 'Europe', 'Poland'),
('188', 'Lisbon', 'pt', 'Europe', 'Portugal'),
('189', 'San Juan', 'pr', 'North America', 'Puerto Rico'),
('190', 'Doha', 'qa', 'Asia', 'Qatar'),
('191', 'Brazzaville', 'cg', 'Africa', 'Republic of the Congo'),
('192', 'Bucharest', 'ro', 'Europe', 'Romania'),
('193', 'Moscow', 'ru', 'Europe', 'Russia'),
('194', 'Kigali', 'rw', 'Africa', 'Rwanda'),
('195', 'Saint-Denis', 're', 'Africa', 'Réunion'),
('196', 'Gustavia', 'bl', 'North America', 'Saint Barthélemy'),
('197', 'Jamestown', 'sh', 'Africa', 'Saint Helena, Ascension and Tristan da Cunha'),
('198', 'Basseterre', 'kn', 'North America', 'Saint Kitts and Nevis'),
('199', 'Castries', 'lc', 'North America', 'Saint Lucia'),
('200', 'Marigot', 'mf', 'North America', 'Saint Martin'),
('201', 'Saint-Pierre', 'pm', 'North America', 'Saint Pierre and Miquelon'),
('202', 'Kingstown', 'vc', 'North America', 'Saint Vincent and the Grenadines'),
('203', 'Apia', 'ws', 'Oceania', 'Samoa'),
('204', 'San Marino', 'sm', 'Europe', 'San Marino'),
('205', 'São Tomé', 'st', 'Africa', 'Sao Tome and Principe'),
('206', 'Riyadh', 'sa', 'Asia', 'Saudi Arabia'),
('207', 'Edinburgh', 'gb-sct', 'Europe', 'Scotland'),
('208', 'Dakar', 'sn', 'Africa', 'Senegal'),
('209', 'Belgrade', 'rs', 'Europe', 'Serbia'),
('210', 'Victoria', 'sc', 'Africa', 'Seychelles'),
('211', 'Freetown', 'sl', 'Africa', 'Sierra Leone'),
('212', 'Singapore', 'sg', 'Asia', 'Singapore'),
('213', 'Philipsburg', 'sx', 'North America', 'Sint Maarten'),
('214', 'Bratislava', 'sk', 'Europe', 'Slovakia'),
('215', 'Ljubljana', 'si', 'Europe', 'Slovenia'),
('216', 'Honiara', 'sb', 'Oceania', 'Solomon Islands'),
('217', 'Mogadishu', 'so', 'Africa', 'Somalia'),
('218', 'Pretoria', 'za', 'Africa', 'South Africa'),
('219', 'King Edward Point', 'gs', 'Antarctica', 'South Georgia and the South Sandwich Islands'),
('220', 'Seoul', 'kr', 'Asia', 'South Korea'),
('221', 'Juba', 'ss', 'Africa', 'South Sudan'),
('222', 'Madrid', 'es', 'Europe', 'Spain'),
('223', 'Sri Jayawardenepura Kotte, Colombo', 'lk', 'Asia', 'Sri Lanka'),
('224', 'Ramallah', 'ps', 'Asia', 'State of Palestine'),
('225', 'Khartoum', 'sd', 'Africa', 'Sudan'),
('226', 'Paramaribo', 'sr', 'South America', 'Suriname'),
('227', 'Longyearbyen', 'sj', 'Europe', 'Svalbard and Jan Mayen'),
('228', 'Stockholm', 'se', 'Europe', 'Sweden'),
('229', 'Bern', 'ch', 'Europe', 'Switzerland'),
('230', 'Damascus', 'sy', 'Asia', 'Syria'),
('231', 'Taipei', 'tw', 'Asia', 'Taiwan'),
('232', 'Dushanbe', 'tj', 'Asia', 'Tajikistan'),
('233', 'Dodoma', 'tz', 'Africa', 'Tanzania'),
('234', 'Bangkok', 'th', 'Asia', 'Thailand'),
('235', 'Dili', 'tl', 'Asia', 'Timor-Leste'),
('236', 'Lomé', 'tg', 'Africa', 'Togo'),
('237', 'Nukunonu, Atafu,Tokelau', 'tk', 'Oceania', 'Tokelau'),
('238', 'Nukuʻalofa', 'to', 'Oceania', 'Tonga'),
('239', 'Port of Spain', 'tt', 'South America', 'Trinidad and Tobago'),
('240', '', 'ta', '', 'Tristan da Cunha'),
('241', 'Tunis', 'tn', 'Africa', 'Tunisia'),
('242', 'Ankara', 'tr', 'Asia', 'Turkey'),
('243', 'Ashgabat', 'tm', 'Asia', 'Turkmenistan'),
('244', 'Cockburn Town', 'tc', 'North America', 'Turks and Caicos Islands'),
('245', 'Funafuti', 'tv', 'Oceania', 'Tuvalu'),
('246', 'Kampala', 'ug', 'Africa', 'Uganda'),
('247', 'Kiev', 'ua', 'Europe', 'Ukraine'),
('248', 'Abu Dhabi', 'ae', 'Asia', 'United Arab Emirates'),
('249', 'London', 'gb', 'Europe', 'United Kingdom'),
('250', '', 'un', '', 'United Nations'),
('251', 'Washington, D.C.', 'um', 'North America', 'United States Minor Outlying Islands'),
('252', 'Washington, D.C.', 'us', 'North America', 'United States of America'),
('253', '', 'xx', '', 'Unknown'),
('254', 'Montevideo', 'uy', 'South America', 'Uruguay'),
('255', 'Tashkent', 'uz', 'Asia', 'Uzbekistan'),
('256', 'Port Vila', 'vu', 'Oceania', 'Vanuatu'),
('257', 'Caracas', 've', 'South America', 'Venezuela'),
('258', 'Hanoi', 'vn', 'Asia', 'Vietnam'),
('259', 'Road Town', 'vg', 'North America', 'Virgin Islands (British)'),
('260', 'Charlotte Amalie', 'vi', 'North America', 'Virgin Islands (U.S.)'),
('261', 'Cardiff', 'gb-wls', 'Europe', 'Wales'),
('262', 'Mata-Utu', 'wf', 'Oceania', 'Wallis and Futuna'),
('263', 'Laayoune', 'eh', 'Africa', 'Western Sahara'),
('264', 'Sana\'a', 'ye', 'Asia', 'Yemen'),
('265', 'Lusaka', 'zm', 'Africa', 'Zambia'),
('266', 'Harare', 'zw', 'Africa', 'Zimbabwe');


-- Table structure for table `flutterwave_payments`
CREATE TABLE `flutterwave_payments` (
  `id` bigint(20) unsigned NOT NULL AUTO_INCREMENT,
  `flutterwave_payment_id` varchar(191) DEFAULT NULL,
  `order_id` bigint(20) unsigned NOT NULL,
  `amount` decimal(10,2) NOT NULL,
  `payment_status` enum('pending','completed','failed') NOT NULL DEFAULT 'pending',
  `payment_date` timestamp NULL DEFAULT NULL,
  `payment_error_response` longtext CHARACTER SET utf8mb4 COLLATE utf8mb4_bin DEFAULT NULL CHECK (json_valid(`payment_error_response`)),
  `created_at` timestamp NULL DEFAULT NULL,
  `updated_at` timestamp NULL DEFAULT NULL,
  PRIMARY KEY (`id`),
  KEY `flutterwave_payments_order_id_foreign` (`order_id`),
  CONSTRAINT `flutterwave_payments_order_id_foreign` FOREIGN KEY (`order_id`) REFERENCES `orders` (`id`) ON DELETE CASCADE
) ENGINE=InnoDB DEFAULT CHARSET=utf8mb4 COLLATE=utf8mb4_unicode_ci;


-- Table structure for table `front_details`
CREATE TABLE `front_details` (
  `id` bigint(20) unsigned NOT NULL AUTO_INCREMENT,
  `language_setting_id` bigint(20) unsigned DEFAULT NULL,
  `header_title` varchar(200) DEFAULT NULL,
  `header_description` text DEFAULT NULL,
  `image` varchar(200) DEFAULT NULL,
  `feature_with_image_heading` varchar(191) DEFAULT NULL,
  `review_heading` varchar(191) DEFAULT NULL,
  `feature_with_icon_heading` varchar(191) DEFAULT NULL,
  `comments_heading` varchar(191) DEFAULT NULL,
  `price_heading` varchar(191) DEFAULT NULL,
  `price_description` varchar(191) DEFAULT NULL,
  `faq_heading` varchar(191) DEFAULT NULL,
  `faq_description` text DEFAULT NULL,
  `contact_heading` text DEFAULT NULL,
  `footer_copyright_text` text DEFAULT NULL,
  `created_at` timestamp NULL DEFAULT NULL,
  `updated_at` timestamp NULL DEFAULT NULL,
  PRIMARY KEY (`id`),
  KEY `front_details_language_setting_id_foreign` (`language_setting_id`),
  CONSTRAINT `front_details_language_setting_id_foreign` FOREIGN KEY (`language_setting_id`) REFERENCES `language_settings` (`id`) ON DELETE CASCADE ON UPDATE CASCADE
) ENGINE=InnoDB AUTO_INCREMENT=2 DEFAULT CHARSET=utf8mb4 COLLATE=utf8mb4_unicode_ci;

-- Dumping data for table `front_details`
INSERT INTO `front_details` VALUES
('1', '1', 'Restaurant POS software made simple!', 'Easily manage orders, menus, and tables in one place. Save time, reduce errors, and grow your business faster', NULL, 'Take Control of Your Restaurant', 'What Restaurant Owners Are Saying', 'Powerful Features Built to Elevate Your Restaurant Operations', NULL, 'Simple, Transparent Pricing', 'Get everything you need to manage your restaurant with one affordable plan.', 'Your questions, answered', 'Answers to the most frequently asked questions.', 'Contact', '© 2025 TableTrack. All Rights Reserved.', '2025-09-17 05:36:44', '2025-09-17 05:36:44');


-- Table structure for table `front_faq_settings`
CREATE TABLE `front_faq_settings` (
  `id` bigint(20) unsigned NOT NULL AUTO_INCREMENT,
  `language_setting_id` bigint(20) unsigned DEFAULT NULL,
  `question` text DEFAULT NULL,
  `answer` text DEFAULT NULL,
  `created_at` timestamp NULL DEFAULT NULL,
  `updated_at` timestamp NULL DEFAULT NULL,
  PRIMARY KEY (`id`),
  KEY `front_faq_settings_language_setting_id_foreign` (`language_setting_id`),
  CONSTRAINT `front_faq_settings_language_setting_id_foreign` FOREIGN KEY (`language_setting_id`) REFERENCES `language_settings` (`id`) ON DELETE CASCADE ON UPDATE CASCADE
) ENGINE=InnoDB AUTO_INCREMENT=7 DEFAULT CHARSET=utf8mb4 COLLATE=utf8mb4_unicode_ci;

-- Dumping data for table `front_faq_settings`
INSERT INTO `front_faq_settings` VALUES
('1', '1', 'How can I contact customer support 1?', 'Our dedicated support team is available via email to assist you with any questions or technical issues.', NULL, NULL),
('2', '1', 'How can I contact customer support?', 'Our dedicated support team is available via email to assist you with any questions or technical issues.', NULL, NULL),
('3', '1', 'How can I contact customer support?', 'Our dedicated support team is available via email to assist you with any questions or technical issues.', NULL, NULL),
('4', '1', 'How can I contact customer support?', 'Our dedicated support team is available via email to assist you with any questions or technical issues.', NULL, NULL),
('5', '1', 'How can I contact customer support?', 'Our dedicated support team is available via email to assist you with any questions or technical issues.', NULL, NULL),
('6', '1', 'How can I contact customer support?', 'Our dedicated support team is available via email to assist you with any questions or technical issues.', NULL, NULL);


-- Table structure for table `front_features`
CREATE TABLE `front_features` (
  `id` int(10) unsigned NOT NULL AUTO_INCREMENT,
  `language_setting_id` bigint(20) unsigned DEFAULT NULL,
  `title` varchar(191) NOT NULL,
  `description` longtext DEFAULT NULL,
  `image` longtext DEFAULT NULL,
  `icon` longtext DEFAULT NULL,
  `type` enum('image','icon','task','bills','team','apps') NOT NULL DEFAULT 'image',
  `created_at` timestamp NULL DEFAULT NULL,
  `updated_at` timestamp NULL DEFAULT NULL,
  PRIMARY KEY (`id`),
  KEY `front_features_language_setting_id_foreign` (`language_setting_id`),
  CONSTRAINT `front_features_language_setting_id_foreign` FOREIGN KEY (`language_setting_id`) REFERENCES `language_settings` (`id`) ON DELETE CASCADE ON UPDATE CASCADE
) ENGINE=InnoDB AUTO_INCREMENT=12 DEFAULT CHARSET=utf8mb4 COLLATE=utf8mb4_unicode_ci;

-- Dumping data for table `front_features`
INSERT INTO `front_features` VALUES
('1', '1', 'Streamline Order Management', 'Never lose track of an order again. All your customer orders—from dine-in to takeout—are organized and easily accessible in one place.\n                                Speed up service and keep your kitchen running smoothly.', NULL, NULL, 'image', NULL, NULL),
('2', '1', 'Optimize Table Reservations', 'Maximize seating efficiency with real-time table tracking and reservations. Reduce wait times and ensure no table sits empty during peak hours, improving customer experience and turnover.', NULL, NULL, 'image', NULL, NULL),
('3', '1', 'Effortless Menu Management', 'Easily add, edit, or remove items from your menu on the go. Highlight specials, update prices, and keep everything in sync across all platforms, so your staff and customers always see the latest offerings.', NULL, NULL, 'image', NULL, NULL),
('4', '1', 'QR Code Menu', 'Contactless Ordering Made Easy', '<svg xmlns=\"http://www.w3.org/2000/svg\" width=\"16\" height=\"16\" fill=\"currentColor\"\n                            class=\"bi bi-qr-code-scan text-skin-base dark:text-skin-base size-6\" viewBox=\"0 0 16 16\">\n                            <path\n                                d=\"M0 .5A.5.5 0 0 1 .5 0h3a.5.5 0 0 1 0 1H1v2.5a.5.5 0 0 1-1 0zm12 0a.5.5 0 0 1 .5-.5h3a.5.5 0 0 1 .5.5v3a.5.5 0 0 1-1 0V1h-2.5a.5.5 0 0 1-.5-.5M.5 12a.5.5 0 0 1 .5.5V15h2.5a.5.5 0 0 1 0 1h-3a.5.5 0 0 1-.5-.5v-3a.5.5 0 0 1 .5-.5m15 0a.5.5 0 0 1 .5.5v3a.5.5 0 0 1-.5.5h-3a.5.5 0 0 1 0-1H15v-2.5a.5.5 0 0 1 .5-.5M4 4h1v1H4z\" />\n                            <path d=\"M7 2H2v5h5zM3 3h3v3H3zm2 8H4v1h1z\" />\n                            <path d=\"M7 9H2v5h5zm-4 1h3v3H3zm8-6h1v1h-1z\" />\n                            <path\n                                d=\"M9 2h5v5H9zm1 1v3h3V3zM8 8v2h1v1H8v1h2v-2h1v2h1v-1h2v-1h-3V8zm2 2H9V9h1zm4 2h-1v1h-2v1h3zm-4 2v-1H8v1z\" />\n                            <path d=\"M12 9h2V8h-2z\" />\n                        </svg>', 'bi-qr-code', 'icon', NULL, NULL),
('5', '1', 'Payment Gateway Integration', 'Fast, Secure, and Flexible Payments using Stripe and Razorpay', '<svg xmlns=\"http://www.w3.org/2000/svg\" width=\"16\" height=\"16\" fill=\"currentColor\"\n                        class=\"bi bi-qr-code-scan text-skin-base dark:text-skin-base size-6\" viewBox=\"0 0 16 16\">\n                        <path\n                            d=\"M2 0a2 2 0 0 0-2 2v12a2 2 0 0 0 2 2h12a2 2 0 0 0 2-2V2a2 2 0 0 0-2-2zm6.226 5.385c-.584 0-.937.164-.937.593 0 .468.607.674 1.36.93 1.228.415 2.844.963 2.851 2.993C11.5 11.868 9.924 13 7.63 13a7.7 7.7 0 0 1-3.009-.626V9.758c.926.506 2.095.88 3.01.88.617 0 1.058-.165 1.058-.671 0-.518-.658-.755-1.453-1.041C6.026 8.49 4.5 7.94 4.5 6.11 4.5 4.165 5.988 3 8.226 3a7.3 7.3 0 0 1 2.734.505v2.583c-.838-.45-1.896-.703-2.734-.703\" />\n                    </svg>', 'bi-credit-card', 'icon', NULL, NULL),
('6', '1', 'Staff Management', 'Separate login for every staff role with different permissions.', '<svg xmlns=\"http://www.w3.org/2000/svg\" width=\"16\" height=\"16\" fill=\"currentColor\"\n                        class=\"bi bi-qr-code-scan text-skin-base dark:text-skin-base size-6\" viewBox=\"0 0 16 16\">\n                        <path\n                            d=\"M15 14s1 0 1-1-1-4-5-4-5 3-5 4 1 1 1 1zm-7.978-1L7 12.996c.001-.264.167-1.03.76-1.72C8.312 10.629 9.282 10 11 10c1.717 0 2.687.63 3.24 1.276.593.69.758 1.457.76 1.72l-.008.002-.014.002zM11 7a2 2 0 1 0 0-4 2 2 0 0 0 0 4m3-2a3 3 0 1 1-6 0 3 3 0 0 1 6 0M6.936 9.28a6 6 0 0 0-1.23-.247A7 7 0 0 0 5 9c-4 0-5 3-5 4q0 1 1 1h4.216A2.24 2.24 0 0 1 5 13c0-1.01.377-2.042 1.09-2.904.243-.294.526-.569.846-.816M4.92 10A5.5 5.5 0 0 0 4 13H1c0-.26.164-1.03.76-1.724.545-.636 1.492-1.256 3.16-1.275ZM1.5 5.5a3 3 0 1 1 6 0 3 3 0 0 1-6 0m3-2a2 2 0 1 0 0 4 2 2 0 0 0 0-4\" />\n                    </svg>', 'bi-people', 'icon', NULL, NULL),
('7', '1', 'POS (Point of Sale)', 'Complete POS Integration', '<svg class=\"size-6 transition duration-75 text-skin-base dark:text-skin-base\" fill=\"currentColor\"\n                        viewBox=\"0 -0.5 25 25\" viewBox=\"0 0 24 24\" xmlns=\"http://www.w3.org/2000/svg\">\n                        <g id=\"SVGRepo_bgCarrier\" stroke-width=\"0\"></g>\n                        <g id=\"SVGRepo_tracerCarrier\" stroke-linecap=\"round\" stroke-linejoin=\"round\"></g>\n                        <g id=\"SVGRepo_iconCarrier\">\n                            <path fill-rule=\"evenodd\"\n                                d=\"M16,6 L20,6 C21.1045695,6 22,6.8954305 22,8 L22,16 C22,17.1045695 21.1045695,18 20,18 L16,18 L16,19.9411765 C16,21.0658573 15.1177541,22 14,22 L4,22 C2.88224586,22 2,21.0658573 2,19.9411765 L2,4.05882353 C2,2.93414267 2.88224586,2 4,2 L14,2 C15.1177541,2 16,2.93414267 16,4.05882353 L16,6 Z M20,11 L16,11 L16,16 L20,16 L20,11 Z M14,19.9411765 L14,4.05882353 C14,4.01396021 13.9868154,4 14,4 L4,4 C4.01318464,4 4,4.01396021 4,4.05882353 L4,19.9411765 C4,19.9860398 4.01318464,20 4,20 L14,20 C13.9868154,20 14,19.9860398 14,19.9411765 Z M5,19 L5,17 L7,17 L7,19 L5,19 Z M8,19 L8,17 L10,17 L10,19 L8,19 Z M11,19 L11,17 L13,17 L13,19 L11,19 Z M5,16 L5,14 L7,14 L7,16 L5,16 Z M8,16 L8,14 L10,14 L10,16 L8,16 Z M11,16 L11,14 L13,14 L13,16 L11,16 Z M13,5 L13,13 L5,13 L5,5 L13,5 Z M7,7 L7,11 L11,11 L11,7 L7,7 Z M20,9 L20,8 L16,8 L16,9 L20,9 Z\">\n                            </path>\n                        </g>\n                    </svg>', 'bi-pos', 'icon', NULL, NULL),
('8', '1', 'Custom Floor Plans', 'Design Your Restaurants Layout.', '<svg xmlns=\"http://www.w3.org/2000/svg\" width=\"16\" height=\"16\" fill=\"currentColor\"\n                        class=\"bi bi-qr-code-scan text-skin-base dark:text-skin-base size-6\" viewBox=\"0 0 16 16\">\n                        <path\n                            d=\"M8.235 1.559a.5.5 0 0 0-.47 0l-7.5 4a.5.5 0 0 0 0 .882L3.188 8 .264 9.559a.5.5 0 0 0 0 .882l7.5 4a.5.5 0 0 0 .47 0l7.5-4a.5.5 0 0 0 0-.882L12.813 8l2.922-1.559a.5.5 0 0 0 0-.882zm3.515 7.008L14.438 10 8 13.433 1.562 10 4.25 8.567l3.515 1.874a.5.5 0 0 0 .47 0zM8 9.433 1.562 6 8 2.567 14.438 6z\" />\n                    </svg>', 'bi-grid-3x3-gap', 'icon', NULL, NULL),
('9', '1', 'Kitchen Order Tickets (KOT)', 'Efficient Kitchen Workflow.', '<svg xmlns=\"http://www.w3.org/2000/svg\" width=\"16\" height=\"16\" fill=\"currentColor\"\n                        class=\"bi bi-qr-code-scan text-skin-base dark:text-skin-base size-6\" viewBox=\"0 0 16 16\">\n                        <path\n                            d=\"M3 4.5a.5.5 0 0 1 .5-.5h6a.5.5 0 1 1 0 1h-6a.5.5 0 0 1-.5-.5m0 2a.5.5 0 0 1 .5-.5h6a.5.5 0 1 1 0 1h-6a.5.5 0 0 1-.5-.5m0 2a.5.5 0 0 1 .5-.5h6a.5.5 0 1 1 0 1h-6a.5.5 0 0 1-.5-.5m0 2a.5.5 0 0 1 .5-.5h6a.5.5 0 0 1 0 1h-6a.5.5 0 0 1-.5-.5m0 2a.5.5 0 0 1 .5-.5h6a.5.5 0 0 1 0 1h-6a.5.5 0 0 1-.5-.5M11.5 4a.5.5 0 0 0 0 1h1a.5.5 0 0 0 0-1zm0 2a.5.5 0 0 0 0 1h1a.5.5 0 0 0 0-1zm0 2a.5.5 0 0 0 0 1h1a.5.5 0 0 0 0-1zm0 2a.5.5 0 0 0 0 1h1a.5.5 0 0 0 0-1zm0 2a.5.5 0 0 0 0 1h1a.5.5 0 0 0 0-1z\" />\n                        <path\n                            d=\"M2.354.646a.5.5 0 0 0-.801.13l-.5 1A.5.5 0 0 0 1 2v13H.5a.5.5 0 0 0 0 1h15a.5.5 0 0 0 0-1H15V2a.5.5 0 0 0-.053-.224l-.5-1a.5.5 0 0 0-.8-.13L13 1.293l-.646-.647a.5.5 0 0 0-.708 0L11 1.293l-.646-.647a.5.5 0 0 0-.708 0L9 1.293 8.354.646a.5.5 0 0 0-.708 0L7 1.293 6.354.646a.5.5 0 0 0-.708 0L5 1.293 4.354.646a.5.5 0 0 0-.708 0L3 1.293zm-.217 1.198.51.51a.5.5 0 0 0 .707 0L4 1.707l.646.647a.5.5 0 0 0 .708 0L6 1.707l.646.647a.5.5 0 0 0 .708 0L8 1.707l.646.647a.5.5 0 0 0 .708 0L10 1.707l.646.647a.5.5 0 0 0 .708 0L12 1.707l.646.647a.5.5 0 0 0 .708 0l.509-.51.137.274V15H2V2.118z\" />\n                    </svg>', 'bi-receipt', 'icon', NULL, NULL),
('10', '1', 'Bill Printing', 'Quick and Accurate Billing.', '<svg xmlns=\"http://www.w3.org/2000/svg\" width=\"16\" height=\"16\" fill=\"currentColor\"\n                        class=\"bi bi-qr-code-scan text-skin-base dark:text-skin-base size-6\" viewBox=\"0 0 16 16\">\n                        <path d=\"M2.5 8a.5.5 0 1 0 0-1 .5.5 0 0 0 0 1\" />\n                        <path\n                            d=\"M5 1a2 2 0 0 0-2 2v2H2a2 2 0 0 0-2 2v3a2 2 0 0 0 2 2h1v1a2 2 0 0 0 2 2h6a2 2 0 0 0 2-2v-1h1a2 2 0 0 0 2-2V7a2 2 0 0 0-2-2h-1V3a2 2 0 0 0-2-2zM4 3a1 1 0 0 1 1-1h6a1 1 0 0 1 1 1v2H4zm1 5a2 2 0 0 0-2 2v1H2a1 1 0 0 1-1-1V7a1 1 0 0 1 1-1h12a1 1 0 0 1 1 1v3a1 1 0 0 1-1 1h-1v-1a2 2 0 0 0-2-2zm7 2v3a1 1 0 0 1-1 1H5a1 1 0 0 1-1-1v-3a1 1 0 0 1 1-1h6a1 1 0 0 1 1 1\" />\n                    </svg>', 'bi-printer', 'icon', NULL, NULL),
('11', '1', 'Reports', 'Data-Driven Decisions.', '<svg xmlns=\"http://www.w3.org/2000/svg\" width=\"16\" height=\"16\" fill=\"currentColor\" class=\"bi bi-qr-code-scan text-skin-base dark:text-skin-base size-6\" viewBox=\"0 0 16 16\">\n                    <path fill-rule=\"evenodd\" d=\"M0 0h1v15h15v1H0zm10 3.5a.5.5 0 0 1 .5-.5h4a.5.5 0 0 1 .5.5v4a.5.5 0 0 1-1 0V4.9l-3.613 4.417a.5.5 0 0 1-.74.037L7.06 6.767l-3.656 5.027a.5.5 0 0 1-.808-.588l4-5.5a.5.5 0 0 1 .758-.06l2.609 2.61L13.445 4H10.5a.5.5 0 0 1-.5-.5\"></path>\n                    </svg>', 'bi-arrow-right-circle-fill', 'icon', NULL, NULL);


-- Table structure for table `front_review_settings`
CREATE TABLE `front_review_settings` (
  `id` bigint(20) unsigned NOT NULL AUTO_INCREMENT,
  `language_setting_id` bigint(20) unsigned DEFAULT NULL,
  `reviews` text DEFAULT NULL,
  `reviewer_name` varchar(191) DEFAULT NULL,
  `reviewer_designation` varchar(191) DEFAULT NULL,
  `created_at` timestamp NULL DEFAULT NULL,
  `updated_at` timestamp NULL DEFAULT NULL,
  PRIMARY KEY (`id`),
  KEY `front_review_settings_language_setting_id_foreign` (`language_setting_id`),
  CONSTRAINT `front_review_settings_language_setting_id_foreign` FOREIGN KEY (`language_setting_id`) REFERENCES `language_settings` (`id`) ON DELETE CASCADE ON UPDATE CASCADE
) ENGINE=InnoDB AUTO_INCREMENT=4 DEFAULT CHARSET=utf8mb4 COLLATE=utf8mb4_unicode_ci;

-- Dumping data for table `front_review_settings`
INSERT INTO `front_review_settings` VALUES
('1', '1', '\" It has completely transformed how we operate. Managing orders, tables, and staff all from one platform has reduced our workload and made everything run more smoothly. \"', 'John Martin', 'Owner of Riverbend Bistro', NULL, NULL),
('2', '1', '\" The QR Code menu and payment integration have made a huge difference for us, especially after the pandemic. Customers love the ease, and we’ve seen faster table turnover.\"', 'Emily Thompson', 'Manager at Lakeside Grill', NULL, NULL),
('3', '1', '\" We are able to track every order in real time, keep our menu updated, and quickly manage payments. It is like having an extra set of hands in the restaurant.\"', 'Michael Scott', 'Owner of Downtown Eats', NULL, NULL);


-- Table structure for table `global_currencies`
CREATE TABLE `global_currencies` (
  `id` bigint(20) unsigned NOT NULL AUTO_INCREMENT,
  `currency_name` varchar(191) NOT NULL,
  `currency_symbol` varchar(191) NOT NULL,
  `currency_code` varchar(191) NOT NULL,
  `exchange_rate` decimal(16,2) DEFAULT NULL,
  `usd_price` decimal(16,2) DEFAULT NULL,
  `is_cryptocurrency` enum('yes','no') NOT NULL DEFAULT 'no',
  `currency_position` enum('left','right','left_with_space','right_with_space') NOT NULL DEFAULT 'left',
  `no_of_decimal` int(10) unsigned NOT NULL DEFAULT 2,
  `thousand_separator` varchar(191) DEFAULT NULL,
  `decimal_separator` varchar(191) DEFAULT NULL,
  `status` enum('enable','disable') NOT NULL DEFAULT 'enable',
  `created_at` timestamp NULL DEFAULT NULL,
  `updated_at` timestamp NULL DEFAULT NULL,
  `deleted_at` timestamp NULL DEFAULT NULL,
  PRIMARY KEY (`id`)
) ENGINE=InnoDB AUTO_INCREMENT=6 DEFAULT CHARSET=utf8mb4 COLLATE=utf8mb4_unicode_ci;

-- Dumping data for table `global_currencies`
INSERT INTO `global_currencies` VALUES
('1', 'US Dollars', '$', 'USD', NULL, NULL, 'no', 'left', '2', ',', '.', 'enable', '2025-09-17 05:36:40', '2025-09-17 06:12:50', NULL),
('2', 'Indian Rupee', '₹', 'INR', NULL, NULL, 'no', 'left', '2', ',', '.', 'enable', '2025-09-17 05:36:40', '2025-09-20 14:32:54', NULL),
('3', 'Pounds', '£', 'GBP', NULL, NULL, 'no', 'left', '2', ',', '.', 'enable', '2025-09-17 05:36:40', '2025-09-17 05:36:40', NULL),
('4', 'Euros', '€', 'EUR', NULL, NULL, 'no', 'left', '2', ',', '.', 'enable', '2025-09-17 05:36:40', '2025-09-17 05:36:40', NULL),
('5', 'Canadian Dollar', '$', 'CAD', NULL, NULL, 'no', 'left', '2', ',', '.', 'enable', '2025-09-17 06:12:38', '2025-09-17 06:12:38', NULL);


-- Table structure for table `inventory_global_settings`
CREATE TABLE `inventory_global_settings` (
  `id` bigint(20) unsigned NOT NULL AUTO_INCREMENT,
  `license_type` varchar(20) DEFAULT NULL,
  `purchase_code` varchar(191) DEFAULT NULL,
  `purchased_on` timestamp NULL DEFAULT NULL,
  `supported_until` timestamp NULL DEFAULT NULL,
  `notify_update` tinyint(1) NOT NULL DEFAULT 1,
  `created_at` timestamp NULL DEFAULT NULL,
  `updated_at` timestamp NULL DEFAULT NULL,
  PRIMARY KEY (`id`)
) ENGINE=InnoDB AUTO_INCREMENT=2 DEFAULT CHARSET=utf8mb4 COLLATE=utf8mb4_unicode_ci;

-- Dumping data for table `inventory_global_settings`
INSERT INTO `inventory_global_settings` VALUES
('1', NULL, 'd', NULL, NULL, '1', '2025-09-17 05:48:09', '2025-09-17 05:49:12');


-- Table structure for table `inventory_item_categories`
CREATE TABLE `inventory_item_categories` (
  `id` bigint(20) unsigned NOT NULL AUTO_INCREMENT,
  `branch_id` bigint(20) unsigned NOT NULL,
  `name` varchar(191) NOT NULL,
  `created_at` timestamp NULL DEFAULT NULL,
  `updated_at` timestamp NULL DEFAULT NULL,
  PRIMARY KEY (`id`),
  KEY `inventory_item_categories_branch_id_foreign` (`branch_id`),
  CONSTRAINT `inventory_item_categories_branch_id_foreign` FOREIGN KEY (`branch_id`) REFERENCES `branches` (`id`) ON DELETE CASCADE ON UPDATE CASCADE
) ENGINE=InnoDB AUTO_INCREMENT=466 DEFAULT CHARSET=utf8mb4 COLLATE=utf8mb4_unicode_ci;

-- Dumping data for table `inventory_item_categories`
INSERT INTO `inventory_item_categories` VALUES
('1', '1', 'Meat & Poultry', '2025-09-17 05:48:09', '2025-09-17 05:48:09'),
('2', '1', 'Seafood', '2025-09-17 05:48:09', '2025-09-17 05:48:09'),
('3', '1', 'Dairy & Eggs', '2025-09-17 05:48:09', '2025-09-17 05:48:09'),
('4', '1', 'Fresh Produce', '2025-09-17 05:48:09', '2025-09-17 05:48:09'),
('5', '1', 'Herbs & Spices', '2025-09-17 05:48:09', '2025-09-17 05:48:09'),
('6', '1', 'Dry Goods', '2025-09-17 05:48:09', '2025-09-17 05:48:09'),
('7', '1', 'Canned Goods', '2025-09-17 05:48:09', '2025-09-17 05:48:09'),
('8', '1', 'Beverages', '2025-09-17 05:48:09', '2025-09-17 05:48:09'),
('9', '1', 'Condiments & Sauces', '2025-09-17 05:48:09', '2025-09-17 05:48:09'),
('10', '1', 'Baking Supplies', '2025-09-17 05:48:09', '2025-09-17 05:48:09'),
('11', '1', 'Oils & Vinegars', '2025-09-17 05:48:09', '2025-09-17 05:48:09'),
('12', '1', 'Frozen Foods', '2025-09-17 05:48:09', '2025-09-17 05:48:09'),
('13', '1', 'Cleaning Supplies', '2025-09-17 05:48:09', '2025-09-17 05:48:09'),
('14', '1', 'Kitchen Equipment', '2025-09-17 05:48:09', '2025-09-17 05:48:09'),
('15', '1', 'Disposables', '2025-09-17 05:48:09', '2025-09-17 05:48:09'),
('16', '2', 'Meat & Poultry', '2025-09-17 05:48:09', '2025-09-17 05:48:09'),
('17', '2', 'Seafood', '2025-09-17 05:48:09', '2025-09-17 05:48:09'),
('18', '2', 'Dairy & Eggs', '2025-09-17 05:48:09', '2025-09-17 05:48:09'),
('19', '2', 'Fresh Produce', '2025-09-17 05:48:09', '2025-09-17 05:48:09'),
('20', '2', 'Herbs & Spices', '2025-09-17 05:48:09', '2025-09-17 05:48:09'),
('21', '2', 'Dry Goods', '2025-09-17 05:48:09', '2025-09-17 05:48:09'),
('22', '2', 'Canned Goods', '2025-09-17 05:48:09', '2025-09-17 05:48:09'),
('23', '2', 'Beverages', '2025-09-17 05:48:09', '2025-09-17 05:48:09'),
('24', '2', 'Condiments & Sauces', '2025-09-17 05:48:09', '2025-09-17 05:48:09'),
('25', '2', 'Baking Supplies', '2025-09-17 05:48:09', '2025-09-17 05:48:09'),
('26', '2', 'Oils & Vinegars', '2025-09-17 05:48:09', '2025-09-17 05:48:09'),
('27', '2', 'Frozen Foods', '2025-09-17 05:48:09', '2025-09-17 05:48:09'),
('28', '2', 'Cleaning Supplies', '2025-09-17 05:48:09', '2025-09-17 05:48:09'),
('29', '2', 'Kitchen Equipment', '2025-09-17 05:48:09', '2025-09-17 05:48:09'),
('30', '2', 'Disposables', '2025-09-17 05:48:09', '2025-09-17 05:48:09'),
('31', '3', 'Meat & Poultry', '2025-09-17 10:02:45', '2025-09-17 10:02:45'),
('32', '3', 'Seafood', '2025-09-17 10:02:45', '2025-09-17 10:02:45'),
('33', '3', 'Dairy & Eggs', '2025-09-17 10:02:45', '2025-09-17 10:02:45'),
('34', '3', 'Fresh Produce', '2025-09-17 10:02:45', '2025-09-17 10:02:45'),
('35', '3', 'Herbs & Spices', '2025-09-17 10:02:45', '2025-09-17 10:02:45'),
('36', '3', 'Dry Goods', '2025-09-17 10:02:45', '2025-09-17 10:02:45'),
('37', '3', 'Canned Goods', '2025-09-17 10:02:45', '2025-09-17 10:02:45'),
('38', '3', 'Beverages', '2025-09-17 10:02:45', '2025-09-17 10:02:45'),
('39', '3', 'Condiments & Sauces', '2025-09-17 10:02:45', '2025-09-17 10:02:45'),
('40', '3', 'Baking Supplies', '2025-09-17 10:02:45', '2025-09-17 10:02:45'),
('41', '3', 'Oils & Vinegars', '2025-09-17 10:02:45', '2025-09-17 10:02:45'),
('42', '3', 'Frozen Foods', '2025-09-17 10:02:45', '2025-09-17 10:02:45'),
('43', '3', 'Cleaning Supplies', '2025-09-17 10:02:45', '2025-09-17 10:02:45'),
('44', '3', 'Kitchen Equipment', '2025-09-17 10:02:45', '2025-09-17 10:02:45'),
('45', '3', 'Disposables', '2025-09-17 10:02:45', '2025-09-17 10:02:45'),
('46', '4', 'Meat & Poultry', '2025-09-20 12:56:44', '2025-09-20 12:56:44'),
('47', '4', 'Seafood', '2025-09-20 12:56:44', '2025-09-20 12:56:44'),
('48', '4', 'Dairy & Eggs', '2025-09-20 12:56:44', '2025-09-20 12:56:44'),
('49', '4', 'Fresh Produce', '2025-09-20 12:56:44', '2025-09-20 12:56:44'),
('50', '4', 'Herbs & Spices', '2025-09-20 12:56:44', '2025-09-20 12:56:44'),
('51', '4', 'Dry Goods', '2025-09-20 12:56:44', '2025-09-20 12:56:44'),
('52', '4', 'Canned Goods', '2025-09-20 12:56:44', '2025-09-20 12:56:44'),
('53', '4', 'Beverages', '2025-09-20 12:56:44', '2025-09-20 12:56:44'),
('54', '4', 'Condiments & Sauces', '2025-09-20 12:56:44', '2025-09-20 12:56:44'),
('55', '4', 'Baking Supplies', '2025-09-20 12:56:44', '2025-09-20 12:56:44'),
('56', '4', 'Oils & Vinegars', '2025-09-20 12:56:44', '2025-09-20 12:56:44'),
('57', '4', 'Frozen Foods', '2025-09-20 12:56:44', '2025-09-20 12:56:44'),
('58', '4', 'Cleaning Supplies', '2025-09-20 12:56:44', '2025-09-20 12:56:44'),
('59', '4', 'Kitchen Equipment', '2025-09-20 12:56:44', '2025-09-20 12:56:44'),
('60', '4', 'Disposables', '2025-09-20 12:56:44', '2025-09-20 12:56:44'),
('61', '5', 'Meat & Poultry', '2025-10-07 15:00:09', '2025-10-07 15:00:09'),
('62', '5', 'Seafood', '2025-10-07 15:00:09', '2025-10-07 15:00:09'),
('63', '5', 'Dairy & Eggs', '2025-10-07 15:00:09', '2025-10-07 15:00:09'),
('64', '5', 'Fresh Produce', '2025-10-07 15:00:09', '2025-10-07 15:00:09'),
('65', '5', 'Herbs & Spices', '2025-10-07 15:00:09', '2025-10-07 15:00:09'),
('66', '5', 'Dry Goods', '2025-10-07 15:00:09', '2025-10-07 15:00:09'),
('67', '5', 'Canned Goods', '2025-10-07 15:00:09', '2025-10-07 15:00:09'),
('68', '5', 'Beverages', '2025-10-07 15:00:09', '2025-10-07 15:00:09'),
('69', '5', 'Condiments & Sauces', '2025-10-07 15:00:09', '2025-10-07 15:00:09'),
('70', '5', 'Baking Supplies', '2025-10-07 15:00:09', '2025-10-07 15:00:09'),
('71', '5', 'Oils & Vinegars', '2025-10-07 15:00:09', '2025-10-07 15:00:09'),
('72', '5', 'Frozen Foods', '2025-10-07 15:00:09', '2025-10-07 15:00:09'),
('73', '5', 'Cleaning Supplies', '2025-10-07 15:00:09', '2025-10-07 15:00:09'),
('74', '5', 'Kitchen Equipment', '2025-10-07 15:00:09', '2025-10-07 15:00:09'),
('75', '5', 'Disposables', '2025-10-07 15:00:09', '2025-10-07 15:00:09'),
('391', '27', 'Meat & Poultry', '2025-11-07 17:23:03', '2025-11-07 17:23:03'),
('392', '27', 'Seafood', '2025-11-07 17:23:03', '2025-11-07 17:23:03'),
('393', '27', 'Dairy & Eggs', '2025-11-07 17:23:03', '2025-11-07 17:23:03'),
('394', '27', 'Fresh Produce', '2025-11-07 17:23:03', '2025-11-07 17:23:03'),
('395', '27', 'Herbs & Spices', '2025-11-07 17:23:03', '2025-11-07 17:23:03'),
('396', '27', 'Dry Goods', '2025-11-07 17:23:03', '2025-11-07 17:23:03'),
('397', '27', 'Canned Goods', '2025-11-07 17:23:03', '2025-11-07 17:23:03'),
('398', '27', 'Beverages', '2025-11-07 17:23:03', '2025-11-07 17:23:03'),
('399', '27', 'Condiments & Sauces', '2025-11-07 17:23:03', '2025-11-07 17:23:03'),
('400', '27', 'Baking Supplies', '2025-11-07 17:23:03', '2025-11-07 17:23:03'),
('401', '27', 'Oils & Vinegars', '2025-11-07 17:23:03', '2025-11-07 17:23:03'),
('402', '27', 'Frozen Foods', '2025-11-07 17:23:03', '2025-11-07 17:23:03'),
('403', '27', 'Cleaning Supplies', '2025-11-07 17:23:03', '2025-11-07 17:23:03'),
('404', '27', 'Kitchen Equipment', '2025-11-07 17:23:03', '2025-11-07 17:23:03'),
('405', '27', 'Disposables', '2025-11-07 17:23:03', '2025-11-07 17:23:03'),
('406', '28', 'Meat & Poultry', '2025-11-08 10:32:26', '2025-11-08 10:32:26'),
('407', '28', 'Seafood', '2025-11-08 10:32:26', '2025-11-08 10:32:26'),
('408', '28', 'Dairy & Eggs', '2025-11-08 10:32:26', '2025-11-08 10:32:26'),
('409', '28', 'Fresh Produce', '2025-11-08 10:32:26', '2025-11-08 10:32:26'),
('410', '28', 'Herbs & Spices', '2025-11-08 10:32:26', '2025-11-08 10:32:26'),
('411', '28', 'Dry Goods', '2025-11-08 10:32:26', '2025-11-08 10:32:26'),
('412', '28', 'Canned Goods', '2025-11-08 10:32:26', '2025-11-08 10:32:26'),
('413', '28', 'Beverages', '2025-11-08 10:32:26', '2025-11-08 10:32:26'),
('414', '28', 'Condiments & Sauces', '2025-11-08 10:32:26', '2025-11-08 10:32:26'),
('415', '28', 'Baking Supplies', '2025-11-08 10:32:26', '2025-11-08 10:32:26'),
('416', '28', 'Oils & Vinegars', '2025-11-08 10:32:26', '2025-11-08 10:32:26'),
('417', '28', 'Frozen Foods', '2025-11-08 10:32:26', '2025-11-08 10:32:26'),
('418', '28', 'Cleaning Supplies', '2025-11-08 10:32:26', '2025-11-08 10:32:26'),
('419', '28', 'Kitchen Equipment', '2025-11-08 10:32:26', '2025-11-08 10:32:26'),
('420', '28', 'Disposables', '2025-11-08 10:32:26', '2025-11-08 10:32:26'),
('421', '29', 'Meat & Poultry', '2025-11-12 14:15:50', '2025-11-12 14:15:50'),
('422', '29', 'Seafood', '2025-11-12 14:15:50', '2025-11-12 14:15:50'),
('423', '29', 'Dairy & Eggs', '2025-11-12 14:15:50', '2025-11-12 14:15:50'),
('424', '29', 'Fresh Produce', '2025-11-12 14:15:50', '2025-11-12 14:15:50'),
('425', '29', 'Herbs & Spices', '2025-11-12 14:15:50', '2025-11-12 14:15:50'),
('426', '29', 'Dry Goods', '2025-11-12 14:15:50', '2025-11-12 14:15:50'),
('427', '29', 'Canned Goods', '2025-11-12 14:15:50', '2025-11-12 14:15:50'),
('428', '29', 'Beverages', '2025-11-12 14:15:50', '2025-11-12 14:15:50'),
('429', '29', 'Condiments & Sauces', '2025-11-12 14:15:50', '2025-11-12 14:15:50'),
('430', '29', 'Baking Supplies', '2025-11-12 14:15:50', '2025-11-12 14:15:50'),
('431', '29', 'Oils & Vinegars', '2025-11-12 14:15:50', '2025-11-12 14:15:50'),
('432', '29', 'Frozen Foods', '2025-11-12 14:15:50', '2025-11-12 14:15:50'),
('433', '29', 'Cleaning Supplies', '2025-11-12 14:15:50', '2025-11-12 14:15:50'),
('434', '29', 'Kitchen Equipment', '2025-11-12 14:15:50', '2025-11-12 14:15:50'),
('435', '29', 'Disposables', '2025-11-12 14:15:50', '2025-11-12 14:15:50'),
('436', '30', 'Meat & Poultry', '2025-11-13 15:41:43', '2025-11-13 15:41:43'),
('437', '30', 'Seafood', '2025-11-13 15:41:43', '2025-11-13 15:41:43'),
('438', '30', 'Dairy & Eggs', '2025-11-13 15:41:43', '2025-11-13 15:41:43'),
('439', '30', 'Fresh Produce', '2025-11-13 15:41:43', '2025-11-13 15:41:43'),
('440', '30', 'Herbs & Spices', '2025-11-13 15:41:43', '2025-11-13 15:41:43'),
('441', '30', 'Dry Goods', '2025-11-13 15:41:43', '2025-11-13 15:41:43'),
('442', '30', 'Canned Goods', '2025-11-13 15:41:43', '2025-11-13 15:41:43'),
('443', '30', 'Beverages', '2025-11-13 15:41:43', '2025-11-13 15:41:43'),
('444', '30', 'Condiments & Sauces', '2025-11-13 15:41:43', '2025-11-13 15:41:43'),
('445', '30', 'Baking Supplies', '2025-11-13 15:41:43', '2025-11-13 15:41:43'),
('446', '30', 'Oils & Vinegars', '2025-11-13 15:41:43', '2025-11-13 15:41:43'),
('447', '30', 'Frozen Foods', '2025-11-13 15:41:43', '2025-11-13 15:41:43'),
('448', '30', 'Cleaning Supplies', '2025-11-13 15:41:43', '2025-11-13 15:41:43'),
('449', '30', 'Kitchen Equipment', '2025-11-13 15:41:43', '2025-11-13 15:41:43'),
('450', '30', 'Disposables', '2025-11-13 15:41:43', '2025-11-13 15:41:43'),
('451', '31', 'Meat & Poultry', '2025-11-15 07:46:25', '2025-11-15 07:46:25'),
('452', '31', 'Seafood', '2025-11-15 07:46:25', '2025-11-15 07:46:25'),
('453', '31', 'Dairy & Eggs', '2025-11-15 07:46:25', '2025-11-15 07:46:25'),
('454', '31', 'Fresh Produce', '2025-11-15 07:46:25', '2025-11-15 07:46:25'),
('455', '31', 'Herbs & Spices', '2025-11-15 07:46:25', '2025-11-15 07:46:25'),
('456', '31', 'Dry Goods', '2025-11-15 07:46:25', '2025-11-15 07:46:25'),
('457', '31', 'Canned Goods', '2025-11-15 07:46:25', '2025-11-15 07:46:25'),
('458', '31', 'Beverages', '2025-11-15 07:46:25', '2025-11-15 07:46:25'),
('459', '31', 'Condiments & Sauces', '2025-11-15 07:46:25', '2025-11-15 07:46:25'),
('460', '31', 'Baking Supplies', '2025-11-15 07:46:25', '2025-11-15 07:46:25'),
('461', '31', 'Oils & Vinegars', '2025-11-15 07:46:25', '2025-11-15 07:46:25'),
('462', '31', 'Frozen Foods', '2025-11-15 07:46:25', '2025-11-15 07:46:25'),
('463', '31', 'Cleaning Supplies', '2025-11-15 07:46:25', '2025-11-15 07:46:25'),
('464', '31', 'Kitchen Equipment', '2025-11-15 07:46:25', '2025-11-15 07:46:25'),
('465', '31', 'Disposables', '2025-11-15 07:46:25', '2025-11-15 07:46:25');


-- Table structure for table `inventory_items`
CREATE TABLE `inventory_items` (
  `id` bigint(20) unsigned NOT NULL AUTO_INCREMENT,
  `branch_id` bigint(20) unsigned NOT NULL,
  `name` varchar(191) NOT NULL,
  `description` text DEFAULT NULL,
  `inventory_item_category_id` bigint(20) unsigned NOT NULL,
  `unit_id` bigint(20) unsigned NOT NULL,
  `threshold_quantity` decimal(16,2) NOT NULL DEFAULT 0.00,
  `created_at` timestamp NULL DEFAULT NULL,
  `updated_at` timestamp NULL DEFAULT NULL,
  `preferred_supplier_id` bigint(20) unsigned DEFAULT NULL,
  `photo_path` varchar(191) DEFAULT NULL,
  `reorder_quantity` decimal(16,2) NOT NULL DEFAULT 0.00,
  `unit_purchase_price` decimal(16,2) NOT NULL DEFAULT 0.00,
  PRIMARY KEY (`id`),
  KEY `inventory_items_branch_id_foreign` (`branch_id`),
  KEY `inventory_items_inventory_item_category_id_foreign` (`inventory_item_category_id`),
  KEY `inventory_items_unit_id_foreign` (`unit_id`),
  KEY `inventory_items_preferred_supplier_id_foreign` (`preferred_supplier_id`),
  CONSTRAINT `inventory_items_branch_id_foreign` FOREIGN KEY (`branch_id`) REFERENCES `branches` (`id`) ON DELETE CASCADE ON UPDATE CASCADE,
  CONSTRAINT `inventory_items_inventory_item_category_id_foreign` FOREIGN KEY (`inventory_item_category_id`) REFERENCES `inventory_item_categories` (`id`) ON DELETE CASCADE ON UPDATE CASCADE,
  CONSTRAINT `inventory_items_preferred_supplier_id_foreign` FOREIGN KEY (`preferred_supplier_id`) REFERENCES `suppliers` (`id`) ON DELETE SET NULL,
  CONSTRAINT `inventory_items_unit_id_foreign` FOREIGN KEY (`unit_id`) REFERENCES `units` (`id`) ON DELETE CASCADE ON UPDATE CASCADE
) ENGINE=InnoDB AUTO_INCREMENT=3 DEFAULT CHARSET=utf8mb4 COLLATE=utf8mb4_unicode_ci;

-- Dumping data for table `inventory_items`
INSERT INTO `inventory_items` VALUES
('1', '5', 'Salt', NULL, '65', '41', '10.00', '2025-10-18 00:03:43', '2025-10-18 00:03:43', '1', NULL, '5.00', '10.00'),
('2', '5', 'Chicken', NULL, '61', '45', '50.00', '2025-10-18 17:41:25', '2025-10-18 17:41:25', '1', NULL, '50.00', '5.00');


-- Table structure for table `inventory_movements`
CREATE TABLE `inventory_movements` (
  `id` bigint(20) unsigned NOT NULL AUTO_INCREMENT,
  `branch_id` bigint(20) unsigned NOT NULL,
  `inventory_item_id` bigint(20) unsigned NOT NULL,
  `quantity` decimal(16,2) NOT NULL DEFAULT 0.00,
  `transaction_type` enum('in','out','waste','transfer') NOT NULL DEFAULT 'in',
  `waste_reason` enum('expiry','spoilage','customer_complaint','over_preparation','other') DEFAULT NULL,
  `added_by` bigint(20) unsigned DEFAULT NULL,
  `supplier_id` bigint(20) unsigned DEFAULT NULL,
  `transfer_branch_id` bigint(20) unsigned DEFAULT NULL,
  `created_at` timestamp NULL DEFAULT NULL,
  `updated_at` timestamp NULL DEFAULT NULL,
  `unit_purchase_price` decimal(16,2) NOT NULL DEFAULT 0.00,
  `expiration_date` date DEFAULT NULL,
  PRIMARY KEY (`id`),
  KEY `inventory_movements_branch_id_foreign` (`branch_id`),
  KEY `inventory_movements_inventory_item_id_foreign` (`inventory_item_id`),
  KEY `inventory_movements_added_by_foreign` (`added_by`),
  KEY `inventory_movements_supplier_id_foreign` (`supplier_id`),
  KEY `inventory_movements_transfer_branch_id_foreign` (`transfer_branch_id`),
  CONSTRAINT `inventory_movements_added_by_foreign` FOREIGN KEY (`added_by`) REFERENCES `users` (`id`) ON DELETE CASCADE ON UPDATE CASCADE,
  CONSTRAINT `inventory_movements_branch_id_foreign` FOREIGN KEY (`branch_id`) REFERENCES `branches` (`id`) ON DELETE CASCADE ON UPDATE CASCADE,
  CONSTRAINT `inventory_movements_inventory_item_id_foreign` FOREIGN KEY (`inventory_item_id`) REFERENCES `inventory_items` (`id`) ON DELETE CASCADE ON UPDATE CASCADE,
  CONSTRAINT `inventory_movements_supplier_id_foreign` FOREIGN KEY (`supplier_id`) REFERENCES `suppliers` (`id`) ON DELETE SET NULL ON UPDATE CASCADE,
  CONSTRAINT `inventory_movements_transfer_branch_id_foreign` FOREIGN KEY (`transfer_branch_id`) REFERENCES `branches` (`id`) ON DELETE SET NULL ON UPDATE CASCADE
) ENGINE=InnoDB AUTO_INCREMENT=67 DEFAULT CHARSET=utf8mb4 COLLATE=utf8mb4_unicode_ci;

-- Dumping data for table `inventory_movements`
INSERT INTO `inventory_movements` VALUES
('1', '5', '1', '100.00', 'in', NULL, '7', '1', NULL, '2025-10-18 00:04:22', '2025-10-18 00:04:22', '10.00', '2026-12-13'),
('2', '5', '2', '1000.00', 'in', NULL, '7', '1', NULL, '2025-10-18 17:42:11', '2025-10-18 17:42:11', '5.00', '2026-10-18'),
('3', '5', '1', '1.00', 'out', NULL, '9', NULL, NULL, '2025-10-18 18:28:48', '2025-10-18 18:28:48', '0.00', NULL),
('4', '5', '2', '5.00', 'out', NULL, '9', NULL, NULL, '2025-10-18 18:28:48', '2025-10-18 18:28:48', '0.00', NULL),
('5', '5', '1', '2.00', 'out', NULL, '9', NULL, NULL, '2025-10-18 18:28:48', '2025-10-18 18:28:48', '0.00', NULL),
('6', '5', '2', '7.00', 'out', NULL, '9', NULL, NULL, '2025-10-18 18:28:48', '2025-10-18 18:28:48', '0.00', NULL),
('7', '5', '2', '15.00', 'out', NULL, '9', NULL, NULL, '2025-10-18 18:28:48', '2025-10-18 18:28:48', '0.00', NULL),
('8', '5', '1', '3.00', 'out', NULL, '9', NULL, NULL, '2025-10-18 18:28:48', '2025-10-18 18:28:48', '0.00', NULL),
('9', '5', '1', '1.00', 'out', NULL, NULL, NULL, NULL, '2025-10-24 02:25:28', '2025-10-24 02:25:28', '0.00', NULL),
('10', '5', '2', '5.00', 'out', NULL, NULL, NULL, NULL, '2025-10-24 02:25:28', '2025-10-24 02:25:28', '0.00', NULL),
('11', '5', '1', '2.00', 'out', NULL, NULL, NULL, NULL, '2025-10-24 02:25:28', '2025-10-24 02:25:28', '0.00', NULL),
('12', '5', '2', '7.00', 'out', NULL, NULL, NULL, NULL, '2025-10-24 02:25:28', '2025-10-24 02:25:28', '0.00', NULL),
('13', '5', '2', '15.00', 'out', NULL, NULL, NULL, NULL, '2025-10-24 02:25:28', '2025-10-24 02:25:28', '0.00', NULL),
('14', '5', '1', '3.00', 'out', NULL, NULL, NULL, NULL, '2025-10-24 02:25:28', '2025-10-24 02:25:28', '0.00', NULL),
('15', '5', '1', '1.00', 'out', NULL, NULL, NULL, NULL, '2025-10-24 02:32:05', '2025-10-24 02:32:05', '0.00', NULL),
('16', '5', '2', '5.00', 'out', NULL, NULL, NULL, NULL, '2025-10-24 02:32:05', '2025-10-24 02:32:05', '0.00', NULL),
('17', '5', '1', '2.00', 'out', NULL, NULL, NULL, NULL, '2025-10-24 02:32:05', '2025-10-24 02:32:05', '0.00', NULL),
('18', '5', '2', '7.00', 'out', NULL, NULL, NULL, NULL, '2025-10-24 02:32:05', '2025-10-24 02:32:05', '0.00', NULL),
('19', '5', '2', '15.00', 'out', NULL, NULL, NULL, NULL, '2025-10-24 02:32:05', '2025-10-24 02:32:05', '0.00', NULL),
('20', '5', '1', '3.00', 'out', NULL, NULL, NULL, NULL, '2025-10-24 02:32:05', '2025-10-24 02:32:05', '0.00', NULL),
('21', '5', '1', '1.00', 'out', NULL, NULL, NULL, NULL, '2025-10-24 02:33:07', '2025-10-24 02:33:07', '0.00', NULL),
('22', '5', '2', '5.00', 'out', NULL, NULL, NULL, NULL, '2025-10-24 02:33:07', '2025-10-24 02:33:07', '0.00', NULL),
('23', '5', '1', '2.00', 'out', NULL, NULL, NULL, NULL, '2025-10-24 02:33:07', '2025-10-24 02:33:07', '0.00', NULL),
('24', '5', '2', '7.00', 'out', NULL, NULL, NULL, NULL, '2025-10-24 02:33:07', '2025-10-24 02:33:07', '0.00', NULL),
('25', '5', '2', '15.00', 'out', NULL, NULL, NULL, NULL, '2025-10-24 02:33:07', '2025-10-24 02:33:07', '0.00', NULL),
('26', '5', '1', '3.00', 'out', NULL, NULL, NULL, NULL, '2025-10-24 02:33:07', '2025-10-24 02:33:07', '0.00', NULL),
('27', '5', '1', '1.00', 'out', NULL, '7', NULL, NULL, '2025-10-24 02:39:47', '2025-10-24 02:39:47', '0.00', NULL),
('28', '5', '2', '5.00', 'out', NULL, '7', NULL, NULL, '2025-10-24 02:39:47', '2025-10-24 02:39:47', '0.00', NULL),
('29', '5', '1', '2.00', 'out', NULL, '7', NULL, NULL, '2025-10-24 02:39:47', '2025-10-24 02:39:47', '0.00', NULL),
('30', '5', '2', '7.00', 'out', NULL, '7', NULL, NULL, '2025-10-24 02:39:47', '2025-10-24 02:39:47', '0.00', NULL),
('31', '5', '2', '15.00', 'out', NULL, '7', NULL, NULL, '2025-10-24 02:39:47', '2025-10-24 02:39:47', '0.00', NULL),
('32', '5', '1', '3.00', 'out', NULL, '7', NULL, NULL, '2025-10-24 02:39:47', '2025-10-24 02:39:47', '0.00', NULL),
('33', '5', '1', '1.00', 'out', NULL, NULL, NULL, NULL, '2025-10-24 08:05:24', '2025-10-24 08:05:24', '0.00', NULL),
('34', '5', '2', '5.00', 'out', NULL, NULL, NULL, NULL, '2025-10-24 08:05:24', '2025-10-24 08:05:24', '0.00', NULL),
('35', '5', '1', '2.00', 'out', NULL, NULL, NULL, NULL, '2025-10-24 08:05:24', '2025-10-24 08:05:24', '0.00', NULL),
('36', '5', '2', '7.00', 'out', NULL, NULL, NULL, NULL, '2025-10-24 08:05:24', '2025-10-24 08:05:24', '0.00', NULL),
('37', '5', '2', '15.00', 'out', NULL, NULL, NULL, NULL, '2025-10-24 08:05:24', '2025-10-24 08:05:24', '0.00', NULL),
('38', '5', '1', '3.00', 'out', NULL, NULL, NULL, NULL, '2025-10-24 08:05:24', '2025-10-24 08:05:24', '0.00', NULL),
('39', '5', '1', '1.00', 'out', NULL, '7', NULL, NULL, '2025-10-24 15:19:40', '2025-10-24 15:19:40', '0.00', NULL),
('40', '5', '2', '5.00', 'out', NULL, '7', NULL, NULL, '2025-10-24 15:19:40', '2025-10-24 15:19:40', '0.00', NULL),
('41', '5', '1', '2.00', 'out', NULL, '7', NULL, NULL, '2025-10-24 15:19:40', '2025-10-24 15:19:40', '0.00', NULL),
('42', '5', '2', '7.00', 'out', NULL, '7', NULL, NULL, '2025-10-24 15:19:40', '2025-10-24 15:19:40', '0.00', NULL),
('43', '5', '2', '15.00', 'out', NULL, '7', NULL, NULL, '2025-10-24 15:19:40', '2025-10-24 15:19:40', '0.00', NULL),
('44', '5', '1', '3.00', 'out', NULL, '7', NULL, NULL, '2025-10-24 15:19:40', '2025-10-24 15:19:40', '0.00', NULL),
('45', '5', '1', '1.00', 'out', NULL, NULL, NULL, NULL, '2025-10-25 06:26:39', '2025-10-25 06:26:39', '0.00', NULL),
('46', '5', '2', '5.00', 'out', NULL, NULL, NULL, NULL, '2025-10-25 06:26:39', '2025-10-25 06:26:39', '0.00', NULL),
('47', '5', '1', '2.00', 'out', NULL, NULL, NULL, NULL, '2025-10-25 06:26:39', '2025-10-25 06:26:39', '0.00', NULL),
('48', '5', '2', '7.00', 'out', NULL, NULL, NULL, NULL, '2025-10-25 06:26:39', '2025-10-25 06:26:39', '0.00', NULL),
('49', '5', '2', '15.00', 'out', NULL, NULL, NULL, NULL, '2025-10-25 06:26:39', '2025-10-25 06:26:39', '0.00', NULL),
('50', '5', '1', '3.00', 'out', NULL, NULL, NULL, NULL, '2025-10-25 06:26:39', '2025-10-25 06:26:39', '0.00', NULL),
('51', '5', '1', '1.00', 'out', NULL, NULL, NULL, NULL, '2025-10-27 08:34:14', '2025-10-27 08:34:14', '0.00', NULL),
('52', '5', '2', '5.00', 'out', NULL, NULL, NULL, NULL, '2025-10-27 08:34:14', '2025-10-27 08:34:14', '0.00', NULL),
('53', '5', '1', '2.00', 'out', NULL, NULL, NULL, NULL, '2025-10-27 08:34:14', '2025-10-27 08:34:14', '0.00', NULL),
('54', '5', '2', '7.00', 'out', NULL, NULL, NULL, NULL, '2025-10-27 08:34:14', '2025-10-27 08:34:14', '0.00', NULL),
('55', '5', '2', '15.00', 'out', NULL, NULL, NULL, NULL, '2025-10-27 08:34:14', '2025-10-27 08:34:14', '0.00', NULL),
('56', '5', '1', '3.00', 'out', NULL, NULL, NULL, NULL, '2025-10-27 08:34:14', '2025-10-27 08:34:14', '0.00', NULL),
('57', '5', '1', '1.00', 'out', NULL, NULL, NULL, NULL, '2025-10-27 09:44:37', '2025-10-27 09:44:37', '0.00', NULL),
('58', '5', '2', '5.00', 'out', NULL, NULL, NULL, NULL, '2025-10-27 09:44:37', '2025-10-27 09:44:37', '0.00', NULL),
('59', '5', '1', '2.00', 'out', NULL, NULL, NULL, NULL, '2025-10-27 09:44:37', '2025-10-27 09:44:37', '0.00', NULL),
('60', '5', '2', '7.00', 'out', NULL, NULL, NULL, NULL, '2025-10-27 09:44:37', '2025-10-27 09:44:37', '0.00', NULL),
('61', '5', '2', '15.00', 'out', NULL, NULL, NULL, NULL, '2025-10-27 09:44:37', '2025-10-27 09:44:37', '0.00', NULL),
('62', '5', '1', '3.00', 'out', NULL, NULL, NULL, NULL, '2025-10-27 09:44:37', '2025-10-27 09:44:37', '0.00', NULL),
('63', '5', '1', '2.00', 'out', NULL, NULL, NULL, NULL, '2025-10-31 14:52:44', '2025-10-31 14:52:44', '0.00', NULL),
('64', '5', '2', '7.00', 'out', NULL, NULL, NULL, NULL, '2025-10-31 14:52:44', '2025-10-31 14:52:44', '0.00', NULL),
('65', '5', '1', '1.00', 'out', NULL, NULL, NULL, NULL, '2025-11-06 14:26:59', '2025-11-06 14:26:59', '0.00', NULL),
('66', '5', '2', '5.00', 'out', NULL, NULL, NULL, NULL, '2025-11-06 14:26:59', '2025-11-06 14:26:59', '0.00', NULL);


-- Table structure for table `inventory_settings`
CREATE TABLE `inventory_settings` (
  `id` bigint(20) unsigned NOT NULL AUTO_INCREMENT,
  `restaurant_id` bigint(20) unsigned NOT NULL,
  `allow_auto_purchase` tinyint(1) NOT NULL DEFAULT 0,
  `created_at` timestamp NULL DEFAULT NULL,
  `updated_at` timestamp NULL DEFAULT NULL,
  PRIMARY KEY (`id`),
  KEY `inventory_settings_restaurant_id_foreign` (`restaurant_id`),
  CONSTRAINT `inventory_settings_restaurant_id_foreign` FOREIGN KEY (`restaurant_id`) REFERENCES `restaurants` (`id`) ON DELETE CASCADE
) ENGINE=InnoDB AUTO_INCREMENT=40 DEFAULT CHARSET=utf8mb4 COLLATE=utf8mb4_unicode_ci;

-- Dumping data for table `inventory_settings`
INSERT INTO `inventory_settings` VALUES
('1', '1', '0', '2025-09-17 05:48:09', '2025-09-17 05:48:09'),
('2', '1', '0', '2025-09-17 05:48:09', '2025-09-17 05:48:09'),
('3', '2', '0', '2025-09-17 10:02:45', '2025-09-17 10:02:45'),
('4', '3', '0', '2025-09-20 12:56:44', '2025-09-20 12:56:44'),
('5', '4', '1', '2025-10-07 15:00:09', '2025-10-18 17:40:32'),
('7', '1', '0', '2025-10-15 12:17:24', '2025-10-15 12:17:24'),
('8', '2', '0', '2025-10-15 12:17:24', '2025-10-15 12:17:24'),
('9', '3', '0', '2025-10-15 12:17:24', '2025-10-15 12:17:24'),
('10', '4', '0', '2025-10-15 12:17:24', '2025-10-15 12:17:24'),
('11', '1', '0', '2025-10-27 08:16:00', '2025-10-27 08:16:00'),
('12', '2', '0', '2025-10-27 08:16:00', '2025-10-27 08:16:00'),
('13', '3', '0', '2025-10-27 08:16:00', '2025-10-27 08:16:00'),
('14', '4', '0', '2025-10-27 08:16:00', '2025-10-27 08:16:00'),
('35', '26', '0', '2025-11-07 17:23:03', '2025-11-07 17:23:03'),
('36', '27', '0', '2025-11-08 10:32:26', '2025-11-08 10:32:26'),
('37', '28', '0', '2025-11-12 14:15:50', '2025-11-12 14:15:50'),
('38', '29', '0', '2025-11-13 15:41:43', '2025-11-13 15:41:43'),
('39', '30', '0', '2025-11-15 07:46:25', '2025-11-15 07:46:25');


-- Table structure for table `inventory_stocks`
CREATE TABLE `inventory_stocks` (
  `id` bigint(20) unsigned NOT NULL AUTO_INCREMENT,
  `branch_id` bigint(20) unsigned NOT NULL,
  `inventory_item_id` bigint(20) unsigned NOT NULL,
  `quantity` decimal(16,2) NOT NULL DEFAULT 0.00,
  `created_at` timestamp NULL DEFAULT NULL,
  `updated_at` timestamp NULL DEFAULT NULL,
  PRIMARY KEY (`id`),
  KEY `inventory_stocks_branch_id_foreign` (`branch_id`),
  KEY `inventory_stocks_inventory_item_id_foreign` (`inventory_item_id`),
  CONSTRAINT `inventory_stocks_branch_id_foreign` FOREIGN KEY (`branch_id`) REFERENCES `branches` (`id`) ON DELETE CASCADE ON UPDATE CASCADE,
  CONSTRAINT `inventory_stocks_inventory_item_id_foreign` FOREIGN KEY (`inventory_item_id`) REFERENCES `inventory_items` (`id`) ON DELETE CASCADE ON UPDATE CASCADE
) ENGINE=InnoDB AUTO_INCREMENT=3 DEFAULT CHARSET=utf8mb4 COLLATE=utf8mb4_unicode_ci;

-- Dumping data for table `inventory_stocks`
INSERT INTO `inventory_stocks` VALUES
('1', '5', '1', '37.00', '2025-10-18 00:04:22', '2025-11-06 14:26:59'),
('2', '5', '2', '718.00', '2025-10-18 17:42:11', '2025-11-06 14:26:59');


-- Table structure for table `item_categories`
CREATE TABLE `item_categories` (
  `id` bigint(20) unsigned NOT NULL AUTO_INCREMENT,
  `branch_id` bigint(20) unsigned DEFAULT NULL,
  `category_name` text DEFAULT NULL,
  `sort_order` int(10) unsigned NOT NULL DEFAULT 0,
  `created_at` timestamp NULL DEFAULT NULL,
  `updated_at` timestamp NULL DEFAULT NULL,
  PRIMARY KEY (`id`),
  KEY `item_categories_branch_id_foreign` (`branch_id`),
  CONSTRAINT `item_categories_branch_id_foreign` FOREIGN KEY (`branch_id`) REFERENCES `branches` (`id`) ON DELETE CASCADE ON UPDATE CASCADE
) ENGINE=InnoDB AUTO_INCREMENT=60 DEFAULT CHARSET=utf8mb4 COLLATE=utf8mb4_unicode_ci;

-- Dumping data for table `item_categories`
INSERT INTO `item_categories` VALUES
('1', '1', '{\"en\":\"Indian Veg Curries\"}', '0', '2025-09-17 06:04:57', '2025-09-17 06:04:57'),
('2', '1', '{\"en\":\"Indian Non-Veg Curries\"}', '0', '2025-09-17 06:04:57', '2025-09-17 06:04:57'),
('3', '1', '{\"en\":\"South Indian\"}', '0', '2025-09-17 06:04:57', '2025-09-17 06:04:57'),
('4', '1', '{\"en\":\"Biryani & Rice\"}', '0', '2025-09-17 06:04:57', '2025-09-17 06:04:57'),
('5', '1', '{\"en\":\"Indian Breads\"}', '0', '2025-09-17 06:04:57', '2025-09-17 06:04:57'),
('6', '1', '{\"en\":\"Chaat & Street Food\"}', '0', '2025-09-17 06:04:57', '2025-09-17 06:04:57'),
('7', '1', '{\"en\":\"Tandoor & Kebabs\"}', '0', '2025-09-17 06:04:58', '2025-09-17 06:04:58'),
('8', '1', '{\"en\":\"Indo-Chinese\"}', '0', '2025-09-17 06:04:58', '2025-09-17 06:04:58'),
('9', '1', '{\"en\":\"Continental & Pastas\"}', '0', '2025-09-17 06:04:58', '2025-09-17 06:04:58'),
('10', '1', '{\"en\":\"Pizzas\"}', '0', '2025-09-17 06:04:58', '2025-09-17 06:04:58'),
('11', '1', '{\"en\":\"Burgers & Sandwiches\"}', '0', '2025-09-17 06:04:58', '2025-09-17 06:04:58'),
('12', '1', '{\"en\":\"Desserts\"}', '0', '2025-09-17 06:04:58', '2025-09-17 06:04:58'),
('13', '1', '{\"en\":\"Beverages\"}', '0', '2025-09-17 06:04:58', '2025-09-17 06:04:58'),
('14', '3', '{\"en\":\"Indian Veg Curries\"}', '0', '2025-09-19 20:04:20', '2025-09-19 20:04:20'),
('15', '3', '{\"en\":\"Indian Non-Veg Curries\"}', '0', '2025-09-19 20:04:20', '2025-09-19 20:04:20'),
('16', '3', '{\"en\":\"South Indian\"}', '0', '2025-09-19 20:04:20', '2025-09-19 20:04:20'),
('17', '3', '{\"en\":\"Biryani & Rice\"}', '0', '2025-09-19 20:04:20', '2025-09-19 20:04:20'),
('18', '3', '{\"en\":\"Indian Breads\"}', '0', '2025-09-19 20:04:20', '2025-09-19 20:04:20'),
('19', '3', '{\"en\":\"Chaat & Street Food\"}', '0', '2025-09-19 20:04:20', '2025-09-19 20:04:20'),
('20', '3', '{\"en\":\"Tandoor & Kebabs\"}', '0', '2025-09-19 20:04:21', '2025-09-19 20:04:21'),
('21', '3', '{\"en\":\"Indo-Chinese\"}', '0', '2025-09-19 20:04:21', '2025-09-19 20:04:21'),
('22', '3', '{\"en\":\"Continental & Pastas\"}', '0', '2025-09-19 20:04:21', '2025-09-19 20:04:21'),
('23', '3', '{\"en\":\"Pizzas\"}', '0', '2025-09-19 20:04:21', '2025-09-19 20:04:21'),
('24', '3', '{\"en\":\"Burgers & Sandwiches\"}', '0', '2025-09-19 20:04:21', '2025-09-19 20:04:21'),
('25', '3', '{\"en\":\"Desserts\"}', '0', '2025-09-19 20:04:21', '2025-09-19 20:04:21'),
('26', '3', '{\"en\":\"Beverages\"}', '0', '2025-09-19 20:04:21', '2025-09-19 20:04:21'),
('27', '4', '{\"en\":\"Pizza\"}', '0', '2025-09-20 12:59:15', '2025-09-20 12:59:15'),
('30', '5', '{\"en\":\"North Indian\"}', '0', '2025-10-08 08:40:56', '2025-10-08 08:41:09'),
('31', '5', '{\"en\":\"Street Food\"}', '0', '2025-10-08 08:41:33', '2025-10-08 08:41:33'),
('32', '5', '{\"en\":\"Snacks & Starters\"}', '0', '2025-10-08 08:41:39', '2025-10-08 08:41:39'),
('33', '5', '{\"en\":\"Desserts & Sweets\"}', '0', '2025-10-08 08:41:48', '2025-10-08 08:41:48'),
('34', '5', '{\"en\":\"Soups & Starters\"}', '0', '2025-10-25 12:50:56', '2025-10-25 12:50:56'),
('35', '5', '{\"en\":\"Sandwiches & Wraps\"}', '0', '2025-10-25 12:51:06', '2025-10-25 12:51:06'),
('36', '5', '{\"en\":\"Main Courses / Entrées\"}', '0', '2025-10-25 12:51:22', '2025-10-25 12:51:22'),
('37', '5', '{\"en\":\"Healthy Bowls\"}', '0', '2025-10-25 12:51:40', '2025-10-25 12:51:40'),
('38', '5', '{\"en\":\"Bistro Specials\"}', '0', '2025-10-25 12:51:47', '2025-10-25 12:51:47'),
('39', '5', '{\"en\":\"Drinks\"}', '0', '2025-10-25 12:51:58', '2025-10-25 12:51:58'),
('40', '5', '{\"en\":\"Soups\"}', '0', '2025-11-17 13:46:42', '2025-11-17 13:46:42'),
('41', '5', '{\"en\":\"Salads Bowl\"}', '0', '2025-11-17 13:46:42', '2025-11-17 13:46:42'),
('42', '5', '{\"en\":\"Signature Chicken Wings\"}', '0', '2025-11-17 13:46:42', '2025-11-17 13:46:42'),
('43', '5', '{\"en\":\"Small Plates Non-Vegetarian\"}', '0', '2025-11-17 13:46:42', '2025-11-17 13:46:42'),
('44', '5', '{\"en\":\"Small Plates Vegetarian\"}', '0', '2025-11-17 13:46:42', '2025-11-17 13:46:42'),
('45', '5', '{\"en\":\"Signature Jims Grill Platter\"}', '0', '2025-11-17 13:46:42', '2025-11-17 13:46:42'),
('46', '5', '{\"en\":\"Toka Taki\"}', '0', '2025-11-17 13:46:42', '2025-11-17 13:46:42'),
('47', '5', '{\"en\":\"Dimsum\"}', '0', '2025-11-17 13:46:42', '2025-11-17 13:46:42'),
('48', '5', '{\"en\":\"Grills Bite Non vegetarian\"}', '0', '2025-11-17 13:46:42', '2025-11-17 13:46:42'),
('49', '5', '{\"en\":\"Grills Bite Vegetarian\"}', '0', '2025-11-17 13:46:42', '2025-11-17 13:46:42'),
('50', '5', '{\"en\":\"Sharing Meal Non vegetarian\"}', '0', '2025-11-17 13:46:42', '2025-11-17 13:46:42'),
('51', '5', '{\"en\":\"Sharing Meal vegetarian\"}', '0', '2025-11-17 13:46:42', '2025-11-17 13:46:42'),
('52', '5', '{\"en\":\"Rice/Biryani / Noodles\"}', '0', '2025-11-17 13:46:42', '2025-11-17 13:46:42'),
('53', '5', '{\"en\":\"Indo -China Meal\"}', '0', '2025-11-17 13:46:42', '2025-11-17 13:46:42'),
('54', '5', '{\"en\":\"Breads\"}', '0', '2025-11-17 13:46:42', '2025-11-17 13:46:42'),
('55', '5', '{\"en\":\"Desserts\"}', '0', '2025-11-17 13:46:42', '2025-11-17 13:46:42'),
('56', '5', '{\"en\":\"Hot & cold Beverages\"}', '0', '2025-11-17 13:46:42', '2025-11-17 13:46:42'),
('57', '27', '{\"en\":\"Snacks & Street Food\"}', '0', '2025-11-26 08:30:24', '2025-11-26 08:30:24'),
('58', '27', '{\"en\":\"Main Course\"}', '0', '2025-11-26 08:30:36', '2025-11-26 08:30:36'),
('59', '27', '{\"en\":\"Beverages\"}', '0', '2025-11-26 08:30:46', '2025-11-26 08:30:46');


-- Table structure for table `item_modifiers`
CREATE TABLE `item_modifiers` (
  `id` bigint(20) unsigned NOT NULL AUTO_INCREMENT,
  `menu_item_id` bigint(20) unsigned DEFAULT NULL,
  `menu_item_variation_id` bigint(20) unsigned DEFAULT NULL,
  `modifier_group_id` bigint(20) unsigned DEFAULT NULL,
  `is_required` tinyint(1) NOT NULL DEFAULT 0,
  `allow_multiple_selection` tinyint(1) NOT NULL DEFAULT 0,
  `created_at` timestamp NULL DEFAULT NULL,
  `updated_at` timestamp NULL DEFAULT NULL,
  PRIMARY KEY (`id`),
  KEY `item_modifiers_menu_item_id_foreign` (`menu_item_id`),
  KEY `item_modifiers_modifier_group_id_foreign` (`modifier_group_id`),
  KEY `item_modifiers_menu_item_variation_id_foreign` (`menu_item_variation_id`),
  CONSTRAINT `item_modifiers_menu_item_id_foreign` FOREIGN KEY (`menu_item_id`) REFERENCES `menu_items` (`id`) ON DELETE CASCADE ON UPDATE CASCADE,
  CONSTRAINT `item_modifiers_menu_item_variation_id_foreign` FOREIGN KEY (`menu_item_variation_id`) REFERENCES `menu_item_variations` (`id`) ON DELETE CASCADE,
  CONSTRAINT `item_modifiers_modifier_group_id_foreign` FOREIGN KEY (`modifier_group_id`) REFERENCES `modifier_groups` (`id`) ON DELETE CASCADE ON UPDATE CASCADE
) ENGINE=InnoDB AUTO_INCREMENT=3 DEFAULT CHARSET=utf8mb4 COLLATE=utf8mb4_unicode_ci;

-- Dumping data for table `item_modifiers`
INSERT INTO `item_modifiers` VALUES
('1', '509', NULL, '1', '0', '1', NULL, '2025-10-24 14:50:57'),
('2', '510', '15', '1', '1', '0', '2025-10-25 13:01:56', '2025-10-25 13:01:56');


-- Table structure for table `job_batches`
CREATE TABLE `job_batches` (
  `id` varchar(191) NOT NULL,
  `name` varchar(191) NOT NULL,
  `total_jobs` int(11) NOT NULL,
  `pending_jobs` int(11) NOT NULL,
  `failed_jobs` int(11) NOT NULL,
  `failed_job_ids` longtext NOT NULL,
  `options` mediumtext DEFAULT NULL,
  `cancelled_at` int(11) DEFAULT NULL,
  `created_at` int(11) NOT NULL,
  `finished_at` int(11) DEFAULT NULL,
  PRIMARY KEY (`id`)
) ENGINE=InnoDB DEFAULT CHARSET=utf8mb4 COLLATE=utf8mb4_unicode_ci;


-- Table structure for table `jobs`
CREATE TABLE `jobs` (
  `id` bigint(20) unsigned NOT NULL AUTO_INCREMENT,
  `queue` varchar(191) NOT NULL,
  `payload` longtext NOT NULL,
  `attempts` tinyint(3) unsigned NOT NULL,
  `reserved_at` int(10) unsigned DEFAULT NULL,
  `available_at` int(10) unsigned NOT NULL,
  `created_at` int(10) unsigned NOT NULL,
  PRIMARY KEY (`id`),
  KEY `jobs_queue_index` (`queue`)
) ENGINE=InnoDB DEFAULT CHARSET=utf8mb4 COLLATE=utf8mb4_unicode_ci;


-- Table structure for table `kiosk_ads`
CREATE TABLE `kiosk_ads` (
  `id` bigint(20) unsigned NOT NULL AUTO_INCREMENT,
  `heading` varchar(191) NOT NULL,
  `description` varchar(191) NOT NULL,
  `image` varchar(191) NOT NULL,
  `is_active` tinyint(1) NOT NULL DEFAULT 1,
  `created_at` timestamp NULL DEFAULT NULL,
  `updated_at` timestamp NULL DEFAULT NULL,
  PRIMARY KEY (`id`)
) ENGINE=InnoDB DEFAULT CHARSET=utf8mb4 COLLATE=utf8mb4_unicode_ci;


-- Table structure for table `kiosk_global_settings`
CREATE TABLE `kiosk_global_settings` (
  `id` bigint(20) unsigned NOT NULL AUTO_INCREMENT,
  `license_type` varchar(20) DEFAULT NULL,
  `purchase_code` varchar(191) DEFAULT NULL,
  `purchased_on` timestamp NULL DEFAULT NULL,
  `supported_until` timestamp NULL DEFAULT NULL,
  `notify_update` tinyint(1) NOT NULL DEFAULT 1,
  `created_at` timestamp NULL DEFAULT NULL,
  `updated_at` timestamp NULL DEFAULT NULL,
  PRIMARY KEY (`id`)
) ENGINE=InnoDB AUTO_INCREMENT=2 DEFAULT CHARSET=utf8mb4 COLLATE=utf8mb4_unicode_ci;

-- Dumping data for table `kiosk_global_settings`
INSERT INTO `kiosk_global_settings` VALUES
('1', NULL, '65100125-205d-420e-b03c-0faa1e6f02b9', NULL, '2026-04-16 03:07:13', '1', '2025-09-28 12:08:47', '2025-10-15 12:16:47');


-- Table structure for table `kiosks`
CREATE TABLE `kiosks` (
  `id` bigint(20) unsigned NOT NULL AUTO_INCREMENT,
  `branch_id` bigint(20) unsigned NOT NULL,
  `code` varchar(64) NOT NULL,
  `name` varchar(100) DEFAULT NULL,
  `is_active` tinyint(1) NOT NULL DEFAULT 1,
  `last_seen_at` timestamp NULL DEFAULT NULL,
  `created_at` timestamp NULL DEFAULT NULL,
  `updated_at` timestamp NULL DEFAULT NULL,
  PRIMARY KEY (`id`),
  UNIQUE KEY `kiosks_code_unique` (`code`),
  KEY `kiosks_branch_id_foreign` (`branch_id`),
  CONSTRAINT `kiosks_branch_id_foreign` FOREIGN KEY (`branch_id`) REFERENCES `branches` (`id`) ON DELETE CASCADE
) ENGINE=InnoDB AUTO_INCREMENT=6 DEFAULT CHARSET=utf8mb4 COLLATE=utf8mb4_unicode_ci;

-- Dumping data for table `kiosks`
INSERT INTO `kiosks` VALUES
('1', '1', '775441', 'East Ryann', '1', NULL, '2025-10-15 12:16:46', '2025-10-15 12:16:46'),
('2', '2', '893272', 'Port Maudiemouth', '1', NULL, '2025-10-15 12:16:46', '2025-10-15 12:16:46'),
('3', '3', '108513', 'Kosi Road', '1', NULL, '2025-10-15 12:16:46', '2025-10-15 12:16:46'),
('4', '4', '200574', 'Montreal Branch', '1', NULL, '2025-10-15 12:16:46', '2025-10-15 12:16:46'),
('5', '5', '922825', 'MESS ONE', '1', NULL, '2025-10-15 12:16:46', '2025-10-15 12:16:46');


-- Table structure for table `kitchen_global_settings`
CREATE TABLE `kitchen_global_settings` (
  `id` bigint(20) unsigned NOT NULL AUTO_INCREMENT,
  `license_type` varchar(20) DEFAULT NULL,
  `purchase_code` varchar(191) DEFAULT NULL,
  `purchased_on` timestamp NULL DEFAULT NULL,
  `supported_until` timestamp NULL DEFAULT NULL,
  `notify_update` tinyint(1) NOT NULL DEFAULT 1,
  `created_at` timestamp NULL DEFAULT NULL,
  `updated_at` timestamp NULL DEFAULT NULL,
  PRIMARY KEY (`id`)
) ENGINE=InnoDB AUTO_INCREMENT=2 DEFAULT CHARSET=utf8mb4 COLLATE=utf8mb4_unicode_ci;

-- Dumping data for table `kitchen_global_settings`
INSERT INTO `kitchen_global_settings` VALUES
('1', NULL, 'k', NULL, NULL, '1', '2025-09-17 05:48:21', '2025-09-17 05:49:25');


-- Table structure for table `kot_cancel_reasons`
CREATE TABLE `kot_cancel_reasons` (
  `id` bigint(20) unsigned NOT NULL AUTO_INCREMENT,
  `restaurant_id` bigint(20) unsigned DEFAULT NULL,
  `reason` varchar(191) NOT NULL,
  `cancel_order` tinyint(1) NOT NULL DEFAULT 0,
  `cancel_kot` tinyint(1) NOT NULL DEFAULT 0,
  `created_at` timestamp NULL DEFAULT NULL,
  `updated_at` timestamp NULL DEFAULT NULL,
  PRIMARY KEY (`id`),
  KEY `kot_cancel_reasons_restaurant_id_foreign` (`restaurant_id`),
  CONSTRAINT `kot_cancel_reasons_restaurant_id_foreign` FOREIGN KEY (`restaurant_id`) REFERENCES `restaurants` (`id`) ON DELETE CASCADE ON UPDATE CASCADE
) ENGINE=InnoDB AUTO_INCREMENT=11 DEFAULT CHARSET=utf8mb4 COLLATE=utf8mb4_unicode_ci;

-- Dumping data for table `kot_cancel_reasons`
INSERT INTO `kot_cancel_reasons` VALUES
('1', '1', 'Customer changed their mind', '1', '0', '2025-09-17 05:36:44', '2025-09-17 05:36:44'),
('2', '1', 'Customer requested to cancel', '1', '0', '2025-09-17 05:36:44', '2025-09-17 05:36:44'),
('3', '1', 'Payment issues', '1', '0', '2025-09-17 05:36:44', '2025-09-17 05:36:44'),
('4', '1', 'Customer no longer wants the order', '1', '0', '2025-09-17 05:36:44', '2025-09-17 05:36:44'),
('5', '1', 'Ingredient not available', '0', '1', '2025-09-17 05:36:44', '2025-09-17 05:36:44'),
('6', '1', 'Preparation time too long', '0', '1', '2025-09-17 05:36:44', '2025-09-17 05:36:44'),
('7', '1', 'Quality issue with ingredients', '0', '1', '2025-09-17 05:36:44', '2025-09-17 05:36:44'),
('8', '1', 'System error/Technical issue', '1', '1', '2025-09-17 05:36:44', '2025-09-17 05:36:44'),
('9', '1', 'Restaurant closing early', '1', '1', '2025-09-17 05:36:44', '2025-09-17 05:36:44'),
('10', '1', 'Other', '1', '1', '2025-09-17 05:36:44', '2025-09-17 05:36:44');


-- Table structure for table `kot_item_modifier_options`
CREATE TABLE `kot_item_modifier_options` (
  `id` bigint(20) unsigned NOT NULL AUTO_INCREMENT,
  `kot_item_id` bigint(20) unsigned NOT NULL,
  `modifier_option_id` bigint(20) unsigned NOT NULL,
  `created_at` timestamp NULL DEFAULT NULL,
  `updated_at` timestamp NULL DEFAULT NULL,
  PRIMARY KEY (`id`),
  KEY `kot_item_modifier_options_kot_item_id_foreign` (`kot_item_id`),
  KEY `kot_item_modifier_options_modifier_option_id_foreign` (`modifier_option_id`),
  CONSTRAINT `kot_item_modifier_options_kot_item_id_foreign` FOREIGN KEY (`kot_item_id`) REFERENCES `kot_items` (`id`) ON DELETE CASCADE ON UPDATE CASCADE,
  CONSTRAINT `kot_item_modifier_options_modifier_option_id_foreign` FOREIGN KEY (`modifier_option_id`) REFERENCES `modifier_options` (`id`) ON DELETE CASCADE ON UPDATE CASCADE
) ENGINE=InnoDB AUTO_INCREMENT=5 DEFAULT CHARSET=utf8mb4 COLLATE=utf8mb4_unicode_ci;

-- Dumping data for table `kot_item_modifier_options`
INSERT INTO `kot_item_modifier_options` VALUES
('1', '59', '1', NULL, NULL),
('2', '61', '2', NULL, NULL),
('3', '72', '1', NULL, NULL),
('4', '73', '2', NULL, NULL);


-- Table structure for table `kot_items`
CREATE TABLE `kot_items` (
  `id` bigint(20) unsigned NOT NULL AUTO_INCREMENT,
  `kot_id` bigint(20) unsigned NOT NULL,
  `order_item_id` bigint(20) unsigned DEFAULT NULL,
  `transaction_id` varchar(191) DEFAULT NULL,
  `menu_item_id` bigint(20) unsigned NOT NULL,
  `menu_item_variation_id` bigint(20) unsigned DEFAULT NULL,
  `note` text DEFAULT NULL,
  `quantity` int(11) NOT NULL,
  `status` enum('pending','cooking','ready','cancelled') DEFAULT NULL,
  `cancel_reason_id` bigint(20) unsigned DEFAULT NULL,
  `cancel_reason_text` text DEFAULT NULL,
  `cancelled_by` bigint(20) unsigned DEFAULT NULL,
  `created_at` timestamp NULL DEFAULT NULL,
  `updated_at` timestamp NULL DEFAULT NULL,
  PRIMARY KEY (`id`),
  KEY `kot_items_kot_id_foreign` (`kot_id`),
  KEY `kot_items_menu_item_id_foreign` (`menu_item_id`),
  KEY `kot_items_menu_item_variation_id_foreign` (`menu_item_variation_id`),
  KEY `kot_items_cancel_reason_id_foreign` (`cancel_reason_id`),
  KEY `kot_items_order_item_id_foreign` (`order_item_id`),
  KEY `kot_items_cancelled_by_foreign` (`cancelled_by`),
  CONSTRAINT `kot_items_cancel_reason_id_foreign` FOREIGN KEY (`cancel_reason_id`) REFERENCES `kot_cancel_reasons` (`id`) ON DELETE CASCADE ON UPDATE CASCADE,
  CONSTRAINT `kot_items_cancelled_by_foreign` FOREIGN KEY (`cancelled_by`) REFERENCES `users` (`id`) ON DELETE SET NULL ON UPDATE CASCADE,
  CONSTRAINT `kot_items_kot_id_foreign` FOREIGN KEY (`kot_id`) REFERENCES `kots` (`id`) ON DELETE CASCADE ON UPDATE CASCADE,
  CONSTRAINT `kot_items_menu_item_id_foreign` FOREIGN KEY (`menu_item_id`) REFERENCES `menu_items` (`id`) ON DELETE CASCADE,
  CONSTRAINT `kot_items_menu_item_variation_id_foreign` FOREIGN KEY (`menu_item_variation_id`) REFERENCES `menu_item_variations` (`id`) ON DELETE CASCADE,
  CONSTRAINT `kot_items_order_item_id_foreign` FOREIGN KEY (`order_item_id`) REFERENCES `order_items` (`id`) ON DELETE CASCADE ON UPDATE CASCADE
) ENGINE=InnoDB AUTO_INCREMENT=84 DEFAULT CHARSET=utf8mb4 COLLATE=utf8mb4_unicode_ci;

-- Dumping data for table `kot_items`
INSERT INTO `kot_items` VALUES
('1', '1', NULL, 'TXN_68ce9d21bd2a93.28356548_231480', '251', NULL, '', '1', NULL, NULL, NULL, NULL, '2025-09-20 12:25:05', '2025-09-20 12:25:05'),
('2', '1', NULL, 'TXN_68ce9d21bd2a93.28356548_231480', '252', NULL, '', '1', NULL, NULL, NULL, NULL, '2025-09-20 12:25:05', '2025-09-20 12:25:05'),
('5', '4', NULL, 'TXN_68e62861d3eb76.37324333_776395', '503', '2', '', '1', NULL, NULL, NULL, NULL, '2025-10-08 09:01:21', '2025-10-08 09:01:21'),
('6', '4', NULL, 'TXN_68e62861d3eb76.37324333_776395', '504', '6', '', '1', NULL, NULL, NULL, NULL, '2025-10-08 09:01:21', '2025-10-08 09:01:21'),
('7', '4', NULL, 'TXN_68e62861d3eb76.37324333_776395', '506', '10', '', '1', NULL, NULL, NULL, NULL, '2025-10-08 09:01:21', '2025-10-08 09:01:21'),
('8', '5', NULL, 'TXN_68e63e3e517e69.31196617_301189', '504', '4', '', '1', NULL, NULL, NULL, NULL, '2025-10-08 10:34:38', '2025-10-08 10:34:38'),
('9', '6', NULL, NULL, '507', NULL, '', '1', NULL, NULL, NULL, NULL, '2025-10-15 12:33:29', '2025-10-15 12:33:29'),
('10', '7', NULL, 'KIOSK_TXN_68ef9521a16ec0.32691058', '503', NULL, NULL, '1', NULL, NULL, NULL, NULL, '2025-10-15 12:35:45', '2025-10-15 12:35:45'),
('11', '7', NULL, 'KIOSK_TXN_68ef9521a16ec0.32691058', '504', NULL, NULL, '2', NULL, NULL, NULL, NULL, '2025-10-15 12:35:45', '2025-10-15 12:35:45'),
('12', '8', NULL, 'KIOSK_TXN_68ef95b8481505.85338088', '503', '3', NULL, '2', NULL, NULL, NULL, NULL, '2025-10-15 12:38:16', '2025-10-15 12:38:16'),
('13', '8', NULL, 'KIOSK_TXN_68ef95b8481505.85338088', '503', '2', NULL, '2', NULL, NULL, NULL, NULL, '2025-10-15 12:38:16', '2025-10-15 12:38:16'),
('14', '9', NULL, NULL, '504', '4', NULL, '1', NULL, NULL, NULL, NULL, '2025-10-15 12:40:33', '2025-10-15 12:40:33'),
('15', '10', NULL, 'TXN_68f0dec5bc7488.23372968_650415', '503', '2', '', '1', NULL, NULL, NULL, NULL, '2025-10-16 12:02:13', '2025-10-16 12:02:13'),
('16', '11', NULL, 'TXN_68f0e5e92bf222.61353201_589451', '504', '4', '', '1', NULL, NULL, NULL, NULL, '2025-10-16 12:32:41', '2025-10-16 12:32:41'),
('17', '12', NULL, 'TXN_68f0e7ed518392.11253318_184380', '504', '4', '', '1', NULL, NULL, NULL, NULL, '2025-10-16 12:41:17', '2025-10-16 12:41:17'),
('18', '13', NULL, 'TXN_68f0e98f88fcf0.97081858_196506', '503', '2', '', '1', NULL, NULL, NULL, NULL, '2025-10-16 12:48:15', '2025-10-16 12:48:15'),
('20', '15', NULL, 'TXN_68f0f1253d9812.85311588_548223', '503', '1', '', '1', NULL, NULL, NULL, NULL, '2025-10-16 13:20:37', '2025-10-16 13:20:37'),
('21', '16', NULL, 'TXN_68f0f342b770d2.44028867_382578', '503', '1', '', '1', NULL, NULL, NULL, NULL, '2025-10-16 13:29:38', '2025-10-16 13:29:38'),
('22', '17', NULL, 'TXN_68f0f92d3d7cb8.57476962_970704', '504', '4', '', '1', NULL, NULL, NULL, NULL, '2025-10-16 13:54:53', '2025-10-16 13:54:53'),
('23', '18', NULL, 'TXN_68f0f9a7428d31.03319738_156288', '503', '1', '', '1', NULL, NULL, NULL, NULL, '2025-10-16 13:56:55', '2025-10-16 13:56:55'),
('24', '19', NULL, 'TXN_68f0fa8b5df871.67446827_444391', '503', '1', '', '1', NULL, NULL, NULL, NULL, '2025-10-16 14:00:43', '2025-10-16 14:00:43'),
('25', '20', NULL, 'TXN_68f0ff436d7e31.26322864_733895', '503', '1', '', '1', NULL, NULL, NULL, NULL, '2025-10-16 14:20:51', '2025-10-16 14:20:51'),
('26', '21', NULL, 'TXN_68f11186a40d88.85359813_642469', '503', '2', '', '1', NULL, NULL, NULL, NULL, '2025-10-16 15:38:46', '2025-10-16 15:38:46'),
('27', '22', NULL, 'TXN_68f11493951c64.13647932_350258', '504', '4', '', '1', NULL, NULL, NULL, NULL, '2025-10-16 15:51:47', '2025-10-16 15:51:47'),
('28', '23', NULL, 'TXN_68f11df6b45478.84597662_879041', '503', '1', '', '1', NULL, NULL, NULL, NULL, '2025-10-16 16:31:50', '2025-10-16 16:31:50'),
('29', '24', NULL, 'TXN_68f11f5c936752.69173031_207616', '503', '1', '', '1', NULL, NULL, NULL, NULL, '2025-10-16 16:37:48', '2025-10-16 16:37:48'),
('30', '25', NULL, 'TXN_68f12534eac280.48739786_102422', '503', '1', '', '1', NULL, NULL, NULL, NULL, '2025-10-16 17:02:45', '2025-10-16 17:02:45'),
('31', '26', NULL, 'TXN_68f12d9ec2a981.97878175_856288', '251', NULL, '', '2', NULL, NULL, NULL, NULL, '2025-10-16 17:38:38', '2025-10-16 17:38:38'),
('32', '27', NULL, 'TXN_68f12e35eb2419.11533676_187640', '503', '2', '', '1', NULL, NULL, NULL, NULL, '2025-10-16 17:41:10', '2025-10-16 17:41:10'),
('33', '27', NULL, 'TXN_68f12e35eb2419.11533676_187640', '505', '8', '', '1', NULL, NULL, NULL, NULL, '2025-10-16 17:41:10', '2025-10-16 17:41:10'),
('34', '28', NULL, 'TXN_68f2d1c10efc73.86184169_610422', '503', '2', '', '1', 'ready', NULL, NULL, NULL, '2025-10-17 23:31:13', '2025-10-18 00:20:03'),
('35', '28', NULL, 'TXN_68f2d1c10efc73.86184169_610422', '504', '6', '', '1', 'ready', NULL, NULL, NULL, '2025-10-17 23:31:13', '2025-10-18 00:20:03'),
('36', '29', NULL, NULL, '507', NULL, '', '1', 'ready', NULL, NULL, NULL, '2025-10-17 23:40:44', '2025-10-18 00:20:01'),
('37', '29', NULL, NULL, '505', '8', NULL, '1', 'ready', NULL, NULL, NULL, '2025-10-17 23:40:44', '2025-10-18 00:20:01'),
('38', '30', NULL, NULL, '505', '8', NULL, '1', 'ready', NULL, NULL, NULL, '2025-10-17 23:42:52', '2025-10-18 00:19:56'),
('39', '31', NULL, 'TXN_68f2d4f8bb1f42.34426374_425498', '504', '5', '', '1', 'ready', NULL, NULL, NULL, '2025-10-17 23:44:56', '2025-10-18 00:19:45'),
('40', '32', NULL, NULL, '506', '10', NULL, '1', 'ready', NULL, NULL, NULL, '2025-10-17 23:47:26', '2025-10-18 00:19:46'),
('41', '33', NULL, NULL, '503', '1', NULL, '3', 'ready', NULL, NULL, NULL, '2025-10-17 23:49:05', '2025-10-18 00:18:45'),
('42', '34', NULL, NULL, '505', '8', NULL, '1', 'ready', NULL, NULL, NULL, '2025-10-17 23:51:30', '2025-10-18 00:19:43'),
('43', '34', NULL, NULL, '507', NULL, '', '1', 'ready', NULL, NULL, NULL, '2025-10-17 23:51:30', '2025-10-18 00:19:43'),
('44', '35', NULL, 'KIOSK_TXN_68f2d73349bab0.75415852', '503', '2', NULL, '1', 'ready', NULL, NULL, NULL, '2025-10-17 23:54:27', '2025-10-18 00:19:42'),
('45', '35', NULL, 'KIOSK_TXN_68f2d73349bab0.75415852', '504', '6', NULL, '1', 'ready', NULL, NULL, NULL, '2025-10-17 23:54:27', '2025-10-18 00:19:42'),
('46', '36', NULL, NULL, '503', '1', NULL, '3', 'ready', NULL, NULL, NULL, '2025-10-18 00:05:52', '2025-10-18 00:19:54'),
('47', '37', NULL, NULL, '507', NULL, '', '1', 'ready', NULL, NULL, NULL, '2025-10-18 00:07:59', '2025-10-18 00:19:37'),
('48', '38', NULL, NULL, '503', '1', NULL, '1', 'ready', NULL, NULL, NULL, '2025-10-18 00:09:20', '2025-10-18 00:19:26'),
('49', '39', NULL, NULL, '504', '5', NULL, '1', NULL, NULL, NULL, NULL, '2025-10-18 17:25:40', '2025-10-18 17:25:40'),
('50', '40', NULL, 'KIOSK_TXN_68f3ce74859f57.71863120', '507', NULL, NULL, '1', NULL, NULL, NULL, NULL, '2025-10-18 17:29:24', '2025-10-18 17:29:24'),
('51', '41', NULL, NULL, '503', '3', NULL, '1', NULL, NULL, NULL, NULL, '2025-10-18 17:45:50', '2025-10-18 17:45:50'),
('52', '42', NULL, 'TXN_68f3dc48227c63.69436210_587956', '503', '1', '', '1', NULL, NULL, NULL, NULL, '2025-10-18 18:28:24', '2025-10-18 18:28:24'),
('53', '43', NULL, 'TXN_68fae377308866.64667514_242686', '503', '3', '', '1', 'ready', NULL, NULL, NULL, '2025-10-24 02:24:55', '2025-10-24 15:15:49'),
('54', '44', NULL, 'TXN_68fae4436c6376.32408368_690123', '503', '3', '', '1', 'ready', NULL, NULL, NULL, '2025-10-24 02:28:19', '2025-10-24 15:15:53'),
('55', '45', NULL, 'TXN_68fae4d68a5be2.70313865_172721', '503', '3', '', '1', 'ready', NULL, NULL, NULL, '2025-10-24 02:30:46', '2025-10-24 15:15:49'),
('56', '46', NULL, 'TXN_68fae5a469e1f0.38965568_491018', '503', '3', '', '1', NULL, NULL, NULL, NULL, '2025-10-24 02:34:12', '2025-10-24 02:34:12'),
('57', '47', NULL, 'KIOSK_TXN_68fae6f37dcbb1.17912335', '503', '3', NULL, '1', 'ready', NULL, NULL, NULL, '2025-10-24 02:39:47', '2025-10-24 15:15:48'),
('58', '48', NULL, 'TXN_68fb33264034c1.82188861_150016', '503', '3', '', '1', 'ready', NULL, NULL, NULL, '2025-10-24 08:04:54', '2025-10-24 15:15:46'),
('59', '49', NULL, 'TXN_68fb936144c5c0.85366552_757268', '509', '13', '', '1', 'ready', NULL, NULL, NULL, '2025-10-24 14:55:29', '2025-10-24 15:14:55'),
('60', '50', NULL, NULL, '503', '3', NULL, '1', 'ready', NULL, NULL, NULL, '2025-10-24 15:03:18', '2025-10-24 15:14:44'),
('61', '51', NULL, NULL, '509', '13', NULL, '1', 'ready', NULL, NULL, NULL, '2025-10-24 15:03:18', '2025-10-24 15:14:29'),
('62', '52', NULL, NULL, '503', '3', NULL, '1', 'ready', NULL, NULL, NULL, '2025-10-24 15:12:01', '2025-10-24 15:14:18'),
('63', '53', NULL, NULL, '503', '3', NULL, '2', 'ready', NULL, NULL, NULL, '2025-10-24 15:17:55', '2025-10-24 15:18:44'),
('64', '54', NULL, NULL, '505', '7', NULL, '2', 'ready', NULL, NULL, NULL, '2025-10-24 15:17:55', '2025-10-24 15:18:43'),
('65', '54', NULL, NULL, '507', NULL, '', '1', 'ready', NULL, NULL, NULL, '2025-10-24 15:17:55', '2025-10-24 15:18:43'),
('66', '55', NULL, 'KIOSK_TXN_68fb990c30d636.60122123', '503', '3', NULL, '1', 'ready', NULL, NULL, NULL, '2025-10-24 15:19:40', '2025-10-24 15:20:56'),
('67', '55', NULL, 'KIOSK_TXN_68fb990c30d636.60122123', '504', '5', NULL, '1', 'ready', NULL, NULL, NULL, '2025-10-24 15:19:40', '2025-10-24 15:20:56'),
('68', '56', NULL, 'TXN_68fc57f0399db1.50117952_364289', '252', NULL, '', '2', NULL, NULL, NULL, NULL, '2025-10-25 04:54:08', '2025-10-25 04:54:08'),
('69', '57', NULL, 'TXN_68fc6d77230d03.96692444_378586', '503', '1', '', '1', NULL, NULL, NULL, NULL, '2025-10-25 06:25:59', '2025-10-25 06:25:59'),
('70', '58', NULL, 'TXN_68fc6e5acfbd48.90231901_253331', '504', '4', '', '1', NULL, NULL, NULL, NULL, '2025-10-25 06:29:46', '2025-10-25 06:29:46'),
('71', '59', NULL, 'TXN_68fc77830b1da2.56348875_457592', '504', '6', '', '1', NULL, NULL, NULL, NULL, '2025-10-25 07:08:51', '2025-10-25 07:08:51'),
('72', '59', NULL, 'TXN_68fc77830b1da2.56348875_457592', '509', '13', '', '1', NULL, NULL, NULL, NULL, '2025-10-25 07:08:51', '2025-10-25 07:08:51'),
('73', '60', NULL, 'TXN_68fccb07228e12.18684759_803076', '510', '15', '', '1', 'ready', NULL, NULL, NULL, '2025-10-25 13:05:11', '2025-10-25 13:09:01'),
('74', '61', NULL, 'TXN_68fccb611eea08.93188830_842371', '503', '3', '', '1', NULL, NULL, NULL, NULL, '2025-10-25 13:06:41', '2025-10-25 13:06:41'),
('75', '62', NULL, NULL, '507', NULL, '', '3', 'ready', NULL, NULL, NULL, '2025-10-25 13:22:55', '2025-10-25 13:23:25'),
('76', '63', NULL, 'TXN_68fcd0f94a08b4.58067945_556267', '504', '6', '', '1', 'ready', NULL, NULL, NULL, '2025-10-25 13:30:33', '2025-10-25 13:32:24'),
('77', '64', NULL, 'TXN_68ff2e669fdda2.19244022_537360', '503', '3', '', '1', NULL, NULL, NULL, NULL, '2025-10-27 08:33:42', '2025-10-27 08:33:42'),
('78', '65', NULL, 'TXN_68ff3ee7afeeb1.84124161_154687', '503', '1', '', '1', NULL, NULL, NULL, NULL, '2025-10-27 09:44:07', '2025-10-27 09:44:07'),
('79', '66', NULL, 'TXN_6904cd1be4d188.53805857_163380', '503', '2', '', '1', 'ready', NULL, NULL, NULL, '2025-10-31 14:52:11', '2025-10-31 14:53:47'),
('80', '67', NULL, 'TXN_690cb00a55da05.48803001_906465', '503', '1', '', '1', NULL, NULL, NULL, NULL, '2025-11-06 14:26:18', '2025-11-06 14:26:18'),
('81', '68', NULL, 'TXN_690efbfc54c7b5.77165461_252028', '510', '14', '', '1', NULL, NULL, NULL, NULL, '2025-11-08 08:14:52', '2025-11-08 08:14:52'),
('82', '69', NULL, 'TXN_6925767fc285f2.33668884_993165', '510', '14', '', '1', 'ready', NULL, NULL, NULL, '2025-11-25 09:27:27', '2025-11-25 09:34:50'),
('83', '70', NULL, 'TXN_692586a92d46a5.98952834_872162', '252', NULL, '', '1', NULL, NULL, NULL, NULL, '2025-11-25 10:36:25', '2025-11-25 10:36:25');


-- Table structure for table `kot_places`
CREATE TABLE `kot_places` (
  `id` bigint(20) unsigned NOT NULL AUTO_INCREMENT,
  `printer_id` bigint(20) unsigned DEFAULT NULL,
  `branch_id` bigint(20) unsigned DEFAULT NULL,
  `name` varchar(191) NOT NULL,
  `type` varchar(191) DEFAULT NULL,
  `is_active` tinyint(1) NOT NULL DEFAULT 1,
  `is_default` tinyint(1) NOT NULL DEFAULT 0,
  `created_at` timestamp NULL DEFAULT NULL,
  `updated_at` timestamp NULL DEFAULT NULL,
  PRIMARY KEY (`id`),
  KEY `kot_places_branch_id_foreign` (`branch_id`),
  KEY `kot_places_printer_id_foreign` (`printer_id`),
  CONSTRAINT `kot_places_branch_id_foreign` FOREIGN KEY (`branch_id`) REFERENCES `branches` (`id`) ON DELETE CASCADE,
  CONSTRAINT `kot_places_printer_id_foreign` FOREIGN KEY (`printer_id`) REFERENCES `printers` (`id`) ON DELETE SET NULL
) ENGINE=InnoDB AUTO_INCREMENT=33 DEFAULT CHARSET=utf8mb4 COLLATE=utf8mb4_unicode_ci;

-- Dumping data for table `kot_places`
INSERT INTO `kot_places` VALUES
('1', '1', '1', 'Default Kitchen', 'food', '1', '1', '2025-09-17 05:36:44', '2025-09-17 05:36:44'),
('2', '2', '2', 'Default Kitchen', 'food', '1', '1', '2025-09-17 05:36:44', '2025-09-17 05:36:44'),
('3', '3', '3', 'Default Kitchen', 'food', '1', '1', '2025-09-17 10:02:45', '2025-09-17 10:02:45'),
('4', '4', '4', 'Default Kitchen', 'food', '1', '1', '2025-09-20 12:56:44', '2025-09-20 12:56:44'),
('5', '5', '5', 'Veg Kitchen', 'food', '1', '1', '2025-10-07 15:00:09', '2025-10-18 00:17:44'),
('7', '5', '5', 'Non Veg', NULL, '1', '0', '2025-10-18 00:16:22', '2025-10-18 00:16:22'),
('28', '27', '27', 'Default Kitchen', 'food', '1', '1', '2025-11-07 17:23:03', '2025-11-07 17:23:03'),
('29', '28', '28', 'Default Kitchen', 'food', '1', '1', '2025-11-08 10:32:27', '2025-11-08 10:32:27'),
('30', '29', '29', 'Default Kitchen', 'food', '1', '1', '2025-11-12 14:15:51', '2025-11-12 14:15:51'),
('31', '30', '30', 'Default Kitchen', 'food', '1', '1', '2025-11-13 15:41:44', '2025-11-13 15:41:44'),
('32', '31', '31', 'Default Kitchen', 'food', '1', '1', '2025-11-15 07:46:25', '2025-11-15 07:46:25');


-- Table structure for table `kot_settings`
CREATE TABLE `kot_settings` (
  `id` bigint(20) unsigned NOT NULL AUTO_INCREMENT,
  `branch_id` bigint(20) unsigned NOT NULL,
  `default_status` enum('pending','cooking') NOT NULL DEFAULT 'pending',
  `enable_item_level_status` tinyint(1) NOT NULL DEFAULT 1,
  `created_at` timestamp NULL DEFAULT NULL,
  `updated_at` timestamp NULL DEFAULT NULL,
  PRIMARY KEY (`id`),
  KEY `kot_settings_branch_id_foreign` (`branch_id`),
  CONSTRAINT `kot_settings_branch_id_foreign` FOREIGN KEY (`branch_id`) REFERENCES `branches` (`id`) ON DELETE CASCADE
) ENGINE=InnoDB AUTO_INCREMENT=34 DEFAULT CHARSET=utf8mb4 COLLATE=utf8mb4_unicode_ci;

-- Dumping data for table `kot_settings`
INSERT INTO `kot_settings` VALUES
('1', '1', 'pending', '1', '2025-09-17 05:36:44', '2025-09-17 05:36:44'),
('2', '1', 'pending', '1', '2025-09-17 05:36:44', '2025-09-17 05:36:44'),
('3', '2', 'pending', '1', '2025-09-17 05:36:44', '2025-09-17 05:36:44'),
('4', '2', 'pending', '1', '2025-09-17 05:36:44', '2025-09-17 05:36:44'),
('5', '3', 'pending', '1', '2025-09-17 10:02:45', '2025-09-17 10:02:45'),
('6', '4', 'pending', '1', '2025-09-20 12:56:44', '2025-09-20 12:56:44'),
('7', '5', 'cooking', '1', '2025-10-07 15:00:09', '2025-10-18 17:38:06'),
('29', '27', 'pending', '1', '2025-11-07 17:23:03', '2025-11-07 17:23:03'),
('30', '28', 'pending', '1', '2025-11-08 10:32:27', '2025-11-08 10:32:27'),
('31', '29', 'pending', '1', '2025-11-12 14:15:51', '2025-11-12 14:15:51'),
('32', '30', 'pending', '1', '2025-11-13 15:41:44', '2025-11-13 15:41:44'),
('33', '31', 'pending', '1', '2025-11-15 07:46:25', '2025-11-15 07:46:25');


-- Table structure for table `kots`
CREATE TABLE `kots` (
  `id` bigint(20) unsigned NOT NULL AUTO_INCREMENT,
  `branch_id` bigint(20) unsigned DEFAULT NULL,
  `kitchen_place_id` bigint(20) unsigned DEFAULT NULL,
  `kot_number` varchar(191) NOT NULL,
  `token_number` int(10) unsigned DEFAULT NULL,
  `order_id` bigint(20) unsigned NOT NULL,
  `order_type_id` bigint(20) unsigned DEFAULT NULL,
  `transaction_id` varchar(191) DEFAULT NULL,
  `note` text DEFAULT NULL,
  `status` enum('pending_confirmation','in_kitchen','food_ready','served','cancelled') NOT NULL DEFAULT 'in_kitchen',
  `cancel_reason_id` bigint(20) unsigned DEFAULT NULL,
  `cancel_reason_text` text DEFAULT NULL,
  `created_at` timestamp NULL DEFAULT NULL,
  `updated_at` timestamp NULL DEFAULT NULL,
  PRIMARY KEY (`id`),
  KEY `kots_order_id_foreign` (`order_id`),
  KEY `kots_branch_id_foreign` (`branch_id`),
  KEY `kots_cancel_reason_id_foreign` (`cancel_reason_id`),
  KEY `kots_kitchen_place_id_foreign` (`kitchen_place_id`),
  KEY `kots_order_type_id_foreign` (`order_type_id`),
  CONSTRAINT `kots_branch_id_foreign` FOREIGN KEY (`branch_id`) REFERENCES `branches` (`id`) ON DELETE CASCADE ON UPDATE CASCADE,
  CONSTRAINT `kots_cancel_reason_id_foreign` FOREIGN KEY (`cancel_reason_id`) REFERENCES `kot_cancel_reasons` (`id`) ON DELETE CASCADE ON UPDATE CASCADE,
  CONSTRAINT `kots_kitchen_place_id_foreign` FOREIGN KEY (`kitchen_place_id`) REFERENCES `kot_places` (`id`) ON DELETE SET NULL,
  CONSTRAINT `kots_order_id_foreign` FOREIGN KEY (`order_id`) REFERENCES `orders` (`id`) ON DELETE CASCADE,
  CONSTRAINT `kots_order_type_id_foreign` FOREIGN KEY (`order_type_id`) REFERENCES `order_types` (`id`) ON DELETE SET NULL
) ENGINE=InnoDB AUTO_INCREMENT=71 DEFAULT CHARSET=utf8mb4 COLLATE=utf8mb4_unicode_ci;

-- Dumping data for table `kots`
INSERT INTO `kots` VALUES
('1', '3', NULL, '2', NULL, '1', NULL, 'TXN_68ce9d21bd2a93.28356548_231480', NULL, 'in_kitchen', NULL, NULL, '2025-09-20 12:25:05', '2025-09-20 12:25:36'),
('2', '5', NULL, '2', NULL, '3', NULL, 'TXN_68e52e1bed0eb4.43546266_272353', NULL, 'in_kitchen', NULL, NULL, '2025-10-07 15:13:31', '2025-10-07 15:40:27'),
('3', '5', NULL, '4', NULL, '3', NULL, 'TXN_68e530fc5934d8.69290630_182249', NULL, 'in_kitchen', NULL, NULL, '2025-10-07 15:25:48', '2025-10-07 15:40:27'),
('4', '5', NULL, '6', NULL, '4', NULL, 'TXN_68e62861d3eb76.37324333_776395', NULL, 'pending_confirmation', NULL, NULL, '2025-10-08 09:01:21', '2025-10-08 09:01:21'),
('5', '5', NULL, '8', NULL, '5', NULL, 'TXN_68e63e3e517e69.31196617_301189', NULL, 'pending_confirmation', NULL, NULL, '2025-10-08 10:34:38', '2025-10-08 10:34:38'),
('6', '5', '5', '9', NULL, '7', '13', NULL, NULL, 'pending_confirmation', NULL, NULL, '2025-10-15 12:33:28', '2025-10-15 12:33:28'),
('7', '5', NULL, '11', NULL, '8', NULL, 'KIOSK_TXN_68ef9521a16ec0.32691058', NULL, 'pending_confirmation', NULL, NULL, '2025-10-15 12:35:45', '2025-10-15 12:35:45'),
('8', '5', NULL, '13', NULL, '9', NULL, 'KIOSK_TXN_68ef95b8481505.85338088', NULL, 'pending_confirmation', NULL, NULL, '2025-10-15 12:38:16', '2025-10-15 12:38:16'),
('9', '5', '5', '14', '1', '10', '13', NULL, NULL, 'pending_confirmation', NULL, NULL, '2025-10-15 12:40:33', '2025-10-15 12:40:33'),
('10', '5', NULL, '16', NULL, '11', '1', 'TXN_68f0dec5bc7488.23372968_650415', NULL, 'pending_confirmation', NULL, NULL, '2025-10-16 12:02:13', '2025-10-16 12:02:13'),
('11', '5', NULL, '18', NULL, '12', '1', 'TXN_68f0e5e92bf222.61353201_589451', NULL, 'pending_confirmation', NULL, NULL, '2025-10-16 12:32:41', '2025-10-16 12:32:41'),
('12', '5', NULL, '20', NULL, '13', '1', 'TXN_68f0e7ed518392.11253318_184380', NULL, 'pending_confirmation', NULL, NULL, '2025-10-16 12:41:17', '2025-10-16 12:41:17'),
('13', '5', NULL, '22', NULL, '14', '1', 'TXN_68f0e98f88fcf0.97081858_196506', NULL, 'pending_confirmation', NULL, NULL, '2025-10-16 12:48:15', '2025-10-16 12:48:15'),
('15', '5', NULL, '24', NULL, '16', '2', 'TXN_68f0f1253d9812.85311588_548223', NULL, 'pending_confirmation', NULL, NULL, '2025-10-16 13:20:37', '2025-10-16 13:20:37'),
('16', '5', NULL, '26', NULL, '17', '1', 'TXN_68f0f342b770d2.44028867_382578', NULL, 'pending_confirmation', NULL, NULL, '2025-10-16 13:29:38', '2025-10-16 13:29:38'),
('17', '5', NULL, '28', NULL, '18', '1', 'TXN_68f0f92d3d7cb8.57476962_970704', NULL, 'pending_confirmation', NULL, NULL, '2025-10-16 13:54:53', '2025-10-16 13:54:53'),
('18', '5', NULL, '30', NULL, '19', '1', 'TXN_68f0f9a7428d31.03319738_156288', NULL, 'pending_confirmation', NULL, NULL, '2025-10-16 13:56:55', '2025-10-16 13:56:55'),
('19', '5', NULL, '32', NULL, '20', '1', 'TXN_68f0fa8b5df871.67446827_444391', NULL, 'pending_confirmation', NULL, NULL, '2025-10-16 14:00:43', '2025-10-16 14:00:43'),
('20', '5', NULL, '34', NULL, '21', '1', 'TXN_68f0ff436d7e31.26322864_733895', NULL, 'pending_confirmation', NULL, NULL, '2025-10-16 14:20:51', '2025-10-16 14:20:51'),
('21', '5', NULL, '36', NULL, '22', '1', 'TXN_68f11186a40d88.85359813_642469', NULL, 'pending_confirmation', NULL, NULL, '2025-10-16 15:38:46', '2025-10-16 15:38:46'),
('22', '5', NULL, '38', NULL, '23', '1', 'TXN_68f11493951c64.13647932_350258', NULL, 'pending_confirmation', NULL, NULL, '2025-10-16 15:51:47', '2025-10-16 15:51:47'),
('23', '5', NULL, '40', NULL, '24', '1', 'TXN_68f11df6b45478.84597662_879041', NULL, 'pending_confirmation', NULL, NULL, '2025-10-16 16:31:50', '2025-10-16 16:31:50'),
('24', '5', NULL, '42', NULL, '25', '1', 'TXN_68f11f5c936752.69173031_207616', NULL, 'pending_confirmation', NULL, NULL, '2025-10-16 16:37:48', '2025-10-16 16:37:48'),
('25', '5', NULL, '44', NULL, '26', '1', 'TXN_68f12534eac280.48739786_102422', NULL, 'pending_confirmation', NULL, NULL, '2025-10-16 17:02:44', '2025-10-16 17:02:44'),
('26', '3', NULL, '4', NULL, '27', '1', 'TXN_68f12d9ec2a981.97878175_856288', NULL, 'pending_confirmation', NULL, NULL, '2025-10-16 17:38:38', '2025-10-16 17:38:38'),
('27', '5', NULL, '46', NULL, '28', '1', 'TXN_68f12e35eb2419.11533676_187640', NULL, 'pending_confirmation', NULL, NULL, '2025-10-16 17:41:09', '2025-10-16 17:41:09'),
('28', '5', NULL, '48', NULL, '29', '1', 'TXN_68f2d1c10efc73.86184169_610422', NULL, 'served', NULL, NULL, '2025-10-17 23:31:13', '2025-10-18 00:21:04'),
('29', '5', '5', '49', '1', '30', '13', NULL, NULL, 'served', NULL, NULL, '2025-10-17 23:40:44', '2025-10-18 00:21:01'),
('30', '5', '5', '50', '1', '31', '13', NULL, NULL, 'served', NULL, NULL, '2025-10-17 23:42:52', '2025-10-18 00:20:54'),
('31', '5', NULL, '52', NULL, '33', '1', 'TXN_68f2d4f8bb1f42.34426374_425498', NULL, 'served', NULL, NULL, '2025-10-17 23:44:56', '2025-10-18 00:20:51'),
('32', '5', '5', '53', '1', '34', '13', NULL, NULL, 'served', NULL, NULL, '2025-10-17 23:47:26', '2025-10-18 00:20:46'),
('33', '5', '5', '54', '1', '36', '13', NULL, NULL, 'served', NULL, NULL, '2025-10-17 23:49:05', '2025-10-18 00:20:45'),
('34', '5', '5', '55', '1', '37', '15', NULL, NULL, 'served', NULL, NULL, '2025-10-17 23:51:30', '2025-10-18 00:20:42'),
('35', '5', NULL, '57', NULL, '38', NULL, 'KIOSK_TXN_68f2d73349bab0.75415852', NULL, 'served', NULL, NULL, '2025-10-17 23:54:27', '2025-10-18 00:20:39'),
('36', '5', '5', '58', '1', '39', '13', NULL, NULL, 'served', NULL, NULL, '2025-10-18 00:05:52', '2025-10-18 00:20:33'),
('37', '5', '5', '59', '2', '40', '13', NULL, NULL, 'served', NULL, NULL, '2025-10-18 00:07:59', '2025-10-18 00:20:29'),
('38', '5', '5', '60', '3', '41', '13', NULL, NULL, 'served', NULL, NULL, '2025-10-18 00:09:19', '2025-10-18 00:20:26'),
('39', '5', '5', '61', '4', '42', '13', NULL, NULL, 'pending_confirmation', NULL, NULL, '2025-10-18 17:25:40', '2025-10-18 17:25:40'),
('40', '5', NULL, '63', '1', '43', NULL, 'KIOSK_TXN_68f3ce74859f57.71863120', NULL, 'pending_confirmation', NULL, NULL, '2025-10-18 17:29:24', '2025-10-18 17:29:24'),
('41', '5', '7', '64', '5', '44', '13', NULL, NULL, 'in_kitchen', NULL, NULL, '2025-10-18 17:45:50', '2025-10-18 17:45:50'),
('42', '5', NULL, '66', '6', '45', '13', 'TXN_68f3dc48227c63.69436210_587956', 'Make it spicy', 'in_kitchen', NULL, NULL, '2025-10-18 18:28:24', '2025-10-18 18:28:24'),
('43', '5', NULL, '68', '1', '46', '13', 'TXN_68fae377308866.64667514_242686', NULL, 'served', NULL, NULL, '2025-10-24 02:24:55', '2025-10-24 15:16:10'),
('44', '5', NULL, '70', '2', '47', '14', 'TXN_68fae4436c6376.32408368_690123', NULL, 'served', NULL, NULL, '2025-10-24 02:28:19', '2025-10-24 15:16:13'),
('45', '5', NULL, '72', '3', '48', '14', 'TXN_68fae4d68a5be2.70313865_172721', NULL, 'served', NULL, NULL, '2025-10-24 02:30:46', '2025-10-24 15:16:09'),
('46', '5', NULL, '74', '4', '49', '15', 'TXN_68fae5a469e1f0.38965568_491018', NULL, 'pending_confirmation', NULL, NULL, '2025-10-24 02:34:12', '2025-10-24 02:34:12'),
('47', '5', NULL, '76', '5', '50', NULL, 'KIOSK_TXN_68fae6f37dcbb1.17912335', NULL, 'served', NULL, NULL, '2025-10-24 02:39:47', '2025-10-24 15:16:09'),
('48', '5', NULL, '78', '6', '51', '13', 'TXN_68fb33264034c1.82188861_150016', NULL, 'served', NULL, NULL, '2025-10-24 08:04:54', '2025-10-24 15:16:07'),
('49', '5', NULL, '80', '7', '52', '13', 'TXN_68fb936144c5c0.85366552_757268', 'Give water with it', 'served', NULL, NULL, '2025-10-24 14:55:29', '2025-10-24 15:15:12'),
('50', '5', '7', '81', '8', '53', '13', NULL, NULL, 'served', NULL, NULL, '2025-10-24 15:03:18', '2025-10-24 15:15:17'),
('51', '5', '5', '82', '9', '53', '13', NULL, NULL, 'served', NULL, NULL, '2025-10-24 15:03:18', '2025-10-24 15:15:11'),
('52', '5', '7', '82', '10', '54', '13', NULL, NULL, 'served', NULL, NULL, '2025-10-24 15:12:01', '2025-10-24 15:15:09'),
('53', '5', '7', '83', '11', '55', '13', NULL, NULL, 'served', NULL, NULL, '2025-10-24 15:17:55', '2025-10-24 15:18:51'),
('54', '5', '5', '84', '12', '55', '13', NULL, NULL, 'served', NULL, NULL, '2025-10-24 15:17:55', '2025-10-24 15:18:50'),
('55', '5', NULL, '85', '13', '56', NULL, 'KIOSK_TXN_68fb990c30d636.60122123', NULL, 'served', NULL, NULL, '2025-10-24 15:19:40', '2025-10-24 15:21:02'),
('56', '3', NULL, '6', NULL, '57', '8', 'TXN_68fc57f0399db1.50117952_364289', NULL, 'pending_confirmation', NULL, NULL, '2025-10-25 04:54:08', '2025-10-25 04:54:08'),
('57', '5', NULL, '87', '1', '58', '14', 'TXN_68fc6d77230d03.96692444_378586', NULL, 'pending_confirmation', NULL, NULL, '2025-10-25 06:25:59', '2025-10-25 06:25:59'),
('58', '5', NULL, '89', '2', '59', '13', 'TXN_68fc6e5acfbd48.90231901_253331', NULL, 'pending_confirmation', NULL, NULL, '2025-10-25 06:29:46', '2025-10-25 06:29:46'),
('59', '5', NULL, '91', '3', '60', '14', 'TXN_68fc77830b1da2.56348875_457592', NULL, 'pending_confirmation', NULL, NULL, '2025-10-25 07:08:51', '2025-10-25 07:08:51'),
('60', '5', NULL, '93', '4', '61', '13', 'TXN_68fccb07228e12.18684759_803076', NULL, 'served', NULL, NULL, '2025-10-25 13:05:11', '2025-10-25 13:09:46'),
('61', '5', NULL, '95', '5', '62', '13', 'TXN_68fccb611eea08.93188830_842371', NULL, 'pending_confirmation', NULL, NULL, '2025-10-25 13:06:41', '2025-10-25 13:06:41'),
('62', '5', '5', '96', '6', '63', '13', NULL, NULL, 'served', NULL, NULL, '2025-10-25 13:22:55', '2025-10-25 13:23:33'),
('63', '5', NULL, '98', '7', '64', '13', 'TXN_68fcd0f94a08b4.58067945_556267', NULL, 'served', NULL, NULL, '2025-10-25 13:30:33', '2025-10-25 13:32:25'),
('64', '5', NULL, '100', '1', '65', '13', 'TXN_68ff2e669fdda2.19244022_537360', NULL, 'pending_confirmation', NULL, NULL, '2025-10-27 08:33:42', '2025-10-27 08:33:42'),
('65', '5', NULL, '102', '2', '66', '14', 'TXN_68ff3ee7afeeb1.84124161_154687', NULL, 'pending_confirmation', NULL, NULL, '2025-10-27 09:44:07', '2025-10-27 09:44:07'),
('66', '5', NULL, '104', '1', '67', '13', 'TXN_6904cd1be4d188.53805857_163380', NULL, 'served', NULL, NULL, '2025-10-31 14:52:11', '2025-10-31 14:54:07'),
('67', '5', NULL, '106', '1', '68', '14', 'TXN_690cb00a55da05.48803001_906465', NULL, 'pending_confirmation', NULL, NULL, '2025-11-06 14:26:18', '2025-11-06 14:26:18'),
('68', '5', NULL, '108', '1', '69', '14', 'TXN_690efbfc54c7b5.77165461_252028', NULL, 'pending_confirmation', NULL, NULL, '2025-11-08 08:14:52', '2025-11-08 08:14:52'),
('69', '5', NULL, '110', '1', '70', '14', 'TXN_6925767fc285f2.33668884_993165', NULL, 'food_ready', NULL, NULL, '2025-11-25 09:27:27', '2025-11-25 09:34:50'),
('70', '3', NULL, '8', NULL, '71', '8', 'TXN_692586a92d46a5.98952834_872162', NULL, 'pending_confirmation', NULL, NULL, '2025-11-25 10:36:25', '2025-11-25 10:36:25');


-- Table structure for table `language_pack_settings`
CREATE TABLE `language_pack_settings` (
  `id` bigint(20) unsigned NOT NULL AUTO_INCREMENT,
  `purchase_code` varchar(191) DEFAULT NULL,
  `supported_until` timestamp NULL DEFAULT NULL,
  `purchased_on` timestamp NULL DEFAULT NULL,
  `license_type` varchar(20) DEFAULT NULL,
  `notify_update` tinyint(1) NOT NULL DEFAULT 1,
  `created_at` timestamp NULL DEFAULT NULL,
  `updated_at` timestamp NULL DEFAULT NULL,
  PRIMARY KEY (`id`)
) ENGINE=InnoDB AUTO_INCREMENT=2 DEFAULT CHARSET=utf8mb4 COLLATE=utf8mb4_unicode_ci;

-- Dumping data for table `language_pack_settings`
INSERT INTO `language_pack_settings` VALUES
('1', '65100125-205d-420e-b03c-0faa1e6f02b9', '2026-04-16 03:07:13', NULL, NULL, '1', '2025-09-17 05:48:26', '2025-10-15 12:17:11');


-- Table structure for table `language_settings`
CREATE TABLE `language_settings` (
  `id` bigint(20) unsigned NOT NULL AUTO_INCREMENT,
  `language_code` varchar(191) NOT NULL,
  `language_name` varchar(191) NOT NULL,
  `flag_code` varchar(191) NOT NULL,
  `active` tinyint(1) NOT NULL DEFAULT 1,
  `is_rtl` tinyint(1) NOT NULL DEFAULT 0,
  `created_at` timestamp NULL DEFAULT NULL,
  `updated_at` timestamp NULL DEFAULT NULL,
  PRIMARY KEY (`id`)
) ENGINE=InnoDB AUTO_INCREMENT=20 DEFAULT CHARSET=utf8mb4 COLLATE=utf8mb4_unicode_ci;

-- Dumping data for table `language_settings`
INSERT INTO `language_settings` VALUES
('1', 'en', 'English', 'gb', '1', '0', NULL, '2025-11-15 10:43:17'),
('2', 'ar', 'Arabic', 'sa', '0', '1', NULL, '2025-11-15 10:43:17'),
('3', 'de', 'German', 'de', '0', '0', NULL, '2025-11-15 10:43:17'),
('4', 'es', 'Spanish', 'es', '1', '0', NULL, '2025-11-15 10:43:17'),
('5', 'et', 'Estonian', 'et', '0', '0', NULL, '2025-11-15 10:43:17'),
('6', 'fa', 'Farsi', 'ir', '0', '1', NULL, '2025-11-15 10:43:17'),
('7', 'fr', 'French', 'ca', '1', '0', NULL, '2025-11-15 10:43:17'),
('8', 'el', 'Greek', 'gr', '0', '0', NULL, '2025-11-15 10:43:17'),
('9', 'it', 'Italian', 'it', '0', '0', NULL, '2025-11-15 10:43:17'),
('10', 'nl', 'Dutch', 'nl', '0', '0', NULL, '2025-11-15 10:43:17'),
('11', 'pl', 'Polish', 'pl', '0', '0', NULL, '2025-11-15 10:43:17'),
('12', 'pt', 'Portuguese', 'pt', '0', '0', NULL, '2025-11-15 10:43:17'),
('13', 'pt-br', 'Portuguese (Brazil)', 'br', '0', '0', NULL, '2025-11-15 10:43:17'),
('14', 'ro', 'Romanian', 'ro', '0', '0', NULL, '2025-11-15 10:43:17'),
('15', 'ru', 'Russian', 'ru', '0', '0', NULL, '2025-11-15 10:43:17'),
('16', 'tr', 'Turkish', 'tr', '0', '0', NULL, '2025-11-15 10:43:17'),
('17', 'zh-CN', 'Chinese (S)', 'cn', '0', '0', NULL, '2025-11-15 10:43:17'),
('18', 'zh-TW', 'Chinese (T)', 'cn', '0', '0', NULL, '2025-11-15 10:43:17'),
('19', 'pa', 'ਪੰਜਾਬੀ', 'ca', '1', '0', '2025-10-25 08:41:54', '2025-11-15 10:43:17');


-- Table structure for table `ltm_translations`
CREATE TABLE `ltm_translations` (
  `id` bigint(20) unsigned NOT NULL AUTO_INCREMENT,
  `status` int(11) NOT NULL DEFAULT 0,
  `locale` varchar(191) NOT NULL,
  `group` varchar(191) NOT NULL,
  `key` text NOT NULL,
  `value` text DEFAULT NULL,
  `created_at` timestamp NULL DEFAULT NULL,
  `updated_at` timestamp NULL DEFAULT NULL,
  PRIMARY KEY (`id`)
) ENGINE=InnoDB AUTO_INCREMENT=15353 DEFAULT CHARSET=utf8mb4 COLLATE=utf8mb4_bin;









INSERT INTO `ltm_translations` VALUES
('4001', '0', 'fr', 'modules', 'menu.taxInclusiveInfo', 'Le prix comprend une taxe :percent% (: taxe) sur le montant de la base :base.', '2025-10-25 07:36:00', '2025-10-25 08:07:48'),
('4002', '0', 'fr', 'modules', 'menu.taxExclusiveInfo', 'Le prix exclut la taxe :percent% (: taxe) sur le montant de la base :base.', '2025-10-25 07:36:00', '2025-10-25 08:07:48'),
('4003', '0', 'fr', 'modules', 'menu.taxBreakdown', 'Ventilation des impôts', '2025-10-25 07:36:00', '2025-10-25 08:07:48'),
('4004', '0', 'fr', 'modules', 'menu.fromActualBreakdown', 'De la ventilation réelle', '2025-10-25 07:36:00', '2025-10-25 08:07:48'),
('4005', '0', 'fr', 'modules', 'menu.basePrice', 'Prix ​​de base', '2025-10-25 07:36:00', '2025-10-25 08:07:48'),
('4006', '0', 'fr', 'modules', 'menu.tax', 'Impôt', '2025-10-25 07:36:00', '2025-10-25 08:07:48'),
('4007', '0', 'fr', 'modules', 'menu.total', 'Total', '2025-10-25 07:36:00', '2025-10-25 08:07:48'),
('4008', '0', 'fr', 'modules', 'menu.priceIncludesTax', 'Ce prix comprend une taxe (tarification inclusive fiscale)', '2025-10-25 07:36:00', '2025-10-25 08:07:48'),
('4009', '0', 'fr', 'modules', 'menu.taxAddedToPrice', 'Une taxe sera ajoutée à ce prix (tarification fiscale exclusive)', '2025-10-25 07:36:00', '2025-10-25 08:07:48'),
('4010', '0', 'fr', 'modules', 'menu.selectTaxes', 'Sélectionnez les taxes applicables', '2025-10-25 07:36:00', '2025-10-25 08:07:48'),
('4011', '0', 'fr', 'modules', 'menu.inStock', 'En stock', '2025-10-25 07:36:00', '2025-10-25 08:07:48'),
('4012', '0', 'fr', 'modules', 'menu.typeHalal', 'Halal', '2025-10-25 07:36:00', '2025-10-25 08:07:48'),
('4013', '0', 'fr', 'modules', 'menu.bulkUpload', 'Téléchargement en vrac', '2025-10-25 07:36:00', '2025-10-25 08:07:48'),
('4014', '0', 'fr', 'modules', 'menu.bulkUploadMenuItems', 'Éléments de menu de téléchargement en vrac', '2025-10-25 07:36:00', '2025-10-25 08:07:48'),
('4015', '0', 'fr', 'modules', 'menu.uploadFile', 'Télécharger le fichier', '2025-10-25 07:36:00', '2025-10-25 08:07:48'),
('4016', '0', 'fr', 'modules', 'menu.dragDropFile', 'Faites glisser et déposez votre fichier CSV ou Excel ici, ou cliquez pour parcourir', '2025-10-25 07:36:00', '2025-10-25 08:07:48'),
('4017', '0', 'fr', 'modules', 'menu.chooseFile', 'Choisir le fichier', '2025-10-25 07:36:00', '2025-10-25 08:07:48'),
('4018', '0', 'fr', 'modules', 'menu.selectKitchen', 'Sélectionner la cuisine', '2025-10-25 07:36:00', '2025-10-25 08:07:48'),
('4019', '0', 'fr', 'modules', 'menu.selectKitchenDescription', 'Choisissez la cuisine à laquelle ces éléments de menu seront affectés:', '2025-10-25 07:36:00', '2025-10-25 08:07:48'),
('4020', '0', 'fr', 'modules', 'menu.kitchenSelected', 'Cuisine sélectionnée:', '2025-10-25 07:36:00', '2025-10-25 08:07:48'),
('4021', '0', 'fr', 'modules', 'menu.startImport', 'Commencer à importer', '2025-10-25 07:36:00', '2025-10-25 08:07:48'),
('4022', '0', 'fr', 'modules', 'menu.startNewUpload', 'Démarrer un nouveau téléchargement', '2025-10-25 07:36:00', '2025-10-25 08:07:48'),
('4023', '0', 'fr', 'modules', 'menu.importInProgress', 'Importation en cours', '2025-10-25 07:36:00', '2025-10-25 08:07:48'),
('4024', '0', 'fr', 'modules', 'menu.validatingFile', 'Fichier de validation ...', '2025-10-25 07:36:00', '2025-10-25 08:07:48'),
('4025', '0', 'fr', 'modules', 'menu.processingData', 'Traitement des données ...', '2025-10-25 07:36:00', '2025-10-25 08:07:48'),
('4026', '0', 'fr', 'modules', 'menu.countingRows', 'Compter les lignes', '2025-10-25 07:36:00', '2025-10-25 08:07:48'),
('4027', '0', 'fr', 'modules', 'menu.processingRow', 'Ligne de traitement', '2025-10-25 07:36:00', '2025-10-25 08:07:48'),
('4028', '0', 'fr', 'modules', 'menu.importingData', 'Importation de données', '2025-10-25 07:36:00', '2025-10-25 08:07:48'),
('4029', '0', 'fr', 'modules', 'menu.finalizingImport', 'Finaliser l\'importation', '2025-10-25 07:36:00', '2025-10-25 08:07:48'),
('4030', '0', 'fr', 'modules', 'menu.importCompleted', 'Importation terminée', '2025-10-25 07:36:00', '2025-10-25 08:07:48'),
('4031', '0', 'fr', 'modules', 'menu.importFailed', 'Échec de l\'importation', '2025-10-25 07:36:00', '2025-10-25 08:07:48'),
('4032', '0', 'fr', 'modules', 'menu.importSummary', 'Résumé des importations', '2025-10-25 07:36:00', '2025-10-25 08:07:48'),
('4033', '0', 'fr', 'modules', 'menu.totalRecords', 'Records totaux', '2025-10-25 07:36:00', '2025-10-25 08:07:48'),
('4034', '0', 'fr', 'modules', 'menu.successfulImports', 'Importations réussies', '2025-10-25 07:36:00', '2025-10-25 08:07:48'),
('4035', '0', 'fr', 'modules', 'menu.failedImports', 'Échec des importations', '2025-10-25 07:36:00', '2025-10-25 08:07:48'),
('4036', '0', 'fr', 'modules', 'menu.autoCreated', 'Créé automatiquement', '2025-10-25 07:36:00', '2025-10-25 08:07:48'),
('4037', '0', 'fr', 'modules', 'menu.categoriesCreated', 'Catégories créées', '2025-10-25 07:36:00', '2025-10-25 08:07:48'),
('4038', '0', 'fr', 'modules', 'menu.menusCreated', 'Menus créés', '2025-10-25 07:36:00', '2025-10-25 08:07:48'),
('4039', '0', 'fr', 'modules', 'menu.importErrors', 'Erreurs d\'importation', '2025-10-25 07:36:00', '2025-10-25 08:07:48'),
('4040', '0', 'fr', 'modules', 'menu.downloadSampleFile', 'Télécharger un exemple de fichier', '2025-10-25 07:36:00', '2025-10-25 08:07:48'),
('4041', '0', 'fr', 'modules', 'menu.requiredColumns', 'Colonnes requises', '2025-10-25 07:36:00', '2025-10-25 08:07:48'),
('4042', '0', 'fr', 'modules', 'menu.requiredColumnsDescription', 'Votre fichier CSV doit inclure ces colonnes:', '2025-10-25 07:36:00', '2025-10-25 08:07:48'),
('4043', '0', 'fr', 'modules', 'menu.availableInSystem', 'Disponible dans votre système', '2025-10-25 07:36:00', '2025-10-25 08:07:48'),
('4044', '0', 'fr', 'modules', 'menu.availableInSystemDescription', 'Utilisez ces noms exacts dans votre fichier CSV ou créez de nouveaux - ils seront créés automatiquement en cas de manque.', '2025-10-25 07:36:00', '2025-10-25 08:07:48'),
('4045', '0', 'fr', 'modules', 'menu.categories', 'Catégories', '2025-10-25 07:36:00', '2025-10-25 08:07:48'),
('4046', '0', 'fr', 'modules', 'menu.menus', 'Menus', '2025-10-25 07:36:00', '2025-10-25 08:07:48'),
('4047', '0', 'fr', 'modules', 'menu.kitchens', 'Cuisines', '2025-10-25 07:36:00', '2025-10-25 08:07:48'),
('4048', '0', 'fr', 'modules', 'menu.importInstructions', 'Importer des instructions', '2025-10-25 07:36:00', '2025-10-25 08:07:48'),
('4049', '0', 'fr', 'modules', 'menu.importInstructionsDescription', 'Suivez ces étapes pour importer en vrac vos éléments de menu:', '2025-10-25 07:36:00', '2025-10-25 08:07:48'),
('4050', '0', 'fr', 'modules', 'menu.step1', 'Étape 1: Téléchargez l\'exemple de fichier pour voir le format requis', '2025-10-25 07:36:00', '2025-10-25 08:07:48'),
('4051', '0', 'fr', 'modules', 'menu.step2', 'Étape 2: Remplissez les données de votre élément de menu à l\'aide de l\'échantillon comme guide', '2025-10-25 07:36:00', '2025-10-25 08:07:48'),
('4052', '0', 'fr', 'modules', 'menu.step3', 'Étape 3: Téléchargez votre fichier terminé et sélectionnez une cuisine', '2025-10-25 07:36:00', '2025-10-25 08:07:48'),
('4053', '0', 'fr', 'modules', 'menu.step4', 'Étape 4: Cliquez sur \"Démarrer l\'importation\" pour commencer le processus', '2025-10-25 07:36:00', '2025-10-25 08:07:48'),
('4054', '0', 'fr', 'modules', 'menu.tryAgain', 'Essayer à nouveau', '2025-10-25 07:36:00', '2025-10-25 08:07:48'),
('4055', '0', 'fr', 'modules', 'menu.done', 'Fait', '2025-10-25 07:36:00', '2025-10-25 08:07:48'),
('4056', '0', 'fr', 'modules', 'menu.close', 'Fermer', '2025-10-25 07:36:00', '2025-10-25 08:07:48'),
('4057', '0', 'fr', 'modules', 'menu.backToMenuItems', 'Retour aux éléments de menu', '2025-10-25 07:36:00', '2025-10-25 08:07:48'),
('4058', '0', 'fr', 'modules', 'menu.csvPreview', 'Aperçu du CSV', '2025-10-25 07:36:00', '2025-10-25 08:07:48'),
('4059', '0', 'fr', 'modules', 'menu.reviewAndMapColumns', 'Passez en revue vos données et cartez les colonnes CSV dans les champs de base de données', '2025-10-25 07:36:00', '2025-10-25 08:07:48'),
('4060', '0', 'fr', 'modules', 'menu.columnMapping', 'Cartographie des colonnes', '2025-10-25 07:36:00', '2025-10-25 08:07:48'),
('4061', '0', 'fr', 'modules', 'menu.dataPreview', 'Aperçu des données', '2025-10-25 07:36:00', '2025-10-25 08:07:48'),
('4062', '0', 'fr', 'modules', 'menu.type', 'Taper', '2025-10-25 07:36:00', '2025-10-25 08:07:48'),
('4063', '0', 'fr', 'modules', 'table.allAreas', 'Toutes les zones', '2025-10-25 07:36:00', '2025-10-25 08:07:48'),
('4064', '0', 'fr', 'modules', 'table.addArea', 'Ajouter une zone', '2025-10-25 07:36:00', '2025-10-25 08:07:48'),
('4065', '0', 'fr', 'modules', 'table.editArea', 'Zone de modification', '2025-10-25 07:36:00', '2025-10-25 08:07:48'),
('4066', '0', 'fr', 'modules', 'table.areaName', 'Nom de zone', '2025-10-25 07:36:00', '2025-10-25 08:07:48'),
('4067', '0', 'fr', 'modules', 'table.noOfTables', 'Non de tables', '2025-10-25 07:36:00', '2025-10-25 08:07:48'),
('4068', '0', 'fr', 'modules', 'table.deleteArea', 'Supprimer la zone', '2025-10-25 07:36:00', '2025-10-25 08:07:48'),
('4069', '0', 'fr', 'modules', 'table.deleteAreaMessage', 'Êtes-vous sûr de vouloir supprimer la zone?', '2025-10-25 07:36:00', '2025-10-25 08:07:48'),
('4070', '0', 'fr', 'modules', 'table.seats', 'Siège (s)', '2025-10-25 07:36:00', '2025-10-25 08:07:48'),
('4071', '0', 'fr', 'modules', 'table.addTable', 'Ajouter la table', '2025-10-25 07:36:00', '2025-10-25 08:07:48'),
('4072', '0', 'fr', 'modules', 'table.editTable', 'Tableau de modification', '2025-10-25 07:36:00', '2025-10-25 08:07:48'),
('4073', '0', 'fr', 'modules', 'table.tableView', 'Vue de la table', '2025-10-25 07:36:00', '2025-10-25 08:07:48'),
('4074', '0', 'fr', 'modules', 'table.tableCode', 'Code de table', '2025-10-25 07:36:00', '2025-10-25 08:07:48'),
('4075', '0', 'fr', 'modules', 'table.chooseArea', 'Choisir la zone', '2025-10-25 07:36:00', '2025-10-25 08:07:48'),
('4076', '0', 'fr', 'modules', 'table.seatingCapacity', 'Capacité de sièges', '2025-10-25 07:36:00', '2025-10-25 08:07:48'),
('4077', '0', 'fr', 'modules', 'table.table', 'Tableau', '2025-10-25 07:36:00', '2025-10-25 08:07:48'),
('4078', '0', 'fr', 'modules', 'table.available', 'Disponible', '2025-10-25 07:36:00', '2025-10-25 08:07:48'),
('4079', '0', 'fr', 'modules', 'table.running', 'En cours d\'exécution', '2025-10-25 07:36:00', '2025-10-25 08:07:48'),
('4080', '0', 'fr', 'modules', 'table.reserved', 'Réservé', '2025-10-25 07:36:00', '2025-10-25 08:07:48'),
('4081', '0', 'fr', 'modules', 'table.filterAvailable', 'Filtre par disponibilité', '2025-10-25 07:36:00', '2025-10-25 08:07:48'),
('4082', '0', 'fr', 'modules', 'table.availableTables', 'Tables disponibles', '2025-10-25 07:36:00', '2025-10-25 08:07:48'),
('4083', '0', 'fr', 'modules', 'table.deleteTable', 'Supprimer la table?', '2025-10-25 07:36:00', '2025-10-25 08:07:48'),
('4084', '0', 'fr', 'modules', 'table.deleteTableMessage', 'Êtes-vous sûr de vouloir supprimer la table?', '2025-10-25 07:36:00', '2025-10-25 08:07:48'),
('4085', '0', 'fr', 'modules', 'table.selectTable', 'Sélectionner la table', '2025-10-25 07:36:00', '2025-10-25 08:07:48'),
('4086', '0', 'fr', 'modules', 'table.tableAvailability', 'Disponibilité du tableau', '2025-10-25 07:36:00', '2025-10-25 08:07:48'),
('4087', '0', 'fr', 'modules', 'table.generateQrCode', 'Générer du code QR', '2025-10-25 07:36:00', '2025-10-25 08:07:48'),
('4088', '0', 'fr', 'modules', 'table.tableLockManager', 'Gestionnaire de verrouillage de table', '2025-10-25 07:36:00', '2025-10-25 08:07:48'),
('4089', '0', 'fr', 'modules', 'table.totalLocked', 'Totalement verrouillé', '2025-10-25 07:36:00', '2025-10-25 08:07:48'),
('4090', '0', 'fr', 'modules', 'table.expiredLocks', 'Serrures expirées', '2025-10-25 07:36:00', '2025-10-25 08:07:48'),
('4091', '0', 'fr', 'modules', 'table.lockTimeout', 'Délai de verrouillage', '2025-10-25 07:36:00', '2025-10-25 08:07:48'),
('4092', '0', 'fr', 'modules', 'table.cleanupExpiredLocks', 'Nettoyer les verrous expirés', '2025-10-25 07:36:00', '2025-10-25 08:07:48'),
('4093', '0', 'fr', 'modules', 'table.currentlyLockedTables', 'Tables actuellement verrouillées', '2025-10-25 07:36:00', '2025-10-25 08:07:48'),
('4094', '0', 'fr', 'modules', 'table.noLockedTables', 'Aucune table n\'est actuellement verrouillée', '2025-10-25 07:36:00', '2025-10-25 08:07:48'),
('4095', '0', 'fr', 'modules', 'table.lockedBy', 'Verrouillé par', '2025-10-25 07:36:00', '2025-10-25 08:07:48'),
('4096', '0', 'fr', 'modules', 'table.lockedAt', 'Verrouillé à', '2025-10-25 07:36:00', '2025-10-25 08:07:48'),
('4097', '0', 'fr', 'modules', 'table.area', 'Zone', '2025-10-25 07:36:00', '2025-10-25 08:07:48'),
('4098', '0', 'fr', 'modules', 'table.forceUnlock', 'Forcer le déverrouillage', '2025-10-25 07:36:00', '2025-10-25 08:07:48'),
('4099', '0', 'fr', 'modules', 'table.confirmForceUnlock', 'Êtes-vous sûr de vouloir forcer le déverrouillage de cette table ?', '2025-10-25 07:36:00', '2025-10-25 08:07:48'),
('4100', '0', 'fr', 'modules', 'table.locked', 'Fermé', '2025-10-25 07:36:00', '2025-10-25 08:07:48'),
('4101', '0', 'fr', 'modules', 'table.lockedByYou', 'Verrouillé par toi', '2025-10-25 07:36:00', '2025-10-25 08:07:48'),
('4102', '0', 'fr', 'modules', 'table.tableLocked', 'Table verrouillée', '2025-10-25 07:36:00', '2025-10-25 08:07:48'),
('4103', '0', 'fr', 'modules', 'table.tableUnlocked', 'Tableau débloqué', '2025-10-25 07:36:00', '2025-10-25 08:07:48'),
('4104', '0', 'fr', 'modules', 'table.lockExpired', 'Verrouillage expiré', '2025-10-25 07:36:00', '2025-10-25 08:07:48'),
('4105', '0', 'fr', 'modules', 'table.lockTooltip', 'Survolez pour plus de détails', '2025-10-25 07:36:00', '2025-10-25 08:07:48'),
('4106', '0', 'fr', 'modules', 'table.realTimeUpdates', 'Mises à jour en temps réel', '2025-10-25 07:36:00', '2025-10-25 08:07:48'),
('4107', '0', 'fr', 'modules', 'table.refreshInterval', 'Intervalle d\'actualisation', '2025-10-25 07:36:00', '2025-10-25 08:07:48'),
('4108', '0', 'fr', 'modules', 'table.refresh', 'Rafraîchir', '2025-10-25 07:36:00', '2025-10-25 08:07:48'),
('4109', '0', 'fr', 'modules', 'order.date', 'Date', '2025-10-25 07:36:00', '2025-10-25 08:07:48'),
('4110', '0', 'fr', 'modules', 'order.dateParts', 'Pièces de dates', '2025-10-25 07:36:00', '2025-10-25 08:07:48'),
('4111', '0', 'fr', 'modules', 'order.showYear', 'Année de spectacle', '2025-10-25 07:36:00', '2025-10-25 08:07:48'),
('4112', '0', 'fr', 'modules', 'order.showMonth', 'Mois du spectacle', '2025-10-25 07:36:00', '2025-10-25 08:07:48'),
('4113', '0', 'fr', 'modules', 'order.showDay', 'Jour de spectacle', '2025-10-25 07:36:00', '2025-10-25 08:07:48'),
('4114', '0', 'fr', 'modules', 'order.showTime', 'Afficher l\'heure', '2025-10-25 07:36:00', '2025-10-25 08:07:48'),
('4115', '0', 'fr', 'modules', 'order.custom', 'Coutume', '2025-10-25 07:36:00', '2025-10-25 08:07:48'),
('4116', '0', 'fr', 'modules', 'order.qty', 'Qté', '2025-10-25 07:36:00', '2025-10-25 08:07:48'),
('4117', '0', 'fr', 'modules', 'order.price', 'Prix', '2025-10-25 07:36:00', '2025-10-25 08:07:48'),
('4118', '0', 'fr', 'modules', 'order.amount', 'Montant', '2025-10-25 07:36:00', '2025-10-25 08:07:48'),
('4119', '0', 'fr', 'modules', 'order.balanceReturn', 'Solde retourné', '2025-10-25 07:36:00', '2025-10-25 08:07:48'),
('4120', '0', 'fr', 'modules', 'order.noOfPax', 'PAX', '2025-10-25 07:36:00', '2025-10-25 08:07:48'),
('4121', '0', 'fr', 'modules', 'order.selectWaiter', 'Sélectionner le serveur', '2025-10-25 07:36:00', '2025-10-25 08:07:48'),
('4122', '0', 'fr', 'modules', 'order.selectDeliveryExecutive', 'Sélectionner le cadre de la livraison', '2025-10-25 07:36:00', '2025-10-25 08:07:48'),
('4123', '0', 'fr', 'modules', 'order.totalItem', 'Articles)', '2025-10-25 07:36:00', '2025-10-25 08:07:48'),
('4124', '0', 'fr', 'modules', 'order.subTotal', 'Sous-total', '2025-10-25 07:36:00', '2025-10-25 08:07:48'),
('4125', '0', 'fr', 'modules', 'order.total', 'Total', '2025-10-25 07:36:00', '2025-10-25 08:07:48'),
('4126', '0', 'fr', 'modules', 'order.totalOrder', 'Commandes totales', '2025-10-25 07:36:00', '2025-10-25 08:07:48'),
('4127', '0', 'fr', 'modules', 'order.orderNumber', 'Commande', '2025-10-25 07:36:00', '2025-10-25 08:07:48'),
('4128', '0', 'fr', 'modules', 'order.prefixType', 'Type de préfixe', '2025-10-25 07:36:00', '2025-10-25 08:07:48'),
('4129', '0', 'fr', 'modules', 'order.customPrefix', 'Préfixe personnalisé', '2025-10-25 07:36:00', '2025-10-25 08:07:48'),
('4130', '0', 'fr', 'modules', 'order.resetDaily', 'Réinitialiser la séquence quotidiennement', '2025-10-25 07:36:00', '2025-10-25 08:07:48'),
('4131', '0', 'fr', 'modules', 'order.resetDailyHelp', 'Si elle est activée, la séquence de numéro de commande sera réinitialisée tous les jours.', '2025-10-25 07:36:00', '2025-10-25 08:07:48'),
('4132', '0', 'fr', 'modules', 'order.separator', 'Séparateur', '2025-10-25 07:36:00', '2025-10-25 08:07:48'),
('4133', '0', 'fr', 'modules', 'order.digits', 'Chiffres numériques', '2025-10-25 07:36:00', '2025-10-25 08:07:48'),
('4134', '0', 'fr', 'modules', 'order.preview', 'Prévisualisation', '2025-10-25 07:36:00', '2025-10-25 08:07:48'),
('4135', '0', 'fr', 'modules', 'order.previewHelp', 'Ceci est un aperçu en direct de la façon dont votre identifiant de commande prochain sera généré.', '2025-10-25 07:36:00', '2025-10-25 08:07:48'),
('4136', '0', 'fr', 'modules', 'order.select', 'Sélectionner', '2025-10-25 07:36:00', '2025-10-25 08:07:48'),
('4137', '0', 'fr', 'modules', 'order.setTable', 'Affecter la table', '2025-10-25 07:36:00', '2025-10-25 08:07:48'),
('4138', '0', 'fr', 'modules', 'order.changeTable', 'Changer de table', '2025-10-25 07:36:00', '2025-10-25 08:07:48'),
('4139', '0', 'fr', 'modules', 'order.kot', 'Kot', '2025-10-25 07:36:00', '2025-10-25 08:07:48'),
('4140', '0', 'fr', 'modules', 'order.kotAndPrint', 'Kot et imprimé', '2025-10-25 07:36:00', '2025-10-25 08:07:48'),
('4141', '0', 'fr', 'modules', 'order.print_kot', 'Imprimer Kot', '2025-10-25 07:36:00', '2025-10-25 08:07:48'),
('4142', '0', 'fr', 'modules', 'order.newKot', 'Nouveau kot', '2025-10-25 07:36:00', '2025-10-25 08:07:48'),
('4143', '0', 'fr', 'modules', 'order.bill', 'FACTURE', '2025-10-25 07:36:00', '2025-10-25 08:07:48'),
('4144', '0', 'fr', 'modules', 'order.draft', 'En attendant Kot', '2025-10-25 07:36:00', '2025-10-25 08:07:48'),
('4145', '0', 'fr', 'modules', 'order.billed', 'Facturé', '2025-10-25 07:36:00', '2025-10-25 08:07:48'),
('4146', '0', 'fr', 'modules', 'order.paid', 'Payé', '2025-10-25 07:36:00', '2025-10-25 08:07:48'),
('4147', '0', 'fr', 'modules', 'order.payment_due', 'Paiement dû', '2025-10-25 07:36:00', '2025-10-25 08:07:48'),
('4148', '0', 'fr', 'modules', 'order.canceled', 'Annulé', '2025-10-25 07:36:00', '2025-10-25 08:07:48'),
('4149', '0', 'fr', 'modules', 'order.infodraft', 'Pas envoyé à la cuisine', '2025-10-25 07:36:00', '2025-10-25 08:07:48'),
('4150', '0', 'fr', 'modules', 'order.infokot', 'Cuisiner maintenant', '2025-10-25 07:36:00', '2025-10-25 08:07:48'),
('4151', '0', 'fr', 'modules', 'order.infobilled', 'En attente de paiement', '2025-10-25 07:36:00', '2025-10-25 08:07:48'),
('4152', '0', 'fr', 'modules', 'order.infopaid', 'Paiement effectué', '2025-10-25 07:36:00', '2025-10-25 08:07:48'),
('4153', '0', 'fr', 'modules', 'order.infopayment_due', 'Le paiement est en attente', '2025-10-25 07:36:00', '2025-10-25 08:07:48'),
('4154', '0', 'fr', 'modules', 'order.infocanceled', 'Commande annulée', '2025-10-25 07:36:00', '2025-10-25 08:07:48'),
('4155', '0', 'fr', 'modules', 'order.addCustomerDetails', 'Ajouter les détails du client', '2025-10-25 07:36:00', '2025-10-25 08:07:48'),
('4156', '0', 'fr', 'modules', 'order.addPayment', 'Ajouter un paiement', '2025-10-25 07:36:00', '2025-10-25 08:07:48'),
('4157', '0', 'fr', 'modules', 'order.addItems', 'Ajouter des articles', '2025-10-25 07:36:00', '2025-10-25 08:07:48'),
('4158', '0', 'fr', 'modules', 'order.waiter', 'Serveur', '2025-10-25 07:36:00', '2025-10-25 08:07:48'),
('4159', '0', 'fr', 'modules', 'order.in_kitchen', 'Dans la cuisine', '2025-10-25 07:36:00', '2025-10-25 08:07:48'),
('4160', '0', 'fr', 'modules', 'order.start_cooking', 'Commencer à cuisiner', '2025-10-25 07:36:00', '2025-10-25 08:07:48'),
('4161', '0', 'fr', 'modules', 'order.food_ready', 'La nourriture est prête', '2025-10-25 07:36:00', '2025-10-25 08:07:48'),
('4162', '0', 'fr', 'modules', 'order.pending_confirmation', 'Confirmation en attente', '2025-10-25 07:36:00', '2025-10-25 08:07:48'),
('4163', '0', 'fr', 'modules', 'order.served', 'La nourriture est servie', '2025-10-25 07:36:00', '2025-10-25 08:07:48'),
('4164', '0', 'fr', 'modules', 'order.addNote', 'Ajouter', '2025-10-25 07:36:00', '2025-10-25 08:07:48'),
('4165', '0', 'fr', 'modules', 'order.orderNote', 'Note de commande', '2025-10-25 07:36:00', '2025-10-25 08:07:48'),
('4166', '0', 'fr', 'modules', 'order.cancelKot', 'Annuler Kot', '2025-10-25 07:36:00', '2025-10-25 08:07:48'),
('4167', '0', 'fr', 'modules', 'order.cancelKotMessage', 'Cela annulera le KOT.', '2025-10-25 07:36:00', '2025-10-25 08:07:48'),
('4168', '0', 'fr', 'modules', 'order.showOrder', 'Ordre de spectacle', '2025-10-25 07:36:00', '2025-10-25 08:07:48'),
('4169', '0', 'fr', 'modules', 'order.cash', 'Espèces', '2025-10-25 07:36:00', '2025-10-25 08:07:48'),
('4170', '0', 'fr', 'modules', 'order.card', 'Carte', '2025-10-25 07:36:00', '2025-10-25 08:07:48'),
('4171', '0', 'fr', 'modules', 'order.upi', 'Upi', '2025-10-25 07:36:00', '2025-10-25 08:07:48'),
('4172', '0', 'fr', 'modules', 'order.due', 'Exigible', '2025-10-25 07:36:00', '2025-10-25 08:07:48'),
('4173', '0', 'fr', 'modules', 'order.other', 'Autre', '2025-10-25 07:36:00', '2025-10-25 08:07:48'),
('4174', '0', 'fr', 'modules', 'order.payViaCash', 'Payer par espèces', '2025-10-25 07:36:00', '2025-10-25 08:07:48'),
('4175', '0', 'fr', 'modules', 'order.payViacard', 'Payer par carte', '2025-10-25 07:36:00', '2025-10-25 08:07:48'),
('4176', '0', 'fr', 'modules', 'order.payViaupi', 'Payer via upi', '2025-10-25 07:36:00', '2025-10-25 08:07:48'),
('4177', '0', 'fr', 'modules', 'order.returnAmount', 'Montant à retourner', '2025-10-25 07:36:00', '2025-10-25 08:07:48'),
('4178', '0', 'fr', 'modules', 'order.payableAmount', 'Montant payable', '2025-10-25 07:36:00', '2025-10-25 08:07:48'),
('4179', '0', 'fr', 'modules', 'order.dueAmount', 'Montant dûment', '2025-10-25 07:36:00', '2025-10-25 08:07:48'),
('4180', '0', 'fr', 'modules', 'order.paymentMethod', 'Mode de paiement', '2025-10-25 07:36:00', '2025-10-25 08:07:48'),
('4181', '0', 'fr', 'modules', 'order.method', 'Méthode', '2025-10-25 07:36:00', '2025-10-25 08:07:48'),
('4182', '0', 'fr', 'modules', 'order.taxes', 'Taxes', '2025-10-25 07:36:00', '2025-10-25 08:07:48'),
('4183', '0', 'fr', 'modules', 'order.viewCart', 'Voir le chariot', '2025-10-25 07:36:00', '2025-10-25 08:07:48'),
('4184', '0', 'fr', 'modules', 'order.placeOrder', 'Passer la commande', '2025-10-25 07:36:00', '2025-10-25 08:07:48'),
('4185', '0', 'fr', 'modules', 'order.myOrders', 'Mes commandes', '2025-10-25 07:36:00', '2025-10-25 08:07:48'),
('4186', '0', 'fr', 'modules', 'order.includeTax', 'Comprend les taxes', '2025-10-25 07:36:00', '2025-10-25 08:07:48'),
('4187', '0', 'fr', 'modules', 'order.payNow', 'Payer maintenant', '2025-10-25 07:36:00', '2025-10-25 08:07:48'),
('4188', '0', 'fr', 'modules', 'order.payLater', 'Payer plus tard', '2025-10-25 07:36:00', '2025-10-25 08:07:48'),
('4189', '0', 'fr', 'modules', 'order.payViaQr', 'Payer via le code QR', '2025-10-25 07:36:00', '2025-10-25 08:07:48'),
('4190', '0', 'fr', 'modules', 'order.chooseGateway', 'Choisissez la passerelle de paiement', '2025-10-25 07:36:00', '2025-10-25 08:07:48'),
('4191', '0', 'fr', 'modules', 'order.razorpay', 'Razorpay', '2025-10-25 07:36:00', '2025-10-25 08:07:48'),
('4192', '0', 'fr', 'modules', 'order.stripe', 'Bande', '2025-10-25 07:36:00', '2025-10-25 08:07:48'),
('4193', '0', 'fr', 'modules', 'order.offline', 'Hors ligne', '2025-10-25 07:36:00', '2025-10-25 08:07:48'),
('4194', '0', 'fr', 'modules', 'order.flutterwave', 'Ondulation', '2025-10-25 07:36:00', '2025-10-25 08:07:48'),
('4195', '0', 'fr', 'modules', 'order.xendit', 'Xendit', '2025-10-25 07:36:00', '2025-10-25 08:07:48'),
('4196', '0', 'fr', 'modules', 'order.transactionId', 'ID de transaction', '2025-10-25 07:36:00', '2025-10-25 08:07:48'),
('4197', '0', 'fr', 'modules', 'order.cancelOrder', 'Annuler la commande', '2025-10-25 07:36:00', '2025-10-25 08:07:48'),
('4198', '0', 'fr', 'modules', 'order.cancelOrderMessage', 'Cela annulera la commande et supprimera tous les paiements associés. Êtes-vous sûr de vouloir procéder?', '2025-10-25 07:36:00', '2025-10-25 08:07:48'),
('4199', '0', 'fr', 'modules', 'order.activeOrder', 'Commandes actives', '2025-10-25 07:36:00', '2025-10-25 08:07:48'),
('4200', '0', 'fr', 'modules', 'order.todayOrder', 'Aujourd\'hui commandes', '2025-10-25 07:36:00', '2025-10-25 08:07:48'),
('4201', '0', 'fr', 'modules', 'order.dine_in', 'Dîner dans', '2025-10-25 07:36:00', '2025-10-25 08:07:48'),
('4202', '0', 'fr', 'modules', 'order.delivery', 'Livraison', '2025-10-25 07:36:00', '2025-10-25 08:07:48'),
('4203', '0', 'fr', 'modules', 'order.pickup', 'Ramasser', '2025-10-25 07:36:00', '2025-10-25 08:07:48'),
('4204', '0', 'fr', 'modules', 'order.pickupAt', 'Ramasser', '2025-10-25 07:36:00', '2025-10-25 08:07:48'),
('4205', '0', 'fr', 'modules', 'order.out_for_delivery', 'OUT pour livraison', '2025-10-25 07:36:00', '2025-10-25 08:07:48'),
('4206', '0', 'fr', 'modules', 'order.infoout_for_delivery', 'La commande est disponible pour la livraison', '2025-10-25 07:36:00', '2025-10-25 08:07:48'),
('4207', '0', 'fr', 'modules', 'order.delivered', 'Livré', '2025-10-25 07:36:00', '2025-10-25 08:07:48'),
('4208', '0', 'fr', 'modules', 'order.infodelivered', 'La commande est livrée', '2025-10-25 07:36:00', '2025-10-25 08:07:48'),
('4209', '0', 'fr', 'modules', 'order.newOrder', 'Nouvelle commande', '2025-10-25 07:36:00', '2025-10-25 08:07:48'),
('4210', '0', 'fr', 'modules', 'order.splitBill', 'Billet de fraction', '2025-10-25 07:36:00', '2025-10-25 08:07:48'),
('4211', '0', 'fr', 'modules', 'order.fullPayment', 'Paiement complet', '2025-10-25 07:36:00', '2025-10-25 08:07:48'),
('4212', '0', 'fr', 'modules', 'order.splitByItems', 'Se séparer par des articles', '2025-10-25 07:36:00', '2025-10-25 08:07:48'),
('4213', '0', 'fr', 'modules', 'order.availableItems', 'Articles disponibles', '2025-10-25 07:36:00', '2025-10-25 08:07:48'),
('4214', '0', 'fr', 'modules', 'order.clickToAdd', 'Cliquez sur l\'élément pour ajouter à Split', '2025-10-25 07:36:00', '2025-10-25 08:07:48'),
('4215', '0', 'fr', 'modules', 'order.itemsInSplit', 'Articles dans Split', '2025-10-25 07:36:00', '2025-10-25 08:07:48'),
('4216', '0', 'fr', 'modules', 'order.noItemsInSplit', 'Aucun article ajouté à cette scission', '2025-10-25 07:36:00', '2025-10-25 08:07:48'),
('4217', '0', 'fr', 'modules', 'order.newSplit', 'Nouvelle scission', '2025-10-25 07:36:00', '2025-10-25 08:07:48'),
('4218', '0', 'fr', 'modules', 'order.changeMethod', 'Méthode de modification', '2025-10-25 07:36:00', '2025-10-25 08:07:48'),
('4219', '0', 'fr', 'modules', 'order.equalSplit', 'Division égale', '2025-10-25 07:36:00', '2025-10-25 08:07:48'),
('4220', '0', 'fr', 'modules', 'order.splitEqually', 'Divisé également', '2025-10-25 07:36:00', '2025-10-25 08:07:48'),
('4221', '0', 'fr', 'modules', 'order.customSplit', 'Division personnalisée', '2025-10-25 07:36:00', '2025-10-25 08:07:48'),
('4222', '0', 'fr', 'modules', 'order.splitByAmount', 'Split par montant', '2025-10-25 07:36:00', '2025-10-25 08:07:48'),
('4223', '0', 'fr', 'modules', 'order.splitByDishes', 'Split par la vaisselle', '2025-10-25 07:36:00', '2025-10-25 08:07:48'),
('4224', '0', 'fr', 'modules', 'order.base', 'Base', '2025-10-25 07:36:00', '2025-10-25 08:07:48'),
('4225', '0', 'fr', 'modules', 'order.tax', 'Impôt', '2025-10-25 07:36:00', '2025-10-25 08:07:48'),
('4226', '0', 'fr', 'modules', 'order.payment', 'Paiement', '2025-10-25 07:36:00', '2025-10-25 08:07:48'),
('4227', '0', 'fr', 'modules', 'order.orderHash', 'Commande #', '2025-10-25 07:36:00', '2025-10-25 08:07:48'),
('4228', '0', 'fr', 'modules', 'order.totalBill', 'Facture totale', '2025-10-25 07:36:00', '2025-10-25 08:07:48'),
('4229', '0', 'fr', 'modules', 'order.amountPaid', 'Montant payé', '2025-10-25 07:36:00', '2025-10-25 08:07:48'),
('4230', '0', 'fr', 'modules', 'order.splitAmount', 'Montant', '2025-10-25 07:36:00', '2025-10-25 08:07:48'),
('4231', '0', 'fr', 'modules', 'order.remaining', 'Restant', '2025-10-25 07:36:00', '2025-10-25 08:07:48'),
('4232', '0', 'fr', 'modules', 'order.quantity', 'Quantité', '2025-10-25 07:36:00', '2025-10-25 08:07:48'),
('4233', '0', 'fr', 'modules', 'order.remove', 'Retirer', '2025-10-25 07:36:00', '2025-10-25 08:07:48'),
('4234', '0', 'fr', 'modules', 'order.completePayment', 'Réaliser le paiement', '2025-10-25 07:36:00', '2025-10-25 08:07:48'),
('4235', '0', 'fr', 'modules', 'order.createBillAndPrintReceipt', 'Bill et imprimé', '2025-10-25 07:36:00', '2025-10-25 08:07:48'),
('4236', '0', 'fr', 'modules', 'order.billAndPayment', 'Facture et paiement', '2025-10-25 07:36:00', '2025-10-25 08:07:48'),
('4237', '0', 'fr', 'modules', 'order.discount', 'Rabais', '2025-10-25 07:36:00', '2025-10-25 08:07:48'),
('4238', '0', 'fr', 'modules', 'order.addDiscount', 'Ajouter une remise', '2025-10-25 07:36:00', '2025-10-25 08:07:48'),
('4239', '0', 'fr', 'modules', 'order.discountType', 'Type de réduction', '2025-10-25 07:36:00', '2025-10-25 08:07:48'),
('4240', '0', 'fr', 'modules', 'order.fixed', 'Fixé', '2025-10-25 07:36:00', '2025-10-25 08:07:48'),
('4241', '0', 'fr', 'modules', 'order.percent', 'Pour cent', '2025-10-25 07:36:00', '2025-10-25 08:07:48'),
('4242', '0', 'fr', 'modules', 'order.discountValue', 'Valeur de réduction', '2025-10-25 07:36:00', '2025-10-25 08:07:48'),
('4243', '0', 'fr', 'modules', 'order.enterDiscountValue', 'Entrez la valeur de réduction', '2025-10-25 07:36:00', '2025-10-25 08:07:48'),
('4244', '0', 'fr', 'modules', 'order.calculatedDiscount', 'Remise calculée', '2025-10-25 07:36:00', '2025-10-25 08:07:48'),
('4245', '0', 'fr', 'modules', 'order.noOrderType', 'Commandes désactivées', '2025-10-25 07:36:00', '2025-10-25 08:07:48'),
('4246', '0', 'fr', 'modules', 'order.enableOrderType', 'Vous devez permettre aux commandes dans les paramètres de commencer à prendre des commandes', '2025-10-25 07:36:00', '2025-10-25 08:07:48'),
('4247', '0', 'fr', 'modules', 'order.enableOrderTypeButton', 'Activer les commandes', '2025-10-25 07:36:00', '2025-10-25 08:07:48'),
('4248', '0', 'fr', 'modules', 'order.deleteOrder', 'Supprimer la commande', '2025-10-25 07:36:00', '2025-10-25 08:07:48'),
('4249', '0', 'fr', 'modules', 'order.deleteOrderMessage', 'Êtes-vous sûr de vouloir supprimer la commande?', '2025-10-25 07:36:00', '2025-10-25 08:07:48'),
('4250', '0', 'fr', 'modules', 'order.deleteOrderItem', 'Supprimer l\'article de commande', '2025-10-25 07:36:00', '2025-10-25 08:07:48'),
('4251', '0', 'fr', 'modules', 'order.deleteOrderItemMessage', 'Êtes-vous sûr de vouloir supprimer cet article de la commande ?', '2025-10-25 07:36:00', '2025-10-25 08:07:48'),
('4252', '0', 'fr', 'modules', 'order.deliveryExecutive', 'Directeur de la livraison', '2025-10-25 07:36:00', '2025-10-25 08:07:48'),
('4253', '0', 'fr', 'modules', 'order.selectOrderTypes', 'Sélectionnez les types de commandes', '2025-10-25 07:36:00', '2025-10-25 08:07:48'),
('4254', '0', 'fr', 'modules', 'order.extraCharges', 'Frais', '2025-10-25 07:36:00', '2025-10-25 08:07:48'),
('4255', '0', 'fr', 'modules', 'order.orderItems', 'Commandez des articles', '2025-10-25 07:36:00', '2025-10-25 08:07:48'),
('4256', '0', 'fr', 'modules', 'order.priceDetails', 'Détails des prix', '2025-10-25 07:36:00', '2025-10-25 08:07:48'),
('4257', '0', 'fr', 'modules', 'order.paymentInformation', 'Informations de paiement', '2025-10-25 07:36:00', '2025-10-25 08:07:48'),
('4258', '0', 'fr', 'modules', 'order.paymentPending', 'Paiement en attente', '2025-10-25 07:36:00', '2025-10-25 08:07:48'),
('4259', '0', 'fr', 'modules', 'order.itemPaymentStatus', 'État de paiement de l\'article', '2025-10-25 07:36:00', '2025-10-25 08:07:48'),
('4260', '0', 'fr', 'modules', 'order.addTip', 'Ajouter un pourboire', '2025-10-25 07:36:00', '2025-10-25 08:07:48'),
('4261', '0', 'fr', 'modules', 'order.tipAdded', 'Conseil ajouté', '2025-10-25 07:36:00', '2025-10-25 08:07:48'),
('4262', '0', 'fr', 'modules', 'order.tip', 'Conseil', '2025-10-25 07:36:00', '2025-10-25 08:07:48'),
('4263', '0', 'fr', 'modules', 'order.totalExcludingTip', '(Hors conseil)', '2025-10-25 07:36:00', '2025-10-25 08:07:48'),
('4264', '0', 'fr', 'modules', 'order.tipAmount', 'Montant de la pointe', '2025-10-25 07:36:00', '2025-10-25 08:07:48'),
('4265', '0', 'fr', 'modules', 'order.tipNote', 'Note de pourboire', '2025-10-25 07:36:00', '2025-10-25 08:07:48'),
('4266', '0', 'fr', 'modules', 'order.currentTotal', 'Total actuel', '2025-10-25 07:36:00', '2025-10-25 08:07:48'),
('4267', '0', 'fr', 'modules', 'order.newTotal', 'Nouveau total', '2025-10-25 07:36:00', '2025-10-25 08:07:48'),
('4268', '0', 'fr', 'modules', 'order.suggestedTip', 'Conseil suggéré', '2025-10-25 07:36:00', '2025-10-25 08:07:48'),
('4269', '0', 'fr', 'modules', 'order.customAmount', 'Montant personnalisé', '2025-10-25 07:36:00', '2025-10-25 08:07:48'),
('4270', '0', 'fr', 'modules', 'order.continueOrder', 'Continuez à commander', '2025-10-25 07:36:00', '2025-10-25 08:07:48'),
('4271', '0', 'fr', 'modules', 'order.orderStatus', 'Définir l\'état de la commande', '2025-10-25 07:36:00', '2025-10-25 08:07:48'),
('4272', '0', 'fr', 'modules', 'order.infoready', 'La nourriture est prête', '2025-10-25 07:36:00', '2025-10-25 08:07:48'),
('4273', '0', 'fr', 'modules', 'order.infodefault', 'Statut inconnu', '2025-10-25 07:36:00', '2025-10-25 08:07:48'),
('4274', '0', 'fr', 'modules', 'order.selectStatus', 'Sélectionner l\'état', '2025-10-25 07:36:00', '2025-10-25 08:07:48'),
('4275', '0', 'fr', 'modules', 'order.Order Placed', 'Commande passée', '2025-10-25 07:36:00', '2025-10-25 08:07:48'),
('4276', '0', 'fr', 'modules', 'order.Order Confirmed', 'Commande confirmée', '2025-10-25 07:36:00', '2025-10-25 08:07:48'),
('4277', '0', 'fr', 'modules', 'order.Order Preparing', 'Préparation des commandes', '2025-10-25 07:36:00', '2025-10-25 08:07:48'),
('4278', '0', 'fr', 'modules', 'order.Order is Ready for Pickup', 'La commande est prête pour le ramassage', '2025-10-25 07:36:00', '2025-10-25 08:07:48'),
('4279', '0', 'fr', 'modules', 'order.Order is Out for Delivery', 'La commande est disponible pour la livraison', '2025-10-25 07:36:00', '2025-10-25 08:07:48'),
('4280', '0', 'fr', 'modules', 'order.Order Served', 'Ordre servi', '2025-10-25 07:36:00', '2025-10-25 08:07:48'),
('4281', '0', 'fr', 'modules', 'order.Delivered', 'Livré', '2025-10-25 07:36:00', '2025-10-25 08:07:48'),
('4282', '0', 'fr', 'modules', 'order.moveTo', 'Passer à', '2025-10-25 07:36:00', '2025-10-25 08:07:48'),
('4283', '0', 'fr', 'modules', 'order.info_placed', 'Commande passée', '2025-10-25 07:36:00', '2025-10-25 08:07:48'),
('4284', '0', 'fr', 'modules', 'order.info_confirmed', 'Commande confirmée', '2025-10-25 07:36:00', '2025-10-25 08:07:48'),
('4285', '0', 'fr', 'modules', 'order.info_preparing', 'Préparation des commandes', '2025-10-25 07:36:00', '2025-10-25 08:07:48'),
('4286', '0', 'fr', 'modules', 'order.info_ready_for_pickup', 'La commande est prête pour le ramassage', '2025-10-25 07:36:00', '2025-10-25 08:07:48'),
('4287', '0', 'fr', 'modules', 'order.info_out_for_delivery', 'La commande est disponible pour la livraison', '2025-10-25 07:36:00', '2025-10-25 08:07:48'),
('4288', '0', 'fr', 'modules', 'order.info_served', 'Ordre servi', '2025-10-25 07:36:00', '2025-10-25 08:07:48'),
('4289', '0', 'fr', 'modules', 'order.info_delivered', 'Livré', '2025-10-25 07:36:00', '2025-10-25 08:07:48'),
('4290', '0', 'fr', 'modules', 'order.info_cancelled', 'Commande annulée', '2025-10-25 07:36:00', '2025-10-25 08:07:48'),
('4291', '0', 'fr', 'modules', 'order.orderCancelledMessage', 'Cette commande est annulée et ne peut pas être modifiée', '2025-10-25 07:36:00', '2025-10-25 08:07:48'),
('4292', '0', 'fr', 'modules', 'order.others', 'Autres', '2025-10-25 07:36:00', '2025-10-25 08:07:48'),
('4293', '0', 'fr', 'modules', 'order.pending_verification', 'Vérification des paiements', '2025-10-25 07:36:00', '2025-10-25 08:07:48'),
('4294', '0', 'fr', 'modules', 'order.pendingPaymentVerification', 'Vérification des paiements en attente', '2025-10-25 07:36:00', '2025-10-25 08:07:48'),
('4295', '0', 'fr', 'modules', 'order.confirmPayment', 'Confirmer le paiement', '2025-10-25 07:36:00', '2025-10-25 08:07:48'),
('4296', '0', 'fr', 'modules', 'order.reportUnpaid', 'Signaler un impayé', '2025-10-25 07:36:00', '2025-10-25 08:07:48'),
('4297', '0', 'fr', 'modules', 'order.viewOnMap', 'Afficher sur la carte', '2025-10-25 07:36:00', '2025-10-25 08:07:48'),
('4298', '0', 'fr', 'modules', 'order.estimatedDeliveryTime', 'Délai de livraison estimé', '2025-10-25 07:36:00', '2025-10-25 08:07:48'),
('4299', '0', 'fr', 'modules', 'order.deliveryFee', 'Frais de livraison', '2025-10-25 07:36:01', '2025-10-25 08:07:48'),
('4300', '0', 'fr', 'modules', 'order.kotTicket', 'Billet kot', '2025-10-25 07:36:01', '2025-10-25 08:07:48'),
('4301', '0', 'fr', 'modules', 'order.kitchenOrderTicket', 'Billet de commande de cuisine', '2025-10-25 07:36:01', '2025-10-25 08:07:48'),
('4302', '0', 'fr', 'modules', 'order.specialInstructions', 'Instructions spéciales', '2025-10-25 07:36:01', '2025-10-25 08:07:48'),
('4303', '0', 'fr', 'modules', 'order.order', 'Commande', '2025-10-25 07:36:01', '2025-10-25 08:07:48'),
('4304', '0', 'fr', 'modules', 'order.paypal', 'Paypal', '2025-10-25 07:36:01', '2025-10-25 08:07:48'),
('4305', '0', 'fr', 'modules', 'order.updateCustomerDetails', 'Mettre à jour les détails du client', '2025-10-25 07:36:01', '2025-10-25 08:07:48'),
('4306', '0', 'fr', 'modules', 'order.markAsReady', 'Marquez prêt', '2025-10-25 07:36:01', '2025-10-25 08:07:48'),
('4307', '0', 'fr', 'modules', 'order.ready', 'La nourriture est prête', '2025-10-25 07:36:01', '2025-10-25 08:07:48'),
('4308', '0', 'fr', 'modules', 'order.undo', 'Défaire', '2025-10-25 07:36:01', '2025-10-25 08:07:48'),
('4309', '0', 'fr', 'modules', 'order.itemReady', 'Prêt à l\'article', '2025-10-25 07:36:01', '2025-10-25 08:07:48'),
('4310', '0', 'fr', 'modules', 'order.itemCooking', 'Cuisson des articles', '2025-10-25 07:36:01', '2025-10-25 08:07:48'),
('4311', '0', 'fr', 'modules', 'order.payfast', 'Chariot', '2025-10-25 07:36:01', '2025-10-25 08:07:48'),
('4312', '0', 'fr', 'modules', 'order.all', 'Tous', '2025-10-25 07:36:01', '2025-10-25 08:07:48'),
('4313', '0', 'fr', 'modules', 'order.note', 'Note', '2025-10-25 07:36:01', '2025-10-25 08:07:48'),
('4314', '0', 'fr', 'modules', 'order.paymentDetails', 'Détails de paiement', '2025-10-25 07:36:01', '2025-10-25 08:07:48'),
('4315', '0', 'fr', 'modules', 'order.paystack', 'Dos de paiement', '2025-10-25 07:36:01', '2025-10-25 08:07:48'),
('4316', '0', 'fr', 'modules', 'order.kotBillAndPayment', 'Kot, facture et paiement', '2025-10-25 07:36:01', '2025-10-25 08:07:48'),
('4317', '0', 'fr', 'modules', 'order.cancelled', 'Annulé', '2025-10-25 07:36:01', '2025-10-25 08:07:48'),
('4318', '0', 'fr', 'modules', 'order.prefixSettings', 'Paramètres préfixés', '2025-10-25 07:36:01', '2025-10-25 08:07:48'),
('4319', '0', 'fr', 'modules', 'order.orderSettingsHelp', 'Configurez les paramètres de commande pour gérer la façon dont les commandes sont traitées.', '2025-10-25 07:36:01', '2025-10-25 08:07:48'),
('4320', '0', 'fr', 'modules', 'order.totalTax', 'Taxe totale', '2025-10-25 07:36:01', '2025-10-25 08:07:48'),
('4321', '0', 'fr', 'modules', 'order.itemTax', 'Taxe sur les articles', '2025-10-25 07:36:01', '2025-10-25 08:07:48'),
('4322', '0', 'fr', 'modules', 'order.itemTaxBreakdown', 'Répartition des impôts des articles', '2025-10-25 07:36:01', '2025-10-25 08:07:48'),
('4323', '0', 'fr', 'modules', 'order.toggleTaxDetails', 'Basculer les coordonnées fiscales', '2025-10-25 07:36:01', '2025-10-25 08:07:48'),
('4324', '0', 'fr', 'modules', 'order.increaseQuantity', 'Augmenter la quantité', '2025-10-25 07:36:01', '2025-10-25 08:07:48'),
('4325', '0', 'fr', 'modules', 'order.decreaseQuantity', 'Diminuer la quantité', '2025-10-25 07:36:01', '2025-10-25 08:07:48'),
('4326', '0', 'fr', 'modules', 'order.thankYouMessage', 'Merci pour votre commande!', '2025-10-25 07:36:01', '2025-10-25 08:07:48'),
('4327', '0', 'fr', 'modules', 'order.pleaseProceedToPayment', 'Veuillez procéder au paiement.', '2025-10-25 07:36:01', '2025-10-25 08:07:48'),
('4328', '0', 'fr', 'modules', 'order.amountDue', 'Montant dû', '2025-10-25 07:36:01', '2025-10-25 08:07:48'),
('4329', '0', 'fr', 'modules', 'order.pleaseReviewOrder', 'Veuillez consulter votre commande et procéder au paiement.', '2025-10-25 07:36:01', '2025-10-25 08:07:48'),
('4330', '0', 'fr', 'modules', 'order.pickUpDateTime', 'Date de ramassage et heure', '2025-10-25 07:36:01', '2025-10-25 08:07:48'),
('4331', '0', 'fr', 'modules', 'order.pickupDate', 'Date de ramassage:', '2025-10-25 07:36:01', '2025-10-25 08:07:48'),
('4332', '0', 'fr', 'modules', 'order.orderDate', 'Date de commande:', '2025-10-25 07:36:01', '2025-10-25 08:07:48'),
('4333', '0', 'fr', 'modules', 'order.selectPickupDateTime', 'Sélectionnez la date de ramassage - heure', '2025-10-25 07:36:01', '2025-10-25 08:07:48'),
('4334', '0', 'fr', 'modules', 'order.defineYourOwnPrefix', 'Définissez votre propre préfixe.', '2025-10-25 07:36:01', '2025-10-25 08:07:48'),
('4335', '0', 'fr', 'modules', 'order.useTheCurrentDate', 'Utilisez la date actuelle.', '2025-10-25 07:36:01', '2025-10-25 08:07:48'),
('4336', '0', 'fr', 'modules', 'order.combineBranchIdWithDate', 'Combinez l\'ID de branche avec la date.', '2025-10-25 07:36:01', '2025-10-25 08:07:48'),
('4337', '0', 'fr', 'modules', 'order.thisIsALivePreview', 'Ceci est un aperçu en direct de la façon dont votre identifiant de commande prochain sera généré.', '2025-10-25 07:36:01', '2025-10-25 08:07:48'),
('4338', '0', 'fr', 'modules', 'order.branchPrefix', 'Préfixe de branche', '2025-10-25 07:36:01', '2025-10-25 08:07:48'),
('4339', '0', 'fr', 'modules', 'order.branchPrefixHelp', 'Exemple de préfixe: ODR, BR01, Taco Bell (TB). Utilisez un code court pour identifier vos commandes.', '2025-10-25 07:36:01', '2025-10-25 08:07:48'),
('4340', '0', 'fr', 'modules', 'order.customPrefixFeatureDisabled', 'Préfixe personnalisé OFF. En utilisant la valeur par défaut (par exemple # 23).', '2025-10-25 07:36:01', '2025-10-25 08:07:48'),
('4341', '0', 'fr', 'modules', 'order.enableOrderPrefix', 'Activer les paramètres du préfixe de commande', '2025-10-25 07:36:01', '2025-10-25 08:07:48'),
('4342', '0', 'fr', 'modules', 'order.enableOrderPrefixDescription', 'Activez cela pour utiliser les préfixes de numéro de commande personnalisés selon vos paramètres. Si elle est désactivée, le système utilisera la numérotation de commande par défaut sans préfixe personnalisé.', '2025-10-25 07:36:01', '2025-10-25 08:07:48'),
('4343', '0', 'fr', 'modules', 'order.bank_transfer', 'Transfert de banque', '2025-10-25 07:36:01', '2025-10-25 08:07:48'),
('4344', '0', 'fr', 'modules', 'order.reservationConfirmation', 'Confirmation de réservation', '2025-10-25 07:36:01', '2025-10-25 08:07:48'),
('4345', '0', 'fr', 'modules', 'order.tableHasReservation', 'Ce tableau a une réservation active', '2025-10-25 07:36:01', '2025-10-25 08:07:48'),
('4346', '0', 'fr', 'modules', 'order.reservationFor', 'Réservation', '2025-10-25 07:36:01', '2025-10-25 08:07:48'),
('4347', '0', 'fr', 'modules', 'order.reservationTime', 'Temps de réservation', '2025-10-25 07:36:01', '2025-10-25 08:07:48'),
('4348', '0', 'fr', 'modules', 'order.isThisSameCustomer', 'Est-ce le même client qui a fait la réservation?', '2025-10-25 07:36:01', '2025-10-25 08:07:48'),
('4349', '0', 'fr', 'modules', 'order.sameCustomer', 'Même client', '2025-10-25 07:36:01', '2025-10-25 08:07:48'),
('4350', '0', 'fr', 'modules', 'order.differentCustomer', 'Client différent', '2025-10-25 07:36:01', '2025-10-25 08:07:48'),
('4351', '0', 'fr', 'modules', 'order.grandTotal', 'Total', '2025-10-25 07:36:01', '2025-10-25 08:07:48'),
('4352', '0', 'fr', 'modules', 'order.splitTotal', 'Partager le total', '2025-10-25 07:36:01', '2025-10-25 08:07:48'),
('4353', '0', 'fr', 'modules', 'order.remainingAmount', 'Montant restant', '2025-10-25 07:36:01', '2025-10-25 08:07:48'),
('4354', '0', 'fr', 'modules', 'order.amountPerSplit', 'Montant par scission', '2025-10-25 07:36:01', '2025-10-25 08:07:48'),
('4355', '0', 'fr', 'modules', 'order.menuItemImageSettings', 'Élément de menu Paramètres de l\'image', '2025-10-25 07:36:01', '2025-10-25 08:07:48'),
('4356', '0', 'fr', 'modules', 'order.hideMenuItemImageOnPos', 'Masquer l\'image de l\'élément de menu sur pos', '2025-10-25 07:36:01', '2025-10-25 08:07:48'),
('4357', '0', 'fr', 'modules', 'order.hideMenuItemImageOnCustomerSite', 'Masquer l\'image de l\'élément du menu sur le site client', '2025-10-25 07:36:01', '2025-10-25 08:07:48'),
('4358', '0', 'fr', 'modules', 'order.hideMenuItemImageOnPosDescription', 'Masquez l\'image de l\'élément de menu dans le POS.', '2025-10-25 07:36:01', '2025-10-25 08:07:48'),
('4359', '0', 'fr', 'modules', 'order.hideMenuItemImageOnCustomerSiteDescription', 'Masquez l\'image de l\'élément de menu sur le site client.', '2025-10-25 07:36:01', '2025-10-25 08:07:48'),
('4360', '0', 'fr', 'modules', 'order.paddle', 'Pagayer', '2025-10-25 07:36:01', '2025-10-25 08:07:48'),
('4361', '0', 'fr', 'modules', 'order.tokenNumberSettings', 'Paramètres du numéro de jeton', '2025-10-25 07:36:01', '2025-10-25 08:07:48'),
('4362', '0', 'fr', 'modules', 'order.tokenNumberSettingsDescription', 'Activez les numéros de jeton pour des types de commandes spécifiques. Les jetons sont réinitialisés quotidiennement et sont uniques par type de commande.', '2025-10-25 07:36:01', '2025-10-25 08:07:48'),
('4363', '0', 'fr', 'modules', 'order.tokenNumber', 'Jeton #', '2025-10-25 07:36:01', '2025-10-25 08:07:48'),
('4364', '0', 'fr', 'modules', 'order.customerOrderBoard', 'Tableau des commandes clients', '2025-10-25 07:36:01', '2025-10-25 08:07:48'),
('4365', '0', 'fr', 'modules', 'order.preparing', 'Préparation', '2025-10-25 07:36:01', '2025-10-25 08:07:48'),
('4366', '0', 'fr', 'modules', 'order.readyForPickup', 'Prêt pour le ramassage', '2025-10-25 07:36:01', '2025-10-25 08:07:48'),
('4367', '0', 'fr', 'modules', 'order.noOrders', 'En attente des commandes...', '2025-10-25 07:36:01', '2025-10-25 08:07:48'),
('4368', '0', 'fr', 'modules', 'order.tokenNumberSettingsDescriptionOrderType', 'Activez les numéros de jeton pour les commandes :orderType. Les jetons seront affichés sur les détails de la commande et réinitialisés quotidiennement.', '2025-10-25 07:36:01', '2025-10-25 08:07:48'),
('4369', '0', 'fr', 'modules', 'order.noOrderTypesFound', 'Aucun type de commande trouvé pour cette succursale.', '2025-10-25 07:36:01', '2025-10-25 08:07:48'),
('4370', '0', 'fr', 'modules', 'customer.addCustomer', 'Ajouter le client', '2025-10-25 07:36:01', '2025-10-25 08:07:48'),
('4371', '0', 'fr', 'modules', 'customer.name', 'Nom du client', '2025-10-25 07:36:01', '2025-10-25 08:07:48'),
('4372', '0', 'fr', 'modules', 'customer.phone', 'Téléphone', '2025-10-25 07:36:01', '2025-10-25 08:07:48'),
('4373', '0', 'fr', 'modules', 'customer.email', 'Adresse email', '2025-10-25 07:36:01', '2025-10-25 08:07:48'),
('4374', '0', 'fr', 'modules', 'customer.customerAddress', 'Adresse du client', '2025-10-25 07:36:01', '2025-10-25 08:07:48'),
('4375', '0', 'fr', 'modules', 'customer.address', 'Adresse', '2025-10-25 07:36:01', '2025-10-25 08:07:48'),
('4376', '0', 'fr', 'modules', 'customer.enterName', 'Veuillez saisir votre nom', '2025-10-25 07:36:01', '2025-10-25 08:07:48'),
('4377', '0', 'fr', 'modules', 'customer.enterCustomerName', 'Veuillez saisir le nom du client', '2025-10-25 07:36:01', '2025-10-25 08:07:48'),
('4378', '0', 'fr', 'modules', 'customer.editCustomer', 'Éditer le client', '2025-10-25 07:36:01', '2025-10-25 08:07:48'),
('4379', '0', 'fr', 'modules', 'customer.deleteCustomer', 'Supprimer le client', '2025-10-25 07:36:01', '2025-10-25 08:07:48'),
('4380', '0', 'fr', 'modules', 'customer.deleteWithOrder', 'Supprimer avec leurs commandes', '2025-10-25 07:36:01', '2025-10-25 08:07:48'),
('4381', '0', 'fr', 'modules', 'customer.deleteCustomerMessage', 'Êtes-vous sûr de vouloir supprimer le client?', '2025-10-25 07:36:01', '2025-10-25 08:07:48'),
('4382', '0', 'fr', 'modules', 'customer.customer', 'Client', '2025-10-25 07:36:01', '2025-10-25 08:07:48'),
('4383', '0', 'fr', 'modules', 'customer.importCustomer', 'Importer le client', '2025-10-25 07:36:01', '2025-10-25 08:07:48'),
('4384', '0', 'fr', 'modules', 'customer.totalAmountReceived', 'Montant total reçu', '2025-10-25 07:36:01', '2025-10-25 08:07:48'),
('4385', '0', 'fr', 'modules', 'customer.enterCustomerPhone', 'Vous pouvez rechercher et insérer le numéro de téléphone du client ici', '2025-10-25 07:36:01', '2025-10-25 08:07:48'),
('4386', '0', 'fr', 'modules', 'customer.searchOrCreate', 'Rechercher les clients existants ou en créer un nouveau', '2025-10-25 07:36:01', '2025-10-25 08:07:48'),
('4387', '0', 'fr', 'modules', 'customer.searchCustomer', 'Rechercher le client', '2025-10-25 07:36:01', '2025-10-25 08:07:48'),
('4388', '0', 'fr', 'modules', 'customer.searchPlaceholder', 'Recherche par nom, téléphone ou e-mail ...', '2025-10-25 07:36:01', '2025-10-25 08:07:48'),
('4389', '0', 'fr', 'modules', 'customer.foundCustomers', 'Trouvé des clients V1)', '2025-10-25 07:36:01', '2025-10-25 08:07:48'),
('4390', '0', 'fr', 'modules', 'customer.noCustomersFound', 'Aucun client trouvé', '2025-10-25 07:36:01', '2025-10-25 08:07:48'),
('4391', '0', 'fr', 'modules', 'customer.noCustomersMatching', 'Nous n\'avons pas trouvé de clients correspondant \": requête\"', '2025-10-25 07:36:01', '2025-10-25 08:07:48'),
('4392', '0', 'fr', 'modules', 'customer.createNewCustomer', 'Créer un nouveau client', '2025-10-25 07:36:01', '2025-10-25 08:07:48'),
('4393', '0', 'fr', 'modules', 'customer.customerDetails', 'Détails du client', '2025-10-25 07:36:01', '2025-10-25 08:07:48'),
('4394', '0', 'fr', 'modules', 'customer.existingCustomer', 'Client existant', '2025-10-25 07:36:01', '2025-10-25 08:07:48'),
('4395', '0', 'fr', 'modules', 'customer.createNewInstead', 'Créez de nouveau à la place', '2025-10-25 07:36:01', '2025-10-25 08:07:48'),
('4396', '0', 'fr', 'modules', 'customer.enterPhoneNumber', 'Entrez le numéro de téléphone', '2025-10-25 07:36:01', '2025-10-25 08:07:48'),
('4397', '0', 'fr', 'modules', 'customer.enterEmailAddress', 'Entrez l\'adresse e-mail', '2025-10-25 07:36:01', '2025-10-25 08:07:48'),
('4398', '0', 'fr', 'modules', 'customer.enterDeliveryAddress', 'Entrez l\'adresse de livraison', '2025-10-25 07:36:01', '2025-10-25 08:07:48'),
('4399', '0', 'fr', 'modules', 'customer.walkin', 'Marcher à pied', '2025-10-25 07:36:01', '2025-10-25 08:07:48'),
('4400', '0', 'fr', 'modules', 'settings.noQrCode', 'Pas de code QR', '2025-10-25 07:36:01', '2025-10-25 08:07:48'),
('4401', '0', 'fr', 'modules', 'settings.appSettings', 'Paramètres de l\'application', '2025-10-25 07:36:01', '2025-10-25 08:07:48'),
('4402', '0', 'fr', 'modules', 'settings.restaurantInformation', 'Information sur le restaurant', '2025-10-25 07:36:01', '2025-10-25 08:07:48'),
('4403', '0', 'fr', 'modules', 'settings.restaurantName', 'Nom de restaurant', '2025-10-25 07:36:01', '2025-10-25 08:07:48'),
('4404', '0', 'fr', 'modules', 'settings.restaurantPhoneNumber', 'Numéro de téléphone du restaurant', '2025-10-25 07:36:01', '2025-10-25 08:07:48'),
('4405', '0', 'fr', 'modules', 'settings.restaurantEmailAddress', 'Adresse e-mail du restaurant', '2025-10-25 07:36:01', '2025-10-25 08:07:48'),
('4406', '0', 'fr', 'modules', 'settings.restaurantAddress', 'Adresse du restaurant', '2025-10-25 07:36:01', '2025-10-25 08:07:48'),
('4407', '0', 'fr', 'modules', 'settings.generalHelp', 'Entrez les informations générales sur votre restaurant.', '2025-10-25 07:36:01', '2025-10-25 08:07:48'),
('4408', '0', 'fr', 'modules', 'settings.countryTimezone', 'Pays du restaurant, fuseau horaire et monnaie', '2025-10-25 07:36:01', '2025-10-25 08:07:48'),
('4409', '0', 'fr', 'modules', 'settings.restaurantCountry', 'Pays', '2025-10-25 07:36:01', '2025-10-25 08:07:48'),
('4410', '0', 'fr', 'modules', 'settings.restaurantTimezone', 'Fuseau horaire', '2025-10-25 07:36:01', '2025-10-25 08:07:48'),
('4411', '0', 'fr', 'modules', 'settings.timezone', 'Fuseau horaire', '2025-10-25 07:36:01', '2025-10-25 08:07:48'),
('4412', '0', 'fr', 'modules', 'settings.selectTimezone', 'Sélectionnez le fuseau horaire', '2025-10-25 07:36:01', '2025-10-25 08:07:48'),
('4413', '0', 'fr', 'modules', 'settings.showTax', 'Afficher l\'identification de l\'impôt sur les commandes', '2025-10-25 07:36:01', '2025-10-25 08:07:48'),
('4414', '0', 'fr', 'modules', 'settings.addMore', 'Ajouter plus', '2025-10-25 07:36:01', '2025-10-25 08:07:48'),
('4415', '0', 'fr', 'modules', 'settings.addTax', 'Ajouter une taxe', '2025-10-25 07:36:01', '2025-10-25 08:07:48'),
('4416', '0', 'fr', 'modules', 'settings.restaurantCurrency', 'Devise', '2025-10-25 07:36:01', '2025-10-25 08:07:48'),
('4417', '0', 'fr', 'modules', 'settings.predefinedAmounts', 'Montants prédéfinis', '2025-10-25 07:36:01', '2025-10-25 08:07:48'),
('4418', '0', 'fr', 'modules', 'settings.editAmounts', 'Modifier les montants', '2025-10-25 07:36:01', '2025-10-25 08:07:48'),
('4419', '0', 'fr', 'modules', 'settings.editPredefinedAmounts', 'Modifier les montants prédéfinis', '2025-10-25 07:36:01', '2025-10-25 08:07:48'),
('4420', '0', 'fr', 'modules', 'settings.enterAmount', 'Entrer le montant', '2025-10-25 07:36:01', '2025-10-25 08:07:48'),
('4421', '0', 'fr', 'modules', 'settings.addAmount', 'Ajouter le montant', '2025-10-25 07:36:01', '2025-10-25 08:07:48'),
('4422', '0', 'fr', 'modules', 'settings.themeColor', 'Couleur du thème', '2025-10-25 07:36:01', '2025-10-25 08:07:48'),
('4423', '0', 'fr', 'modules', 'settings.themeSettings', 'Paramètres de thème', '2025-10-25 07:36:01', '2025-10-25 08:07:48'),
('4424', '0', 'fr', 'modules', 'settings.restaurantLogo', 'Logo du restaurant Show', '2025-10-25 07:36:01', '2025-10-25 08:07:48'),
('4425', '0', 'fr', 'modules', 'settings.uploadLogo', 'Télécharger le logo', '2025-10-25 07:36:01', '2025-10-25 08:07:48'),
('4426', '0', 'fr', 'modules', 'settings.removeLogo', 'Supprimer le logo', '2025-10-25 07:36:01', '2025-10-25 08:07:48'),
('4427', '0', 'fr', 'modules', 'settings.paymentgatewaySettings', 'Passerelles de paiement', '2025-10-25 07:36:01', '2025-10-25 08:07:48'),
('4428', '0', 'fr', 'modules', 'settings.paymentHelp', 'Entrez les informations d\'identification de la passerelle de paiement pour recevoir les paiements de commande.', '2025-10-25 07:36:01', '2025-10-25 08:07:48'),
('4429', '0', 'fr', 'modules', 'settings.paymentHelpSuperadmin', 'Entrez les informations d\'identification de la passerelle de paiement pour recevoir les paiements d\'abonnement.', '2025-10-25 07:36:01', '2025-10-25 08:07:48'),
('4430', '0', 'fr', 'modules', 'settings.enableRazorpay', 'Activer Razorpay', '2025-10-25 07:36:01', '2025-10-25 08:07:48'),
('4431', '0', 'fr', 'modules', 'settings.enableStripe', 'Activer la bande', '2025-10-25 07:36:01', '2025-10-25 08:07:48'),
('4432', '0', 'fr', 'modules', 'settings.enableFlutterwave', 'Activer Flutterwave', '2025-10-25 07:36:01', '2025-10-25 08:07:48'),
('4433', '0', 'fr', 'modules', 'settings.enablePaypal', 'Activer PayPal', '2025-10-25 07:36:01', '2025-10-25 08:07:48'),
('4434', '0', 'fr', 'modules', 'settings.enablePaystack', 'Activer Paystack', '2025-10-25 07:36:01', '2025-10-25 08:07:48'),
('4435', '0', 'fr', 'modules', 'settings.enableXendit', 'Activer Xendit', '2025-10-25 07:36:01', '2025-10-25 08:07:48'),
('4436', '0', 'fr', 'modules', 'settings.enableOfflinePayment', 'Payer la ligne', '2025-10-25 07:36:01', '2025-10-25 08:07:48'),
('4437', '0', 'fr', 'modules', 'settings.enableQrPayment', 'Payer via le code QR', '2025-10-25 07:36:01', '2025-10-25 08:07:48'),
('4438', '0', 'fr', 'modules', 'settings.restaurantSettings', 'Information sur le restaurant', '2025-10-25 07:36:01', '2025-10-25 08:07:48'),
('4439', '0', 'fr', 'modules', 'settings.taxSettings', 'Taxes', '2025-10-25 07:36:01', '2025-10-25 08:07:48'),
('4440', '0', 'fr', 'modules', 'settings.currencySettings', 'Devises', '2025-10-25 07:36:01', '2025-10-25 08:07:48'),
('4441', '0', 'fr', 'modules', 'settings.offline_payment_status', 'Activer le paiement hors ligne', '2025-10-25 07:36:01', '2025-10-25 08:07:48'),
('4442', '0', 'fr', 'modules', 'settings.roleSettings', 'Rôles du personnel', '2025-10-25 07:36:01', '2025-10-25 08:07:48'),
('4443', '0', 'fr', 'modules', 'settings.reservationSettings', 'Paramètres de réservation', '2025-10-25 07:36:01', '2025-10-25 08:07:48'),
('4444', '0', 'fr', 'modules', 'settings.languageSettings', 'Paramètres linguistiques', '2025-10-25 07:36:01', '2025-10-25 08:07:48'),
('4445', '0', 'fr', 'modules', 'settings.currencySymbol', 'Symbole de devise', '2025-10-25 07:36:01', '2025-10-25 08:07:48'),
('4446', '0', 'fr', 'modules', 'settings.currencyCode', 'Code de devise', '2025-10-25 07:36:01', '2025-10-25 08:07:48'),
('4447', '0', 'fr', 'modules', 'settings.editCurrency', 'Modifier la monnaie', '2025-10-25 07:36:01', '2025-10-25 08:07:48'),
('4448', '0', 'fr', 'modules', 'settings.addCurrency', 'Ajouter de la monnaie', '2025-10-25 07:36:01', '2025-10-25 08:07:48'),
('4449', '0', 'fr', 'modules', 'settings.deleteCurrency', 'Supprimer', '2025-10-25 07:36:01', '2025-10-25 08:07:48'),
('4450', '0', 'fr', 'modules', 'settings.deleteCurrencyMessage', 'Êtes-vous sûr de vouloir supprimer la monnaie?', '2025-10-25 07:36:01', '2025-10-25 08:07:48'),
('4451', '0', 'fr', 'modules', 'settings.deleteTaxMessage', 'Supprimer la taxe en permanence', '2025-10-25 07:36:01', '2025-10-25 08:07:48'),
('4452', '0', 'fr', 'modules', 'settings.taxName', 'Nom de taxe', '2025-10-25 07:36:01', '2025-10-25 08:07:48'),
('4453', '0', 'fr', 'modules', 'settings.taxPercent', 'Pourcentage de taxe', '2025-10-25 07:36:01', '2025-10-25 08:07:48'),
('4454', '0', 'fr', 'modules', 'settings.taxId', 'Carte d\'identité d\'impôt', '2025-10-25 07:36:01', '2025-10-25 08:07:48'),
('4455', '0', 'fr', 'modules', 'settings.deleteTax', 'Êtes-vous sûr, vous souhaitez supprimer cette taxe?', '2025-10-25 07:36:01', '2025-10-25 08:07:48'),
('4456', '0', 'fr', 'modules', 'settings.editTax', 'Modifier la taxe', '2025-10-25 07:36:01', '2025-10-25 08:07:48'),
('4457', '0', 'fr', 'modules', 'settings.emailSettings', 'Paramètres de messagerie', '2025-10-25 07:36:01', '2025-10-25 08:07:48'),
('4458', '0', 'fr', 'modules', 'settings.mailFromName', 'Courrier de nom', '2025-10-25 07:36:01', '2025-10-25 08:07:48'),
('4459', '0', 'fr', 'modules', 'settings.mailFromEmail', 'Courrier par e-mail', '2025-10-25 07:36:01', '2025-10-25 08:07:48'),
('4460', '0', 'fr', 'modules', 'settings.enableQueue', 'Activer la file d\'attente par e-mail', '2025-10-25 07:36:01', '2025-10-25 08:07:48'),
('4461', '0', 'fr', 'modules', 'settings.mailDriver', 'Chauffeur', '2025-10-25 07:36:01', '2025-10-25 08:07:48'),
('4462', '0', 'fr', 'modules', 'settings.smtpHost', 'Hôte SMTP', '2025-10-25 07:36:01', '2025-10-25 08:07:48'),
('4463', '0', 'fr', 'modules', 'settings.smtpPort', 'Port SMTP', '2025-10-25 07:36:01', '2025-10-25 08:07:48'),
('4464', '0', 'fr', 'modules', 'settings.smtpEncryption', 'Cryptage de courrier SMTP', '2025-10-25 07:36:01', '2025-10-25 08:07:48'),
('4465', '0', 'fr', 'modules', 'settings.mailUsername', 'Nom d\'utilisateur', '2025-10-25 07:36:01', '2025-10-25 08:07:48'),
('4466', '0', 'fr', 'modules', 'settings.mailPassword', 'Mot de passe de courrier', '2025-10-25 07:36:01', '2025-10-25 08:07:48'),
('4467', '0', 'fr', 'modules', 'settings.notificationSettings', 'Paramètres de notification', '2025-10-25 07:36:01', '2025-10-25 08:07:48'),
('4468', '0', 'fr', 'modules', 'settings.branchSettings', 'Paramètres de branche', '2025-10-25 07:36:01', '2025-10-25 08:07:48'),
('4469', '0', 'fr', 'modules', 'settings.addBranch', 'Ajouter la branche', '2025-10-25 07:36:01', '2025-10-25 08:07:48'),
('4470', '0', 'fr', 'modules', 'settings.editBranch', 'Modifier la succursale', '2025-10-25 07:36:01', '2025-10-25 08:07:48'),
('4471', '0', 'fr', 'modules', 'settings.branchName', 'Nom de branche', '2025-10-25 07:36:01', '2025-10-25 08:07:48'),
('4472', '0', 'fr', 'modules', 'settings.branchAddress', 'Adresse de la succursale', '2025-10-25 07:36:01', '2025-10-25 08:07:48'),
('4473', '0', 'fr', 'modules', 'settings.deleteBranch', 'Supprimer la branche', '2025-10-25 07:36:01', '2025-10-25 08:07:48'),
('4474', '0', 'fr', 'modules', 'settings.branches', 'Branches', '2025-10-25 07:36:01', '2025-10-25 08:07:48'),
('4475', '0', 'fr', 'modules', 'settings.deleteBranchMessage', 'Êtes-vous sûr de vouloir supprimer la branche? Toutes les commandes, les membres du personnel et les paiements liés à cette succursale seront supprimés.', '2025-10-25 07:36:01', '2025-10-25 08:07:48'),
('4476', '0', 'fr', 'modules', 'settings.upgradeLicense', 'Plan de mise à niveau', '2025-10-25 07:36:01', '2025-10-25 08:07:48'),
('4477', '0', 'fr', 'modules', 'settings.licenseType', 'Type de licence', '2025-10-25 07:36:01', '2025-10-25 08:07:48'),
('4478', '0', 'fr', 'modules', 'settings.upgradeLicenseInfo', 'Prix ​​simple et transparent avec tout ce dont vous avez besoin pour gérer votre restaurant en douceur.', '2025-10-25 07:36:01', '2025-10-25 08:07:48'),
('4479', '0', 'fr', 'modules', 'settings.pricing', 'Prix', '2025-10-25 07:36:01', '2025-10-25 08:07:48'),
('4480', '0', 'fr', 'modules', 'settings.payNow', 'Payer maintenant', '2025-10-25 07:36:01', '2025-10-25 08:07:48'),
('4481', '0', 'fr', 'modules', 'settings.paymentSource', 'Source de paiement', '2025-10-25 07:36:01', '2025-10-25 08:07:48'),
('4482', '0', 'fr', 'modules', 'settings.appName', 'Nom de l\'application', '2025-10-25 07:36:01', '2025-10-25 08:07:48'),
('4483', '0', 'fr', 'modules', 'settings.paymentUpgradeHeading', 'Mettre à niveau pour accepter les paiements de manière transparente', '2025-10-25 07:36:01', '2025-10-25 08:07:48'),
('4484', '0', 'fr', 'modules', 'settings.paymentUpgradeInfo', 'Faites passer l\'efficacité de votre restaurant au niveau supérieur en intégrant les passerelles de paiement. Mettre à niveau maintenant pour offrir à vos clients des options de paiement sécurisées, rapides et pratiques comme Stripe et Razorpay', '2025-10-25 07:36:01', '2025-10-25 08:07:48'),
('4485', '0', 'fr', 'modules', 'settings.themeUpgradeHeading', 'Mettre à niveau pour une expérience de marque personnalisée', '2025-10-25 07:36:01', '2025-10-25 08:07:48'),
('4486', '0', 'fr', 'modules', 'settings.themeUpgradeInfo', 'Se démarquez avec votre identité de marque unique! Mettez à niveau maintenant pour personnaliser les couleurs de votre thème et ajouter le logo de votre entreprise, créant une expérience transparente qui reflète la personnalité de votre restaurant.', '2025-10-25 07:36:01', '2025-10-25 08:07:48'),
('4487', '0', 'fr', 'modules', 'settings.manageTranslations', 'Gérer les traductions', '2025-10-25 07:36:01', '2025-10-25 08:07:48'),
('4488', '0', 'fr', 'modules', 'settings.customerLoginRequired', 'Le client doit se connecter pour passer la commande?', '2025-10-25 07:36:01', '2025-10-25 08:07:48'),
('4489', '0', 'fr', 'modules', 'settings.customerName', 'Afficher le nom du client', '2025-10-25 07:36:01', '2025-10-25 08:07:48'),
('4490', '0', 'fr', 'modules', 'settings.customerAddress', 'Afficher l\'adresse du client', '2025-10-25 07:36:01', '2025-10-25 08:07:48'),
('4491', '0', 'fr', 'modules', 'settings.tableNumber', 'Tableau no.', '2025-10-25 07:36:01', '2025-10-25 08:07:48'),
('4492', '0', 'fr', 'modules', 'settings.paymentQrCode', 'Afficher le code QR', '2025-10-25 07:36:01', '2025-10-25 08:07:48'),
('4493', '0', 'fr', 'modules', 'settings.waiter', 'Montrer le nom du serveur', '2025-10-25 07:36:01', '2025-10-25 08:07:48'),
('4494', '0', 'fr', 'modules', 'settings.totalGuest', 'Afficher l\'invité total', '2025-10-25 07:36:01', '2025-10-25 08:07:48'),
('4495', '0', 'fr', 'modules', 'settings.restaurantTax', 'Montrer la taxe sur les restaurants', '2025-10-25 07:36:01', '2025-10-25 08:07:48'),
('4496', '0', 'fr', 'modules', 'settings.noTaxFound', 'Aucune taxe trouvée', '2025-10-25 07:36:01', '2025-10-25 08:07:48'),
('4497', '0', 'fr', 'modules', 'settings.selectEnvironment', 'Sélectionner un environnement', '2025-10-25 07:36:01', '2025-10-25 08:07:48'),
('4498', '0', 'fr', 'modules', 'settings.enablePushNotification', 'Activer les notifications push', '2025-10-25 07:36:01', '2025-10-25 08:07:48'),
('4499', '0', 'fr', 'modules', 'settings.pushNotificationSettings', 'Paramètres de notification push', '2025-10-25 07:36:01', '2025-10-25 08:07:48'),
('4500', '0', 'fr', 'modules', 'settings.aboutUsSettings', 'À propos de nous', '2025-10-25 07:36:01', '2025-10-25 08:07:48'),
('4501', '0', 'fr', 'modules', 'settings.customerSiteSettings', 'Site client', '2025-10-25 07:36:01', '2025-10-25 08:07:48'),
('4502', '0', 'fr', 'modules', 'settings.receiptSetting', 'Paramètres de réception', '2025-10-25 07:36:01', '2025-10-25 08:07:48'),
('4503', '0', 'fr', 'modules', 'settings.allowCustomerDeliveryOrders', 'Permettez au client de passer des commandes de livraison', '2025-10-25 07:36:01', '2025-10-25 08:07:48'),
('4504', '0', 'fr', 'modules', 'settings.allowCustomerOrders', 'Permettez au client de passer des commandes', '2025-10-25 07:36:01', '2025-10-25 08:07:48'),
('4505', '0', 'fr', 'modules', 'settings.allowCustomerPickupOrders', 'Permettre au client de passer des commandes de ramassage', '2025-10-25 07:36:01', '2025-10-25 08:07:48'),
('4506', '0', 'fr', 'modules', 'settings.disableLandingSite', 'Désactiver le site d\'atterrissage', '2025-10-25 07:36:01', '2025-10-25 08:07:48'),
('4507', '0', 'fr', 'modules', 'settings.disableLandingSiteHelp', 'Désactivez le site d\'atterrissage ou définissez votre site d\'atterrissage personnalisé.', '2025-10-25 07:36:01', '2025-10-25 08:07:48'),
('4508', '0', 'fr', 'modules', 'settings.disableLandingSiteHelpDescription', 'Lorsqu\'il est activé, cela désactivera le site Web de Front et redirigera tous les visiteurs directement vers la page de connexion.', '2025-10-25 07:36:01', '2025-10-25 08:07:48'),
('4509', '0', 'fr', 'modules', 'settings.landingSiteType', 'Type de site d\'atterrissage', '2025-10-25 07:36:01', '2025-10-25 08:07:48'),
('4510', '0', 'fr', 'modules', 'settings.landingSiteUrl', 'URL du site d\'atterrissage', '2025-10-25 07:36:01', '2025-10-25 08:07:48'),
('4511', '0', 'fr', 'modules', 'settings.theme', 'Thème', '2025-10-25 07:36:01', '2025-10-25 08:07:48'),
('4512', '0', 'fr', 'modules', 'settings.custom', 'Coutume', '2025-10-25 07:36:01', '2025-10-25 08:07:48'),
('4513', '0', 'fr', 'modules', 'settings.billing', 'Facturation', '2025-10-25 07:36:01', '2025-10-25 08:07:48'),
('4514', '0', 'fr', 'modules', 'settings.package', 'Emballer', '2025-10-25 07:36:01', '2025-10-25 08:07:48'),
('4515', '0', 'fr', 'modules', 'settings.isWaiterRequestEnabled', 'Activer la demande de serveur', '2025-10-25 07:36:01', '2025-10-25 08:07:48'),
('4516', '0', 'fr', 'modules', 'settings.dineInOnlinePaymentRequired', 'Dine-in: paiement en ligne requis', '2025-10-25 07:36:01', '2025-10-25 08:07:48'),
('4517', '0', 'fr', 'modules', 'settings.deliveryOnlinePaymentRequired', 'Livraison: paiement en ligne requis', '2025-10-25 07:36:01', '2025-10-25 08:07:48'),
('4518', '0', 'fr', 'modules', 'settings.pickupOnlinePaymentRequired', 'Prise en charge: paiement en ligne requis', '2025-10-25 07:36:01', '2025-10-25 08:07:48'),
('4519', '0', 'fr', 'modules', 'settings.enablePaymentGateway', 'Veuillez activer au moins une passerelle de paiement (par exemple, Razorpay, Stripe, Flutterwave, PayPal, Paystack, PayFast, Xendit) pour configurer les options de paiement en ligne.', '2025-10-25 07:36:01', '2025-10-25 08:07:48'),
('4520', '0', 'fr', 'modules', 'settings.generalSettingsUseInfo', 'L\'activation de cela permet uniquement les paiements en ligne via la passerelle active. S\'il est désactivé, les paiements en ligne et en espèces sont acceptés avec une passerelle active.', '2025-10-25 07:36:01', '2025-10-25 08:07:48'),
('4521', '0', 'fr', 'modules', 'settings.defaultReservationStatus', 'État de réservation de table par défaut', '2025-10-25 07:36:01', '2025-10-25 08:07:48'),
('4522', '0', 'fr', 'modules', 'settings.reservationStatusConfirmed', 'Confirmé', '2025-10-25 07:36:01', '2025-10-25 08:07:48'),
('4523', '0', 'fr', 'modules', 'settings.reservationStatusCheckedIn', 'Enregistré', '2025-10-25 07:36:01', '2025-10-25 08:07:48'),
('4524', '0', 'fr', 'modules', 'settings.reservationStatusCancelled', 'Annulé', '2025-10-25 07:36:01', '2025-10-25 08:07:48'),
('4525', '0', 'fr', 'modules', 'settings.reservationStatusPending', 'En attente', '2025-10-25 07:36:01', '2025-10-25 08:07:48'),
('4526', '0', 'fr', 'modules', 'settings.reservationStatusNoShow', 'Pas de spectacle', '2025-10-25 07:36:01', '2025-10-25 08:07:48'),
('4527', '0', 'fr', 'modules', 'settings.receipt', 'paramètre de réception', '2025-10-25 07:36:01', '2025-10-25 08:07:48'),
('4528', '0', 'fr', 'modules', 'settings.facebook_link', 'Lien Facebook', '2025-10-25 07:36:01', '2025-10-25 08:07:48'),
('4529', '0', 'fr', 'modules', 'settings.instagram_link', 'Lien Instagram', '2025-10-25 07:36:01', '2025-10-25 08:07:48'),
('4530', '0', 'fr', 'modules', 'settings.twitter_link', 'Lien Twitter', '2025-10-25 07:36:01', '2025-10-25 08:07:48'),
('4531', '0', 'fr', 'modules', 'settings.yelp_link', 'Lien de jaune', '2025-10-25 07:36:01', '2025-10-25 08:07:48'),
('4532', '0', 'fr', 'modules', 'settings.tableRequiredDineIn', 'Tableau requis pour le dîner', '2025-10-25 07:36:01', '2025-10-25 08:07:48'),
('4533', '0', 'fr', 'modules', 'settings.allowDineIn', 'Autoriser le dîner', '2025-10-25 07:36:01', '2025-10-25 08:07:48'),
('4534', '0', 'fr', 'modules', 'settings.defaultLanguage', 'Langue par défaut', '2025-10-25 07:36:01', '2025-10-25 08:07:48'),
('4535', '0', 'fr', 'modules', 'settings.defaultCurrency', 'Devise par défaut', '2025-10-25 07:36:01', '2025-10-25 08:07:48'),
('4536', '0', 'fr', 'modules', 'settings.storageSettings', 'Paramètres de stockage', '2025-10-25 07:36:01', '2025-10-25 08:07:48'),
('4537', '0', 'fr', 'modules', 'settings.selectStorage', 'Sélectionner le stockage', '2025-10-25 07:36:01', '2025-10-25 08:07:48'),
('4538', '0', 'fr', 'modules', 'settings.localStorageNote', 'Le stockage local est l\'option de stockage par défaut. Il stocke des fichiers sur le disque local du serveur.', '2025-10-25 07:36:01', '2025-10-25 08:07:48'),
('4539', '0', 'fr', 'modules', 'settings.storageSuggestion', '<b> Recommandation: </b> Envisagez d\'utiliser <a href = \"https://digitalocean.pxf.io/froïden\" class = \"Underline\" Target = \"_ Blank\"> DigitalOcean Spaces </a>, <a href = \"https://aws.amazon.com/s3\" class = \"Underline\" Target = \"_ Blank\"> aws s3 </a> href = \"https://wasabi.com\" class = \"sous-lis', '2025-10-25 07:36:01', '2025-10-25 08:07:48'),
('4540', '0', 'fr', 'modules', 'settings.digitaloceanAccessKey', 'Clé d\'accès DigitalOcean', '2025-10-25 07:36:01', '2025-10-25 08:07:48'),
('4541', '0', 'fr', 'modules', 'settings.digitaloceanSecretKey', 'Clé secrète DigitalOcean', '2025-10-25 07:36:01', '2025-10-25 08:07:48'),
('4542', '0', 'fr', 'modules', 'settings.digitaloceanBucket', 'Seau numérique', '2025-10-25 07:36:01', '2025-10-25 08:07:48'),
('4543', '0', 'fr', 'modules', 'settings.digitaloceanRegion', 'DigitalOcean Region', '2025-10-25 07:36:01', '2025-10-25 08:07:48'),
('4544', '0', 'fr', 'modules', 'settings.minioAccessKey', 'Minio Access Key', '2025-10-25 07:36:01', '2025-10-25 08:07:48'),
('4545', '0', 'fr', 'modules', 'settings.minioSecretKey', 'Minio Secret Key', '2025-10-25 07:36:01', '2025-10-25 08:07:48'),
('4546', '0', 'fr', 'modules', 'settings.minioBucket', 'Seau Minio', '2025-10-25 07:36:01', '2025-10-25 08:07:48'),
('4547', '0', 'fr', 'modules', 'settings.minioRegion', 'Région de Minio', '2025-10-25 07:36:01', '2025-10-25 08:07:48'),
('4548', '0', 'fr', 'modules', 'settings.minioEndpoint', 'Minio Endpoint', '2025-10-25 07:36:01', '2025-10-25 08:07:48'),
('4549', '0', 'fr', 'modules', 'settings.wasabiAccessKey', 'Clé d\'accès wasabi', '2025-10-25 07:36:01', '2025-10-25 08:07:48'),
('4550', '0', 'fr', 'modules', 'settings.wasabiSecretKey', 'Clé secrète du wasabi', '2025-10-25 07:36:01', '2025-10-25 08:07:48'),
('4551', '0', 'fr', 'modules', 'settings.wasabiBucket', 'Seau de wasabi', '2025-10-25 07:36:01', '2025-10-25 08:07:48'),
('4552', '0', 'fr', 'modules', 'settings.wasabiRegion', 'Tasabe', '2025-10-25 07:36:01', '2025-10-25 08:07:48'),
('4553', '0', 'fr', 'modules', 'settings.awsAccessKey', 'ID clé AWS', '2025-10-25 07:36:01', '2025-10-25 08:07:48'),
('4554', '0', 'fr', 'modules', 'settings.awsSecretKey', 'Clé d\'accès AWS', '2025-10-25 07:36:01', '2025-10-25 08:07:48'),
('4555', '0', 'fr', 'modules', 'settings.awsBucket', 'Seau AWS', '2025-10-25 07:36:01', '2025-10-25 08:07:48'),
('4556', '0', 'fr', 'modules', 'settings.awsRegion', 'Région AWS', '2025-10-25 07:36:01', '2025-10-25 08:07:48'),
('4557', '0', 'fr', 'modules', 'settings.testStorage', 'Stockage de test', '2025-10-25 07:36:01', '2025-10-25 08:07:48'),
('4558', '0', 'fr', 'modules', 'settings.testStorageFile', 'Télécharger le fichier à tester s\'il est téléchargé sur un godet', '2025-10-25 07:36:01', '2025-10-25 08:07:48'),
('4559', '0', 'fr', 'modules', 'settings.moveFilesToCloud', 'Déplacer les fichiers vers le cloud', '2025-10-25 07:36:01', '2025-10-25 08:07:48'),
('4560', '0', 'fr', 'modules', 'settings.local', 'Locale', '2025-10-25 07:36:01', '2025-10-25 08:07:48'),
('4561', '0', 'fr', 'modules', 'settings.digitalocean', 'DigitalOcean', '2025-10-25 07:36:01', '2025-10-25 08:07:48'),
('4562', '0', 'fr', 'modules', 'settings.aws_s3', 'AWS S3', '2025-10-25 07:36:01', '2025-10-25 08:07:48'),
('4563', '0', 'fr', 'modules', 'settings.wasabi', 'Wasabi', '2025-10-25 07:36:01', '2025-10-25 08:07:48'),
('4564', '0', 'fr', 'modules', 'settings.minio', 'Minio', '2025-10-25 07:36:01', '2025-10-25 08:07:48'),
('4565', '0', 'fr', 'modules', 'settings.currencyFormat', 'Format de devise', '2025-10-25 07:36:01', '2025-10-25 08:07:48'),
('4566', '0', 'fr', 'modules', 'settings.currencyPosition', 'Position monétaire', '2025-10-25 07:36:01', '2025-10-25 08:07:48'),
('4567', '0', 'fr', 'modules', 'settings.thousandSeparator', 'Mille séparateur', '2025-10-25 07:36:01', '2025-10-25 08:07:48'),
('4568', '0', 'fr', 'modules', 'settings.decimalSeparator', 'Séparateur décimal', '2025-10-25 07:36:01', '2025-10-25 08:07:48'),
('4569', '0', 'fr', 'modules', 'settings.numberOfdecimals', 'Nombre de décimales', '2025-10-25 07:36:01', '2025-10-25 08:07:48'),
('4570', '0', 'fr', 'modules', 'settings.left', 'Gauche', '2025-10-25 07:36:01', '2025-10-25 08:07:48'),
('4571', '0', 'fr', 'modules', 'settings.right', 'Droite', '2025-10-25 07:36:01', '2025-10-25 08:07:48'),
('4572', '0', 'fr', 'modules', 'settings.leftWithSpace', 'À gauche avec de l\'espace', '2025-10-25 07:36:01', '2025-10-25 08:07:48'),
('4573', '0', 'fr', 'modules', 'settings.rightWithSpace', 'Droit avec l\'espace', '2025-10-25 07:36:01', '2025-10-25 08:07:48'),
('4574', '0', 'fr', 'modules', 'settings.showLogoText', 'Afficher le nom du restaurant avec le logo', '2025-10-25 07:36:01', '2025-10-25 08:07:48'),
('4575', '0', 'fr', 'modules', 'settings.socialMediaLinks', 'Liens de médias sociaux', '2025-10-25 07:36:01', '2025-10-25 08:07:48'),
('4576', '0', 'fr', 'modules', 'settings.facebook', 'Facebook', '2025-10-25 07:36:01', '2025-10-25 08:07:48'),
('4577', '0', 'fr', 'modules', 'settings.instagram', 'Instagram', '2025-10-25 07:36:01', '2025-10-25 08:07:48'),
('4578', '0', 'fr', 'modules', 'settings.twitter', 'Gazouillement', '2025-10-25 07:36:01', '2025-10-25 08:07:48'),
('4579', '0', 'fr', 'modules', 'settings.facebookPlaceHolder', 'Entrez votre URL Facebook', '2025-10-25 07:36:01', '2025-10-25 08:07:48'),
('4580', '0', 'fr', 'modules', 'settings.instagramPlaceHolder', 'Entrez votre URL Instagram', '2025-10-25 07:36:01', '2025-10-25 08:07:48'),
('4581', '0', 'fr', 'modules', 'settings.twitterPlaceHolder', 'Entrez votre URL Twitter', '2025-10-25 07:36:01', '2025-10-25 08:07:48'),
('4582', '0', 'fr', 'modules', 'settings.tableRequiredDineInDescription', 'Activez ceci pour exiger que les clients sélectionnent un tableau pour les commandes de dîner.', '2025-10-25 07:36:01', '2025-10-25 08:07:48'),
('4583', '0', 'fr', 'modules', 'settings.defaultReservationStatusDescription', 'Sélectionnez l\'état par défaut pour les nouvelles réservations.', '2025-10-25 07:36:01', '2025-10-25 08:07:48'),
('4584', '0', 'fr', 'modules', 'settings.allowCustomerPickupOrdersDescription', 'Activez cela pour permettre aux clients de passer des commandes de ramassage.', '2025-10-25 07:36:01', '2025-10-25 08:07:48'),
('4585', '0', 'fr', 'modules', 'settings.allowCustomerDeliveryOrdersDescription', 'Permettre à cela de permettre aux clients de passer des commandes de livraison.', '2025-10-25 07:36:01', '2025-10-25 08:07:48'),
('4586', '0', 'fr', 'modules', 'settings.allowCustomerDineInOrdersDescription', 'Activez cela pour permettre aux clients de passer des commandes de dîner.', '2025-10-25 07:36:01', '2025-10-25 08:07:48'),
('4587', '0', 'fr', 'modules', 'settings.allowCustomerOrdersDescription', 'Permettre à cela de permettre aux clients de passer des commandes.', '2025-10-25 07:36:01', '2025-10-25 08:07:48'),
('4588', '0', 'fr', 'modules', 'settings.allowDineInDescription', 'Permettez-vous de permettre les commandes de dîner.', '2025-10-25 07:36:01', '2025-10-25 08:07:48'),
('4589', '0', 'fr', 'modules', 'settings.customerLoginRequiredDescription', 'Permettre à cela d\'exiger que les clients se connectent avant de passer des commandes.', '2025-10-25 07:36:01', '2025-10-25 08:07:48'),
('4590', '0', 'fr', 'modules', 'settings.isWaiterRequestEnabledDescription', 'Activez ceci pour permettre aux clients d\'appeler les serveurs pour le service.', '2025-10-25 07:36:01', '2025-10-25 08:07:48'),
('4591', '0', 'fr', 'modules', 'settings.orderSettings', 'Paramètres de commande', '2025-10-25 07:36:01', '2025-10-25 08:07:48'),
('4592', '0', 'fr', 'modules', 'settings.orderSettingsDescription', 'Configurer les paramètres liés aux commandes du client.', '2025-10-25 07:36:01', '2025-10-25 08:07:48'),
('4593', '0', 'fr', 'modules', 'settings.dineInSettings', 'Dine-in Paramètres', '2025-10-25 07:36:01', '2025-10-25 08:07:48'),
('4594', '0', 'fr', 'modules', 'settings.customerSiteSettingsDescription', 'Configurer les paramètres liés au site client.', '2025-10-25 07:36:01', '2025-10-25 08:07:48'),
('4595', '0', 'fr', 'modules', 'settings.qrCodeImage', 'Télécharger l\'image du code QR', '2025-10-25 07:36:01', '2025-10-25 08:07:48'),
('4596', '0', 'fr', 'modules', 'settings.qrCodeRequirements', 'Téléchargez une image de code QR pour le paiement. L\'image doit être une image claire et de haute qualité du code QR.', '2025-10-25 07:36:01', '2025-10-25 08:07:48'),
('4597', '0', 'fr', 'modules', 'settings.qrPaymentDescription', 'Activez ceci pour permettre aux clients de payer via le code QR.', '2025-10-25 07:36:01', '2025-10-25 08:07:48'),
('4598', '0', 'fr', 'modules', 'settings.uploadQrCode', 'Télécharger le code QR', '2025-10-25 07:36:01', '2025-10-25 08:07:48'),
('4599', '0', 'fr', 'modules', 'settings.logoDescription', 'Téléchargez un logo pour votre restaurant.', '2025-10-25 07:36:01', '2025-10-25 08:07:48'),
('4600', '0', 'fr', 'modules', 'settings.showLogoTextDescription', 'Permettez à cela de montrer le nom du restaurant avec le logo.', '2025-10-25 07:36:01', '2025-10-25 08:07:48'),
('4601', '0', 'fr', 'modules', 'settings.customerInformation', 'Informations sur les clients', '2025-10-25 07:36:01', '2025-10-25 08:07:48'),
('4602', '0', 'fr', 'modules', 'settings.receiptPreview', 'Aperçu de la réception', '2025-10-25 07:36:01', '2025-10-25 08:07:48'),
('4603', '0', 'fr', 'modules', 'settings.previewReceipt', 'Réception de prévisualisation', '2025-10-25 07:36:01', '2025-10-25 08:07:48'),
('4604', '0', 'fr', 'modules', 'settings.orderDetails', 'Détails de la commande', '2025-10-25 07:36:01', '2025-10-25 08:07:48'),
('4605', '0', 'fr', 'modules', 'settings.cronJobSetting', 'Réglage du travail CRON', '2025-10-25 07:36:01', '2025-10-25 08:07:48'),
('4606', '0', 'fr', 'modules', 'settings.customModules', 'Modules personnalisés', '2025-10-25 07:36:01', '2025-10-25 08:07:48'),
('4607', '0', 'fr', 'modules', 'settings.installCustomModule', 'Installer le module personnalisé', '2025-10-25 07:36:01', '2025-10-25 08:07:48'),
('4608', '0', 'fr', 'modules', 'settings.enablePayViaCash', 'Payer par espèces', '2025-10-25 07:36:01', '2025-10-25 08:07:48'),
('4609', '0', 'fr', 'modules', 'settings.seo', 'Référencement', '2025-10-25 07:36:01', '2025-10-25 08:07:48'),
('4610', '0', 'fr', 'modules', 'settings.metaKeyword', 'Meta Mot-clé', '2025-10-25 07:36:01', '2025-10-25 08:07:48'),
('4611', '0', 'fr', 'modules', 'settings.metaDescription', 'Méta-description', '2025-10-25 07:36:01', '2025-10-25 08:07:48'),
('4612', '0', 'fr', 'modules', 'settings.offlinePaymentDescription', 'Activez ceci pour permettre aux clients de payer via des méthodes de paiement hors ligne.', '2025-10-25 07:36:01', '2025-10-25 08:07:48'),
('4613', '0', 'fr', 'modules', 'settings.offlinePaymentDetailsDescription', 'Activez ceci pour permettre aux clients de payer via des méthodes de paiement hors ligne.', '2025-10-25 07:36:01', '2025-10-25 08:07:48'),
('4614', '0', 'fr', 'modules', 'settings.offlinePaymentDetails', 'Détails de paiement hors ligne', '2025-10-25 07:36:01', '2025-10-25 08:07:48'),
('4615', '0', 'fr', 'modules', 'settings.cashPaymentDescription', 'Activez ceci pour permettre aux clients de payer via des méthodes de paiement en espèces.', '2025-10-25 07:36:01', '2025-10-25 08:07:48'),
('4616', '0', 'fr', 'modules', 'settings.restaurantRequiresApproval', 'Le restaurant nécessite l\'approbation', '2025-10-25 07:36:01', '2025-10-25 08:07:48'),
('4617', '0', 'fr', 'modules', 'settings.restaurantRequiresApprovalInfo', 'Permettez à cela d\'exiger l\'approbation de l\'administration pour les inscriptions de nouveaux restaurants.', '2025-10-25 07:36:01', '2025-10-25 08:07:48'),
('4618', '0', 'fr', 'modules', 'settings.themeColorDescription', 'Sélectionnez la couleur du thème de votre restaurant.', '2025-10-25 07:36:01', '2025-10-25 08:07:48'),
('4619', '0', 'fr', 'modules', 'settings.upload_fav_icon_android_chrome_192', 'Télécharger Favicon pour Android Chrome (192x192) PX', '2025-10-25 07:36:01', '2025-10-25 08:07:48'),
('4620', '0', 'fr', 'modules', 'settings.upload_fav_icon_android_chrome_512', 'Télécharger Favicon pour Android Chrome (512x512) PX', '2025-10-25 07:36:01', '2025-10-25 08:07:48'),
('4621', '0', 'fr', 'modules', 'settings.upload_fav_icon_apple_touch_icon', 'Télécharger Favicon pour Apple Touch Icon', '2025-10-25 07:36:01', '2025-10-25 08:07:48'),
('4622', '0', 'fr', 'modules', 'settings.upload_favicon_16', 'Télécharger Favicon (16x16) PX', '2025-10-25 07:36:01', '2025-10-25 08:07:48'),
('4623', '0', 'fr', 'modules', 'settings.upload_favicon_32', 'Télécharger Favicon (32x32) PX', '2025-10-25 07:36:01', '2025-10-25 08:07:48'),
('4624', '0', 'fr', 'modules', 'settings.favicon', 'Télécharger Favicon', '2025-10-25 07:36:01', '2025-10-25 08:07:48'),
('4625', '0', 'fr', 'modules', 'settings.editCharge', 'Modifier les frais', '2025-10-25 07:36:01', '2025-10-25 08:07:48'),
('4626', '0', 'fr', 'modules', 'settings.addCharge', 'Ajouter des charges', '2025-10-25 07:36:01', '2025-10-25 08:07:48'),
('4627', '0', 'fr', 'modules', 'settings.chargeName', 'Nom d\'accusation', '2025-10-25 07:36:01', '2025-10-25 08:07:48'),
('4628', '0', 'fr', 'modules', 'settings.chargeType', 'Taper', '2025-10-25 07:36:01', '2025-10-25 08:07:48'),
('4629', '0', 'fr', 'modules', 'settings.percent', 'Pour cent', '2025-10-25 07:36:01', '2025-10-25 08:07:48'),
('4630', '0', 'fr', 'modules', 'settings.fixed', 'Fixé', '2025-10-25 07:36:01', '2025-10-25 08:07:48'),
('4631', '0', 'fr', 'modules', 'settings.rate', 'Taux', '2025-10-25 07:36:01', '2025-10-25 08:07:48'),
('4632', '0', 'fr', 'modules', 'settings.orderType', 'Type de commande', '2025-10-25 07:36:01', '2025-10-25 08:07:48'),
('4633', '0', 'fr', 'modules', 'settings.deleteCharge', 'Supprimer', '2025-10-25 07:36:01', '2025-10-25 08:07:48'),
('4634', '0', 'fr', 'modules', 'settings.deleteChargeMessage', 'Êtes-vous sûr de vouloir supprimer les frais?', '2025-10-25 07:36:01', '2025-10-25 08:07:48'),
('4635', '0', 'fr', 'modules', 'settings.hideTodayOrders', 'Cachez aujourd\'hui les commandes', '2025-10-25 07:36:01', '2025-10-25 08:07:48'),
('4636', '0', 'fr', 'modules', 'settings.hideNewReservation', 'Masquer une nouvelle réservation', '2025-10-25 07:36:01', '2025-10-25 08:07:48'),
('4637', '0', 'fr', 'modules', 'settings.hideNewWaiterRequest', 'Masquer la nouvelle demande de serveur', '2025-10-25 07:36:01', '2025-10-25 08:07:48'),
('4638', '0', 'fr', 'modules', 'settings.hideTopNav', 'Masquer la navigation supérieure', '2025-10-25 07:36:01', '2025-10-25 08:07:48'),
('4639', '0', 'fr', 'modules', 'settings.hideTodayOrdersDescription', 'Activez ceci pour masquer le widget des commandes aujourd\'hui de la navigation supérieure.', '2025-10-25 07:36:01', '2025-10-25 08:07:48'),
('4640', '0', 'fr', 'modules', 'settings.hideNewReservationDescription', 'Activez ceci pour masquer un nouveau widget de réservation de la navigation supérieure.', '2025-10-25 07:36:01', '2025-10-25 08:07:48'),
('4641', '0', 'fr', 'modules', 'settings.hideNewWaiterRequestDescription', 'Activez ceci pour masquer le nouveau widget de demande de serveur dans la navigation supérieure.', '2025-10-25 07:36:01', '2025-10-25 08:07:48'),
('4642', '0', 'fr', 'modules', 'settings.charges', 'Frais supplémentaires', '2025-10-25 07:36:01', '2025-10-25 08:07:48'),
('4643', '0', 'fr', 'modules', 'settings.onDesktop', 'Sur le bureau', '2025-10-25 07:36:01', '2025-10-25 08:07:48'),
('4644', '0', 'fr', 'modules', 'settings.onMobile', 'Sur mobile', '2025-10-25 07:36:01', '2025-10-25 08:07:48'),
('4645', '0', 'fr', 'modules', 'settings.openViaQrCode', 'Uniquement lorsqu\'il est ouvert via le code QR', '2025-10-25 07:36:01', '2025-10-25 08:07:48'),
('4646', '0', 'fr', 'modules', 'settings.callWaiterSettings', 'Appelez les paramètres du serveur', '2025-10-25 07:36:01', '2025-10-25 08:07:48'),
('4647', '0', 'fr', 'modules', 'settings.onDesktopDescription', 'Activez ceci pour permettre aux clients d\'appeler les serveurs sur le bureau.', '2025-10-25 07:36:01', '2025-10-25 08:07:48'),
('4648', '0', 'fr', 'modules', 'settings.onMobileDescription', 'Activez ceci pour permettre aux clients d\'appeler les serveurs sur mobile.', '2025-10-25 07:36:01', '2025-10-25 08:07:48'),
('4649', '0', 'fr', 'modules', 'settings.openViaQrCodeDescription', 'Activez ceci pour permettre aux clients d\'appeler les serveurs uniquement lorsqu\'ils ouvrent l\'application via le code QR.', '2025-10-25 07:36:01', '2025-10-25 08:07:48'),
('4650', '0', 'fr', 'modules', 'settings.favicons', 'Favicons', '2025-10-25 07:36:01', '2025-10-25 08:07:48'),
('4651', '0', 'fr', 'modules', 'settings.faviconsDescription', 'Téléchargez un favicon pour votre site.', '2025-10-25 07:36:01', '2025-10-25 08:07:48'),
('4652', '0', 'fr', 'modules', 'settings.generateFavicon', 'Générer Favicon', '2025-10-25 07:36:01', '2025-10-25 08:07:48'),
('4653', '0', 'fr', 'modules', 'settings.siteWebManifest', 'Manifeste Web du site', '2025-10-25 07:36:01', '2025-10-25 08:07:48'),
('4654', '0', 'fr', 'modules', 'settings.paymentDetails', 'Détails de paiement', '2025-10-25 07:36:01', '2025-10-25 08:07:48'),
('4655', '0', 'fr', 'modules', 'settings.paymentQrImage', 'Image QR de paiement', '2025-10-25 07:36:01', '2025-10-25 08:07:48'),
('4656', '0', 'fr', 'modules', 'settings.uploadPaymentQrCode', 'Télécharger le code QR de paiement', '2025-10-25 07:36:01', '2025-10-25 08:07:48'),
('4657', '0', 'fr', 'modules', 'settings.showPaymetQrCode', 'Afficher le code QR de paiement', '2025-10-25 07:36:01', '2025-10-25 08:07:48'),
('4658', '0', 'fr', 'modules', 'settings.payFromYourPhone', 'Payer de votre téléphone', '2025-10-25 07:36:01', '2025-10-25 08:07:48'),
('4659', '0', 'fr', 'modules', 'settings.scanQrCode', 'Scannez le code QR pour payer votre facture', '2025-10-25 07:36:01', '2025-10-25 08:07:48'),
('4660', '0', 'fr', 'modules', 'settings.isChargeEnabled', 'Faire des frais', '2025-10-25 07:36:01', '2025-10-25 08:07:48'),
('4661', '0', 'fr', 'modules', 'settings.isChargeEnabledDescription', 'Vérifiez pour activer cette charge.', '2025-10-25 07:36:01', '2025-10-25 08:07:48'),
('4662', '0', 'fr', 'modules', 'settings.enableTipShop', 'Activer le site du client Tip', '2025-10-25 07:36:01', '2025-10-25 08:07:48'),
('4663', '0', 'fr', 'modules', 'settings.enableTipShopDescription', 'Activez cela pour permettre aux clients d\'ajouter des conseils à leurs commandes.', '2025-10-25 07:36:01', '2025-10-25 08:07:48'),
('4664', '0', 'fr', 'modules', 'settings.enableTipPos', 'Activer la pointe POS', '2025-10-25 07:36:01', '2025-10-25 08:07:48'),
('4665', '0', 'fr', 'modules', 'settings.enableTipPosDescription', 'Activez ceci pour permettre d\'ajouter des conseils à leurs commandes dans le POS.', '2025-10-25 07:36:01', '2025-10-25 08:07:48'),
('4666', '0', 'fr', 'modules', 'settings.pwaSettings', 'Paramètres PWA', '2025-10-25 07:36:01', '2025-10-25 08:07:48'),
('4667', '0', 'fr', 'modules', 'settings.enbalePwaApp', 'Activer l\'application PWA', '2025-10-25 07:36:01', '2025-10-25 08:07:48'),
('4668', '0', 'fr', 'modules', 'settings.enablePwadescription', 'Activez ceci pour permettre aux clients d\'installer votre application sur leurs appareils.', '2025-10-25 07:36:01', '2025-10-25 08:07:48'),
('4669', '0', 'fr', 'modules', 'settings.metaTitle', 'Méta-titre', '2025-10-25 07:36:01', '2025-10-25 08:07:48'),
('4670', '0', 'fr', 'modules', 'settings.addMoreWebPage', 'Ajouter plus de page Web', '2025-10-25 07:36:01', '2025-10-25 08:07:48'),
('4671', '0', 'fr', 'modules', 'settings.addMoreWebPageHelp', 'Ajoutez une page Web dynamique à votre site.', '2025-10-25 07:36:01', '2025-10-25 08:07:48'),
('4672', '0', 'fr', 'modules', 'settings.menuName', 'Nom de menu', '2025-10-25 07:36:01', '2025-10-25 08:07:48'),
('4673', '0', 'fr', 'modules', 'settings.menuSlug', 'Limace de menu', '2025-10-25 07:36:01', '2025-10-25 08:07:48'),
('4674', '0', 'fr', 'modules', 'settings.menuContent', 'Contenu de menu', '2025-10-25 07:36:01', '2025-10-25 08:07:48'),
('4675', '0', 'fr', 'modules', 'settings.showMoreWebPage', 'Afficher plus de page Web', '2025-10-25 07:36:01', '2025-10-25 08:07:48'),
('4676', '0', 'fr', 'modules', 'settings.addDyanamicMenu', 'Ajouter le menu dynamique', '2025-10-25 07:36:01', '2025-10-25 08:07:48'),
('4677', '0', 'fr', 'modules', 'settings.deleteDyanamicMenu', 'Supprimer le menu dynamique', '2025-10-25 07:36:01', '2025-10-25 08:07:48'),
('4678', '0', 'fr', 'modules', 'settings.editDynamicMenu', 'Modifier le menu dynamique', '2025-10-25 07:36:01', '2025-10-25 08:07:48'),
('4679', '0', 'fr', 'modules', 'settings.addDynamicMenu', 'Ajouter le menu dynamique', '2025-10-25 07:36:01', '2025-10-25 08:07:48'),
('4680', '0', 'fr', 'modules', 'settings.isActive', 'Actif', '2025-10-25 07:36:01', '2025-10-25 08:07:48'),
('4681', '0', 'fr', 'modules', 'settings.showPaymentDetails', 'Afficher les détails de paiement', '2025-10-25 07:36:01', '2025-10-25 08:07:48'),
('4682', '0', 'fr', 'modules', 'settings.autoConfirmOrders', 'Statut de commande de confirmation automatique', '2025-10-25 07:36:01', '2025-10-25 08:07:48'),
('4683', '0', 'fr', 'modules', 'settings.autoConfirmOrdersDescription', 'Activez ceci pour confirmer automatiquement l\'état des commandes et envoyer à KOT.', '2025-10-25 07:36:01', '2025-10-25 08:07:48'),
('4684', '0', 'fr', 'modules', 'settings.printerSetting', 'Paramètres de l\'imprimante', '2025-10-25 07:36:01', '2025-10-25 08:07:48'),
('4685', '0', 'fr', 'modules', 'settings.printerSettingDescription', 'Configurez les paramètres de l\'imprimante pour votre restaurant.', '2025-10-25 07:36:01', '2025-10-25 08:07:48'),
('4686', '0', 'fr', 'modules', 'settings.addPrinter', 'Ajouter l\'imprimante', '2025-10-25 07:36:01', '2025-10-25 08:07:48'),
('4687', '0', 'fr', 'modules', 'settings.editPrinter', 'Modifier l\'imprimante', '2025-10-25 07:36:01', '2025-10-25 08:07:48'),
('4688', '0', 'fr', 'modules', 'settings.deletePrinter', 'Supprimer l\'imprimante', '2025-10-25 07:36:01', '2025-10-25 08:07:48'),
('4689', '0', 'fr', 'modules', 'settings.printerName', 'Nom de l\'imprimante', '2025-10-25 07:36:01', '2025-10-25 08:07:48'),
('4690', '0', 'fr', 'modules', 'settings.printerType', 'Type d\'imprimante', '2025-10-25 07:36:01', '2025-10-25 08:07:48'),
('4691', '0', 'fr', 'modules', 'settings.printerStatus', 'Statut d\'imprimante', '2025-10-25 07:36:01', '2025-10-25 08:07:48'),
('4692', '0', 'fr', 'modules', 'settings.headerPage', 'Page de tête', '2025-10-25 07:36:01', '2025-10-25 08:07:48'),
('4693', '0', 'fr', 'modules', 'settings.headerTitle', 'Titre de tête', '2025-10-25 07:36:01', '2025-10-25 08:07:48'),
('4694', '0', 'fr', 'modules', 'settings.headerDescription', 'Description de l\'en-tête', '2025-10-25 07:36:01', '2025-10-25 08:07:48'),
('4695', '0', 'fr', 'modules', 'settings.headerImage', 'Image de tête', '2025-10-25 07:36:01', '2025-10-25 08:07:48'),
('4696', '0', 'fr', 'modules', 'settings.preview', 'Prévisualisation', '2025-10-25 07:36:01', '2025-10-25 08:07:48'),
('4697', '0', 'fr', 'modules', 'settings.featureWithImage', 'Fonctionnalité avec image', '2025-10-25 07:36:01', '2025-10-25 08:07:48'),
('4698', '0', 'fr', 'modules', 'settings.addFeature', 'Ajouter la fonctionnalité', '2025-10-25 07:36:01', '2025-10-25 08:07:48'),
('4699', '0', 'fr', 'modules', 'settings.editFeature', 'Modifier la fonctionnalité', '2025-10-25 07:36:01', '2025-10-25 08:07:48'),
('4700', '0', 'fr', 'modules', 'settings.deleteFeature', 'Supprimer la fonctionnalité', '2025-10-25 07:36:01', '2025-10-25 08:07:48'),
('4701', '0', 'fr', 'modules', 'settings.featureTitle', 'Titre de fonctionnalité', '2025-10-25 07:36:01', '2025-10-25 08:07:48'),
('4702', '0', 'fr', 'modules', 'settings.featureDescription', 'Description des fonctionnalités', '2025-10-25 07:36:01', '2025-10-25 08:07:48'),
('4703', '0', 'fr', 'modules', 'settings.featureImage', 'Image de caractéristique', '2025-10-25 07:36:01', '2025-10-25 08:07:48'),
('4704', '0', 'fr', 'modules', 'settings.lanuage', 'Langue', '2025-10-25 07:36:01', '2025-10-25 08:07:48'),
('4705', '0', 'fr', 'modules', 'settings.selectLanguage', 'Sélectionner la langue', '2025-10-25 07:36:01', '2025-10-25 08:07:48'),
('4706', '0', 'fr', 'modules', 'settings.feature', 'Fonctionnalité', '2025-10-25 07:36:01', '2025-10-25 08:07:48'),
('4707', '0', 'fr', 'modules', 'settings.featureIcon', 'Icône de fonctionnalité', '2025-10-25 07:36:01', '2025-10-25 08:07:48'),
('4708', '0', 'fr', 'modules', 'settings.featureHeading', 'Cap de fonction', '2025-10-25 07:36:01', '2025-10-25 08:07:48'),
('4709', '0', 'fr', 'modules', 'settings.addFeatureWithicon', 'Ajouter une fonctionnalité avec l\'icône', '2025-10-25 07:36:01', '2025-10-25 08:07:48'),
('4710', '0', 'fr', 'modules', 'settings.editFeatureWithicon', 'Modifier la fonction avec l\'icône', '2025-10-25 07:36:01', '2025-10-25 08:07:48'),
('4711', '0', 'fr', 'modules', 'settings.language', 'Langue', '2025-10-25 07:36:01', '2025-10-25 08:07:48'),
('4712', '0', 'fr', 'modules', 'settings.featureWithIcon', 'Fonction avec icône', '2025-10-25 07:36:01', '2025-10-25 08:07:48'),
('4713', '0', 'fr', 'modules', 'settings.reviewSetting', 'Paramètre de révision', '2025-10-25 07:36:01', '2025-10-25 08:07:48'),
('4714', '0', 'fr', 'modules', 'settings.addReview', 'Ajouter une revue', '2025-10-25 07:36:01', '2025-10-25 08:07:48'),
('4715', '0', 'fr', 'modules', 'settings.editReview', 'Modifier l\'examen', '2025-10-25 07:36:01', '2025-10-25 08:07:48'),
('4716', '0', 'fr', 'modules', 'settings.deleteReview', 'Supprimer l\'examen', '2025-10-25 07:36:01', '2025-10-25 08:07:48'),
('4717', '0', 'fr', 'modules', 'settings.reviewerName', 'Nom de critique', '2025-10-25 07:36:01', '2025-10-25 08:07:48'),
('4718', '0', 'fr', 'modules', 'settings.reviewerDesignation', 'Désignation de l\'examinateur', '2025-10-25 07:36:01', '2025-10-25 08:07:48'),
('4719', '0', 'fr', 'modules', 'settings.reviews', 'Critiques', '2025-10-25 07:36:01', '2025-10-25 08:07:48'),
('4720', '0', 'fr', 'modules', 'settings.noReviews', 'Aucune critique', '2025-10-25 07:36:01', '2025-10-25 08:07:48'),
('4721', '0', 'fr', 'modules', 'settings.faqSetting', 'Paramètre FAQ', '2025-10-25 07:36:01', '2025-10-25 08:07:48'),
('4722', '0', 'fr', 'modules', 'settings.addFaq', 'Ajouter la FAQ', '2025-10-25 07:36:01', '2025-10-25 08:07:48'),
('4723', '0', 'fr', 'modules', 'settings.editFaq', 'Modifier la FAQ', '2025-10-25 07:36:01', '2025-10-25 08:07:48'),
('4724', '0', 'fr', 'modules', 'settings.deleteFaq', 'Supprimer la FAQ', '2025-10-25 07:36:01', '2025-10-25 08:07:48'),
('4725', '0', 'fr', 'modules', 'settings.title', 'Titre', '2025-10-25 07:36:01', '2025-10-25 08:07:48'),
('4726', '0', 'fr', 'modules', 'settings.description', 'Description', '2025-10-25 07:36:01', '2025-10-25 08:07:48'),
('4727', '0', 'fr', 'modules', 'settings.question', 'Question', '2025-10-25 07:36:01', '2025-10-25 08:07:48'),
('4728', '0', 'fr', 'modules', 'settings.answer', 'Répondre', '2025-10-25 07:36:01', '2025-10-25 08:07:48'),
('4729', '0', 'fr', 'modules', 'settings.contactSetting', 'Paramètre de contact', '2025-10-25 07:36:01', '2025-10-25 08:07:48'),
('4730', '0', 'fr', 'modules', 'settings.contact', 'Contact', '2025-10-25 07:36:01', '2025-10-25 08:07:48'),
('4731', '0', 'fr', 'modules', 'settings.contactCompany', 'Entreprise de contact', '2025-10-25 07:36:01', '2025-10-25 08:07:48'),
('4732', '0', 'fr', 'modules', 'settings.contactImage', 'Image de contact', '2025-10-25 07:36:01', '2025-10-25 08:07:48'),
('4733', '0', 'fr', 'modules', 'settings.addContact', 'Ajouter le contact', '2025-10-25 07:36:01', '2025-10-25 08:07:48'),
('4734', '0', 'fr', 'modules', 'settings.editContact', 'Modifier le contact', '2025-10-25 07:36:01', '2025-10-25 08:07:48'),
('4735', '0', 'fr', 'modules', 'settings.deleteContact', 'Supprimer le contact', '2025-10-25 07:36:01', '2025-10-25 08:07:48'),
('4736', '0', 'fr', 'modules', 'settings.contactName', 'Nom de contact', '2025-10-25 07:36:01', '2025-10-25 08:07:48'),
('4737', '0', 'fr', 'modules', 'settings.email', 'E-mail', '2025-10-25 07:36:01', '2025-10-25 08:07:48'),
('4738', '0', 'fr', 'modules', 'settings.address', 'Adresse', '2025-10-25 07:36:01', '2025-10-25 08:07:48'),
('4739', '0', 'fr', 'modules', 'settings.footerSetting', 'Bas de page', '2025-10-25 07:36:01', '2025-10-25 08:07:48'),
('4740', '0', 'fr', 'modules', 'settings.footerCopyrightText', 'Texte de copyright de pied', '2025-10-25 07:36:01', '2025-10-25 08:07:48'),
('4741', '0', 'fr', 'modules', 'settings.addFeatureWithIcon', 'Ajouter une fonctionnalité avec l\'icône', '2025-10-25 07:36:01', '2025-10-25 08:07:48'),
('4742', '0', 'fr', 'modules', 'settings.faq', 'FAQ', '2025-10-25 07:36:01', '2025-10-25 08:07:48'),
('4743', '0', 'fr', 'modules', 'settings.noFaq', 'Pas de FAQ', '2025-10-25 07:36:01', '2025-10-25 08:07:48'),
('4744', '0', 'fr', 'modules', 'settings.priceSetting', 'Fixation', '2025-10-25 07:36:01', '2025-10-25 08:07:48'),
('4745', '0', 'fr', 'modules', 'settings.priceTitle', 'Titre de prix', '2025-10-25 07:36:01', '2025-10-25 08:07:48'),
('4746', '0', 'fr', 'modules', 'settings.priceDescription', 'Description du prix', '2025-10-25 07:36:01', '2025-10-25 08:07:48'),
('4747', '0', 'fr', 'modules', 'settings.staticLandingPage', 'Page de destination statique', '2025-10-25 07:36:01', '2025-10-25 08:07:48'),
('4748', '0', 'fr', 'modules', 'settings.dynamicLandingPage', 'Page de destination dynamique', '2025-10-25 07:36:01', '2025-10-25 08:07:48'),
('4749', '0', 'fr', 'modules', 'settings.flutterwaveSettings', 'Paramètres de Flutterwave', '2025-10-25 07:36:01', '2025-10-25 08:07:48'),
('4750', '0', 'fr', 'modules', 'settings.flutterwaveKey', 'Clé Flutterwave', '2025-10-25 07:36:01', '2025-10-25 08:07:48'),
('4751', '0', 'fr', 'modules', 'settings.flutterwaveSecret', 'Secret Flutterwave', '2025-10-25 07:36:01', '2025-10-25 08:07:48'),
('4752', '0', 'fr', 'modules', 'settings.flutterwaveEncryptionKey', 'Clé de cryptage Flutterwave', '2025-10-25 07:36:01', '2025-10-25 08:07:48'),
('4753', '0', 'fr', 'modules', 'settings.flutterwaveWebhookHash', 'Flutterwave webhook Secret Hash', '2025-10-25 07:36:01', '2025-10-25 08:07:48'),
('4754', '0', 'fr', 'modules', 'settings.testFlutterwaveKey', 'Tester la touche Flutterwave', '2025-10-25 07:36:01', '2025-10-25 08:07:48'),
('4755', '0', 'fr', 'modules', 'settings.testFlutterwaveSecret', 'Tester le secret de Flutterwave', '2025-10-25 07:36:01', '2025-10-25 08:07:48'),
('4756', '0', 'fr', 'modules', 'settings.testFlutterwaveEncryptionKey', 'Tester la clé de cryptage Flutterwave', '2025-10-25 07:36:01', '2025-10-25 08:07:48'),
('4757', '0', 'fr', 'modules', 'settings.testFlutterwaveWebhookHash', 'Tester le hachage secret de flutterwave webhook', '2025-10-25 07:36:01', '2025-10-25 08:07:48'),
('4758', '0', 'fr', 'modules', 'settings.webhookUrl', 'URL de webhook', '2025-10-25 07:36:01', '2025-10-25 08:07:48'),
('4759', '0', 'fr', 'modules', 'settings.copyWebhookUrl', 'Copie', '2025-10-25 07:36:01', '2025-10-25 08:07:48'),
('4760', '0', 'fr', 'modules', 'settings.copied', 'Copié!', '2025-10-25 07:36:01', '2025-10-25 08:07:48'),
('4761', '0', 'fr', 'modules', 'settings.save', 'Sauvegarder', '2025-10-25 07:36:01', '2025-10-25 08:07:48'),
('4762', '0', 'fr', 'modules', 'settings.razorpayKey', 'Clé Razorpay', '2025-10-25 07:36:01', '2025-10-25 08:07:48'),
('4763', '0', 'fr', 'modules', 'settings.razorpaySecret', 'Secret Razorpay', '2025-10-25 07:36:01', '2025-10-25 08:07:48'),
('4764', '0', 'fr', 'modules', 'settings.razorpayWebhookKey', 'Clé Razorpay webhook', '2025-10-25 07:36:01', '2025-10-25 08:07:48'),
('4765', '0', 'fr', 'modules', 'settings.testRazorpayKey', 'Tester la clé Razorpay', '2025-10-25 07:36:01', '2025-10-25 08:07:48'),
('4766', '0', 'fr', 'modules', 'settings.testRazorpaySecret', 'Tester le secret de Razorpay', '2025-10-25 07:36:01', '2025-10-25 08:07:48'),
('4767', '0', 'fr', 'modules', 'settings.testRazorpayWebhookKey', 'Tester la touche Razorpay Webhook', '2025-10-25 07:36:01', '2025-10-25 08:07:48'),
('4768', '0', 'fr', 'modules', 'settings.stripeKey', 'Clé de pointe', '2025-10-25 07:36:01', '2025-10-25 08:07:48'),
('4769', '0', 'fr', 'modules', 'settings.stripeSecret', 'Secret Stripe', '2025-10-25 07:36:01', '2025-10-25 08:07:48'),
('4770', '0', 'fr', 'modules', 'settings.stripeWebhookKey', 'Clé de webhook webhook', '2025-10-25 07:36:01', '2025-10-25 08:07:48'),
('4771', '0', 'fr', 'modules', 'settings.getStripeCredentials', 'Obtenez des informations d\'identification Stripe', '2025-10-25 07:36:01', '2025-10-25 08:07:48'),
('4772', '0', 'fr', 'modules', 'settings.getStripeTestCredentials', 'Obtenez des informations d\'identification de test Stripe', '2025-10-25 07:36:01', '2025-10-25 08:07:48'),
('4773', '0', 'fr', 'modules', 'settings.testStripeKey', 'Test Stripe Key', '2025-10-25 07:36:01', '2025-10-25 08:07:48'),
('4774', '0', 'fr', 'modules', 'settings.testStripeSecret', 'Secret Stripe de test', '2025-10-25 07:36:01', '2025-10-25 08:07:48'),
('4775', '0', 'fr', 'modules', 'settings.testStripeWebhookKey', 'Test Stripe WebHook Key', '2025-10-25 07:36:01', '2025-10-25 08:07:48'),
('4776', '0', 'fr', 'modules', 'settings.flutterwavePublicKey', 'Clé publique Flutterwave', '2025-10-25 07:36:01', '2025-10-25 08:07:48'),
('4777', '0', 'fr', 'modules', 'settings.flutterwaveSecretKey', 'Clé secrète de Flutterwave', '2025-10-25 07:36:01', '2025-10-25 08:07:48'),
('4778', '0', 'fr', 'modules', 'settings.deliverySettings', 'Paramètres de livraison', '2025-10-25 07:36:01', '2025-10-25 08:07:48'),
('4779', '0', 'fr', 'modules', 'settings.getGoogleMapApiKeyHelp', 'Pour obtenir une clé API Google Maps, vous devez créer un projet dans la console Google Cloud et activer l\'API JavaScript Maps.', '2025-10-25 07:36:01', '2025-10-25 08:07:48'),
('4780', '0', 'fr', 'modules', 'settings.learnMore', 'Apprendre encore plus', '2025-10-25 07:36:01', '2025-10-25 08:07:48'),
('4781', '0', 'fr', 'modules', 'settings.enablePayPal', 'Activer PayPal', '2025-10-25 07:36:01', '2025-10-25 08:07:48'),
('4782', '0', 'fr', 'modules', 'settings.enablePayfast', 'Activer PayFast', '2025-10-25 07:36:01', '2025-10-25 08:07:48'),
('4783', '0', 'fr', 'modules', 'settings.branchPhone', 'Téléphone de succursale', '2025-10-25 07:36:01', '2025-10-25 08:07:48'),
('4784', '0', 'fr', 'modules', 'settings.sessionDriver', 'Conducteur de session', '2025-10-25 07:36:01', '2025-10-25 08:07:48'),
('4785', '0', 'fr', 'modules', 'settings.sessionDriverFile', 'Déposer', '2025-10-25 07:36:01', '2025-10-25 08:07:48'),
('4786', '0', 'fr', 'modules', 'settings.sessionDriverDatabase', 'Base de données', '2025-10-25 07:36:01', '2025-10-25 08:07:48'),
('4787', '0', 'fr', 'modules', 'settings.paypalSandboxClientId', 'ID client PayPal Sandbox', '2025-10-25 07:36:01', '2025-10-25 08:07:48'),
('4788', '0', 'fr', 'modules', 'settings.paypalSandboxSecret', 'Secret PayPal Sandbox', '2025-10-25 07:36:01', '2025-10-25 08:07:48'),
('4789', '0', 'fr', 'modules', 'settings.paypalLiveClientId', 'ID de client PayPal Live', '2025-10-25 07:36:01', '2025-10-25 08:07:48'),
('4790', '0', 'fr', 'modules', 'settings.paypalLiveSecret', 'Paypal Live Secret', '2025-10-25 07:36:01', '2025-10-25 08:07:48'),
('4791', '0', 'fr', 'modules', 'settings.xenditTestPublicKey', 'Test Xendit Clé public', '2025-10-25 07:36:01', '2025-10-25 08:07:48'),
('4792', '0', 'fr', 'modules', 'settings.xenditTestSecretKey', 'Xendit Test Secret Key', '2025-10-25 07:36:01', '2025-10-25 08:07:48'),
('4793', '0', 'fr', 'modules', 'settings.xenditLivePublicKey', 'Xendit Live Public Key', '2025-10-25 07:36:02', '2025-10-25 08:07:48'),
('4794', '0', 'fr', 'modules', 'settings.xenditLiveSecretKey', 'Xendit Live Secret Key', '2025-10-25 07:36:02', '2025-10-25 08:07:48'),
('4795', '0', 'fr', 'modules', 'settings.xenditTestWebhookToken', 'Xendit test webhook token', '2025-10-25 07:36:02', '2025-10-25 08:07:48'),
('4796', '0', 'fr', 'modules', 'settings.xenditLiveWebhookToken', 'Xendit live webhook token', '2025-10-25 07:36:02', '2025-10-25 08:07:48'),
('4797', '0', 'fr', 'modules', 'settings.kotSettings', 'Paramètres KOT', '2025-10-25 07:36:02', '2025-10-25 08:07:48'),
('4798', '0', 'fr', 'modules', 'settings.kotStatusesPending', 'En attente', '2025-10-25 07:36:02', '2025-10-25 08:07:48'),
('4799', '0', 'fr', 'modules', 'settings.kotStatusesCooking', 'Cuisson', '2025-10-25 07:36:02', '2025-10-25 08:07:48'),
('4800', '0', 'fr', 'modules', 'settings.enableItemLevelStatus', 'Activer l\'état du niveau de l\'élément', '2025-10-25 07:36:02', '2025-10-25 08:07:48'),
('4801', '0', 'fr', 'modules', 'settings.enableItemLevelStatusDescription', 'Activez ceci pour permettre la définition des statuts au niveau de l\'élément.', '2025-10-25 07:36:02', '2025-10-25 08:07:48'),
('4802', '0', 'fr', 'modules', 'settings.defaultKotStatus', 'Statut KOT par défaut', '2025-10-25 07:36:02', '2025-10-25 08:07:48'),
('4803', '0', 'fr', 'modules', 'settings.defaultKotStatusDescription', 'Définissez l\'état par défaut du KOT.', '2025-10-25 07:36:02', '2025-10-25 08:07:48'),
('4804', '0', 'fr', 'modules', 'settings.kotStatusesPendingDescription', 'État initial lorsque KOT est créé et attend d\'être traité', '2025-10-25 07:36:02', '2025-10-25 08:07:48'),
('4805', '0', 'fr', 'modules', 'settings.kotStatusesCookingDescription', 'Statut lorsque le personnel de cuisine prépare la commande', '2025-10-25 07:36:02', '2025-10-25 08:07:48'),
('4806', '0', 'fr', 'modules', 'settings.kotStatusesReadyDescription', 'Statut lorsque la commande est terminée et prête à servir', '2025-10-25 07:36:02', '2025-10-25 08:07:48'),
('4807', '0', 'fr', 'modules', 'settings.kotStatusesServedDescription', 'Statut lorsque la commande est signifiée au client', '2025-10-25 07:36:02', '2025-10-25 08:07:48'),
('4808', '0', 'fr', 'modules', 'settings.kotStatusesCancelledDescription', 'Statut lorsque la commande est annulée', '2025-10-25 07:36:02', '2025-10-25 08:07:48'),
('4809', '0', 'fr', 'modules', 'settings.cloneOptions', 'Options de clonage', '2025-10-25 07:36:02', '2025-10-25 08:07:48'),
('4810', '0', 'fr', 'modules', 'settings.getDatafrom', 'Importer des données à partir de', '2025-10-25 07:36:02', '2025-10-25 08:07:48'),
('4811', '0', 'fr', 'modules', 'settings.menu', 'Menu', '2025-10-25 07:36:02', '2025-10-25 08:07:48'),
('4812', '0', 'fr', 'modules', 'settings.ItemCategories', 'Catégories d\'articles', '2025-10-25 07:36:02', '2025-10-25 08:07:48'),
('4813', '0', 'fr', 'modules', 'settings.menuItems', 'Éléments de menu', '2025-10-25 07:36:02', '2025-10-25 08:07:48'),
('4814', '0', 'fr', 'modules', 'settings.cloneSettings', 'Paramètres de clonage', '2025-10-25 07:36:02', '2025-10-25 08:07:48'),
('4815', '0', 'fr', 'modules', 'settings.phone', 'Téléphone', '2025-10-25 07:36:02', '2025-10-25 08:07:48'),
('4816', '0', 'fr', 'modules', 'settings.selectPhoneCode', 'Sélectionner le code téléphonique', '2025-10-25 07:36:02', '2025-10-25 08:07:48'),
('4817', '0', 'fr', 'modules', 'settings.searchPhoneCode', 'Rechercher le code du téléphone ...', '2025-10-25 07:36:02', '2025-10-25 08:07:48'),
('4818', '0', 'fr', 'modules', 'settings.adminSettings', 'Activer les passerelles de paiement à afficher dans le panneau des restaurants', '2025-10-25 07:36:02', '2025-10-25 08:07:48'),
('4819', '0', 'fr', 'modules', 'settings.allowCustomOrderTypeOptions', 'Autoriser les options de type de commande personnalisées', '2025-10-25 07:36:02', '2025-10-25 08:07:48'),
('4820', '0', 'fr', 'modules', 'settings.allowCustomOrderTypeOptionsDescription', 'Activez ceci pour permettre aux clients de sélectionner des options de type de commande personnalisées.', '2025-10-25 07:36:02', '2025-10-25 08:07:48'),
('4821', '0', 'fr', 'modules', 'settings.customOrderTypes', 'Types de commandes personnalisées', '2025-10-25 07:36:02', '2025-10-25 08:07:48'),
('4822', '0', 'fr', 'modules', 'settings.customOrderTypesDescription', 'Gérez les types de commandes personnalisées parmi lesquelles les clients peuvent choisir.', '2025-10-25 07:36:02', '2025-10-25 08:07:48'),
('4823', '0', 'fr', 'modules', 'settings.addFirstDeliveryType', 'Ajouter le premier type de livraison', '2025-10-25 07:36:02', '2025-10-25 08:07:48'),
('4824', '0', 'fr', 'modules', 'settings.deleteDeliveryType', 'Supprimer le type de livraison', '2025-10-25 07:36:02', '2025-10-25 08:07:48'),
('4825', '0', 'fr', 'modules', 'settings.deleteDeliveryTypeConfirm', 'Êtes-vous sûr de vouloir supprimer ce type de livraison?', '2025-10-25 07:36:02', '2025-10-25 08:07:48'),
('4826', '0', 'fr', 'modules', 'settings.deleteOrderType', 'Supprimer le type de commande', '2025-10-25 07:36:02', '2025-10-25 08:07:48'),
('4827', '0', 'fr', 'modules', 'settings.deleteOrderTypeConfirm', 'Êtes-vous sûr de vouloir supprimer ce type de commande?', '2025-10-25 07:36:02', '2025-10-25 08:07:48'),
('4828', '0', 'fr', 'modules', 'settings.noOrderTypesFound', 'Activez les options de type de commande personnalisées pour ajouter des types de commandes.', '2025-10-25 07:36:02', '2025-10-25 08:07:48'),
('4829', '0', 'fr', 'modules', 'settings.orderTypeName', 'Nom du type de commande', '2025-10-25 07:36:02', '2025-10-25 08:07:48'),
('4830', '0', 'fr', 'modules', 'settings.enterOrderTypeName', 'Entrez le nom du type de commande', '2025-10-25 07:36:02', '2025-10-25 08:07:48'),
('4831', '0', 'fr', 'modules', 'settings.orderTypeDescription', 'Description du type de commande', '2025-10-25 07:36:02', '2025-10-25 08:07:48'),
('4832', '0', 'fr', 'modules', 'settings.dineIn', 'Dîner dans', '2025-10-25 07:36:02', '2025-10-25 08:07:48'),
('4833', '0', 'fr', 'modules', 'settings.cannotDeleteDefaultOrderType', 'Les types de commandes par défaut ne peuvent pas être supprimés.', '2025-10-25 07:36:02', '2025-10-25 08:07:48'),
('4834', '0', 'fr', 'modules', 'settings.pickup', 'Ramasser', '2025-10-25 07:36:02', '2025-10-25 08:07:48'),
('4835', '0', 'fr', 'modules', 'settings.delivery', 'Livraison', '2025-10-25 07:36:02', '2025-10-25 08:07:48'),
('4836', '0', 'fr', 'modules', 'settings.isDelivery', 'Est la livraison', '2025-10-25 07:36:02', '2025-10-25 08:07:48'),
('4837', '0', 'fr', 'modules', 'settings.defaultOrderTypeWarning', 'Il s\'agit d\'un type de commande par défaut et ne peut pas être modifié.', '2025-10-25 07:36:02', '2025-10-25 08:07:48'),
('4838', '0', 'fr', 'modules', 'settings.cannotModifyDefaultOrderType', 'Impossible de modifier le type de commande par défaut.', '2025-10-25 07:36:02', '2025-10-25 08:07:48'),
('4839', '0', 'fr', 'modules', 'settings.cannotModifyDefaultOrderTypeName', 'Impossible de modifier le nom du type de commande par défaut.', '2025-10-25 07:36:02', '2025-10-25 08:07:48'),
('4840', '0', 'fr', 'modules', 'settings.orderTypeNameRequired', 'Le nom du type de commande est requis.', '2025-10-25 07:36:02', '2025-10-25 08:07:48'),
('4841', '0', 'fr', 'modules', 'settings.orderTypeRequired', 'Le type de commande est requis.', '2025-10-25 07:36:02', '2025-10-25 08:07:48'),
('4842', '0', 'fr', 'modules', 'settings.invalidOrderType', 'Type de commande non valide sélectionné.', '2025-10-25 07:36:02', '2025-10-25 08:07:48'),
('4843', '0', 'fr', 'modules', 'settings.enabled', 'Activé', '2025-10-25 07:36:02', '2025-10-25 08:07:48'),
('4844', '0', 'fr', 'modules', 'settings.kotCancelReasons', 'Annuler les raisons', '2025-10-25 07:36:02', '2025-10-25 08:07:48'),
('4845', '0', 'fr', 'modules', 'settings.addKotCancelReason', 'Ajouter une raison d\'annuler', '2025-10-25 07:36:02', '2025-10-25 08:07:48'),
('4846', '0', 'fr', 'modules', 'settings.reason', 'Raison', '2025-10-25 07:36:02', '2025-10-25 08:07:48'),
('4847', '0', 'fr', 'modules', 'settings.enterCancelReason', 'Entrez le commentaire (facultatif)', '2025-10-25 07:36:02', '2025-10-25 08:07:48'),
('4848', '0', 'fr', 'modules', 'settings.cancelSettings', 'Raisons d\'annulation', '2025-10-25 07:36:02', '2025-10-25 08:07:48'),
('4849', '0', 'fr', 'modules', 'settings.cancellationTypes', 'Types d\'annulation', '2025-10-25 07:36:02', '2025-10-25 08:07:48'),
('4850', '0', 'fr', 'modules', 'settings.deleteCancelReasonWarning', 'Êtes-vous sûr de vouloir supprimer cette raison d\'annulation?', '2025-10-25 07:36:02', '2025-10-25 08:07:48'),
('4851', '0', 'fr', 'modules', 'settings.deleteReason', 'Supprimer la raison', '2025-10-25 07:36:02', '2025-10-25 08:07:48'),
('4852', '0', 'fr', 'modules', 'settings.editKotCancelReason', 'Modifier la raison de l\'annulation', '2025-10-25 07:36:02', '2025-10-25 08:07:48'),
('4853', '0', 'fr', 'modules', 'settings.default', 'Défaut', '2025-10-25 07:36:02', '2025-10-25 08:07:48'),
('4854', '0', 'fr', 'modules', 'settings.select', 'Sélectionner', '2025-10-25 07:36:02', '2025-10-25 08:07:48'),
('4855', '0', 'fr', 'modules', 'settings.selectCancelReason', 'Sélectionnez Annuler la raison', '2025-10-25 07:36:02', '2025-10-25 08:07:48'),
('4856', '0', 'fr', 'modules', 'settings.cancelReasonRequired', 'Veuillez sélectionner une raison d\'annulation ou fournir une raison personnalisée.', '2025-10-25 07:36:02', '2025-10-25 08:07:48'),
('4857', '0', 'fr', 'modules', 'settings.deliveryType', 'Type de livraison', '2025-10-25 07:36:02', '2025-10-25 08:07:48'),
('4858', '0', 'fr', 'modules', 'settings.enterDeliveryTypeName', 'Entrez le nom du type de livraison', '2025-10-25 07:36:02', '2025-10-25 08:07:48'),
('4859', '0', 'fr', 'modules', 'settings.deliveryTypeDescription', 'Description du type de livraison', '2025-10-25 07:36:02', '2025-10-25 08:07:48'),
('4860', '0', 'fr', 'modules', 'settings.enterDeliveryTypeDescription', 'Entrez la description du type de livraison', '2025-10-25 07:36:02', '2025-10-25 08:07:48'),
('4861', '0', 'fr', 'modules', 'settings.deliveryTypeEnabled', 'Type de livraison activé', '2025-10-25 07:36:02', '2025-10-25 08:07:48'),
('4862', '0', 'fr', 'modules', 'settings.enterDeliveryTypeEnabled', 'Entrez le type de livraison activé', '2025-10-25 07:36:02', '2025-10-25 08:07:48'),
('4863', '0', 'fr', 'modules', 'settings.deliveryTypeName', 'Nom du type de livraison', '2025-10-25 07:36:02', '2025-10-25 08:07:48'),
('4864', '0', 'fr', 'modules', 'settings.customOrderType', 'Type de commande personnalisé', '2025-10-25 07:36:02', '2025-10-25 08:07:48'),
('4865', '0', 'fr', 'modules', 'settings.phoneNumber', 'Numéro de téléphone', '2025-10-25 07:36:02', '2025-10-25 08:07:48'),
('4866', '0', 'fr', 'modules', 'settings.customerSiteLanguage', 'Langue du site client', '2025-10-25 07:36:02', '2025-10-25 08:07:48'),
('4867', '0', 'fr', 'modules', 'settings.pickupDaysRange', 'Gamme Days de ramassage', '2025-10-25 07:36:02', '2025-10-25 08:07:48'),
('4868', '0', 'fr', 'modules', 'settings.showOrderType', 'Afficher le type de commande', '2025-10-25 07:36:02', '2025-10-25 08:07:48'),
('4869', '0', 'fr', 'modules', 'settings.taxMode', 'Mode fiscal', '2025-10-25 07:36:02', '2025-10-25 08:07:48'),
('4870', '0', 'fr', 'modules', 'settings.taxModeOrder', 'Taxe au niveau de la commande', '2025-10-25 07:36:02', '2025-10-25 08:07:48'),
('4871', '0', 'fr', 'modules', 'settings.taxModeOrderHelp', 'Appliquer une taxe sur le montant total de la commande.', '2025-10-25 07:36:02', '2025-10-25 08:07:48'),
('4872', '0', 'fr', 'modules', 'settings.taxModeItem', 'Taxe au niveau de l\'article', '2025-10-25 07:36:02', '2025-10-25 08:07:48'),
('4873', '0', 'fr', 'modules', 'settings.taxModeItemHelp', 'Appliquez des taux d\'imposition différents à chaque article.', '2025-10-25 07:36:02', '2025-10-25 08:07:48'),
('4874', '0', 'fr', 'modules', 'settings.defaultItemTaxType', 'Type d\'impôt d\'articles', '2025-10-25 07:36:02', '2025-10-25 08:07:48'),
('4875', '0', 'fr', 'modules', 'settings.taxInclusive', 'Taxe inclusive', '2025-10-25 07:36:02', '2025-10-25 08:07:48'),
('4876', '0', 'fr', 'modules', 'settings.taxExclusive', 'Taxe exclusive', '2025-10-25 07:36:02', '2025-10-25 08:07:48'),
('4877', '0', 'fr', 'modules', 'settings.taxInclusiveHelp', 'S\'il est activé, les prix des articles incluent la taxe. Sinon, une taxe est ajoutée à la caisse.', '2025-10-25 07:36:02', '2025-10-25 08:07:48'),
('4878', '0', 'fr', 'modules', 'settings.taxSettingsDescription', 'Gérez la façon dont les taxes sont appliquées aux commandes et aux articles.', '2025-10-25 07:36:02', '2025-10-25 08:07:48'),
('4879', '0', 'fr', 'modules', 'settings.taxSetting', 'Paramètres fiscaux', '2025-10-25 07:36:02', '2025-10-25 08:07:48'),
('4880', '0', 'fr', 'modules', 'settings.taxTable', 'Toutes les taxes', '2025-10-25 07:36:02', '2025-10-25 08:07:48'),
('4881', '0', 'fr', 'modules', 'settings.orderSetting', 'Paramètres de commande', '2025-10-25 07:36:02', '2025-10-25 08:07:48'),
('4882', '0', 'fr', 'modules', 'settings.orderSettingsHelp', 'Configurez les paramètres de commande pour gérer la façon dont les commandes sont traitées.', '2025-10-25 07:36:02', '2025-10-25 08:07:48'),
('4883', '0', 'fr', 'modules', 'settings.assignAllTaxesToItems', 'Affecter toutes les taxes aux articles', '2025-10-25 07:36:02', '2025-10-25 08:07:48'),
('4884', '0', 'fr', 'modules', 'settings.assignAllTaxesToItemsDescription', 'Remarque: si elle est activée, les taxes seront appliquées aux éléments qui n\'en ont pas déjà. Les articles avec les impôts existants resteront inchangés.', '2025-10-25 07:36:02', '2025-10-25 08:07:48'),
('4885', '0', 'fr', 'modules', 'settings.showVeg', 'Montrer les légumes', '2025-10-25 07:36:02', '2025-10-25 08:07:48'),
('4886', '0', 'fr', 'modules', 'settings.showVegDescription', 'Afficher les éléments de légumes dans le menu.', '2025-10-25 07:36:02', '2025-10-25 08:07:48'),
('4887', '0', 'fr', 'modules', 'settings.showHalal', 'Montrer halal', '2025-10-25 07:36:02', '2025-10-25 08:07:48'),
('4888', '0', 'fr', 'modules', 'settings.showHalalDescription', 'Afficher les éléments halal dans le menu.', '2025-10-25 07:36:02', '2025-10-25 08:07:48'),
('4889', '0', 'fr', 'modules', 'settings.customizeHeader', 'Personnaliser l\'en-tête', '2025-10-25 07:36:02', '2025-10-25 08:07:48'),
('4890', '0', 'fr', 'modules', 'settings.headerCustomization', 'Personnalisation de l\'en-tête', '2025-10-25 07:36:02', '2025-10-25 08:07:48'),
('4891', '0', 'fr', 'modules', 'settings.headerType', 'Type d\'en-tête', '2025-10-25 07:36:02', '2025-10-25 08:07:48'),
('4892', '0', 'fr', 'modules', 'settings.headerTypeDescription', 'Choisissez d\'affichage de texte ou d\'images dans l\'en-tête de la page de panier.', '2025-10-25 07:36:02', '2025-10-25 08:07:48'),
('4893', '0', 'fr', 'modules', 'settings.textHeader', 'En-tête de texte', '2025-10-25 07:36:02', '2025-10-25 08:07:48'),
('4894', '0', 'fr', 'modules', 'settings.imageHeader', 'En-tête d\'image', '2025-10-25 07:36:02', '2025-10-25 08:07:48'),
('4895', '0', 'fr', 'modules', 'settings.headerText', 'Texte en tête', '2025-10-25 07:36:02', '2025-10-25 08:07:48'),
('4896', '0', 'fr', 'modules', 'settings.headerTextDescription', 'Entrez le texte à afficher dans l\'en-tête de la page de panier.', '2025-10-25 07:36:02', '2025-10-25 08:07:48'),
('4897', '0', 'fr', 'modules', 'settings.headerImages', 'Images de tête', '2025-10-25 07:36:02', '2025-10-25 08:07:48'),
('4898', '0', 'fr', 'modules', 'settings.headerImagesDescription', 'Téléchargez plusieurs images pour créer un curseur dans l\'en-tête de la page de panier.', '2025-10-25 07:36:02', '2025-10-25 08:07:48'),
('4899', '0', 'fr', 'modules', 'settings.existingImages', 'Images existantes', '2025-10-25 07:36:02', '2025-10-25 08:07:48'),
('4900', '0', 'fr', 'modules', 'settings.noPhoneCodesFound', 'Aucun code de téléphone trouvé', '2025-10-25 07:36:02', '2025-10-25 08:07:48'),
('4901', '0', 'fr', 'modules', 'settings.superAdminPhoneNumber', 'Numéro de téléphone Super Admin', '2025-10-25 07:36:02', '2025-10-25 08:07:48'),
('4902', '0', 'fr', 'modules', 'settings.tableSettings', 'Paramètres du tableau', '2025-10-25 07:36:02', '2025-10-25 08:07:48'),
('4903', '0', 'fr', 'modules', 'settings.tableLockTimeoutMinutes', 'Délai d\'expiration du verrouillage de la table (minutes)', '2025-10-25 07:36:02', '2025-10-25 08:07:48'),
('4904', '0', 'fr', 'modules', 'settings.tableLockTimeoutMinutesDescription', 'Définissez la durée pendant laquelle une table reste verrouillée lorsqu\'un membre du personnel y travaille.', '2025-10-25 07:36:02', '2025-10-25 08:07:48'),
('4905', '0', 'fr', 'modules', 'settings.privacyPolicyLink', 'Lien vers la page de consentement légal (Politique de confidentialité)', '2025-10-25 07:36:02', '2025-10-25 08:07:48'),
('4906', '0', 'fr', 'modules', 'settings.privacyPolicyLinkHelp', 'Saisissez l\'URL de votre page de consentement légal. Ceci sera utilisé pour la conformité légale et le consentement de l’utilisateur.', '2025-10-25 07:36:02', '2025-10-25 08:07:48'),
('4907', '0', 'fr', 'modules', 'settings.showPrivacyConsentCheckbox', 'Case à cocher Consentement légal', '2025-10-25 07:36:02', '2025-10-25 08:07:48'),
('4908', '0', 'fr', 'modules', 'settings.showPrivacyConsentCheckboxHelp', 'Activez cette option pour afficher une case à cocher de consentement légal sur la page d\'inscription. Lorsqu\'il est activé, vous devez fournir un lien légal.', '2025-10-25 07:36:02', '2025-10-25 08:07:48'),
('4909', '0', 'fr', 'modules', 'settings.sample', 'Échantillon', '2025-10-25 07:36:02', '2025-10-25 08:07:48'),
('4910', '0', 'fr', 'modules', 'delivery.useDifferentLocation', 'Utiliser un emplacement différent', '2025-10-25 07:36:02', '2025-10-25 08:07:48'),
('4911', '0', 'fr', 'modules', 'delivery.deliverySettings', 'Paramètres de livraison', '2025-10-25 07:36:02', '2025-10-25 08:07:48'),
('4912', '0', 'fr', 'modules', 'delivery.enableDelivery', 'Activer la livraison', '2025-10-25 07:36:02', '2025-10-25 08:07:48'),
('4913', '0', 'fr', 'modules', 'delivery.maxRadius', 'Rayon de livraison maximal', '2025-10-25 07:36:02', '2025-10-25 08:07:48'),
('4914', '0', 'fr', 'modules', 'delivery.kilometers', 'Kilomètres (km)', '2025-10-25 07:36:02', '2025-10-25 08:07:48'),
('4915', '0', 'fr', 'modules', 'delivery.miles', 'Miles (MI)', '2025-10-25 07:36:02', '2025-10-25 08:07:48'),
('4916', '0', 'fr', 'modules', 'delivery.feeCalculationMethod', 'Méthode de calcul des frais', '2025-10-25 07:36:02', '2025-10-25 08:07:48'),
('4917', '0', 'fr', 'modules', 'delivery.fixedFee', 'Frais fixes', '2025-10-25 07:36:02', '2025-10-25 08:07:48'),
('4918', '0', 'fr', 'modules', 'delivery.feePerDistance', 'Frais par :unit', '2025-10-25 07:36:02', '2025-10-25 08:07:48'),
('4919', '0', 'fr', 'modules', 'delivery.distanceTiers', 'Niveaux de distance', '2025-10-25 07:36:02', '2025-10-25 08:07:48'),
('4920', '0', 'fr', 'modules', 'delivery.distanceTiersDescription', 'Fixer différents frais pour différentes gammes de distance', '2025-10-25 07:36:02', '2025-10-25 08:07:48'),
('4921', '0', 'fr', 'modules', 'delivery.minDistance', 'Distance min (: unité)', '2025-10-25 07:36:02', '2025-10-25 08:07:48'),
('4922', '0', 'fr', 'modules', 'delivery.maxDistance', 'Distance maximale (: unité)', '2025-10-25 07:36:02', '2025-10-25 08:07:48'),
('4923', '0', 'fr', 'modules', 'delivery.fee', 'Frais', '2025-10-25 07:36:02', '2025-10-25 08:07:48'),
('4924', '0', 'fr', 'modules', 'delivery.addTier', 'Ajouter', '2025-10-25 07:36:02', '2025-10-25 08:07:48'),
('4925', '0', 'fr', 'modules', 'delivery.freeDeliveryOptions', 'Options de livraison gratuites', '2025-10-25 07:36:02', '2025-10-25 08:07:48'),
('4926', '0', 'fr', 'modules', 'delivery.freeDeliveryOverAmount', 'Livraison gratuite sur le montant', '2025-10-25 07:36:02', '2025-10-25 08:07:48'),
('4927', '0', 'fr', 'modules', 'delivery.freeDeliveryWithinRadius', 'Livraison gratuite dans le rayon', '2025-10-25 07:36:02', '2025-10-25 08:07:48'),
('4928', '0', 'fr', 'modules', 'delivery.leaveEmptyToDisable', 'Laisser vide pour désactiver cette option', '2025-10-25 07:36:02', '2025-10-25 08:07:48'),
('4929', '0', 'fr', 'modules', 'delivery.deliverySchedule', 'Calendrier de livraison', '2025-10-25 07:36:02', '2025-10-25 08:07:48'),
('4930', '0', 'fr', 'modules', 'delivery.deliveryHoursStart', 'Les heures de livraison commencent', '2025-10-25 07:36:02', '2025-10-25 08:07:48'),
('4931', '0', 'fr', 'modules', 'delivery.deliveryHoursEnd', 'Heures de livraison Fin', '2025-10-25 07:36:02', '2025-10-25 08:07:48'),
('4932', '0', 'fr', 'modules', 'delivery.leave247Delivery', 'Laissez les deux champs vides ou 00:00 pour la livraison 24/7', '2025-10-25 07:36:02', '2025-10-25 08:07:48'),
('4933', '0', 'fr', 'modules', 'delivery.deliveryTimeEstimate', 'Estimation du délai de livraison', '2025-10-25 07:36:02', '2025-10-25 08:07:48'),
('4934', '0', 'fr', 'modules', 'delivery.avgPrepTime', 'Temps de préparation moyen', '2025-10-25 07:36:02', '2025-10-25 08:07:48'),
('4935', '0', 'fr', 'modules', 'delivery.avgDeliverySpeed', 'Vitesse moyenne du cavalier de livraison', '2025-10-25 07:36:02', '2025-10-25 08:07:48'),
('4936', '0', 'fr', 'modules', 'delivery.minutes', 'Minutes', '2025-10-25 07:36:02', '2025-10-25 08:07:48'),
('4937', '0', 'fr', 'modules', 'delivery.feeDetails', 'Détails des frais', '2025-10-25 07:36:02', '2025-10-25 08:07:48'),
('4938', '0', 'fr', 'modules', 'delivery.distanceUnit', 'Unité de distance', '2025-10-25 07:36:02', '2025-10-25 08:07:48'),
('4939', '0', 'fr', 'modules', 'delivery.mapApiKey', 'Clé API Google Map', '2025-10-25 07:36:02', '2025-10-25 08:07:48'),
('4940', '0', 'fr', 'modules', 'delivery.privacyPolicyLink', 'Lien vers la politique de confidentialité', '2025-10-25 07:36:02', '2025-10-25 08:07:48'),
('4941', '0', 'fr', 'modules', 'delivery.branchLat', 'Latitude de la branche', '2025-10-25 07:36:02', '2025-10-25 08:07:48'),
('4942', '0', 'fr', 'modules', 'delivery.branchLng', 'Branche longitude', '2025-10-25 07:36:02', '2025-10-25 08:07:48'),
('4943', '0', 'fr', 'modules', 'delivery.addNewAddress', 'Ajouter une nouvelle adresse', '2025-10-25 07:36:02', '2025-10-25 08:07:48'),
('4944', '0', 'fr', 'modules', 'delivery.editAddress', 'Modifier l\'adresse', '2025-10-25 07:36:02', '2025-10-25 08:07:48'),
('4945', '0', 'fr', 'modules', 'delivery.addressLabel', 'Étiquette d\'adresse (par exemple, Home, Office)', '2025-10-25 07:36:02', '2025-10-25 08:07:48'),
('4946', '0', 'fr', 'modules', 'delivery.addressLabelPlaceholder', 'Accueil, bureau, etc.', '2025-10-25 07:36:02', '2025-10-25 08:07:48'),
('4947', '0', 'fr', 'modules', 'delivery.searchLocation', 'Recherchez votre emplacement', '2025-10-25 07:36:02', '2025-10-25 08:07:48'),
('4948', '0', 'fr', 'modules', 'delivery.searchLocationPlaceholder', 'Entrez votre adresse ou votre emplacement', '2025-10-25 07:36:02', '2025-10-25 08:07:48'),
('4949', '0', 'fr', 'modules', 'delivery.fullAddress', 'Adresse complète', '2025-10-25 07:36:02', '2025-10-25 08:07:48'),
('4950', '0', 'fr', 'modules', 'delivery.fullAddressPlaceholder', 'Entrez l\'appartement, le plancher, le point de repère, etc.', '2025-10-25 07:36:02', '2025-10-25 08:07:48'),
('4951', '0', 'fr', 'modules', 'delivery.noAddressesFound', 'Aucune adresse trouvée', '2025-10-25 07:36:02', '2025-10-25 08:07:48'),
('4952', '0', 'fr', 'modules', 'delivery.addAddressDescription', 'Ajoutez vos adresses de livraison pour rendre la commande plus rapidement', '2025-10-25 07:36:02', '2025-10-25 08:07:48'),
('4953', '0', 'fr', 'modules', 'delivery.saveAddress', 'ARRESSION SAVE', '2025-10-25 07:36:02', '2025-10-25 08:07:48'),
('4954', '0', 'fr', 'modules', 'delivery.updateAddress', 'Adresse de mise à jour', '2025-10-25 07:36:02', '2025-10-25 08:07:48'),
('4955', '0', 'fr', 'modules', 'delivery.confirmDeleteAddress', 'Êtes-vous sûr de vouloir supprimer cette adresse?', '2025-10-25 07:36:02', '2025-10-25 08:07:48'),
('4956', '0', 'fr', 'modules', 'delivery.confirmDeleteAddressDescription', 'Cette action ne peut pas être annulée.', '2025-10-25 07:36:02', '2025-10-25 08:07:48'),
('4957', '0', 'fr', 'modules', 'delivery.pleaseSelectLocation', 'Veuillez sélectionner un emplacement sur la carte', '2025-10-25 07:36:02', '2025-10-25 08:07:48'),
('4958', '0', 'fr', 'modules', 'delivery.autoDetectMyLocation', 'Détecter ma position', '2025-10-25 07:36:02', '2025-10-25 08:07:48'),
('4959', '0', 'fr', 'modules', 'delivery.selectDeliveryLocation', 'Sélectionnez le lieu de livraison', '2025-10-25 07:36:02', '2025-10-25 08:07:48'),
('4960', '0', 'fr', 'modules', 'delivery.selectLocationDescription', 'Choisissez une adresse enregistrée ou ajoutez un nouvel emplacement de livraison', '2025-10-25 07:36:02', '2025-10-25 08:07:48'),
('4961', '0', 'fr', 'modules', 'delivery.useSavedAddress', 'Utiliser l\'adresse enregistrée', '2025-10-25 07:36:02', '2025-10-25 08:07:48'),
('4962', '0', 'fr', 'modules', 'delivery.addNewLocation', 'Ajouter un nouvel emplacement', '2025-10-25 07:36:02', '2025-10-25 08:07:48'),
('4963', '0', 'fr', 'modules', 'delivery.confirmLocation', 'Confirmer l\'emplacement', '2025-10-25 07:36:02', '2025-10-25 08:07:48'),
('4964', '0', 'fr', 'modules', 'delivery.locationOutOfRange', 'L\'emplacement est hors de la plage de livraison', '2025-10-25 07:36:02', '2025-10-25 08:07:48'),
('4965', '0', 'fr', 'modules', 'delivery.deliveryAreaMap', 'Carte de la zone de livraison', '2025-10-25 07:36:02', '2025-10-25 08:07:48'),
('4966', '0', 'fr', 'modules', 'delivery.showDeliveryArea', 'Zone de livraison de spectacles', '2025-10-25 07:36:02', '2025-10-25 08:07:48'),
('4967', '0', 'fr', 'modules', 'delivery.hideDeliveryArea', 'Masquer la zone de livraison', '2025-10-25 07:36:02', '2025-10-25 08:07:48'),
('4968', '0', 'fr', 'modules', 'delivery.orderWillBeDeliveredHere', 'Votre commande sera livrée ici', '2025-10-25 07:36:02', '2025-10-25 08:07:48'),
('4969', '0', 'fr', 'modules', 'delivery.placePinAccurately', 'Placer la broche avec précision sur la carte', '2025-10-25 07:36:02', '2025-10-25 08:07:48'),
('4970', '0', 'fr', 'modules', 'delivery.detectLocation', 'Détecter ma position', '2025-10-25 07:36:02', '2025-10-25 08:07:48'),
('4971', '0', 'fr', 'modules', 'delivery.savedAddresses', 'Adresses enregistrées', '2025-10-25 07:36:02', '2025-10-25 08:07:48'),
('4972', '0', 'fr', 'modules', 'delivery.noSavedAddresses', 'Aucune adresse enregistrée trouvée', '2025-10-25 07:36:02', '2025-10-25 08:07:48'),
('4973', '0', 'fr', 'modules', 'delivery.addressDetails', 'Détails de l\'adresse', '2025-10-25 07:36:02', '2025-10-25 08:07:48'),
('4974', '0', 'fr', 'modules', 'delivery.showDeliveryRange', 'Plage de livraison de show', '2025-10-25 07:36:02', '2025-10-25 08:07:48'),
('4975', '0', 'fr', 'modules', 'delivery.hideDeliveryRange', 'Mache de livraison de cachette', '2025-10-25 07:36:02', '2025-10-25 08:07:48'),
('4976', '0', 'fr', 'modules', 'delivery.dragMarkerToAdjust', 'Placer la broche avec précision sur la carte', '2025-10-25 07:36:02', '2025-10-25 08:07:48'),
('4977', '0', 'fr', 'modules', 'delivery.deliveryLocation', 'La commande sera livrée ici', '2025-10-25 07:36:02', '2025-10-25 08:07:48'),
('4978', '0', 'fr', 'modules', 'delivery.deliveryFee', 'Frais de livraison', '2025-10-25 07:36:02', '2025-10-25 08:07:48'),
('4979', '0', 'fr', 'modules', 'delivery.maxRadiusAutoSet', 'Max Radius sera réglé automatiquement.', '2025-10-25 07:36:02', '2025-10-25 08:07:48'),
('4980', '0', 'fr', 'modules', 'delivery.shopLocation', 'L\'emplacement du restaurant', '2025-10-25 07:36:02', '2025-10-25 08:07:48'),
('4981', '0', 'fr', 'modules', 'delivery.orderQualifiesForFreeDelivery', 'Votre commande est admissible à la livraison gratuite', '2025-10-25 07:36:02', '2025-10-25 08:07:48'),
('4982', '0', 'fr', 'modules', 'delivery.freeDelivery', 'Livraison gratuite', '2025-10-25 07:36:02', '2025-10-25 08:07:48'),
('4983', '0', 'fr', 'modules', 'delivery.changeDeliveryAddress', 'Modifier l\'adresse de livraison', '2025-10-25 07:36:02', '2025-10-25 08:07:48'),
('4984', '0', 'fr', 'modules', 'delivery.deliveryAddress', 'Adresse de livraison', '2025-10-25 07:36:02', '2025-10-25 08:07:48'),
('4985', '0', 'fr', 'modules', 'delivery.useCurrentLocation', 'Utiliser l\'emplacement actuel', '2025-10-25 07:36:02', '2025-10-25 08:07:48'),
('4986', '0', 'fr', 'modules', 'delivery.deliveryNotAvailable', 'La livraison n\'est pas disponible pour le moment. Veuillez vous connecter directement avec le restaurant pour obtenir de l\'aide.', '2025-10-25 07:36:02', '2025-10-25 08:07:48'),
('4987', '0', 'fr', 'modules', 'delivery.deliveryHours', 'Heures de livraison', '2025-10-25 07:36:02', '2025-10-25 08:07:48'),
('4988', '0', 'fr', 'modules', 'delivery.nextDeliveryAt', 'Prochaine livraison disponible sur :time', '2025-10-25 07:36:02', '2025-10-25 08:07:48'),
('4989', '0', 'fr', 'modules', 'delivery.deliveryScheduleStart', 'Heure de début de livraison', '2025-10-25 07:36:02', '2025-10-25 08:07:48'),
('4990', '0', 'fr', 'modules', 'delivery.deliveryScheduleEnd', 'Temps de fin de livraison', '2025-10-25 07:36:02', '2025-10-25 08:07:48'),
('4991', '0', 'fr', 'modules', 'delivery.locationPermissionDenied', 'Autorisation de localisation refusée. Veuillez activer l\'accès à l\'emplacement et réessayer.', '2025-10-25 07:36:02', '2025-10-25 08:07:48'),
('4992', '0', 'fr', 'modules', 'delivery.outsideDeliveryHours', 'Service de livraison disponible de :start à :end (: fuseau horaire). Veuillez commander pendant ces heures.', '2025-10-25 07:36:02', '2025-10-25 08:07:48'),
('4993', '0', 'fr', 'modules', 'delivery.currentlyOutsideHours', 'Actuellement en dehors des heures de livraison', '2025-10-25 07:36:02', '2025-10-25 08:07:48'),
('4994', '0', 'fr', 'modules', 'delivery.24hDelivery', 'Livraison 24/7 disponible', '2025-10-25 07:36:02', '2025-10-25 08:07:48'),
('4995', '0', 'fr', 'modules', 'delivery.deliveryTimeEstimation', 'Délai de livraison estimé: :time minutes', '2025-10-25 07:36:02', '2025-10-25 08:07:48'),
('4996', '0', 'fr', 'modules', 'delivery.estimatedTimeUnavailable', 'Temps estimé indisponible. Veuillez contacter le restaurant pour plus de détails.', '2025-10-25 07:36:02', '2025-10-25 08:07:48'),
('4997', '0', 'fr', 'modules', 'delivery.additionalEtaBufferTime', 'Tampon de temps supplémentaire', '2025-10-25 07:36:02', '2025-10-25 08:07:48'),
('4998', '0', 'fr', 'modules', 'delivery.additionalEtaBufferTimeDescription', 'Ajouter le temps de tampon en option (en minutes) pour couvrir les retards possibles. La valeur par défaut est 0 si elle n\'est pas spécifiée.', '2025-10-25 07:36:02', '2025-10-25 08:07:48'),
('4999', '0', 'fr', 'modules', 'dashboard.todayOrderCount', 'Les commandes d\'aujourd\'hui', '2025-10-25 07:36:02', '2025-10-25 08:07:48'),
('5000', '0', 'fr', 'modules', 'dashboard.todayEarnings', 'Les revenus d\'aujourd\'hui', '2025-10-25 07:36:02', '2025-10-25 08:07:48');











INSERT INTO `ltm_translations` VALUES
('10001', '0', 'es', 'menu', 'areas', 'Áreas', '2025-11-25 11:23:17', '2025-11-25 11:38:11'),
('10002', '0', 'es', 'menu', 'tables', 'Mesas', '2025-11-25 11:23:17', '2025-11-25 11:38:11'),
('10003', '0', 'es', 'menu', 'orders', 'Pedidos', '2025-11-25 11:23:17', '2025-11-25 11:38:11'),
('10004', '0', 'es', 'menu', 'pos', 'POS', '2025-11-25 11:23:17', '2025-11-25 11:38:11'),
('10005', '0', 'es', 'menu', 'kot', 'KOT', '2025-11-25 11:23:17', '2025-11-25 11:38:11'),
('10006', '0', 'es', 'menu', 'myAccount', 'Mi Cuenta', '2025-11-25 11:23:17', '2025-11-25 11:38:11'),
('10007', '0', 'es', 'menu', 'myOrders', 'Mis Pedidos', '2025-11-25 11:23:17', '2025-11-25 11:38:11'),
('10008', '0', 'es', 'menu', 'customers', 'Clientes', '2025-11-25 11:23:17', '2025-11-25 11:38:11'),
('10009', '0', 'es', 'menu', 'newOrder', 'Nuevo Pedido', '2025-11-25 11:23:17', '2025-11-25 11:38:11'),
('10010', '0', 'es', 'menu', 'payments', 'Pagos', '2025-11-25 11:23:17', '2025-11-25 11:38:11'),
('10011', '0', 'es', 'menu', 'billing', 'Facturación', '2025-11-25 11:23:17', '2025-11-25 11:38:11'),
('10012', '0', 'es', 'menu', 'duePayments', 'Pagos Pendientes', '2025-11-25 11:23:17', '2025-11-25 11:38:11'),
('10013', '0', 'es', 'menu', 'qrCodes', 'Códigos QR', '2025-11-25 11:23:17', '2025-11-25 11:38:11'),
('10014', '0', 'es', 'menu', 'reports', 'Reportes', '2025-11-25 11:23:17', '2025-11-25 11:38:11'),
('10015', '0', 'es', 'menu', 'itemReport', 'Reporte de Artículos', '2025-11-25 11:23:17', '2025-11-25 11:38:11'),
('10016', '0', 'es', 'menu', 'categoryReport', 'Reporte de Categorías', '2025-11-25 11:23:17', '2025-11-25 11:38:11'),
('10017', '0', 'es', 'menu', 'salesReport', 'Reporte de Ventas', '2025-11-25 11:23:17', '2025-11-25 11:38:11'),
('10018', '0', 'es', 'menu', 'deliveryAppReport', 'Reporte de App de Entrega', '2025-11-25 11:23:17', '2025-11-25 11:38:11'),
('10019', '0', 'es', 'menu', 'settings', 'Configuración', '2025-11-25 11:23:17', '2025-11-25 11:38:11'),
('10020', '0', 'es', 'menu', 'signOut', 'Cerrar Sesión', '2025-11-25 11:23:17', '2025-11-25 11:38:11'),
('10021', '0', 'es', 'menu', 'appUpdate', 'Actualización de la App', '2025-11-25 11:23:17', '2025-11-25 11:38:11'),
('10022', '0', 'es', 'menu', 'home', 'Inicio', '2025-11-25 11:23:17', '2025-11-25 11:38:11'),
('10023', '0', 'es', 'menu', 'about', 'Acerca de', '2025-11-25 11:23:17', '2025-11-25 11:38:11'),
('10024', '0', 'es', 'menu', 'contact', 'Contacto', '2025-11-25 11:23:17', '2025-11-25 11:38:11'),
('10025', '0', 'es', 'menu', 'staff', 'Personal', '2025-11-25 11:23:17', '2025-11-25 11:38:11'),
('10026', '0', 'es', 'menu', 'bookTable', 'Reservar Mesa', '2025-11-25 11:23:17', '2025-11-25 11:38:11'),
('10027', '0', 'es', 'menu', 'myBookings', 'Mis Reservas', '2025-11-25 11:23:17', '2025-11-25 11:38:11'),
('10028', '0', 'es', 'menu', 'reservations', 'Reservas', '2025-11-25 11:23:17', '2025-11-25 11:38:11'),
('10029', '0', 'es', 'menu', 'customerSite', 'Sitio del Cliente', '2025-11-25 11:23:17', '2025-11-25 11:38:11'),
('10030', '0', 'es', 'menu', 'packages', 'Paquetes', '2025-11-25 11:23:17', '2025-11-25 11:38:11'),
('10031', '0', 'es', 'menu', 'offlineRequest', 'Solicitud Offline', '2025-11-25 11:23:17', '2025-11-25 11:38:11'),
('10032', '0', 'es', 'menu', 'users', 'Usuarios', '2025-11-25 11:23:17', '2025-11-25 11:38:11'),
('10033', '0', 'es', 'menu', 'deliveryExecutive', 'Repartidor', '2025-11-25 11:23:17', '2025-11-25 11:38:11'),
('10034', '0', 'es', 'menu', 'landingSites', 'Página de Aterrizaje', '2025-11-25 11:23:17', '2025-11-25 11:38:11'),
('10035', '0', 'es', 'menu', 'waiterRequest', 'Solicitudes de Mesero', '2025-11-25 11:23:17', '2025-11-25 11:38:11'),
('10036', '0', 'es', 'menu', 'itemModifiers', 'Modificadores de Artículos', '2025-11-25 11:23:17', '2025-11-25 11:38:11'),
('10037', '0', 'es', 'menu', 'modifierGroups', 'Grupos de Modificadores', '2025-11-25 11:23:17', '2025-11-25 11:38:11'),
('10038', '0', 'es', 'menu', 'goBackToCustomModules', 'Volver a Módulos Personalizados', '2025-11-25 11:23:17', '2025-11-25 11:38:11'),
('10039', '0', 'es', 'menu', 'expenses', 'Gastos', '2025-11-25 11:23:17', '2025-11-25 11:38:11'),
('10040', '0', 'es', 'menu', 'vendor', 'Proveedor', '2025-11-25 11:23:17', '2025-11-25 11:38:11'),
('10041', '0', 'es', 'menu', 'expenseReports', 'Reportes de Gastos', '2025-11-25 11:23:17', '2025-11-25 11:38:11'),
('10042', '0', 'es', 'menu', 'expensesCategory', 'Categorías de Gastos', '2025-11-25 11:23:17', '2025-11-25 11:38:11'),
('10043', '0', 'es', 'menu', 'openMainMenu', 'Abrir Menú Principal', '2025-11-25 11:23:17', '2025-11-25 11:38:11'),
('10044', '0', 'es', 'menu', 'myAddresses', 'Mis Direcciones', '2025-11-25 11:23:17', '2025-11-25 11:38:11'),
('10045', '0', 'es', 'menu', 'superadminPaymentSetting', 'Configuración de Pagos', '2025-11-25 11:23:17', '2025-11-25 11:38:11'),
('10046', '0', 'es', 'menu', 'adminPaymentSetting', 'Configuración de Pagos del Restaurante', '2025-11-25 11:23:17', '2025-11-25 11:38:11'),
('10047', '0', 'es', 'menu', 'customerDisplay', 'Pantalla para el Cliente', '2025-11-25 11:23:17', '2025-11-25 11:38:11'),
('10048', '0', 'es', 'messages', 'menuAdded', '¡Menú agregado con éxito!', '2025-11-25 11:23:17', '2025-11-25 11:38:11'),
('10049', '0', 'es', 'messages', 'noMenuAdded', '¡No se agregó ningún menú!', '2025-11-25 11:23:17', '2025-11-25 11:38:11'),
('10050', '0', 'es', 'messages', 'menuUpdated', '¡Menú actualizado con éxito!', '2025-11-25 11:23:17', '2025-11-25 11:38:11'),
('10051', '0', 'es', 'messages', 'menuDeleted', '¡Menú eliminado con éxito!', '2025-11-25 11:23:17', '2025-11-25 11:38:11'),
('10052', '0', 'es', 'messages', 'categoryAdded', '¡Categoría de artículo agregada con éxito!', '2025-11-25 11:23:17', '2025-11-25 11:38:11'),
('10053', '0', 'es', 'messages', 'categoryUpdated', '¡Categoría de artículo actualizada con éxito!', '2025-11-25 11:23:17', '2025-11-25 11:38:11'),
('10054', '0', 'es', 'messages', 'menuItemAdded', '¡Artículo del menú agregado con éxito!', '2025-11-25 11:23:17', '2025-11-25 11:38:11'),
('10055', '0', 'es', 'messages', 'variationSaved', '¡Variación guardada con éxito!', '2025-11-25 11:23:17', '2025-11-25 11:38:11'),
('10056', '0', 'es', 'messages', 'menuItemUpdated', '¡Artículo del menú actualizado con éxito!', '2025-11-25 11:23:17', '2025-11-25 11:38:11'),
('10057', '0', 'es', 'messages', 'menuItemDeleted', '¡Artículo del menú eliminado con éxito!', '2025-11-25 11:23:17', '2025-11-25 11:38:11'),
('10058', '0', 'es', 'messages', 'orderItemDeleted', '¡Artículo del pedido eliminado con éxito!', '2025-11-25 11:23:17', '2025-11-25 11:38:11'),
('10059', '0', 'es', 'messages', 'menuItemCategoryDeleted', '¡Categoría de artículo del menú eliminada con éxito!', '2025-11-25 11:23:17', '2025-11-25 11:38:11'),
('10060', '0', 'es', 'messages', 'itemVariationDeleted', '¡Variación de artículo eliminada con éxito!', '2025-11-25 11:23:17', '2025-11-25 11:38:11'),
('10061', '0', 'es', 'messages', 'noItemAdded', 'No se encontró registro', '2025-11-25 11:23:17', '2025-11-25 11:38:11'),
('10062', '0', 'es', 'messages', 'noItemCategoryAdded', 'No se agregó ninguna categoría de artículo', '2025-11-25 11:23:17', '2025-11-25 11:38:11'),
('10063', '0', 'es', 'messages', 'noAreaAdded', 'No se ha agregado ninguna área.', '2025-11-25 11:23:17', '2025-11-25 11:38:11'),
('10064', '0', 'es', 'messages', 'areaAdded', '¡Área agregada con éxito!', '2025-11-25 11:23:17', '2025-11-25 11:38:11'),
('10065', '0', 'es', 'messages', 'areaUpdated', '¡Área actualizada con éxito!', '2025-11-25 11:23:17', '2025-11-25 11:38:11'),
('10066', '0', 'es', 'messages', 'areaDeleted', '¡Área eliminada con éxito!', '2025-11-25 11:23:17', '2025-11-25 11:38:11'),
('10067', '0', 'es', 'messages', 'noTableadded', 'No se ha agregado ninguna mesa.', '2025-11-25 11:23:17', '2025-11-25 11:38:11'),
('10068', '0', 'es', 'messages', 'tableAdded', '¡Mesa agregada con éxito!', '2025-11-25 11:23:17', '2025-11-25 11:38:11'),
('10069', '0', 'es', 'messages', 'tableUpdated', '¡Mesa actualizada con éxito!', '2025-11-25 11:23:17', '2025-11-25 11:38:11'),
('10070', '0', 'es', 'messages', 'tableDeleted', '¡Mesa eliminada con éxito!', '2025-11-25 11:23:17', '2025-11-25 11:38:11'),
('10071', '0', 'es', 'messages', 'setTableNo', 'Debes establecer el número de mesa', '2025-11-25 11:23:17', '2025-11-25 11:38:11'),
('10072', '0', 'es', 'messages', 'enterPax', 'Ingresa el número de comensales.', '2025-11-25 11:23:17', '2025-11-25 11:38:11'),
('10073', '0', 'es', 'messages', 'selectWaiter', 'Selecciona el mesero que tomó el pedido.', '2025-11-25 11:23:17', '2025-11-25 11:38:11'),
('10074', '0', 'es', 'messages', 'orderItemRequired', 'Debes agregar artículos al pedido.', '2025-11-25 11:23:17', '2025-11-25 11:38:11'),
('10075', '0', 'es', 'messages', 'orderSaved', 'Pedido realizado con éxito.', '2025-11-25 11:23:17', '2025-11-25 11:38:11'),
('10076', '0', 'es', 'messages', 'kotGenerated', 'KOT generado con éxito.', '2025-11-25 11:23:17', '2025-11-25 11:38:11'),
('10077', '0', 'es', 'messages', 'billedSuccess', 'Pedido facturado con éxito.', '2025-11-25 11:23:17', '2025-11-25 11:38:11'),
('10078', '0', 'es', 'messages', 'addCustomerDetails', 'Agrega los datos del cliente.', '2025-11-25 11:23:17', '2025-11-25 11:38:11'),
('10079', '0', 'es', 'messages', 'thankYouVisit', '¡Gracias por tu visita!', '2025-11-25 11:23:17', '2025-11-25 11:38:11'),
('10080', '0', 'es', 'messages', 'emailVerificationCode', 'Código de verificación por correo.', '2025-11-25 11:23:17', '2025-11-25 11:38:11'),
('10081', '0', 'es', 'messages', 'invalidVerificationCode', 'Código de verificación inválido.', '2025-11-25 11:23:17', '2025-11-25 11:38:11'),
('10082', '0', 'es', 'messages', 'verificationCodeSent', 'Código de verificación enviado', '2025-11-25 11:23:17', '2025-11-25 11:38:11'),
('10083', '0', 'es', 'messages', 'customerDeleted', '¡Cliente eliminado con éxito!', '2025-11-25 11:23:17', '2025-11-25 11:38:11'),
('10084', '0', 'es', 'messages', 'noCustomerFound', 'No se encontró ningún cliente', '2025-11-25 11:23:17', '2025-11-25 11:38:11'),
('10085', '0', 'es', 'messages', 'settingsUpdated', '¡Configuración actualizada con éxito!', '2025-11-25 11:23:17', '2025-11-25 11:38:11'),
('10086', '0', 'es', 'messages', 'orderPlacedSuccess', '¡Pedido realizado con éxito!', '2025-11-25 11:23:17', '2025-11-25 11:38:11'),
('10087', '0', 'es', 'messages', 'orderCanceled', '¡Pedido cancelado con éxito!', '2025-11-25 11:23:17', '2025-11-25 11:38:11'),
('10088', '0', 'es', 'messages', 'noPaymentFound', 'No se encontró ningún pago', '2025-11-25 11:23:17', '2025-11-25 11:38:11'),
('10089', '0', 'es', 'messages', 'waitingTodayOrder', 'Esperando el primer pedido de hoy ⏳', '2025-11-25 11:23:17', '2025-11-25 11:38:11'),
('10090', '0', 'es', 'messages', 'updateAlert', 'No hagas clic en \"actualizar ahora\" si la aplicación está personalizada. Tus cambios se perderán.', '2025-11-25 11:23:17', '2025-11-25 11:38:11'),
('10091', '0', 'es', 'messages', 'updateBackupNotice', 'Realiza una copia de seguridad de archivos y base de datos antes de actualizar.', '2025-11-25 11:23:17', '2025-11-25 11:38:11'),
('10092', '0', 'es', 'messages', 'frontHeroHeading', '¿Listo para satisfacer tus antojos? ¡Haz tu pedido ahora!', '2025-11-25 11:23:17', '2025-11-25 11:38:11'),
('10093', '0', 'es', 'messages', 'profileUpdated', 'Perfil actualizado con éxito', '2025-11-25 11:23:17', '2025-11-25 11:38:12'),
('10094', '0', 'es', 'messages', 'cartEmpty', 'Tu carrito está vacío 🙁', '2025-11-25 11:23:17', '2025-11-25 11:38:12'),
('10095', '0', 'es', 'messages', 'memberAdded', '¡Miembro agregado con éxito!', '2025-11-25 11:23:17', '2025-11-25 11:38:12'),
('10096', '0', 'es', 'messages', 'cannotEditOwnRole', 'No puedes cambiar tu propio rol.', '2025-11-25 11:23:17', '2025-11-25 11:38:12'),
('10097', '0', 'es', 'messages', 'memberUpdated', '¡Miembro actualizado con éxito!', '2025-11-25 11:23:17', '2025-11-25 11:38:12'),
('10098', '0', 'es', 'messages', 'memberDeleted', '¡Miembro eliminado con éxito!', '2025-11-25 11:23:17', '2025-11-25 11:38:12'),
('10099', '0', 'es', 'messages', 'currencyDeleted', '¡Moneda eliminada con éxito!', '2025-11-25 11:23:17', '2025-11-25 11:38:12'),
('10100', '0', 'es', 'messages', 'noCurrencyFound', 'No se encontró ninguna moneda.', '2025-11-25 11:23:17', '2025-11-25 11:38:12'),
('10101', '0', 'es', 'messages', 'noPhoneCodesFound', 'No se encontraron códigos telefónicos.', '2025-11-25 11:23:17', '2025-11-25 11:38:12'),
('10102', '0', 'es', 'messages', 'cannotDeleteDefaultCurrency', 'No se puede eliminar la moneda predeterminada.', '2025-11-25 11:23:17', '2025-11-25 11:38:12'),
('10103', '0', 'es', 'messages', 'taxApplicableInfo', 'Todos los impuestos se aplicarán al crear el pedido.', '2025-11-25 11:23:17', '2025-11-25 11:38:12'),
('10104', '0', 'es', 'messages', 'taxDeleted', '¡Impuesto eliminado con éxito!', '2025-11-25 11:23:17', '2025-11-25 11:38:12'),
('10105', '0', 'es', 'messages', 'chooseEndTimeLater', 'Elige una hora de fin posterior a la hora de inicio.', '2025-11-25 11:23:17', '2025-11-25 11:38:12'),
('10106', '0', 'es', 'messages', 'frontReservationHeading', 'Reserva una mesa y disfruta la experiencia.', '2025-11-25 11:23:17', '2025-11-25 11:38:12'),
('10107', '0', 'es', 'messages', 'selectBookingDetail', 'Selecciona los detalles de tu reserva', '2025-11-25 11:23:17', '2025-11-25 11:38:12'),
('10108', '0', 'es', 'messages', 'selectTimeSlot', 'Selecciona franja horaria', '2025-11-25 11:23:17', '2025-11-25 11:38:12'),
('10109', '0', 'es', 'messages', 'loginForReservation', 'Inicia sesión para hacer la reserva', '2025-11-25 11:23:17', '2025-11-25 11:38:12'),
('10110', '0', 'es', 'messages', 'reservationConfirmed', 'Tu reserva está confirmada.', '2025-11-25 11:23:17', '2025-11-25 11:38:12'),
('10111', '0', 'es', 'messages', 'noTimeSlot', 'No hay franjas horarias disponibles. Elige otra fecha o horario.', '2025-11-25 11:23:17', '2025-11-25 11:38:12'),
('10112', '0', 'es', 'messages', 'noTableReserved', 'No se reservó ninguna mesa.', '2025-11-25 11:23:17', '2025-11-25 11:38:12'),
('10113', '0', 'es', 'messages', 'smtpError', 'Tus datos SMTP no son correctos. Por favor actualízalos.<br><br>La configuración SMTP correcta es esencial para enviar correos como confirmaciones de pedido, restablecimiento de contraseñas y notificaciones a clientes y personal. Sin ella, el sistema no puede comunicarse por email.', '2025-11-25 11:23:17', '2025-11-25 11:38:12'),
('10114', '0', 'es', 'messages', 'newOrderReceived', 'Nuevo pedido recibido.', '2025-11-25 11:23:17', '2025-11-25 11:38:12'),
('10115', '0', 'es', 'messages', 'cannotDeleteCurrentBranch', 'No se puede eliminar la sucursal actual.', '2025-11-25 11:23:17', '2025-11-25 11:38:12'),
('10116', '0', 'es', 'messages', 'branchAdded', 'Nueva sucursal agregada.', '2025-11-25 11:23:17', '2025-11-25 11:38:12'),
('10117', '0', 'es', 'messages', 'branchDeleted', 'Sucursal eliminada con éxito.', '2025-11-25 11:23:17', '2025-11-25 11:38:12'),
('10118', '0', 'es', 'messages', 'branchUpdated', 'Sucursal actualizada con éxito.', '2025-11-25 11:23:17', '2025-11-25 11:38:12'),
('10119', '0', 'es', 'messages', 'licenseUpgraded', 'Licencia actualizada con éxito.', '2025-11-25 11:23:17', '2025-11-25 11:38:12'),
('10120', '0', 'es', 'messages', 'noRestaurantFound', 'No se encontró ningún restaurante.', '2025-11-25 11:23:17', '2025-11-25 11:38:12'),
('10121', '0', 'es', 'messages', 'restaurantUpdated', '¡Restaurante actualizado con éxito!', '2025-11-25 11:23:17', '2025-11-25 11:38:12'),
('10122', '0', 'es', 'messages', 'invalidStripePlan', 'Plan de Stripe inválido.', '2025-11-25 11:23:17', '2025-11-25 11:38:12'),
('10123', '0', 'es', 'messages', 'packageUpdated', '¡Paquete actualizado con éxito!', '2025-11-25 11:23:17', '2025-11-25 11:38:12'),
('10124', '0', 'es', 'messages', 'noPackageFound', 'No se encontró ningún paquete.', '2025-11-25 11:23:17', '2025-11-25 11:38:12'),
('10125', '0', 'es', 'messages', 'alreadyRequestPending', 'Ya has enviado una solicitud.', '2025-11-25 11:23:17', '2025-11-25 11:38:12'),
('10126', '0', 'es', 'messages', 'packageAdded', '¡Paquete agregado con éxito!', '2025-11-25 11:23:17', '2025-11-25 11:38:12'),
('10127', '0', 'es', 'messages', 'packageDeleted', '¡Paquete eliminado con éxito!', '2025-11-25 11:23:17', '2025-11-25 11:38:12'),
('10128', '0', 'es', 'messages', 'smtpRecommendation', 'Recomendación para SMTP ', '2025-11-25 11:23:17', '2025-11-25 11:38:12'),
('10129', '0', 'es', 'messages', 'noMemberFound', 'No se encontró ningún miembro.', '2025-11-25 11:23:17', '2025-11-25 11:38:12'),
('10130', '0', 'es', 'messages', 'noInvoiceFound', 'No se encontró ninguna factura.', '2025-11-25 11:23:17', '2025-11-25 11:38:12'),
('10131', '0', 'es', 'messages', 'loadingData', 'Cargando datos...', '2025-11-25 11:23:17', '2025-11-25 11:38:12'),
('10132', '0', 'es', 'messages', 'gatewayNotAdded', 'El superadmin no ha agregado credenciales de pasarela de pago', '2025-11-25 11:23:17', '2025-11-25 11:38:12'),
('10133', '0', 'es', 'messages', 'smtpSuccess', 'Tus datos SMTP son correctos', '2025-11-25 11:23:17', '2025-11-25 11:38:12'),
('10134', '0', 'es', 'messages', 'packageRequired', 'Se requiere ID de paquete.', '2025-11-25 11:23:17', '2025-11-25 11:38:12'),
('10135', '0', 'es', 'messages', 'packageNotFound', 'Paquete no encontrado.', '2025-11-25 11:23:17', '2025-11-25 11:38:12'),
('10136', '0', 'es', 'messages', 'trialExpireOnRequired', 'Se requiere la fecha de expiración de la prueba.', '2025-11-25 11:23:17', '2025-11-25 11:38:12'),
('10137', '0', 'es', 'messages', 'amountNumeric', 'El monto debe ser un número.', '2025-11-25 11:23:17', '2025-11-25 11:38:12'),
('10138', '0', 'es', 'messages', 'payDateRequired', 'Se requiere la fecha de pago.', '2025-11-25 11:23:17', '2025-11-25 11:38:12'),
('10139', '0', 'es', 'messages', 'nextPayDateRequired', 'Se requiere la fecha del próximo pago.', '2025-11-25 11:23:17', '2025-11-25 11:38:12'),
('10140', '0', 'es', 'messages', 'noOfflinePaymentMethodFound', 'No se encontró método de pago offline.', '2025-11-25 11:23:17', '2025-11-25 11:38:12'),
('10141', '0', 'es', 'messages', 'amountRequired', 'Se requiere el monto.', '2025-11-25 11:23:17', '2025-11-25 11:38:12'),
('10142', '0', 'es', 'messages', 'licenceExpireRequired', 'Se requiere la fecha de expiración de la licencia.', '2025-11-25 11:23:17', '2025-11-25 11:38:12'),
('10143', '0', 'es', 'messages', 'offlinePaymentMethodAdded', '¡Método de pago offline agregado con éxito!', '2025-11-25 11:23:17', '2025-11-25 11:38:12'),
('10144', '0', 'es', 'messages', 'offlinePaymentMethodUpdated', '¡Método de pago offline actualizado con éxito!', '2025-11-25 11:23:17', '2025-11-25 11:38:12'),
('10145', '0', 'es', 'messages', 'noOfflinePaymentRequestFound', 'No se encontró ninguna solicitud de pago offline.', '2025-11-25 11:23:17', '2025-11-25 11:38:12'),
('10146', '0', 'es', 'messages', 'offlinePaymentMethodDeleted', '¡Método de pago offline eliminado con éxito!', '2025-11-25 11:23:17', '2025-11-25 11:38:12'),
('10147', '0', 'es', 'messages', 'reservationsDisabled', 'Las reservas están deshabilitadas actualmente.', '2025-11-25 11:23:17', '2025-11-25 11:38:12'),
('10148', '0', 'es', 'messages', 'customerReservationsDisabled', 'Las reservas para clientes están deshabilitadas actualmente.', '2025-11-25 11:23:17', '2025-11-25 11:38:12'),
('10149', '0', 'es', 'messages', 'minimumPartySizeRequired', 'La reserva mínima es para :size personas.', '2025-11-25 11:23:17', '2025-11-25 11:38:12'),
('10150', '0', 'es', 'messages', 'minimumRequired', 'Mín :size', '2025-11-25 11:23:17', '2025-11-25 11:38:12'),
('10151', '0', 'es', 'messages', 'disabledWhenMainReservationsOff', 'Deshabilitado cuando las reservas principales están apagadas', '2025-11-25 11:23:17', '2025-11-25 11:38:12'),
('10152', '0', 'es', 'messages', 'phoneCodeDetected', 'Código telefónico :code detectado según tu ubicación', '2025-11-25 11:23:17', '2025-11-25 11:38:12'),
('10153', '0', 'es', 'messages', 'offlinePaymentVerified', '¡Pago offline verificado con éxito!', '2025-11-25 11:23:17', '2025-11-25 11:38:12'),
('10154', '0', 'es', 'messages', 'OfflinePlanChangeDeclined', 'Solicitud de cambio de plan offline rechazada con éxito.', '2025-11-25 11:23:17', '2025-11-25 11:38:12'),
('10155', '0', 'es', 'messages', 'planUpgraded', '¡Plan actualizado con éxito!', '2025-11-25 11:23:17', '2025-11-25 11:38:12'),
('10156', '0', 'es', 'messages', 'noPlanIdFound', 'No se encontró ID de plan.', '2025-11-25 11:23:17', '2025-11-25 11:38:12'),
('10157', '0', 'es', 'messages', 'requestSubmittedSuccessfully', 'Solicitud enviada con éxito.', '2025-11-25 11:23:17', '2025-11-25 11:38:12'),
('10158', '0', 'es', 'messages', 'startShoppingNow', '¡Agrega artículos a tu carrito!', '2025-11-25 11:23:17', '2025-11-25 11:38:12'),
('10159', '0', 'es', 'messages', 'smtpSecureEnabled', 'Para la configuración SMTP de Gmail, sigue el siguiente enlace ', '2025-11-25 11:23:17', '2025-11-25 11:38:12'),
('10160', '0', 'es', 'messages', 'testEmailSuccess', '¡Correo de prueba enviado con éxito!', '2025-11-25 11:23:17', '2025-11-25 11:38:12'),
('10161', '0', 'es', 'messages', 'testEmailError', 'Error al enviar el correo de prueba: :message', '2025-11-25 11:23:17', '2025-11-25 11:38:12'),
('10162', '0', 'es', 'messages', 'waiterRequestCompleted', '¡Solicitud completada con éxito!', '2025-11-25 11:23:17', '2025-11-25 11:38:12'),
('10163', '0', 'es', 'messages', 'welcomeToUpgrade', 'Por favor, actualiza tu licencia para acceder a funciones premium y mejorar la gestión de tu restaurante.', '2025-11-25 11:23:17', '2025-11-25 11:38:12'),
('10164', '0', 'es', 'messages', 'upgradeRequired', 'Actualización requerida.', '2025-11-25 11:23:17', '2025-11-25 11:38:12'),
('10165', '0', 'es', 'messages', 'noAdminFound', 'No se encontró ningún administrador', '2025-11-25 11:23:17', '2025-11-25 11:38:12'),
('10166', '0', 'es', 'messages', 'statusUpdated', '¡Estado actualizado con éxito!', '2025-11-25 11:23:17', '2025-11-25 11:38:12'),
('10167', '0', 'es', 'messages', 'invalidRequest', 'Solicitud inválida', '2025-11-25 11:23:17', '2025-11-25 11:38:12'),
('10168', '0', 'es', 'messages', 'packageIsUsed', 'El paquete es usado por algunos restaurantes. Cambia primero el paquete de esos restaurantes.', '2025-11-25 11:23:17', '2025-11-25 11:38:12'),
('10169', '0', 'es', 'messages', 'currencyCannotBeDeleted', 'La moneda no puede ser eliminada', '2025-11-25 11:23:17', '2025-11-25 11:38:12'),
('10170', '0', 'es', 'messages', 'currencyIsUsedInPackages', 'La moneda se usa en algunos paquetes. Cambia la moneda de esos paquetes o elimina los paquetes con esta moneda.', '2025-11-25 11:23:17', '2025-11-25 11:38:12'),
('10171', '0', 'es', 'messages', 'languageUpdated', '¡Idioma actualizado con éxito!', '2025-11-25 11:23:17', '2025-11-25 11:38:12'),
('10172', '0', 'es', 'messages', 'fileUploaded', '¡Archivo subido con éxito!', '2025-11-25 11:23:17', '2025-11-25 11:38:12'),
('10173', '0', 'es', 'messages', 'noFilesAvailable', 'No hay archivos disponibles', '2025-11-25 11:23:17', '2025-11-25 11:38:12'),
('10174', '0', 'es', 'messages', 'noFilesAvailableDescription', 'No hay archivos para mostrar en este momento.', '2025-11-25 11:23:17', '2025-11-25 11:38:12'),
('10175', '0', 'es', 'messages', 'transferProgress', 'Progreso de transferencia', '2025-11-25 11:23:17', '2025-11-25 11:38:12'),
('10176', '0', 'es', 'messages', 'discountPercentError', 'El porcentaje de descuento no puede exceder el 100%.', '2025-11-25 11:23:17', '2025-11-25 11:38:12'),
('10177', '0', 'es', 'messages', 'branchLimitReached', 'Límite de sucursales alcanzado, no se pueden agregar más con el paquete actual.', '2025-11-25 11:23:17', '2025-11-25 11:38:12'),
('10178', '0', 'es', 'messages', 'ModifierGroupAdded', '¡Grupo de modificadores agregado con éxito!', '2025-11-25 11:23:17', '2025-11-25 11:38:12'),
('10179', '0', 'es', 'messages', 'noModifierGroupFound', 'No se encontró ningún grupo de modificadores.', '2025-11-25 11:23:17', '2025-11-25 11:38:12'),
('10180', '0', 'es', 'messages', 'itemModifierGroupAdded', '¡Grupo de modificadores de artículo agregado con éxito!', '2025-11-25 11:23:17', '2025-11-25 11:38:12'),
('10181', '0', 'es', 'messages', 'itemModifierGroupUpdated', '¡Grupo de modificadores de artículo actualizado con éxito!', '2025-11-25 11:23:17', '2025-11-25 11:38:12'),
('10182', '0', 'es', 'messages', 'itemModifierGroupDeleted', '¡Grupo de modificadores de artículo eliminado con éxito!', '2025-11-25 11:23:17', '2025-11-25 11:38:12'),
('10183', '0', 'es', 'messages', 'noItemModifierFound', 'No se encontró ningún modificador de artículo.', '2025-11-25 11:23:17', '2025-11-25 11:38:12'),
('10184', '0', 'es', 'messages', 'ModifierGroupUpdated', '¡Grupo de modificadores actualizado con éxito!', '2025-11-25 11:23:17', '2025-11-25 11:38:12'),
('10185', '0', 'es', 'messages', 'cronIsNotRunning', 'Parece que tu tarea cron no se ha ejecutado en las últimas 48 horas. Verifica su configuración. Este mensaje desaparecerá automáticamente cuando el cron funcione correctamente.', '2025-11-25 11:23:17', '2025-11-25 11:38:12'),
('10186', '0', 'es', 'messages', 'cronIsNotRunningOnboarding', 'Por favor verifica que esté correctamente configurado. Este mensaje desaparecerá automáticamente cuando el cron funcione correctamente.', '2025-11-25 11:23:17', '2025-11-25 11:38:12'),
('10187', '0', 'es', 'messages', 'cronJobSetting', 'Configuración de Cron Job', '2025-11-25 11:23:17', '2025-11-25 11:38:12'),
('10188', '0', 'es', 'messages', 'cronJobSettingDescription', 'Haz clic aquí para ver la configuración del cron job.', '2025-11-25 11:23:17', '2025-11-25 11:38:12'),
('10189', '0', 'es', 'messages', 'downloadFilefromCodecanyon', 'Descarga el archivo zip desde Codecanyon y súbelo aquí. Solo se permite el tipo de archivo .zip.', '2025-11-25 11:23:17', '2025-11-25 11:38:12'),
('10190', '0', 'es', 'messages', 'sweetAlertTitle', '¿Estás seguro?', '2025-11-25 11:23:17', '2025-11-25 11:38:12'),
('10191', '0', 'es', 'messages', 'removeFileText', '¡No podrás recuperar el archivo eliminado!', '2025-11-25 11:23:17', '2025-11-25 11:38:12'),
('10192', '0', 'es', 'messages', 'confirmDelete', '¡Sí, elimínalo!', '2025-11-25 11:23:17', '2025-11-25 11:38:12'),
('10193', '0', 'es', 'messages', 'deleteSuccess', 'Eliminado con éxito.', '2025-11-25 11:23:17', '2025-11-25 11:38:12'),
('10194', '0', 'es', 'messages', 'installingUpdateMessage', 'Instalando... Por favor espera (esto puede tardar unos minutos).', '2025-11-25 11:23:17', '2025-11-25 11:38:12'),
('10195', '0', 'es', 'messages', 'installedUpdateMessage', 'Instalado con éxito. Recarga la página para ver los cambios.', '2025-11-25 11:23:18', '2025-11-25 11:38:12'),
('10196', '0', 'es', 'messages', 'customModuleInstalled', 'Módulo instalado con éxito. Serás redirigido a la página del módulo personalizado. Activa el módulo para usarlo.', '2025-11-25 11:23:18', '2025-11-25 11:38:12'),
('10197', '0', 'es', 'messages', 'noRecordFound', 'No se encontró ningún registro', '2025-11-25 11:23:18', '2025-11-25 11:38:12'),
('10198', '0', 'es', 'messages', 'orderDeleted', '¡Pedido eliminado con éxito!', '2025-11-25 11:23:18', '2025-11-25 11:38:12'),
('10199', '0', 'es', 'messages', 'CartAddPermissionDenied', 'Permiso denegado. Por favor contacta al restaurante.', '2025-11-25 11:23:18', '2025-11-25 11:38:12'),
('10200', '0', 'es', 'messages', 'noExpensesAdded', 'No se encontraron gastos', '2025-11-25 11:23:18', '2025-11-25 11:38:12'),
('10201', '0', 'es', 'messages', 'expenseAdded', 'Gastos agregados', '2025-11-25 11:23:18', '2025-11-25 11:38:12'),
('10202', '0', 'es', 'messages', 'expenseUpdated', 'Gastos actualizados', '2025-11-25 11:23:18', '2025-11-25 11:38:12'),
('10203', '0', 'es', 'messages', 'showHidePurchaseCode', 'Mostrar/Ocultar Código de Compra', '2025-11-25 11:23:18', '2025-11-25 11:38:12'),
('10204', '0', 'es', 'messages', 'changePurchaseCode', 'Cambiar Código de Compra', '2025-11-25 11:23:18', '2025-11-25 11:38:12'),
('10205', '0', 'es', 'messages', 'restaurantDeleted', '¡Restaurante eliminado con éxito!', '2025-11-25 11:23:18', '2025-11-25 11:38:12'),
('10206', '0', 'es', 'messages', 'deliveryExecutiveAssigned', '¡Repartidor asignado!', '2025-11-25 11:23:18', '2025-11-25 11:38:12'),
('10207', '0', 'es', 'messages', 'selectDeliveryExecutive', 'Por favor selecciona un repartidor.', '2025-11-25 11:23:18', '2025-11-25 11:38:12'),
('10208', '0', 'es', 'messages', 'vendorUpdated', 'Proveedor actualizado', '2025-11-25 11:23:18', '2025-11-25 11:38:12'),
('10209', '0', 'es', 'messages', 'expenseDeleted', 'Gasto eliminado', '2025-11-25 11:23:18', '2025-11-25 11:38:12'),
('10210', '0', 'es', 'messages', 'vendorDeleted', 'Proveedor eliminado', '2025-11-25 11:23:18', '2025-11-25 11:38:12'),
('10211', '0', 'es', 'messages', 'noVendorsAdded', 'No se encontraron proveedores', '2025-11-25 11:23:18', '2025-11-25 11:38:12'),
('10212', '0', 'es', 'messages', 'moduleSettingsInstall', 'Instala nuevos módulos para mejorar la funcionalidad de tu aplicación', '2025-11-25 11:23:18', '2025-11-25 11:38:12'),
('10213', '0', 'es', 'messages', 'chargeDeleted', '¡Cargo eliminado con éxito!', '2025-11-25 11:23:18', '2025-11-25 11:38:12'),
('10214', '0', 'es', 'messages', 'addonDescription', 'Este es un módulo adicional que puede comprarse por separado.', '2025-11-25 11:23:18', '2025-11-25 11:38:12'),
('10215', '0', 'es', 'messages', 'noChargeFound', 'No se encontró ningún cargo.', '2025-11-25 11:23:18', '2025-11-25 11:38:12'),
('10216', '0', 'es', 'messages', 'paymentQrCodeRequired', 'Se requiere el código QR de pago.', '2025-11-25 11:23:18', '2025-11-25 11:38:12'),
('10217', '0', 'es', 'messages', 'noSubscriptionFound', 'No se encontró ninguna suscripción.', '2025-11-25 11:23:18', '2025-11-25 11:38:12'),
('10218', '0', 'es', 'messages', 'subscriptionCancelled', '¡Suscripción cancelada con éxito!', '2025-11-25 11:23:18', '2025-11-25 11:38:12'),
('10219', '0', 'es', 'messages', 'subscriptionUpdated', '¡Suscripción actualizada con éxito!', '2025-11-25 11:23:18', '2025-11-25 11:38:12'),
('10220', '0', 'es', 'messages', 'customerAdded', '¡Cliente agregado con éxito!', '2025-11-25 11:23:18', '2025-11-25 11:38:12'),
('10221', '0', 'es', 'messages', 'customerAlreadyExists', 'El cliente con correo :email ya existe.', '2025-11-25 11:23:18', '2025-11-25 11:38:12'),
('10222', '0', 'es', 'messages', 'customerImported', '¡Clientes importados con éxito!', '2025-11-25 11:23:18', '2025-11-25 11:38:12'),
('10223', '0', 'es', 'messages', 'customerImportStarted', '¡Importación de clientes iniciada con éxito! El proceso se está ejecutando en segundo plano.', '2025-11-25 11:23:18', '2025-11-25 11:38:12'),
('10224', '0', 'es', 'messages', 'noFeatures', 'No se encontraron funciones adicionales.', '2025-11-25 11:23:18', '2025-11-25 11:38:12'),
('10225', '0', 'es', 'messages', 'paymentGatewayNotConfigured', 'Pasarela de pago no configurada.', '2025-11-25 11:23:18', '2025-11-25 11:38:12'),
('10226', '0', 'es', 'messages', 'tipRemovedSuccessfully', 'Propina eliminada con éxito', '2025-11-25 11:23:18', '2025-11-25 11:38:12'),
('10227', '0', 'es', 'messages', 'tipUpdatedSuccessfully', 'Propina actualizada con éxito', '2025-11-25 11:23:18', '2025-11-25 11:38:12'),
('10228', '0', 'es', 'messages', 'tipAddedSuccessfully', 'Propina agregada con éxito', '2025-11-25 11:23:18', '2025-11-25 11:38:12'),
('10229', '0', 'es', 'messages', 'paymentDoneSuccessfully', 'Pago realizado con éxito', '2025-11-25 11:23:18', '2025-11-25 11:38:12'),
('10230', '0', 'es', 'messages', 'paymentFailed', 'Pago fallido, por favor intenta de nuevo', '2025-11-25 11:23:18', '2025-11-25 11:38:12'),
('10231', '0', 'es', 'messages', 'invalidPaymentMethod', 'Método de pago inválido', '2025-11-25 11:23:18', '2025-11-25 11:38:12'),
('10232', '0', 'es', 'messages', 'expenseCategoryDeleted', '¡Categoría de gasto eliminada con éxito!', '2025-11-25 11:23:18', '2025-11-25 11:38:12'),
('10233', '0', 'es', 'messages', 'expenseCategoryAdded', '¡Categoría de gasto agregada con éxito!', '2025-11-25 11:23:18', '2025-11-25 11:38:12'),
('10234', '0', 'es', 'messages', 'expenseCategoryUpdated', '¡Categoría de gasto actualizada con éxito!', '2025-11-25 11:23:18', '2025-11-25 11:38:12'),
('10235', '0', 'es', 'messages', 'installAppInstruction', 'Para instalar esta web app en tu teléfono: toca  ', '2025-11-25 11:23:18', '2025-11-25 11:38:12'),
('10236', '0', 'es', 'messages', 'addToHomeScreen', 'y luego Añadir a la pantalla de inicio', '2025-11-25 11:23:18', '2025-11-25 11:38:12'),
('10237', '0', 'es', 'messages', 'confrmDeleteDyanamicMenu', '¿Estás seguro de que quieres eliminar este Menú Personalizado?', '2025-11-25 11:23:18', '2025-11-25 11:38:12'),
('10238', '0', 'es', 'messages', 'noCustomMenu', 'No se encontró ningún Menú Personalizado', '2025-11-25 11:23:18', '2025-11-25 11:38:12'),
('10239', '0', 'es', 'messages', 'menuUpdate', '¡Menú actualizado con éxito!', '2025-11-25 11:23:18', '2025-11-25 11:38:12'),
('10240', '0', 'es', 'messages', 'orderNotFound', 'Pedido no encontrado', '2025-11-25 11:23:18', '2025-11-25 11:38:12'),
('10241', '0', 'es', 'messages', 'notHavePermission', 'Acceso denegado. Por favor recarga la página e inténtalo de nuevo.', '2025-11-25 11:23:18', '2025-11-25 11:38:12'),
('10242', '0', 'es', 'messages', 'troubleClickingButton', 'Si tienes problemas para hacer clic en el botón \":actionText\", copia y pega la URL a continuación en tu navegador:', '2025-11-25 11:23:18', '2025-11-25 11:38:12'),
('10243', '0', 'es', 'messages', 'resetPassword', 'Restablecer Contraseña', '2025-11-25 11:23:18', '2025-11-25 11:38:12'),
('10244', '0', 'es', 'messages', 'accountRecoveryAuthMessage', 'Confirma el acceso a tu cuenta ingresando el código de autenticación proporcionado por tu aplicación autenticadora.', '2025-11-25 11:23:18', '2025-11-25 11:38:12'),
('10245', '0', 'es', 'messages', 'accountRecoveryCode', 'Confirma el acceso a tu cuenta ingresando uno de tus códigos de recuperación de emergencia.', '2025-11-25 11:23:18', '2025-11-25 11:38:12'),
('10246', '0', 'es', 'messages', 'invalidFlutterwavePlan', 'ID de plan de Flutterwave inválido.', '2025-11-25 11:23:18', '2025-11-25 11:38:12'),
('10247', '0', 'es', 'messages', 'flutterwavePlanNotFound', 'Plan de Flutterwave no encontrado.', '2025-11-25 11:23:18', '2025-11-25 11:38:12'),
('10248', '0', 'es', 'messages', 'FlutterwavePaymentError', 'Error de pago de Flutterwave: :message', '2025-11-25 11:23:18', '2025-11-25 11:38:12'),
('10249', '0', 'es', 'messages', 'transactionReferenceMissing', 'Falta la referencia de la transacción.', '2025-11-25 11:23:18', '2025-11-25 11:38:12'),
('10250', '0', 'es', 'messages', 'invalidTransactionReference', 'Referencia de transacción inválida.', '2025-11-25 11:23:18', '2025-11-25 11:38:12'),
('10251', '0', 'es', 'messages', 'paymentVerificationFailed', 'La verificación del pago falló.', '2025-11-25 11:23:18', '2025-11-25 11:38:12'),
('10252', '0', 'es', 'messages', 'cannotUseSelfDomain', 'No puedes usar tu propio dominio como la URL del sitio de aterrizaje.', '2025-11-25 11:23:18', '2025-11-25 11:38:12'),
('10253', '0', 'es', 'messages', 'charactersShowingPerLine', 'Cuántos caracteres se muestran por línea en tu papel, por ejemplo: en 80mm son 46 caracteres por línea', '2025-11-25 11:23:18', '2025-11-25 11:38:12'),
('10254', '0', 'es', 'messages', 'printerIPAddress', 'Puedes obtener la dirección IP de la impresora desde la prueba de impresión según la configuración de la impresora', '2025-11-25 11:23:18', '2025-11-25 11:38:12'),
('10255', '0', 'es', 'messages', 'printerPortAddress', 'En la mayoría de los casos el puerto de la impresora es 9100, pero si es diferente haz una prueba de impresión para obtener el puerto.', '2025-11-25 11:23:18', '2025-11-25 11:38:12'),
('10256', '0', 'es', 'messages', 'printerAdded', '¡Impresora agregada con éxito!', '2025-11-25 11:23:18', '2025-11-25 11:38:12'),
('10257', '0', 'es', 'messages', 'printerUpdated', '¡Impresora actualizada con éxito!', '2025-11-25 11:23:18', '2025-11-25 11:38:12'),
('10258', '0', 'es', 'messages', 'printerDeleted', '¡Impresora eliminada con éxito!', '2025-11-25 11:23:18', '2025-11-25 11:38:12'),
('10259', '0', 'es', 'messages', 'featureDeleted', '¡Función eliminada con éxito!', '2025-11-25 11:23:18', '2025-11-25 11:38:12'),
('10260', '0', 'es', 'messages', 'reviewDeleted', '¡Reseña eliminada con éxito!', '2025-11-25 11:23:18', '2025-11-25 11:38:12'),
('10261', '0', 'es', 'messages', 'faqAdd', '¡FAQ agregada con éxito!', '2025-11-25 11:23:18', '2025-11-25 11:38:12'),
('10262', '0', 'es', 'messages', 'faqUpdated', '¡FAQ actualizada con éxito!', '2025-11-25 11:23:18', '2025-11-25 11:38:12'),
('10263', '0', 'es', 'messages', 'faqDeleted', '¡FAQ eliminada con éxito!', '2025-11-25 11:23:18', '2025-11-25 11:38:12'),
('10264', '0', 'es', 'messages', 'contactSetting', '¡Configuración de contacto actualizada con éxito!', '2025-11-25 11:23:18', '2025-11-25 11:38:12'),
('10265', '0', 'es', 'messages', 'headerSetting', '¡Encabezado actualizado con éxito!', '2025-11-25 11:23:18', '2025-11-25 11:38:12'),
('10266', '0', 'es', 'messages', 'waiterUpdated', '¡Mesero actualizado con éxito!', '2025-11-25 11:23:18', '2025-11-25 11:38:12'),
('10267', '0', 'es', 'messages', 'errorWantToCreateNewKot', 'Para agregar un artículo, crea un nuevo KOT haciendo clic en el botón \"Nuevo KOT\".', '2025-11-25 11:23:18', '2025-11-25 11:38:12'),
('10268', '0', 'es', 'messages', 'noPrinterAdded', 'Aún no se ha agregado ninguna impresora', '2025-11-25 11:23:18', '2025-11-25 11:38:12'),
('10269', '0', 'es', 'messages', 'kotConflict', 'Los KOT seleccionados ya están asignados a otra impresora. Elige otros KOTs.', '2025-11-25 11:23:18', '2025-11-25 11:38:12'),
('10270', '0', 'es', 'messages', 'orderConflict', 'Los pedidos seleccionados ya están asignados a otra impresora. Elige otros pedidos.', '2025-11-25 11:23:18', '2025-11-25 11:38:12'),
('10271', '0', 'es', 'messages', 'invalidCoordinates', 'Coordenadas proporcionadas inválidas.', '2025-11-25 11:23:18', '2025-11-25 11:38:12'),
('10272', '0', 'es', 'messages', 'deliverySettingInvalid', 'La configuración de entrega es inválida. Por favor contacta la sucursal.', '2025-11-25 11:23:18', '2025-11-25 11:38:12'),
('10273', '0', 'es', 'messages', 'outOfDeliveryRange', 'La dirección de entrega está fuera del área de reparto.', '2025-11-25 11:23:18', '2025-11-25 11:38:12'),
('10274', '0', 'es', 'messages', 'loginRequired', 'Inicio de sesión requerido. Por favor inicia sesión para continuar.', '2025-11-25 11:23:18', '2025-11-25 11:38:12'),
('10275', '0', 'es', 'messages', 'addressUpdated', '¡Dirección actualizada con éxito!', '2025-11-25 11:23:18', '2025-11-25 11:38:12'),
('10276', '0', 'es', 'messages', 'addressAdded', '¡Dirección agregada con éxito!', '2025-11-25 11:23:18', '2025-11-25 11:38:12'),
('10277', '0', 'es', 'messages', 'addressDeleted', '¡Dirección eliminada con éxito!', '2025-11-25 11:23:18', '2025-11-25 11:38:12'),
('10278', '0', 'es', 'messages', 'noBranchCoordinates', 'La configuración de entrega requiere coordenadas de la sucursal. Actualiza la ubicación de la sucursal primero.', '2025-11-25 11:23:18', '2025-11-25 11:38:12'),
('10279', '0', 'es', 'messages', 'noReservationsFound', 'No se encontraron reservas.', '2025-11-25 11:23:18', '2025-11-25 11:38:12'),
('10280', '0', 'es', 'messages', 'paymentError', 'Pago fallido. Por favor intenta de nuevo.', '2025-11-25 11:23:18', '2025-11-25 11:38:12'),
('10281', '0', 'es', 'messages', 'errorOccurred', 'Ocurrió un error. Por favor intenta de nuevo más tarde.', '2025-11-25 11:23:18', '2025-11-25 11:38:12'),
('10282', '0', 'es', 'messages', 'subscriptionStatusUpdate', 'Estado de suscripción actualizado en nuestro sistema. Inicia sesión en tu cuenta de PayFast para completar la cancelación.', '2025-11-25 11:23:18', '2025-11-25 11:38:12'),
('10283', '0', 'es', 'messages', 'noActiveKotPrinterConfigured', 'No hay impresora KOT activa configurada.', '2025-11-25 11:23:18', '2025-11-25 11:38:12'),
('10284', '0', 'es', 'messages', 'defaultPrinterExists', 'Ya existe una impresora predeterminada.', '2025-11-25 11:23:18', '2025-11-25 11:38:12'),
('10285', '0', 'es', 'messages', 'printerNotConnected', 'Impresora no conectada', '2025-11-25 11:23:18', '2025-11-25 11:38:12'),
('10286', '0', 'es', 'messages', 'sessionDriverTooltip', 'Esta opción controla el \"driver\" de sesión que se usará en las solicitudes. El driver de base de datos ofrece más control. * Cambiar el driver te desconectará.', '2025-11-25 11:23:18', '2025-11-25 11:38:12'),
('10287', '0', 'es', 'messages', 'atLeastTwoStatusesRequired', 'Se requieren al menos dos estados.', '2025-11-25 11:23:18', '2025-11-25 11:38:12'),
('10288', '0', 'es', 'messages', 'paymentGatewaySettingsUpdated', '¡Configuración de pasarela de pago actualizada con éxito!', '2025-11-25 11:23:18', '2025-11-25 11:38:12'),
('10289', '0', 'es', 'messages', 'cannotDeleteDefaultPrinter', 'No puedes eliminar la impresora predeterminada', '2025-11-25 11:23:18', '2025-11-25 11:38:12'),
('10290', '0', 'es', 'messages', 'printerStatusUpdated', '¡Estado de la impresora actualizado con éxito!', '2025-11-25 11:23:18', '2025-11-25 11:38:12'),
('10291', '0', 'es', 'messages', 'cannotUpdateDefaultPrinterStatus', 'No puedes actualizar el estado de la impresora predeterminada.', '2025-11-25 11:23:18', '2025-11-25 11:38:12'),
('10292', '0', 'es', 'messages', 'noBranchFound', 'No se encontró ninguna sucursal. Crea una sucursal primero.', '2025-11-25 11:23:18', '2025-11-25 11:38:12'),
('10293', '0', 'es', 'messages', 'planNotFound', 'Plan no encontrado.', '2025-11-25 11:23:18', '2025-11-25 11:38:12'),
('10294', '0', 'es', 'messages', 'reasonDeleted', 'Razón eliminada con éxito.', '2025-11-25 11:23:18', '2025-11-25 11:38:12'),
('10295', '0', 'es', 'messages', 'reasonUpdated', '¡Razón actualizada con éxito!', '2025-11-25 11:23:18', '2025-11-25 11:38:12'),
('10296', '0', 'es', 'messages', 'reasonAdded', '¡Razón agregada con éxito!', '2025-11-25 11:23:18', '2025-11-25 11:38:12'),
('10297', '0', 'es', 'messages', 'cloneCategoriesRequired', 'Se requieren categorías para clonar.', '2025-11-25 11:23:18', '2025-11-25 11:38:12'),
('10298', '0', 'es', 'messages', 'cloneMenuRequired', 'Se requiere el menú para clonar.', '2025-11-25 11:23:18', '2025-11-25 11:38:12'),
('10299', '0', 'es', 'messages', 'cloneMenuItemRequired', 'Se requiere el artículo del menú para clonar.', '2025-11-25 11:23:18', '2025-11-25 11:38:12'),
('10300', '0', 'es', 'messages', 'noParkingManagementFound', 'No se encontró gestión de estacionamiento.', '2025-11-25 11:23:18', '2025-11-25 11:38:12'),
('10301', '0', 'es', 'messages', 'branchKeyReset', '¡Clave de sucursal restablecida con éxito!', '2025-11-25 11:23:18', '2025-11-25 11:38:12'),
('10302', '0', 'es', 'messages', 'roleCreatedSuccessfully', '¡Rol creado con éxito!', '2025-11-25 11:23:18', '2025-11-25 11:38:12'),
('10303', '0', 'es', 'messages', 'copyPermissionsFrom', 'Copiar permisos desde rol (opcional)', '2025-11-25 11:23:18', '2025-11-25 11:38:12'),
('10304', '0', 'es', 'messages', 'protectedRole', 'El rol predeterminado no se puede eliminar.', '2025-11-25 11:23:18', '2025-11-25 11:38:12'),
('10305', '0', 'es', 'messages', 'roleCannotBeUpdated', 'Este rol no puede ser actualizado.', '2025-11-25 11:23:18', '2025-11-25 11:38:12'),
('10306', '0', 'es', 'messages', 'roleNotFound', 'Rol no encontrado.', '2025-11-25 11:23:18', '2025-11-25 11:38:12'),
('10307', '0', 'es', 'messages', 'roleUpdatedSuccessfully', '¡Rol actualizado con éxito!', '2025-11-25 11:23:18', '2025-11-25 11:38:12'),
('10308', '0', 'es', 'messages', 'errorUpdatingRole', 'Error al actualizar el rol: ', '2025-11-25 11:23:18', '2025-11-25 11:38:12'),
('10309', '0', 'es', 'messages', 'errorCreatingRole', 'Error al crear el rol: ', '2025-11-25 11:23:18', '2025-11-25 11:38:12'),
('10310', '0', 'es', 'messages', 'roleCannotBeDeleted', 'Este rol no puede ser eliminado.', '2025-11-25 11:23:18', '2025-11-25 11:38:12'),
('10311', '0', 'es', 'messages', 'roleDeletedAndUsersReassigned', 'Rol eliminado y usuarios reasignados con éxito.', '2025-11-25 11:23:18', '2025-11-25 11:38:12'),
('10312', '0', 'es', 'messages', 'errorDeletingRole', 'Error al eliminar el rol: ', '2025-11-25 11:23:18', '2025-11-25 11:38:12'),
('10313', '0', 'es', 'messages', 'orderTypeDeleted', '¡Tipo de pedido eliminado con éxito!', '2025-11-25 11:23:18', '2025-11-25 11:38:12'),
('10314', '0', 'es', 'messages', 'modifierGroupAlreadyAssociatedWithVariation', 'Este grupo de modificadores ya está asociado con la variación seleccionada.', '2025-11-25 11:23:18', '2025-11-25 11:38:12'),
('10315', '0', 'es', 'messages', 'userDeleted', '¡Usuario eliminado con éxito!', '2025-11-25 11:23:18', '2025-11-25 11:38:12'),
('10316', '0', 'es', 'messages', 'userRoleUpdated', '¡Rol del usuario actualizado con éxito!', '2025-11-25 11:23:18', '2025-11-25 11:38:12'),
('10317', '0', 'es', 'messages', 'noUserFound', 'No se encontró ningún usuario.', '2025-11-25 11:23:18', '2025-11-25 11:38:12'),
('10318', '0', 'es', 'messages', 'areYouSureDeleteUser', '¿Estás seguro de que deseas eliminar este usuario?', '2025-11-25 11:23:18', '2025-11-25 11:38:12'),
('10319', '0', 'es', 'messages', 'cannotDeleteOwnAccount', 'No puedes eliminar tu propia cuenta.', '2025-11-25 11:23:18', '2025-11-25 11:38:12'),
('10320', '0', 'es', 'messages', 'superadminUserAdded', '¡Usuario superadmin agregado con éxito!', '2025-11-25 11:23:18', '2025-11-25 11:38:12'),
('10321', '0', 'es', 'messages', 'superadminUserUpdated', '¡Usuario superadmin actualizado con éxito!', '2025-11-25 11:23:18', '2025-11-25 11:38:12'),
('10322', '0', 'es', 'messages', 'deliveryPlatformAdded', '¡Plataforma de entrega agregada con éxito!', '2025-11-25 11:23:18', '2025-11-25 11:38:12'),
('10323', '0', 'es', 'messages', 'deliveryPlatformUpdated', '¡Plataforma de entrega actualizada con éxito!', '2025-11-25 11:23:18', '2025-11-25 11:38:12'),
('10324', '0', 'es', 'messages', 'deliveryPlatformDeleted', '¡Plataforma de entrega eliminada con éxito!', '2025-11-25 11:23:18', '2025-11-25 11:38:12'),
('10325', '0', 'es', 'messages', 'deliveryPlatformStatusUpdated', '¡Plataforma de entrega :status con éxito!', '2025-11-25 11:23:18', '2025-11-25 11:38:12'),
('10326', '0', 'es', 'messages', 'activated', 'activado', '2025-11-25 11:23:18', '2025-11-25 11:38:12'),
('10327', '0', 'es', 'messages', 'deactivated', 'desactivado', '2025-11-25 11:23:18', '2025-11-25 11:38:12'),
('10328', '0', 'es', 'messages', 'platformNotFound', 'Plataforma no encontrada.', '2025-11-25 11:23:18', '2025-11-25 11:38:12'),
('10329', '0', 'es', 'messages', 'demoDataCannotBeDeleted', 'Los datos de demostración no pueden eliminarse.', '2025-11-25 11:23:18', '2025-11-25 11:38:12'),
('10330', '0', 'es', 'messages', 'noUserFoundWithThisEmailAddress', 'No se encontró ningún usuario con este correo.', '2025-11-25 11:23:18', '2025-11-25 11:38:12'),
('10331', '0', 'es', 'messages', 'otpSentToYourEmailAddress', 'OTP enviado a tu correo electrónico.', '2025-11-25 11:23:18', '2025-11-25 11:38:12'),
('10332', '0', 'es', 'messages', 'invalidOrExpiredOtp', 'OTP inválido o caducado.', '2025-11-25 11:23:18', '2025-11-25 11:38:12'),
('10333', '0', 'es', 'messages', 'userNotFound', 'Usuario no encontrado.', '2025-11-25 11:23:18', '2025-11-25 11:38:12'),
('10334', '0', 'es', 'messages', 'otpResentSuccessfully', 'OTP reenviado con éxito.', '2025-11-25 11:23:18', '2025-11-25 11:38:12'),
('10335', '0', 'es', 'messages', 'otpSentToYourPhoneNumber', 'OTP enviado a tu correo y número de teléfono: :phone', '2025-11-25 11:23:18', '2025-11-25 11:38:12'),
('10336', '0', 'es', 'messages', 'invalidLicenseDate', 'Fecha de licencia inválida. Verifica tu código de compra.', '2025-11-25 11:23:18', '2025-11-25 11:38:12'),
('10337', '0', 'es', 'messages', 'cancelFailed', 'La cancelación falló', '2025-11-25 11:23:18', '2025-11-25 11:38:12'),
('10338', '0', 'es', 'messages', 'paymentSuccess', 'Pago exitoso', '2025-11-25 11:23:18', '2025-11-25 11:38:12'),
('10339', '0', 'es', 'messages', 'tableLockedByUser', 'Esta mesa está siendo gestionada por :user. Por favor intenta más tarde.', '2025-11-25 11:23:18', '2025-11-25 11:38:12'),
('10340', '0', 'es', 'messages', 'tableHandledByUser', 'La mesa :table está siendo gestionada por :user. Selecciona otra mesa.', '2025-11-25 11:23:18', '2025-11-25 11:38:13'),
('10341', '0', 'es', 'messages', 'tableLocked', 'La mesa :table está siendo gestionada por ti.', '2025-11-25 11:23:18', '2025-11-25 11:38:13'),
('10342', '0', 'es', 'messages', 'tableLockFailed', 'No se pudo bloquear la mesa. Intenta de nuevo o elige otra mesa.', '2025-11-25 11:23:18', '2025-11-25 11:38:13'),
('10343', '0', 'es', 'messages', 'tableNotFound', 'Mesa no encontrada.', '2025-11-25 11:23:18', '2025-11-25 11:38:13'),
('10344', '0', 'es', 'messages', 'tableUnlockedSuccess', 'Mesa :table desbloqueada.', '2025-11-25 11:23:18', '2025-11-25 11:38:13'),
('10345', '0', 'es', 'messages', 'tableUnlockFailed', 'No se pudo desbloquear la mesa.', '2025-11-25 11:23:18', '2025-11-25 11:38:13'),
('10346', '0', 'es', 'messages', 'menuItemCreationFailed', 'Error al crear el artículo del menú. Completa todos los campos obligatorios.', '2025-11-25 11:23:18', '2025-11-25 11:38:13'),
('10347', '0', 'es', 'messages', 'logoRemoved', 'Imagen eliminada con éxito', '2025-11-25 11:23:18', '2025-11-25 11:38:13'),
('10348', '0', 'es', 'modules', 'menu.addMenu', 'Agregar menú', '2025-11-25 11:23:18', '2025-11-25 11:38:13'),
('10349', '0', 'es', 'modules', 'menu.menuName', 'Nombre del menú', '2025-11-25 11:23:18', '2025-11-25 11:38:13'),
('10350', '0', 'es', 'modules', 'menu.allMenus', 'Menús', '2025-11-25 11:23:18', '2025-11-25 11:38:13'),
('10351', '0', 'es', 'modules', 'menu.chooseMenu', 'Elegir menú', '2025-11-25 11:23:18', '2025-11-25 11:38:13'),
('10352', '0', 'es', 'modules', 'menu.allMenuItems', 'Elementos del menú', '2025-11-25 11:23:18', '2025-11-25 11:38:13'),
('10353', '0', 'es', 'modules', 'menu.menuNameHelp', 'Introduce el nombre del menú abajo para crear uno nuevo.', '2025-11-25 11:23:18', '2025-11-25 11:38:13'),
('10354', '0', 'es', 'modules', 'menu.item', 'Artículo(s)', '2025-11-25 11:23:18', '2025-11-25 11:38:13'),
('10355', '0', 'es', 'modules', 'menu.addMenuItem', 'Agregar elemento al menú', '2025-11-25 11:23:18', '2025-11-25 11:38:13'),
('10356', '0', 'es', 'modules', 'menu.editMenuItem', 'Editar elemento del menú', '2025-11-25 11:23:18', '2025-11-25 11:38:13'),
('10357', '0', 'es', 'modules', 'menu.itemCategory', 'Categoría del artículo', '2025-11-25 11:23:18', '2025-11-25 11:38:13'),
('10358', '0', 'es', 'modules', 'menu.addItemCategory', 'Agregar categoría de artículo', '2025-11-25 11:23:18', '2025-11-25 11:38:13'),
('10359', '0', 'es', 'modules', 'menu.typeVeg', 'Vegetariano', '2025-11-25 11:23:18', '2025-11-25 11:38:13'),
('10360', '0', 'es', 'modules', 'menu.addItem', 'Agregar artículo', '2025-11-25 11:23:18', '2025-11-25 11:38:13'),
('10361', '0', 'es', 'modules', 'menu.typeNonVeg', 'No vegetariano', '2025-11-25 11:23:18', '2025-11-25 11:38:13'),
('10362', '0', 'es', 'modules', 'menu.typeEgg', 'Contiene huevo', '2025-11-25 11:23:18', '2025-11-25 11:38:13'),
('10363', '0', 'es', 'modules', 'menu.typeDrink', 'Bebida', '2025-11-25 11:23:18', '2025-11-25 11:38:13'),
('10364', '0', 'es', 'modules', 'menu.typeOther', 'Otro', '2025-11-25 11:23:18', '2025-11-25 11:38:13'),
('10365', '0', 'es', 'modules', 'menu.veg', 'Vegetariano', '2025-11-25 11:23:18', '2025-11-25 11:38:13'),
('10366', '0', 'es', 'modules', 'menu.non-veg', 'No vegetariano', '2025-11-25 11:23:18', '2025-11-25 11:38:13'),
('10367', '0', 'es', 'modules', 'menu.egg', 'Contiene huevo', '2025-11-25 11:23:18', '2025-11-25 11:38:13'),
('10368', '0', 'es', 'modules', 'menu.itemImage', 'Imagen del artículo', '2025-11-25 11:23:18', '2025-11-25 11:38:13'),
('10369', '0', 'es', 'modules', 'menu.hasVariations', 'Tiene variaciones', '2025-11-25 11:23:18', '2025-11-25 11:38:13'),
('10370', '0', 'es', 'modules', 'menu.variationName', 'Nombre de la variación', '2025-11-25 11:23:18', '2025-11-25 11:38:13'),
('10371', '0', 'es', 'modules', 'menu.addVariations', 'Agregar variaciones', '2025-11-25 11:23:18', '2025-11-25 11:38:13'),
('10372', '0', 'es', 'modules', 'menu.menuItemHelp', 'Rellena los detalles abajo para añadir un nuevo elemento al menú.', '2025-11-25 11:23:18', '2025-11-25 11:38:13'),
('10373', '0', 'es', 'modules', 'menu.itemName', 'Nombre del artículo', '2025-11-25 11:23:18', '2025-11-25 11:38:13'),
('10374', '0', 'es', 'modules', 'menu.itemDescription', 'Descripción del artículo', '2025-11-25 11:23:18', '2025-11-25 11:38:13'),
('10375', '0', 'es', 'modules', 'menu.categoryName', 'Nombre de la categoría del artículo', '2025-11-25 11:23:18', '2025-11-25 11:38:13'),
('10376', '0', 'es', 'modules', 'menu.setPrice', 'Precio', '2025-11-25 11:23:18', '2025-11-25 11:38:13'),
('10377', '0', 'es', 'modules', 'menu.showVariations', 'Mostrar variaciones', '2025-11-25 11:23:18', '2025-11-25 11:38:13'),
('10378', '0', 'es', 'modules', 'menu.itemVariations', 'Variaciones del artículo', '2025-11-25 11:23:18', '2025-11-25 11:38:13'),
('10379', '0', 'es', 'modules', 'menu.deleteMenuItem', 'Eliminar elemento del menú', '2025-11-25 11:23:18', '2025-11-25 11:38:13'),
('10380', '0', 'es', 'modules', 'menu.deleteItemCategory', 'Eliminar categoría de artículo', '2025-11-25 11:23:18', '2025-11-25 11:38:13'),
('10381', '0', 'es', 'modules', 'menu.deleteVariant', 'Eliminar variante', '2025-11-25 11:23:18', '2025-11-25 11:38:13'),
('10382', '0', 'es', 'modules', 'menu.deleteMenu', 'Eliminar menú', '2025-11-25 11:23:18', '2025-11-25 11:38:13'),
('10383', '0', 'es', 'modules', 'menu.deleteVariantMessage', '¿Estás seguro de que deseas eliminar la variante del artículo?', '2025-11-25 11:23:18', '2025-11-25 11:38:13'),
('10384', '0', 'es', 'modules', 'menu.deleteMenuItemMessage', '¿Estás seguro de que deseas eliminar el elemento del menú?', '2025-11-25 11:23:18', '2025-11-25 11:38:13'),
('10385', '0', 'es', 'modules', 'menu.deleteMenuMessage', '¿Estás seguro de que deseas eliminar el menú?', '2025-11-25 11:23:18', '2025-11-25 11:38:13'),
('10386', '0', 'es', 'modules', 'menu.deleteCategoryMessage', '¿Estás seguro de que deseas eliminar la categoría de artículo?', '2025-11-25 11:23:18', '2025-11-25 11:38:13'),
('10387', '0', 'es', 'modules', 'menu.filterType', 'Filtrar por tipo', '2025-11-25 11:23:18', '2025-11-25 11:38:13'),
('10388', '0', 'es', 'modules', 'menu.filterCategory', 'Filtrar por categoría', '2025-11-25 11:23:18', '2025-11-25 11:38:13'),
('10389', '0', 'es', 'modules', 'menu.itemType', 'Tipo de artículo', '2025-11-25 11:23:18', '2025-11-25 11:38:13'),
('10390', '0', 'es', 'modules', 'menu.preparationTime', 'Tiempo de preparación', '2025-11-25 11:23:18', '2025-11-25 11:38:13'),
('10391', '0', 'es', 'modules', 'menu.minutes', 'Minutos', '2025-11-25 11:23:18', '2025-11-25 11:38:13'),
('10392', '0', 'es', 'modules', 'menu.browseMenu', 'Examinar menú', '2025-11-25 11:23:18', '2025-11-25 11:38:13'),
('10393', '0', 'es', 'modules', 'menu.isAvailable', 'Disponible', '2025-11-25 11:23:18', '2025-11-25 11:38:13'),
('10394', '0', 'es', 'modules', 'menu.filterAvailability', 'Filtrar por disponibilidad', '2025-11-25 11:23:18', '2025-11-25 11:38:13'),
('10395', '0', 'es', 'modules', 'menu.itemAvailability', 'Disponibilidad del artículo', '2025-11-25 11:23:18', '2025-11-25 11:38:13'),
('10396', '0', 'es', 'modules', 'menu.available', 'Disponible', '2025-11-25 11:23:18', '2025-11-25 11:38:13'),
('10397', '0', 'es', 'modules', 'menu.notAvailable', 'No disponible', '2025-11-25 11:23:18', '2025-11-25 11:38:13'),
('10398', '0', 'es', 'modules', 'menu.drink', 'Bebida', '2025-11-25 11:23:18', '2025-11-25 11:38:13'),
('10399', '0', 'es', 'modules', 'menu.addCustomer', 'Agregar cliente', '2025-11-25 11:23:18', '2025-11-25 11:38:13'),
('10400', '0', 'es', 'modules', 'menu.translations', 'Traducciones', '2025-11-25 11:23:18', '2025-11-25 11:38:13'),
('10401', '0', 'es', 'modules', 'menu.notTranslated', 'No traducido', '2025-11-25 11:23:18', '2025-11-25 11:38:13'),
('10402', '0', 'es', 'modules', 'menu.selectLanguage', 'Seleccionar idioma', '2025-11-25 11:23:18', '2025-11-25 11:38:13'),
('10403', '0', 'es', 'modules', 'menu.showMore', 'Mostrar más', '2025-11-25 11:23:18', '2025-11-25 11:38:13'),
('10404', '0', 'es', 'modules', 'menu.showLess', 'Mostrar menos', '2025-11-25 11:23:18', '2025-11-25 11:38:13'),
('10405', '0', 'es', 'modules', 'menu.kitchenType', 'Tipo de cocina', '2025-11-25 11:23:18', '2025-11-25 11:38:13'),
('10406', '0', 'es', 'modules', 'menu.SelectKitchenType', 'Seleccionar tipo de cocina', '2025-11-25 11:23:18', '2025-11-25 11:38:13'),
('10407', '0', 'es', 'modules', 'menu.showOnCustomerSite', 'Mostrar en el sitio del cliente', '2025-11-25 11:23:18', '2025-11-25 11:38:13'),
('10408', '0', 'es', 'modules', 'menu.sortManager', 'Organizador de menú', '2025-11-25 11:23:18', '2025-11-25 11:38:13'),
('10409', '0', 'es', 'modules', 'menu.sortMenuItems', 'Organizar elementos del menú', '2025-11-25 11:23:18', '2025-11-25 11:38:13'),
('10410', '0', 'es', 'modules', 'menu.sortManagerInfoMessage', 'Arrastra y suelta para organizar menús, elementos y categorías. Haz clic en un menú o categoría para filtrar y centrar tu lista de artículos.', '2025-11-25 11:23:18', '2025-11-25 11:38:13'),
('10411', '0', 'es', 'modules', 'menu.taxInclusiveInfo', 'El precio incluye :percent% de impuestos (:tax) sobre el monto base :base.', '2025-11-25 11:23:18', '2025-11-25 11:38:13'),
('10412', '0', 'es', 'modules', 'menu.taxExclusiveInfo', 'El precio excluye :percent% de impuestos (:tax) sobre el monto base :base.', '2025-11-25 11:23:18', '2025-11-25 11:38:13'),
('10413', '0', 'es', 'modules', 'menu.taxBreakdown', 'Desglose de impuestos', '2025-11-25 11:23:18', '2025-11-25 11:38:13'),
('10414', '0', 'es', 'modules', 'menu.fromActualBreakdown', 'Desde desglose real', '2025-11-25 11:23:18', '2025-11-25 11:38:13'),
('10415', '0', 'es', 'modules', 'menu.basePrice', 'Precio base', '2025-11-25 11:23:18', '2025-11-25 11:38:13'),
('10416', '0', 'es', 'modules', 'menu.tax', 'Impuesto', '2025-11-25 11:23:18', '2025-11-25 11:38:13'),
('10417', '0', 'es', 'modules', 'menu.total', 'Total', '2025-11-25 11:23:18', '2025-11-25 11:38:13'),
('10418', '0', 'es', 'modules', 'menu.priceIncludesTax', 'Este precio incluye impuestos (precio con impuestos incluidos)', '2025-11-25 11:23:18', '2025-11-25 11:38:13'),
('10419', '0', 'es', 'modules', 'menu.taxAddedToPrice', 'El impuesto se añadirá a este precio (precio sin impuestos)', '2025-11-25 11:23:18', '2025-11-25 11:38:13'),
('10420', '0', 'es', 'modules', 'menu.selectTaxes', 'Seleccionar impuestos aplicables', '2025-11-25 11:23:18', '2025-11-25 11:38:13'),
('10421', '0', 'es', 'modules', 'menu.inStock', 'En stock', '2025-11-25 11:23:18', '2025-11-25 11:38:13'),
('10422', '0', 'es', 'modules', 'menu.typeHalal', 'Halal', '2025-11-25 11:23:18', '2025-11-25 11:38:13'),
('10423', '0', 'es', 'modules', 'menu.bulkUpload', 'Carga masiva', '2025-11-25 11:23:18', '2025-11-25 11:38:13'),
('10424', '0', 'es', 'modules', 'menu.bulkUploadMenuItems', 'Carga masiva de elementos del menú', '2025-11-25 11:23:18', '2025-11-25 11:38:13'),
('10425', '0', 'es', 'modules', 'menu.uploadFile', 'Subir archivo', '2025-11-25 11:23:18', '2025-11-25 11:38:13'),
('10426', '0', 'es', 'modules', 'menu.dragDropFile', 'Arrastra y suelta tu archivo CSV o Excel aquí, o haz clic para buscar', '2025-11-25 11:23:18', '2025-11-25 11:38:13'),
('10427', '0', 'es', 'modules', 'menu.chooseFile', 'Elegir archivo', '2025-11-25 11:23:18', '2025-11-25 11:38:13'),
('10428', '0', 'es', 'modules', 'menu.selectKitchen', 'Seleccionar cocina', '2025-11-25 11:23:18', '2025-11-25 11:38:13'),
('10429', '0', 'es', 'modules', 'menu.selectKitchenDescription', 'Elige a qué cocina se asignarán estos elementos del menú:', '2025-11-25 11:23:18', '2025-11-25 11:38:13'),
('10430', '0', 'es', 'modules', 'menu.kitchenSelected', 'Cocina seleccionada:', '2025-11-25 11:23:18', '2025-11-25 11:38:13'),
('10431', '0', 'es', 'modules', 'menu.startImport', 'Iniciar importación', '2025-11-25 11:23:18', '2025-11-25 11:38:13'),
('10432', '0', 'es', 'modules', 'menu.startNewUpload', 'Iniciar nueva carga', '2025-11-25 11:23:18', '2025-11-25 11:38:13'),
('10433', '0', 'es', 'modules', 'menu.importInProgress', 'Importación en progreso', '2025-11-25 11:23:18', '2025-11-25 11:38:13'),
('10434', '0', 'es', 'modules', 'menu.validatingFile', 'Validando archivo...', '2025-11-25 11:23:18', '2025-11-25 11:38:13'),
('10435', '0', 'es', 'modules', 'menu.processingData', 'Procesando datos...', '2025-11-25 11:23:18', '2025-11-25 11:38:13'),
('10436', '0', 'es', 'modules', 'menu.countingRows', 'Contando filas', '2025-11-25 11:23:18', '2025-11-25 11:38:13'),
('10437', '0', 'es', 'modules', 'menu.processingRow', 'Procesando fila', '2025-11-25 11:23:18', '2025-11-25 11:38:13'),
('10438', '0', 'es', 'modules', 'menu.importingData', 'Importando datos', '2025-11-25 11:23:18', '2025-11-25 11:38:13'),
('10439', '0', 'es', 'modules', 'menu.finalizingImport', 'Finalizando importación', '2025-11-25 11:23:18', '2025-11-25 11:38:13'),
('10440', '0', 'es', 'modules', 'menu.importCompleted', 'Importación completada', '2025-11-25 11:23:18', '2025-11-25 11:38:13'),
('10441', '0', 'es', 'modules', 'menu.importFailed', 'La importación falló', '2025-11-25 11:23:18', '2025-11-25 11:38:13'),
('10442', '0', 'es', 'modules', 'menu.importSummary', 'Resumen de la importación', '2025-11-25 11:23:18', '2025-11-25 11:38:13'),
('10443', '0', 'es', 'modules', 'menu.totalRecords', 'Registros totales', '2025-11-25 11:23:18', '2025-11-25 11:38:13'),
('10444', '0', 'es', 'modules', 'menu.successfulImports', 'Importaciones exitosas', '2025-11-25 11:23:18', '2025-11-25 11:38:13'),
('10445', '0', 'es', 'modules', 'menu.failedImports', 'Importaciones fallidas', '2025-11-25 11:23:18', '2025-11-25 11:38:13'),
('10446', '0', 'es', 'modules', 'menu.autoCreated', 'Creado automáticamente', '2025-11-25 11:23:18', '2025-11-25 11:38:13'),
('10447', '0', 'es', 'modules', 'menu.categoriesCreated', 'Categorías creadas', '2025-11-25 11:23:18', '2025-11-25 11:38:13'),
('10448', '0', 'es', 'modules', 'menu.menusCreated', 'Menús creados', '2025-11-25 11:23:18', '2025-11-25 11:38:13'),
('10449', '0', 'es', 'modules', 'menu.importErrors', 'Errores de importación', '2025-11-25 11:23:19', '2025-11-25 11:38:13'),
('10450', '0', 'es', 'modules', 'menu.downloadSampleFile', 'Descargar archivo de ejemplo', '2025-11-25 11:23:19', '2025-11-25 11:38:13'),
('10451', '0', 'es', 'modules', 'menu.requiredColumns', 'Columnas requeridas', '2025-11-25 11:23:19', '2025-11-25 11:38:13'),
('10452', '0', 'es', 'modules', 'menu.requiredColumnsDescription', 'Tu archivo CSV debe incluir estas columnas:', '2025-11-25 11:23:19', '2025-11-25 11:38:13'),
('10453', '0', 'es', 'modules', 'menu.availableInSystem', 'Disponible en tu sistema', '2025-11-25 11:23:19', '2025-11-25 11:38:13'),
('10454', '0', 'es', 'modules', 'menu.availableInSystemDescription', 'Usa estos nombres exactos en tu archivo CSV, o crea nuevos: se crearán automáticamente si faltan.', '2025-11-25 11:23:19', '2025-11-25 11:38:13'),
('10455', '0', 'es', 'modules', 'menu.categories', 'Categorías', '2025-11-25 11:23:19', '2025-11-25 11:38:13'),
('10456', '0', 'es', 'modules', 'menu.menus', 'Menús', '2025-11-25 11:23:19', '2025-11-25 11:38:13'),
('10457', '0', 'es', 'modules', 'menu.kitchens', 'Cocinas', '2025-11-25 11:23:19', '2025-11-25 11:38:13'),
('10458', '0', 'es', 'modules', 'menu.importInstructions', 'Instrucciones de importación', '2025-11-25 11:23:19', '2025-11-25 11:38:13'),
('10459', '0', 'es', 'modules', 'menu.importInstructionsDescription', 'Sigue estos pasos para importar masivamente tus elementos del menú:', '2025-11-25 11:23:19', '2025-11-25 11:38:13'),
('10460', '0', 'es', 'modules', 'menu.step1', 'Paso 1: Descarga el archivo de ejemplo para ver el formato requerido', '2025-11-25 11:23:19', '2025-11-25 11:38:13'),
('10461', '0', 'es', 'modules', 'menu.step2', 'Paso 2: Rellena tus datos de elementos del menú usando el ejemplo como guía', '2025-11-25 11:23:19', '2025-11-25 11:38:13'),
('10462', '0', 'es', 'modules', 'menu.step3', 'Paso 3: Sube tu archivo completado y selecciona una cocina', '2025-11-25 11:23:19', '2025-11-25 11:38:13'),
('10463', '0', 'es', 'modules', 'menu.step4', 'Paso 4: Haz clic en \"Start Import\" para comenzar el proceso', '2025-11-25 11:23:19', '2025-11-25 11:38:13'),
('10464', '0', 'es', 'modules', 'menu.tryAgain', 'Intentar de nuevo', '2025-11-25 11:23:19', '2025-11-25 11:38:13'),
('10465', '0', 'es', 'modules', 'menu.done', 'Listo', '2025-11-25 11:23:19', '2025-11-25 11:38:13'),
('10466', '0', 'es', 'modules', 'menu.close', 'Cerrar', '2025-11-25 11:23:19', '2025-11-25 11:38:13'),
('10467', '0', 'es', 'modules', 'menu.backToMenuItems', 'Volver a elementos del menú', '2025-11-25 11:23:19', '2025-11-25 11:38:13'),
('10468', '0', 'es', 'modules', 'menu.csvPreview', 'Vista previa CSV', '2025-11-25 11:23:19', '2025-11-25 11:38:13'),
('10469', '0', 'es', 'modules', 'menu.reviewAndMapColumns', 'Revisa tus datos y asigna las columnas del CSV a los campos de la base de datos', '2025-11-25 11:23:19', '2025-11-25 11:38:13'),
('10470', '0', 'es', 'modules', 'menu.columnMapping', 'Asignación de columnas', '2025-11-25 11:23:19', '2025-11-25 11:38:13'),
('10471', '0', 'es', 'modules', 'menu.dataPreview', 'Vista previa de datos', '2025-11-25 11:23:19', '2025-11-25 11:38:13'),
('10472', '0', 'es', 'modules', 'menu.type', 'Tipo', '2025-11-25 11:23:19', '2025-11-25 11:38:13'),
('10473', '0', 'es', 'modules', 'table.allAreas', 'Todas las áreas', '2025-11-25 11:23:19', '2025-11-25 11:38:13'),
('10474', '0', 'es', 'modules', 'table.addArea', 'Agregar área', '2025-11-25 11:23:19', '2025-11-25 11:38:13'),
('10475', '0', 'es', 'modules', 'table.editArea', 'Editar área', '2025-11-25 11:23:19', '2025-11-25 11:38:13'),
('10476', '0', 'es', 'modules', 'table.areaName', 'Nombre del área', '2025-11-25 11:23:19', '2025-11-25 11:38:13'),
('10477', '0', 'es', 'modules', 'table.noOfTables', 'Número de mesas', '2025-11-25 11:23:19', '2025-11-25 11:38:13'),
('10478', '0', 'es', 'modules', 'table.deleteArea', 'Eliminar área', '2025-11-25 11:23:19', '2025-11-25 11:38:13'),
('10479', '0', 'es', 'modules', 'table.deleteAreaMessage', '¿Seguro que deseas eliminar esta área?', '2025-11-25 11:23:19', '2025-11-25 11:38:13'),
('10480', '0', 'es', 'modules', 'table.seats', 'Asiento(s)', '2025-11-25 11:23:19', '2025-11-25 11:38:13'),
('10481', '0', 'es', 'modules', 'table.addTable', 'Agregar mesa', '2025-11-25 11:23:19', '2025-11-25 11:38:13'),
('10482', '0', 'es', 'modules', 'table.editTable', 'Editar mesa', '2025-11-25 11:23:19', '2025-11-25 11:38:13'),
('10483', '0', 'es', 'modules', 'table.tableView', 'Vista de mesas', '2025-11-25 11:23:19', '2025-11-25 11:38:13'),
('10484', '0', 'es', 'modules', 'table.tableCode', 'Código de mesa', '2025-11-25 11:23:19', '2025-11-25 11:38:13'),
('10485', '0', 'es', 'modules', 'table.chooseArea', 'Elegir área', '2025-11-25 11:23:19', '2025-11-25 11:38:13'),
('10486', '0', 'es', 'modules', 'table.seatingCapacity', 'Capacidad de asientos', '2025-11-25 11:23:19', '2025-11-25 11:38:13'),
('10487', '0', 'es', 'modules', 'table.table', 'Mesa', '2025-11-25 11:23:19', '2025-11-25 11:38:13'),
('10488', '0', 'es', 'modules', 'table.available', 'Disponible', '2025-11-25 11:23:19', '2025-11-25 11:38:13'),
('10489', '0', 'es', 'modules', 'table.running', 'Ocupada', '2025-11-25 11:23:19', '2025-11-25 11:38:13'),
('10490', '0', 'es', 'modules', 'table.reserved', 'Reservada', '2025-11-25 11:23:19', '2025-11-25 11:38:13'),
('10491', '0', 'es', 'modules', 'table.filterAvailable', 'Filtrar por disponibilidad', '2025-11-25 11:23:19', '2025-11-25 11:38:13'),
('10492', '0', 'es', 'modules', 'table.availableTables', 'Mesas disponibles', '2025-11-25 11:23:19', '2025-11-25 11:38:13'),
('10493', '0', 'es', 'modules', 'table.deleteTable', '¿Eliminar mesa?', '2025-11-25 11:23:19', '2025-11-25 11:38:13'),
('10494', '0', 'es', 'modules', 'table.deleteTableMessage', '¿Seguro que deseas eliminar esta mesa?', '2025-11-25 11:23:19', '2025-11-25 11:38:13'),
('10495', '0', 'es', 'modules', 'table.selectTable', 'Seleccionar mesa', '2025-11-25 11:23:19', '2025-11-25 11:38:13'),
('10496', '0', 'es', 'modules', 'table.tableAvailability', 'Disponibilidad de mesas', '2025-11-25 11:23:19', '2025-11-25 11:38:13'),
('10497', '0', 'es', 'modules', 'table.generateQrCode', 'Generar código QR', '2025-11-25 11:23:19', '2025-11-25 11:38:13'),
('10498', '0', 'es', 'modules', 'table.tableLockManager', 'Gestor de bloqueo de mesas', '2025-11-25 11:23:19', '2025-11-25 11:38:13'),
('10499', '0', 'es', 'modules', 'table.totalLocked', 'Total bloqueadas', '2025-11-25 11:23:19', '2025-11-25 11:38:13'),
('10500', '0', 'es', 'modules', 'table.expiredLocks', 'Bloqueos expirados', '2025-11-25 11:23:19', '2025-11-25 11:38:13'),
('10501', '0', 'es', 'modules', 'table.lockTimeout', 'Tiempo de bloqueo', '2025-11-25 11:23:19', '2025-11-25 11:38:13'),
('10502', '0', 'es', 'modules', 'table.cleanupExpiredLocks', 'Limpiar bloqueos expirados', '2025-11-25 11:23:19', '2025-11-25 11:38:13'),
('10503', '0', 'es', 'modules', 'table.currentlyLockedTables', 'Mesas bloqueadas actualmente', '2025-11-25 11:23:19', '2025-11-25 11:38:13'),
('10504', '0', 'es', 'modules', 'table.noLockedTables', 'No hay mesas bloqueadas actualmente', '2025-11-25 11:23:19', '2025-11-25 11:38:13'),
('10505', '0', 'es', 'modules', 'table.lockedBy', 'Bloqueada por', '2025-11-25 11:23:19', '2025-11-25 11:38:13'),
('10506', '0', 'es', 'modules', 'table.lockedAt', 'Bloqueada a las', '2025-11-25 11:23:19', '2025-11-25 11:38:13'),
('10507', '0', 'es', 'modules', 'table.area', 'Área', '2025-11-25 11:23:19', '2025-11-25 11:38:13'),
('10508', '0', 'es', 'modules', 'table.forceUnlock', 'Desbloquear a la fuerza', '2025-11-25 11:23:19', '2025-11-25 11:38:13'),
('10509', '0', 'es', 'modules', 'table.confirmForceUnlock', '¿Seguro que deseas desbloquear esta mesa a la fuerza?', '2025-11-25 11:23:19', '2025-11-25 11:38:13'),
('10510', '0', 'es', 'modules', 'table.locked', 'Bloqueada', '2025-11-25 11:23:19', '2025-11-25 11:38:13'),
('10511', '0', 'es', 'modules', 'table.lockedByYou', 'Bloqueada por ti', '2025-11-25 11:23:19', '2025-11-25 11:38:13'),
('10512', '0', 'es', 'modules', 'table.tableLocked', 'Mesa bloqueada', '2025-11-25 11:23:19', '2025-11-25 11:38:13'),
('10513', '0', 'es', 'modules', 'table.tableUnlocked', 'Mesa desbloqueada', '2025-11-25 11:23:19', '2025-11-25 11:38:13'),
('10514', '0', 'es', 'modules', 'table.lockExpired', 'Bloqueo expirado', '2025-11-25 11:23:19', '2025-11-25 11:38:13'),
('10515', '0', 'es', 'modules', 'table.lockTooltip', 'Pasa el cursor para detalles', '2025-11-25 11:23:19', '2025-11-25 11:38:13'),
('10516', '0', 'es', 'modules', 'table.realTimeUpdates', 'Actualizaciones en tiempo real', '2025-11-25 11:23:19', '2025-11-25 11:38:13'),
('10517', '0', 'es', 'modules', 'table.refreshInterval', 'Intervalo de actualización', '2025-11-25 11:23:19', '2025-11-25 11:38:13'),
('10518', '0', 'es', 'modules', 'table.refresh', 'Actualizar', '2025-11-25 11:23:19', '2025-11-25 11:38:13'),
('10519', '0', 'es', 'modules', 'order.date', 'Fecha', '2025-11-25 11:23:19', '2025-11-25 11:38:13'),
('10520', '0', 'es', 'modules', 'order.dateParts', 'Partes de la fecha', '2025-11-25 11:23:19', '2025-11-25 11:38:13'),
('10521', '0', 'es', 'modules', 'order.showYear', 'Mostrar año', '2025-11-25 11:23:19', '2025-11-25 11:38:13'),
('10522', '0', 'es', 'modules', 'order.showMonth', 'Mostrar mes', '2025-11-25 11:23:19', '2025-11-25 11:38:13'),
('10523', '0', 'es', 'modules', 'order.showDay', 'Mostrar día', '2025-11-25 11:23:19', '2025-11-25 11:38:13'),
('10524', '0', 'es', 'modules', 'order.showTime', 'Mostrar hora', '2025-11-25 11:23:19', '2025-11-25 11:38:13'),
('10525', '0', 'es', 'modules', 'order.custom', 'Personalizado', '2025-11-25 11:23:19', '2025-11-25 11:38:13'),
('10526', '0', 'es', 'modules', 'order.qty', 'Cant.', '2025-11-25 11:23:19', '2025-11-25 11:38:13'),
('10527', '0', 'es', 'modules', 'order.price', 'Precio', '2025-11-25 11:23:19', '2025-11-25 11:38:13'),
('10528', '0', 'es', 'modules', 'order.amount', 'Monto', '2025-11-25 11:23:19', '2025-11-25 11:38:13'),
('10529', '0', 'es', 'modules', 'order.balanceReturn', 'Cambio Devuelto', '2025-11-25 11:23:19', '2025-11-25 11:38:13'),
('10530', '0', 'es', 'modules', 'order.noOfPax', 'Pax', '2025-11-25 11:23:19', '2025-11-25 11:38:13'),
('10531', '0', 'es', 'modules', 'order.selectWaiter', 'Seleccionar mesero', '2025-11-25 11:23:19', '2025-11-25 11:38:13'),
('10532', '0', 'es', 'modules', 'order.selectDeliveryExecutive', 'Seleccionar repartidor', '2025-11-25 11:23:19', '2025-11-25 11:38:13'),
('10533', '0', 'es', 'modules', 'order.totalItem', 'Artículo(s)', '2025-11-25 11:23:19', '2025-11-25 11:38:13'),
('10534', '0', 'es', 'modules', 'order.subTotal', 'Subtotal', '2025-11-25 11:23:19', '2025-11-25 11:38:13'),
('10535', '0', 'es', 'modules', 'order.total', 'Total', '2025-11-25 11:23:19', '2025-11-25 11:38:13'),
('10536', '0', 'es', 'modules', 'order.totalOrder', 'Total de pedidos', '2025-11-25 11:23:19', '2025-11-25 11:38:13'),
('10537', '0', 'es', 'modules', 'order.orderNumber', 'Pedido', '2025-11-25 11:23:19', '2025-11-25 11:38:13'),
('10538', '0', 'es', 'modules', 'order.prefixType', 'Tipo de prefijo', '2025-11-25 11:23:19', '2025-11-25 11:38:13'),
('10539', '0', 'es', 'modules', 'order.customPrefix', 'Prefijo personalizado', '2025-11-25 11:23:19', '2025-11-25 11:38:13'),
('10540', '0', 'es', 'modules', 'order.resetDaily', 'Reiniciar secuencia diariamente', '2025-11-25 11:23:19', '2025-11-25 11:38:13'),
('10541', '0', 'es', 'modules', 'order.resetDailyHelp', 'Si está activado, la numeración del pedido se reiniciará cada día.', '2025-11-25 11:23:19', '2025-11-25 11:38:13'),
('10542', '0', 'es', 'modules', 'order.separator', 'Separador', '2025-11-25 11:23:19', '2025-11-25 11:38:13'),
('10543', '0', 'es', 'modules', 'order.digits', 'Cantidad de dígitos', '2025-11-25 11:23:19', '2025-11-25 11:38:13'),
('10544', '0', 'es', 'modules', 'order.preview', 'Vista previa', '2025-11-25 11:23:19', '2025-11-25 11:38:13'),
('10545', '0', 'es', 'modules', 'order.previewHelp', 'Vista previa en vivo de cómo se generará tu próximo ID de pedido.', '2025-11-25 11:23:19', '2025-11-25 11:38:13'),
('10546', '0', 'es', 'modules', 'order.select', 'Seleccionar', '2025-11-25 11:23:19', '2025-11-25 11:38:13'),
('10547', '0', 'es', 'modules', 'order.setTable', 'Asignar mesa', '2025-11-25 11:23:19', '2025-11-25 11:38:13'),
('10548', '0', 'es', 'modules', 'order.changeTable', 'Cambiar mesa', '2025-11-25 11:23:19', '2025-11-25 11:38:13'),
('10549', '0', 'es', 'modules', 'order.kot', 'KOT', '2025-11-25 11:23:19', '2025-11-25 11:38:13'),
('10550', '0', 'es', 'modules', 'order.kotAndPrint', 'KOT y Imprimir', '2025-11-25 11:23:19', '2025-11-25 11:38:13'),
('10551', '0', 'es', 'modules', 'order.print_kot', 'Imprimir KOT', '2025-11-25 11:23:19', '2025-11-25 11:38:13'),
('10552', '0', 'es', 'modules', 'order.newKot', 'Nuevo KOT', '2025-11-25 11:23:19', '2025-11-25 11:38:13'),
('10553', '0', 'es', 'modules', 'order.bill', 'Factura', '2025-11-25 11:23:19', '2025-11-25 11:38:13'),
('10554', '0', 'es', 'modules', 'order.draft', 'KOT en espera', '2025-11-25 11:23:19', '2025-11-25 11:38:13'),
('10555', '0', 'es', 'modules', 'order.billed', 'Facturado', '2025-11-25 11:23:19', '2025-11-25 11:38:13'),
('10556', '0', 'es', 'modules', 'order.paid', 'Pagado', '2025-11-25 11:23:19', '2025-11-25 11:38:13'),
('10557', '0', 'es', 'modules', 'order.payment_due', 'Pago pendiente', '2025-11-25 11:23:19', '2025-11-25 11:38:13'),
('10558', '0', 'es', 'modules', 'order.canceled', 'Cancelado', '2025-11-25 11:23:19', '2025-11-25 11:38:13'),
('10559', '0', 'es', 'modules', 'order.infodraft', 'No enviado a cocina', '2025-11-25 11:23:19', '2025-11-25 11:38:13'),
('10560', '0', 'es', 'modules', 'order.infokot', 'Cocinando', '2025-11-25 11:23:19', '2025-11-25 11:38:13'),
('10561', '0', 'es', 'modules', 'order.infobilled', 'Esperando pago', '2025-11-25 11:23:19', '2025-11-25 11:38:13'),
('10562', '0', 'es', 'modules', 'order.infopaid', 'Pago realizado', '2025-11-25 11:23:19', '2025-11-25 11:38:13'),
('10563', '0', 'es', 'modules', 'order.infopayment_due', 'Pago pendiente', '2025-11-25 11:23:19', '2025-11-25 11:38:13'),
('10564', '0', 'es', 'modules', 'order.infocanceled', 'Pedido cancelado', '2025-11-25 11:23:19', '2025-11-25 11:38:13'),
('10565', '0', 'es', 'modules', 'order.addCustomerDetails', 'Agregar datos del cliente', '2025-11-25 11:23:19', '2025-11-25 11:38:13'),
('10566', '0', 'es', 'modules', 'order.addPayment', 'Agregar pago', '2025-11-25 11:23:19', '2025-11-25 11:38:13'),
('10567', '0', 'es', 'modules', 'order.addItems', 'Agregar artículos', '2025-11-25 11:23:19', '2025-11-25 11:38:13'),
('10568', '0', 'es', 'modules', 'order.waiter', 'Mesero', '2025-11-25 11:23:19', '2025-11-25 11:38:13'),
('10569', '0', 'es', 'modules', 'order.in_kitchen', 'En cocina', '2025-11-25 11:23:19', '2025-11-25 11:38:13'),
('10570', '0', 'es', 'modules', 'order.start_cooking', 'Iniciar preparación', '2025-11-25 11:23:19', '2025-11-25 11:38:13'),
('10571', '0', 'es', 'modules', 'order.food_ready', 'Comida lista', '2025-11-25 11:23:19', '2025-11-25 11:38:13'),
('10572', '0', 'es', 'modules', 'order.pending_confirmation', 'Pendiente de confirmación', '2025-11-25 11:23:19', '2025-11-25 11:38:13'),
('10573', '0', 'es', 'modules', 'order.served', 'Servido', '2025-11-25 11:23:19', '2025-11-25 11:38:13'),
('10574', '0', 'es', 'modules', 'order.addNote', 'Agregar nota', '2025-11-25 11:23:19', '2025-11-25 11:38:13'),
('10575', '0', 'es', 'modules', 'order.orderNote', 'Nota del pedido', '2025-11-25 11:23:19', '2025-11-25 11:38:13'),
('10576', '0', 'es', 'modules', 'order.cancelKot', 'Cancelar KOT', '2025-11-25 11:23:19', '2025-11-25 11:38:13'),
('10577', '0', 'es', 'modules', 'order.cancelKotMessage', 'Esto cancelará el KOT.', '2025-11-25 11:23:19', '2025-11-25 11:38:13'),
('10578', '0', 'es', 'modules', 'order.showOrder', 'Ver pedido', '2025-11-25 11:23:19', '2025-11-25 11:38:13'),
('10579', '0', 'es', 'modules', 'order.cash', 'Efectivo', '2025-11-25 11:23:19', '2025-11-25 11:38:13'),
('10580', '0', 'es', 'modules', 'order.card', 'Tarjeta', '2025-11-25 11:23:19', '2025-11-25 11:38:13'),
('10581', '0', 'es', 'modules', 'order.upi', 'UPI', '2025-11-25 11:23:19', '2025-11-25 11:38:14'),
('10582', '0', 'es', 'modules', 'order.due', 'Pendiente', '2025-11-25 11:23:19', '2025-11-25 11:38:14'),
('10583', '0', 'es', 'modules', 'order.other', 'Otro', '2025-11-25 11:23:19', '2025-11-25 11:38:14'),
('10584', '0', 'es', 'modules', 'order.payViaCash', 'Pagar en efectivo', '2025-11-25 11:23:19', '2025-11-25 11:38:14'),
('10585', '0', 'es', 'modules', 'order.payViacard', 'Pagar con tarjeta', '2025-11-25 11:23:19', '2025-11-25 11:38:14'),
('10586', '0', 'es', 'modules', 'order.payViaupi', 'Pagar vía UPI', '2025-11-25 11:23:19', '2025-11-25 11:38:14'),
('10587', '0', 'es', 'modules', 'order.returnAmount', 'Monto a devolver', '2025-11-25 11:23:19', '2025-11-25 11:38:14'),
('10588', '0', 'es', 'modules', 'order.payableAmount', 'Monto a pagar', '2025-11-25 11:23:19', '2025-11-25 11:38:14'),
('10589', '0', 'es', 'modules', 'order.dueAmount', 'Monto pendiente', '2025-11-25 11:23:19', '2025-11-25 11:38:14'),
('10590', '0', 'es', 'modules', 'order.paymentMethod', 'Método de pago', '2025-11-25 11:23:19', '2025-11-25 11:38:14'),
('10591', '0', 'es', 'modules', 'order.method', 'Método', '2025-11-25 11:23:19', '2025-11-25 11:38:14'),
('10592', '0', 'es', 'modules', 'order.taxes', 'Impuestos', '2025-11-25 11:23:19', '2025-11-25 11:38:14'),
('10593', '0', 'es', 'modules', 'order.viewCart', 'Ver carrito', '2025-11-25 11:23:19', '2025-11-25 11:38:14'),
('10594', '0', 'es', 'modules', 'order.placeOrder', 'Realizar pedido', '2025-11-25 11:23:19', '2025-11-25 11:38:14'),
('10595', '0', 'es', 'modules', 'order.myOrders', 'Mis pedidos', '2025-11-25 11:23:19', '2025-11-25 11:38:14'),
('10596', '0', 'es', 'modules', 'order.includeTax', 'Incluye impuestos', '2025-11-25 11:23:19', '2025-11-25 11:38:14'),
('10597', '0', 'es', 'modules', 'order.payNow', 'Pagar ahora', '2025-11-25 11:23:19', '2025-11-25 11:38:14'),
('10598', '0', 'es', 'modules', 'order.payLater', 'Pagar después', '2025-11-25 11:23:19', '2025-11-25 11:38:14'),
('10599', '0', 'es', 'modules', 'order.payViaQr', 'Pagar con código QR', '2025-11-25 11:23:19', '2025-11-25 11:38:14'),
('10600', '0', 'es', 'modules', 'order.chooseGateway', 'Seleccionar pasarela de pago', '2025-11-25 11:23:19', '2025-11-25 11:38:14'),
('10601', '0', 'es', 'modules', 'order.razorpay', 'Razorpay', '2025-11-25 11:23:19', '2025-11-25 11:38:14'),
('10602', '0', 'es', 'modules', 'order.stripe', 'Stripe', '2025-11-25 11:23:19', '2025-11-25 11:38:14'),
('10603', '0', 'es', 'modules', 'order.offline', 'Offline', '2025-11-25 11:23:19', '2025-11-25 11:38:14'),
('10604', '0', 'es', 'modules', 'order.flutterwave', 'Flutterwave', '2025-11-25 11:23:19', '2025-11-25 11:38:14'),
('10605', '0', 'es', 'modules', 'order.xendit', 'Xendit', '2025-11-25 11:23:19', '2025-11-25 11:38:14'),
('10606', '0', 'es', 'modules', 'order.transactionId', 'ID de transacción', '2025-11-25 11:23:19', '2025-11-25 11:38:14'),
('10607', '0', 'es', 'modules', 'order.cancelOrder', 'Cancelar pedido', '2025-11-25 11:23:19', '2025-11-25 11:38:14'),
('10608', '0', 'es', 'modules', 'order.cancelOrderMessage', 'Esto cancelará el pedido y eliminará sus pagos. ¿Deseas continuar?', '2025-11-25 11:23:19', '2025-11-25 11:38:14'),
('10609', '0', 'es', 'modules', 'order.activeOrder', 'Pedidos activos', '2025-11-25 11:23:19', '2025-11-25 11:38:14'),
('10610', '0', 'es', 'modules', 'order.todayOrder', 'Pedidos de hoy', '2025-11-25 11:23:19', '2025-11-25 11:38:14'),
('10611', '0', 'es', 'modules', 'order.dine_in', 'Comer aquí', '2025-11-25 11:23:19', '2025-11-25 11:38:14'),
('10612', '0', 'es', 'modules', 'order.delivery', 'Entrega', '2025-11-25 11:23:19', '2025-11-25 11:38:14'),
('10613', '0', 'es', 'modules', 'order.pickup', 'Recoger', '2025-11-25 11:23:19', '2025-11-25 11:38:14'),
('10614', '0', 'es', 'modules', 'order.pickupAt', 'Recoger en', '2025-11-25 11:23:19', '2025-11-25 11:38:14'),
('10615', '0', 'es', 'modules', 'order.out_for_delivery', 'En reparto', '2025-11-25 11:23:19', '2025-11-25 11:38:14'),
('10616', '0', 'es', 'modules', 'order.infoout_for_delivery', 'El pedido está en camino', '2025-11-25 11:23:19', '2025-11-25 11:38:14'),
('10617', '0', 'es', 'modules', 'order.delivered', 'Entregado', '2025-11-25 11:23:19', '2025-11-25 11:38:14'),
('10618', '0', 'es', 'modules', 'order.infodelivered', 'Pedido entregado', '2025-11-25 11:23:19', '2025-11-25 11:38:14'),
('10619', '0', 'es', 'modules', 'order.newOrder', 'Nuevo pedido', '2025-11-25 11:23:19', '2025-11-25 11:38:14'),
('10620', '0', 'es', 'modules', 'order.splitBill', 'Dividir cuenta', '2025-11-25 11:23:19', '2025-11-25 11:38:14'),
('10621', '0', 'es', 'modules', 'order.fullPayment', 'Pago completo', '2025-11-25 11:23:19', '2025-11-25 11:38:14'),
('10622', '0', 'es', 'modules', 'order.splitByItems', 'Dividir por artículos', '2025-11-25 11:23:19', '2025-11-25 11:38:14'),
('10623', '0', 'es', 'modules', 'order.availableItems', 'Artículos disponibles', '2025-11-25 11:23:19', '2025-11-25 11:38:14'),
('10624', '0', 'es', 'modules', 'order.clickToAdd', 'Haz clic para agregar al split', '2025-11-25 11:23:19', '2025-11-25 11:38:14'),
('10625', '0', 'es', 'modules', 'order.itemsInSplit', 'Artículos en el split', '2025-11-25 11:23:19', '2025-11-25 11:38:14'),
('10626', '0', 'es', 'modules', 'order.noItemsInSplit', 'Aún no se agregaron artículos', '2025-11-25 11:23:19', '2025-11-25 11:38:14'),
('10627', '0', 'es', 'modules', 'order.newSplit', 'Nuevo split', '2025-11-25 11:23:19', '2025-11-25 11:38:14'),
('10628', '0', 'es', 'modules', 'order.changeMethod', 'Cambiar método', '2025-11-25 11:23:19', '2025-11-25 11:38:14'),
('10629', '0', 'es', 'modules', 'order.equalSplit', 'División igual', '2025-11-25 11:23:19', '2025-11-25 11:38:14'),
('10630', '0', 'es', 'modules', 'order.splitEqually', 'Dividir por igual', '2025-11-25 11:23:19', '2025-11-25 11:38:14'),
('10631', '0', 'es', 'modules', 'order.customSplit', 'División personalizada', '2025-11-25 11:23:19', '2025-11-25 11:38:14'),
('10632', '0', 'es', 'modules', 'order.splitByAmount', 'Dividir por monto', '2025-11-25 11:23:19', '2025-11-25 11:38:14'),
('10633', '0', 'es', 'modules', 'order.splitByDishes', 'Dividir por platos', '2025-11-25 11:23:19', '2025-11-25 11:38:14'),
('10634', '0', 'es', 'modules', 'order.base', 'Base', '2025-11-25 11:23:19', '2025-11-25 11:38:14'),
('10635', '0', 'es', 'modules', 'order.tax', 'Impuesto', '2025-11-25 11:23:19', '2025-11-25 11:38:14'),
('10636', '0', 'es', 'modules', 'order.payment', 'Pago', '2025-11-25 11:23:19', '2025-11-25 11:38:14'),
('10637', '0', 'es', 'modules', 'order.orderHash', 'Pedido #', '2025-11-25 11:23:19', '2025-11-25 11:38:14'),
('10638', '0', 'es', 'modules', 'order.totalBill', 'Total factura', '2025-11-25 11:23:19', '2025-11-25 11:38:14'),
('10639', '0', 'es', 'modules', 'order.amountPaid', 'Monto pagado', '2025-11-25 11:23:19', '2025-11-25 11:38:14'),
('10640', '0', 'es', 'modules', 'order.splitAmount', 'Monto dividido', '2025-11-25 11:23:19', '2025-11-25 11:38:14'),
('10641', '0', 'es', 'modules', 'order.remaining', 'Restante', '2025-11-25 11:23:19', '2025-11-25 11:38:14'),
('10642', '0', 'es', 'modules', 'order.quantity', 'Cantidad', '2025-11-25 11:23:19', '2025-11-25 11:38:14'),
('10643', '0', 'es', 'modules', 'order.remove', 'Eliminar', '2025-11-25 11:23:19', '2025-11-25 11:38:14'),
('10644', '0', 'es', 'modules', 'order.completePayment', 'Completar pago', '2025-11-25 11:23:19', '2025-11-25 11:38:14'),
('10645', '0', 'es', 'modules', 'order.createBillAndPrintReceipt', 'Facturar e imprimir', '2025-11-25 11:23:19', '2025-11-25 11:38:14'),
('10646', '0', 'es', 'modules', 'order.billAndPayment', 'Factura y pago', '2025-11-25 11:23:19', '2025-11-25 11:38:14'),
('10647', '0', 'es', 'modules', 'order.discount', 'Descuento', '2025-11-25 11:23:19', '2025-11-25 11:38:14'),
('10648', '0', 'es', 'modules', 'order.addDiscount', 'Agregar descuento', '2025-11-25 11:23:19', '2025-11-25 11:38:14'),
('10649', '0', 'es', 'modules', 'order.discountType', 'Tipo de descuento', '2025-11-25 11:23:19', '2025-11-25 11:38:14'),
('10650', '0', 'es', 'modules', 'order.fixed', 'Fijo', '2025-11-25 11:23:19', '2025-11-25 11:38:14'),
('10651', '0', 'es', 'modules', 'order.percent', 'Porcentaje', '2025-11-25 11:23:19', '2025-11-25 11:38:14'),
('10652', '0', 'es', 'modules', 'order.discountValue', 'Valor del descuento', '2025-11-25 11:23:19', '2025-11-25 11:38:14'),
('10653', '0', 'es', 'modules', 'order.enterDiscountValue', 'Ingresa el valor del descuento', '2025-11-25 11:23:19', '2025-11-25 11:38:14'),
('10654', '0', 'es', 'modules', 'order.calculatedDiscount', 'Descuento calculado', '2025-11-25 11:23:19', '2025-11-25 11:38:14'),
('10655', '0', 'es', 'modules', 'order.noOrderType', 'Pedidos deshabilitados', '2025-11-25 11:23:19', '2025-11-25 11:38:14'),
('10656', '0', 'es', 'modules', 'order.enableOrderType', 'Activa los pedidos en configuraciones', '2025-11-25 11:23:19', '2025-11-25 11:38:14'),
('10657', '0', 'es', 'modules', 'order.enableOrderTypeButton', 'Habilitar pedidos', '2025-11-25 11:23:19', '2025-11-25 11:38:14'),
('10658', '0', 'es', 'modules', 'order.deleteOrder', 'Eliminar pedido', '2025-11-25 11:23:19', '2025-11-25 11:38:14'),
('10659', '0', 'es', 'modules', 'order.deleteOrderMessage', '¿Seguro que deseas eliminar el pedido?', '2025-11-25 11:23:19', '2025-11-25 11:38:14'),
('10660', '0', 'es', 'modules', 'order.deleteOrderItem', 'Eliminar artículo del pedido', '2025-11-25 11:23:19', '2025-11-25 11:38:14'),
('10661', '0', 'es', 'modules', 'order.deleteOrderItemMessage', '¿Seguro que deseas eliminar este artículo?', '2025-11-25 11:23:19', '2025-11-25 11:38:14'),
('10662', '0', 'es', 'modules', 'order.deliveryExecutive', 'Repartidor', '2025-11-25 11:23:19', '2025-11-25 11:38:14'),
('10663', '0', 'es', 'modules', 'order.selectOrderTypes', 'Seleccionar tipos de pedido', '2025-11-25 11:23:19', '2025-11-25 11:38:14'),
('10664', '0', 'es', 'modules', 'order.extraCharges', 'Cargos', '2025-11-25 11:23:19', '2025-11-25 11:38:14'),
('10665', '0', 'es', 'modules', 'order.orderItems', 'Artículos del pedido', '2025-11-25 11:23:19', '2025-11-25 11:38:14'),
('10666', '0', 'es', 'modules', 'order.priceDetails', 'Detalles del precio', '2025-11-25 11:23:19', '2025-11-25 11:38:14'),
('10667', '0', 'es', 'modules', 'order.paymentInformation', 'Información de pago', '2025-11-25 11:23:19', '2025-11-25 11:38:14'),
('10668', '0', 'es', 'modules', 'order.paymentPending', 'Pago pendiente', '2025-11-25 11:23:19', '2025-11-25 11:38:14'),
('10669', '0', 'es', 'modules', 'order.itemPaymentStatus', 'Estado del pago del artículo', '2025-11-25 11:23:19', '2025-11-25 11:38:14'),
('10670', '0', 'es', 'modules', 'order.addTip', 'Agregar propina', '2025-11-25 11:23:19', '2025-11-25 11:38:14'),
('10671', '0', 'es', 'modules', 'order.tipAdded', 'Propina agregada', '2025-11-25 11:23:19', '2025-11-25 11:38:14'),
('10672', '0', 'es', 'modules', 'order.tip', 'Propina', '2025-11-25 11:23:19', '2025-11-25 11:38:14'),
('10673', '0', 'es', 'modules', 'order.totalExcludingTip', '(Sin propina)', '2025-11-25 11:23:19', '2025-11-25 11:38:14'),
('10674', '0', 'es', 'modules', 'order.tipAmount', 'Monto de la propina', '2025-11-25 11:23:19', '2025-11-25 11:38:14'),
('10675', '0', 'es', 'modules', 'order.tipNote', 'Nota de propina', '2025-11-25 11:23:19', '2025-11-25 11:38:14'),
('10676', '0', 'es', 'modules', 'order.currentTotal', 'Total actual', '2025-11-25 11:23:19', '2025-11-25 11:38:14'),
('10677', '0', 'es', 'modules', 'order.newTotal', 'Nuevo total', '2025-11-25 11:23:19', '2025-11-25 11:38:14'),
('10678', '0', 'es', 'modules', 'order.suggestedTip', 'Propina sugerida', '2025-11-25 11:23:19', '2025-11-25 11:38:14'),
('10679', '0', 'es', 'modules', 'order.customAmount', 'Monto personalizado', '2025-11-25 11:23:19', '2025-11-25 11:38:14'),
('10680', '0', 'es', 'modules', 'order.continueOrder', 'Continuar ordenando', '2025-11-25 11:23:19', '2025-11-25 11:38:14'),
('10681', '0', 'es', 'modules', 'order.orderStatus', 'Establecer estado del pedido', '2025-11-25 11:23:19', '2025-11-25 11:38:14'),
('10682', '0', 'es', 'modules', 'order.infoready', 'Comida lista', '2025-11-25 11:23:19', '2025-11-25 11:38:14'),
('10683', '0', 'es', 'modules', 'order.infodefault', 'Estado desconocido', '2025-11-25 11:23:19', '2025-11-25 11:38:14'),
('10684', '0', 'es', 'modules', 'order.selectStatus', 'Seleccionar estado', '2025-11-25 11:23:19', '2025-11-25 11:38:14'),
('10685', '0', 'es', 'modules', 'order.Order Placed', 'Pedido realizado', '2025-11-25 11:23:19', '2025-11-25 11:38:14'),
('10686', '0', 'es', 'modules', 'order.Order Confirmed', 'Pedido confirmado', '2025-11-25 11:23:19', '2025-11-25 11:38:14'),
('10687', '0', 'es', 'modules', 'order.Order Preparing', 'Preparando pedido', '2025-11-25 11:23:19', '2025-11-25 11:38:14'),
('10688', '0', 'es', 'modules', 'order.Order is Ready for Pickup', 'Listo para recoger', '2025-11-25 11:23:19', '2025-11-25 11:38:14'),
('10689', '0', 'es', 'modules', 'order.Order is Out for Delivery', 'En reparto', '2025-11-25 11:23:19', '2025-11-25 11:38:14'),
('10690', '0', 'es', 'modules', 'order.Order Served', 'Pedido servido', '2025-11-25 11:23:19', '2025-11-25 11:38:14'),
('10691', '0', 'es', 'modules', 'order.Delivered', 'Entregado', '2025-11-25 11:23:19', '2025-11-25 11:38:14'),
('10692', '0', 'es', 'modules', 'order.moveTo', 'Mover a', '2025-11-25 11:23:19', '2025-11-25 11:38:14'),
('10693', '0', 'es', 'modules', 'order.info_placed', 'Pedido realizado', '2025-11-25 11:23:19', '2025-11-25 11:38:14'),
('10694', '0', 'es', 'modules', 'order.info_confirmed', 'Pedido confirmado', '2025-11-25 11:23:19', '2025-11-25 11:38:14'),
('10695', '0', 'es', 'modules', 'order.info_preparing', 'Preparando', '2025-11-25 11:23:19', '2025-11-25 11:38:14'),
('10696', '0', 'es', 'modules', 'order.info_ready_for_pickup', 'Listo para recoger', '2025-11-25 11:23:19', '2025-11-25 11:38:14'),
('10697', '0', 'es', 'modules', 'order.info_out_for_delivery', 'En reparto', '2025-11-25 11:23:19', '2025-11-25 11:38:14'),
('10698', '0', 'es', 'modules', 'order.info_served', 'Servido', '2025-11-25 11:23:20', '2025-11-25 11:38:14'),
('10699', '0', 'es', 'modules', 'order.info_delivered', 'Entregado', '2025-11-25 11:23:20', '2025-11-25 11:38:14'),
('10700', '0', 'es', 'modules', 'order.info_cancelled', 'Cancelado', '2025-11-25 11:23:20', '2025-11-25 11:38:14'),
('10701', '0', 'es', 'modules', 'order.orderCancelledMessage', 'Este pedido está cancelado y no puede modificarse.', '2025-11-25 11:23:20', '2025-11-25 11:38:14'),
('10702', '0', 'es', 'modules', 'order.others', 'Otros', '2025-11-25 11:23:20', '2025-11-25 11:38:14'),
('10703', '0', 'es', 'modules', 'order.pending_verification', 'Verificación de pago', '2025-11-25 11:23:20', '2025-11-25 11:38:14'),
('10704', '0', 'es', 'modules', 'order.pendingPaymentVerification', 'Verificación pendiente', '2025-11-25 11:23:20', '2025-11-25 11:38:14'),
('10705', '0', 'es', 'modules', 'order.confirmPayment', 'Confirmar pago', '2025-11-25 11:23:20', '2025-11-25 11:38:14'),
('10706', '0', 'es', 'modules', 'order.reportUnpaid', 'Reportar impago', '2025-11-25 11:23:20', '2025-11-25 11:38:14'),
('10707', '0', 'es', 'modules', 'order.viewOnMap', 'Ver en mapa', '2025-11-25 11:23:20', '2025-11-25 11:38:14'),
('10708', '0', 'es', 'modules', 'order.estimatedDeliveryTime', 'Tiempo estimado de entrega', '2025-11-25 11:23:20', '2025-11-25 11:38:14'),
('10709', '0', 'es', 'modules', 'order.deliveryFee', 'Costo de entrega', '2025-11-25 11:23:20', '2025-11-25 11:38:14'),
('10710', '0', 'es', 'modules', 'order.kotTicket', 'Ticket KOT', '2025-11-25 11:23:20', '2025-11-25 11:38:14'),
('10711', '0', 'es', 'modules', 'order.kitchenOrderTicket', 'Kitchen Order Ticket', '2025-11-25 11:23:20', '2025-11-25 11:38:14'),
('10712', '0', 'es', 'modules', 'order.specialInstructions', 'Instrucciones especiales', '2025-11-25 11:23:20', '2025-11-25 11:38:14'),
('10713', '0', 'es', 'modules', 'order.order', 'Pedido', '2025-11-25 11:23:20', '2025-11-25 11:38:14'),
('10714', '0', 'es', 'modules', 'order.paypal', 'PayPal', '2025-11-25 11:23:20', '2025-11-25 11:38:14'),
('10715', '0', 'es', 'modules', 'order.updateCustomerDetails', 'Actualizar detalles del cliente', '2025-11-25 11:23:20', '2025-11-25 11:38:14'),
('10716', '0', 'es', 'modules', 'order.markAsReady', 'Marcar como listo', '2025-11-25 11:23:20', '2025-11-25 11:38:14'),
('10717', '0', 'es', 'modules', 'order.ready', 'Comida lista', '2025-11-25 11:23:20', '2025-11-25 11:38:14'),
('10718', '0', 'es', 'modules', 'order.undo', 'Deshacer', '2025-11-25 11:23:20', '2025-11-25 11:38:14'),
('10719', '0', 'es', 'modules', 'order.itemReady', 'Artículo listo', '2025-11-25 11:23:20', '2025-11-25 11:38:14'),
('10720', '0', 'es', 'modules', 'order.itemCooking', 'Artículo cocinándose', '2025-11-25 11:23:20', '2025-11-25 11:38:14'),
('10721', '0', 'es', 'modules', 'order.payfast', 'PayFast', '2025-11-25 11:23:20', '2025-11-25 11:38:14'),
('10722', '0', 'es', 'modules', 'order.all', 'Todos', '2025-11-25 11:23:20', '2025-11-25 11:38:14'),
('10723', '0', 'es', 'modules', 'order.note', 'Nota', '2025-11-25 11:23:20', '2025-11-25 11:38:14'),
('10724', '0', 'es', 'modules', 'order.paymentDetails', 'Detalles del pago', '2025-11-25 11:23:20', '2025-11-25 11:38:14'),
('10725', '0', 'es', 'modules', 'order.paystack', 'Paystack', '2025-11-25 11:23:20', '2025-11-25 11:38:14'),
('10726', '0', 'es', 'modules', 'order.kotBillAndPayment', 'KOT, Factura y Pago', '2025-11-25 11:23:20', '2025-11-25 11:38:14'),
('10727', '0', 'es', 'modules', 'order.cancelled', 'Cancelado', '2025-11-25 11:23:20', '2025-11-25 11:38:14'),
('10728', '0', 'es', 'modules', 'order.prefixSettings', 'Configuración de prefijos', '2025-11-25 11:23:20', '2025-11-25 11:38:14'),
('10729', '0', 'es', 'modules', 'order.orderSettingsHelp', 'Configura cómo deben gestionarse los pedidos.', '2025-11-25 11:23:20', '2025-11-25 11:38:14'),
('10730', '0', 'es', 'modules', 'order.totalTax', 'Impuesto total', '2025-11-25 11:23:20', '2025-11-25 11:38:14'),
('10731', '0', 'es', 'modules', 'order.itemTax', 'Impuesto del artículo', '2025-11-25 11:23:20', '2025-11-25 11:38:14'),
('10732', '0', 'es', 'modules', 'order.itemTaxBreakdown', 'Desglose de impuestos del artículo', '2025-11-25 11:23:20', '2025-11-25 11:38:14'),
('10733', '0', 'es', 'modules', 'order.toggleTaxDetails', 'Mostrar/ocultar impuestos', '2025-11-25 11:23:20', '2025-11-25 11:38:14'),
('10734', '0', 'es', 'modules', 'order.increaseQuantity', 'Aumentar cantidad', '2025-11-25 11:23:20', '2025-11-25 11:38:14'),
('10735', '0', 'es', 'modules', 'order.decreaseQuantity', 'Disminuir cantidad', '2025-11-25 11:23:20', '2025-11-25 11:38:14'),
('10736', '0', 'es', 'modules', 'order.thankYouMessage', '¡Gracias por tu pedido!', '2025-11-25 11:23:20', '2025-11-25 11:38:14'),
('10737', '0', 'es', 'modules', 'order.pleaseProceedToPayment', 'Por favor procede al pago.', '2025-11-25 11:23:20', '2025-11-25 11:38:14'),
('10738', '0', 'es', 'modules', 'order.amountDue', 'Monto adeudado', '2025-11-25 11:23:20', '2025-11-25 11:38:14'),
('10739', '0', 'es', 'modules', 'order.pleaseReviewOrder', 'Revisa tu pedido antes de pagar.', '2025-11-25 11:23:20', '2025-11-25 11:38:14'),
('10740', '0', 'es', 'modules', 'order.pickUpDateTime', 'Fecha y hora de recogida', '2025-11-25 11:23:20', '2025-11-25 11:38:14'),
('10741', '0', 'es', 'modules', 'order.pickupDate', 'Fecha de recogida:', '2025-11-25 11:23:20', '2025-11-25 11:38:14'),
('10742', '0', 'es', 'modules', 'order.orderDate', 'Fecha del pedido:', '2025-11-25 11:23:20', '2025-11-25 11:38:14'),
('10743', '0', 'es', 'modules', 'order.selectPickupDateTime', 'Seleccionar fecha y hora de recogida', '2025-11-25 11:23:20', '2025-11-25 11:38:14'),
('10744', '0', 'es', 'modules', 'order.defineYourOwnPrefix', 'Define tu propio prefijo.', '2025-11-25 11:23:20', '2025-11-25 11:38:14'),
('10745', '0', 'es', 'modules', 'order.useTheCurrentDate', 'Usar fecha actual.', '2025-11-25 11:23:20', '2025-11-25 11:38:14'),
('10746', '0', 'es', 'modules', 'order.combineBranchIdWithDate', 'Combinar ID de sucursal con fecha.', '2025-11-25 11:23:20', '2025-11-25 11:38:14'),
('10747', '0', 'es', 'modules', 'order.thisIsALivePreview', 'Esta es una vista previa de cómo se generará el próximo ID.', '2025-11-25 11:23:20', '2025-11-25 11:38:14'),
('10748', '0', 'es', 'modules', 'order.branchPrefix', 'Prefijo de sucursal', '2025-11-25 11:23:20', '2025-11-25 11:38:14'),
('10749', '0', 'es', 'modules', 'order.branchPrefixHelp', 'Ejemplo: ODR, BR01, TB. Un código corto para identificar pedidos.', '2025-11-25 11:23:20', '2025-11-25 11:38:14'),
('10750', '0', 'es', 'modules', 'order.customPrefixFeatureDisabled', 'Prefijo personalizado desactivado. Usando el predeterminado.', '2025-11-25 11:23:20', '2025-11-25 11:38:14'),
('10751', '0', 'es', 'modules', 'order.enableOrderPrefix', 'Habilitar prefijos de pedidos', '2025-11-25 11:23:20', '2025-11-25 11:38:14'),
('10752', '0', 'es', 'modules', 'order.enableOrderPrefixDescription', 'Actívalo para usar tus propios prefijos.', '2025-11-25 11:23:20', '2025-11-25 11:38:14'),
('10753', '0', 'es', 'modules', 'order.bank_transfer', 'Transferencia bancaria', '2025-11-25 11:23:20', '2025-11-25 11:38:14'),
('10754', '0', 'es', 'modules', 'order.reservationConfirmation', 'Confirmación de reserva', '2025-11-25 11:23:20', '2025-11-25 11:38:14'),
('10755', '0', 'es', 'modules', 'order.tableHasReservation', 'Esta mesa tiene una reserva activa', '2025-11-25 11:23:20', '2025-11-25 11:38:14'),
('10756', '0', 'es', 'modules', 'order.reservationFor', 'Reserva para', '2025-11-25 11:23:20', '2025-11-25 11:38:14'),
('10757', '0', 'es', 'modules', 'order.reservationTime', 'Hora de la reserva', '2025-11-25 11:23:20', '2025-11-25 11:38:14'),
('10758', '0', 'es', 'modules', 'order.isThisSameCustomer', '¿Es el mismo cliente que reservó?', '2025-11-25 11:23:20', '2025-11-25 11:38:14'),
('10759', '0', 'es', 'modules', 'order.sameCustomer', 'Mismo cliente', '2025-11-25 11:23:20', '2025-11-25 11:38:14'),
('10760', '0', 'es', 'modules', 'order.differentCustomer', 'Cliente diferente', '2025-11-25 11:23:20', '2025-11-25 11:38:14'),
('10761', '0', 'es', 'modules', 'order.grandTotal', 'Total general', '2025-11-25 11:23:20', '2025-11-25 11:38:14'),
('10762', '0', 'es', 'modules', 'order.splitTotal', 'Total dividido', '2025-11-25 11:23:20', '2025-11-25 11:38:14'),
('10763', '0', 'es', 'modules', 'order.remainingAmount', 'Monto restante', '2025-11-25 11:23:20', '2025-11-25 11:38:14'),
('10764', '0', 'es', 'modules', 'order.amountPerSplit', 'Monto por división', '2025-11-25 11:23:20', '2025-11-25 11:38:14'),
('10765', '0', 'es', 'modules', 'order.menuItemImageSettings', 'Configuración de imágenes del menú', '2025-11-25 11:23:20', '2025-11-25 11:38:14'),
('10766', '0', 'es', 'modules', 'order.hideMenuItemImageOnPos', 'Ocultar imagen en POS', '2025-11-25 11:23:20', '2025-11-25 11:38:14'),
('10767', '0', 'es', 'modules', 'order.hideMenuItemImageOnCustomerSite', 'Ocultar imagen en el sitio del cliente', '2025-11-25 11:23:20', '2025-11-25 11:38:14'),
('10768', '0', 'es', 'modules', 'order.hideMenuItemImageOnPosDescription', 'Oculta las imágenes en el POS.', '2025-11-25 11:23:20', '2025-11-25 11:38:14'),
('10769', '0', 'es', 'modules', 'order.hideMenuItemImageOnCustomerSiteDescription', 'Oculta las imágenes en el sitio público.', '2025-11-25 11:23:20', '2025-11-25 11:38:14'),
('10770', '0', 'es', 'modules', 'order.paddle', 'Paddle', '2025-11-25 11:23:20', '2025-11-25 11:38:14'),
('10771', '0', 'es', 'modules', 'order.tokenNumberSettings', 'Configuración de números de token', '2025-11-25 11:23:20', '2025-11-25 11:38:14'),
('10772', '0', 'es', 'modules', 'order.tokenNumberSettingsDescription', 'Activa tokens por tipo de pedido. Se reinician diariamente.', '2025-11-25 11:23:20', '2025-11-25 11:38:14'),
('10773', '0', 'es', 'modules', 'order.tokenNumber', 'Token #', '2025-11-25 11:23:20', '2025-11-25 11:38:14'),
('10774', '0', 'es', 'modules', 'order.customerOrderBoard', 'Panel de pedidos del cliente', '2025-11-25 11:23:20', '2025-11-25 11:38:14'),
('10775', '0', 'es', 'modules', 'order.preparing', 'Preparando', '2025-11-25 11:23:20', '2025-11-25 11:38:14'),
('10776', '0', 'es', 'modules', 'order.readyForPickup', 'Listo para recoger', '2025-11-25 11:23:20', '2025-11-25 11:38:14'),
('10777', '0', 'es', 'modules', 'order.noOrders', 'Esperando pedidos...', '2025-11-25 11:23:20', '2025-11-25 11:38:14'),
('10778', '0', 'es', 'modules', 'customer.addCustomer', 'Agregar cliente', '2025-11-25 11:23:20', '2025-11-25 11:38:14'),
('10779', '0', 'es', 'modules', 'customer.name', 'Nombre del cliente', '2025-11-25 11:23:20', '2025-11-25 11:38:14'),
('10780', '0', 'es', 'modules', 'customer.phone', 'Teléfono', '2025-11-25 11:23:20', '2025-11-25 11:38:14'),
('10781', '0', 'es', 'modules', 'customer.email', 'Correo electrónico', '2025-11-25 11:23:20', '2025-11-25 11:38:14'),
('10782', '0', 'es', 'modules', 'customer.customerAddress', 'Dirección del cliente', '2025-11-25 11:23:20', '2025-11-25 11:38:14'),
('10783', '0', 'es', 'modules', 'customer.address', 'Dirección', '2025-11-25 11:23:20', '2025-11-25 11:38:14'),
('10784', '0', 'es', 'modules', 'customer.enterName', 'Por favor ingrese su nombre', '2025-11-25 11:23:20', '2025-11-25 11:38:14'),
('10785', '0', 'es', 'modules', 'customer.enterCustomerName', 'Por favor ingrese el nombre del cliente', '2025-11-25 11:23:20', '2025-11-25 11:38:14'),
('10786', '0', 'es', 'modules', 'customer.editCustomer', 'Editar cliente', '2025-11-25 11:23:20', '2025-11-25 11:38:14'),
('10787', '0', 'es', 'modules', 'customer.deleteCustomer', 'Eliminar cliente', '2025-11-25 11:23:20', '2025-11-25 11:38:14'),
('10788', '0', 'es', 'modules', 'customer.deleteWithOrder', 'Eliminar junto con sus pedidos', '2025-11-25 11:23:20', '2025-11-25 11:38:14'),
('10789', '0', 'es', 'modules', 'customer.deleteCustomerMessage', '¿Seguro que deseas eliminar al cliente?', '2025-11-25 11:23:20', '2025-11-25 11:38:14'),
('10790', '0', 'es', 'modules', 'customer.customer', 'Cliente', '2025-11-25 11:23:20', '2025-11-25 11:38:14'),
('10791', '0', 'es', 'modules', 'customer.importCustomer', 'Importar clientes', '2025-11-25 11:23:20', '2025-11-25 11:38:14'),
('10792', '0', 'es', 'modules', 'customer.totalAmountReceived', 'Monto total recibido', '2025-11-25 11:23:20', '2025-11-25 11:38:14'),
('10793', '0', 'es', 'modules', 'customer.enterCustomerPhone', 'Puedes buscar e insertar el número de teléfono del cliente aquí', '2025-11-25 11:23:20', '2025-11-25 11:38:14'),
('10794', '0', 'es', 'modules', 'customer.searchOrCreate', 'Busca clientes existentes o crea uno nuevo', '2025-11-25 11:23:20', '2025-11-25 11:38:14'),
('10795', '0', 'es', 'modules', 'customer.searchCustomer', 'Buscar cliente', '2025-11-25 11:23:20', '2025-11-25 11:38:14'),
('10796', '0', 'es', 'modules', 'customer.searchPlaceholder', 'Buscar por nombre, teléfono o correo...', '2025-11-25 11:23:20', '2025-11-25 11:38:14'),
('10797', '0', 'es', 'modules', 'customer.foundCustomers', 'Se encontraron :count cliente(s)', '2025-11-25 11:23:20', '2025-11-25 11:38:14'),
('10798', '0', 'es', 'modules', 'customer.noCustomersFound', 'No se encontraron clientes', '2025-11-25 11:23:20', '2025-11-25 11:38:14'),
('10799', '0', 'es', 'modules', 'customer.noCustomersMatching', 'No encontramos clientes que coincidan con \\\":query\\\"', '2025-11-25 11:23:20', '2025-11-25 11:38:14'),
('10800', '0', 'es', 'modules', 'customer.createNewCustomer', 'Crear nuevo cliente', '2025-11-25 11:23:20', '2025-11-25 11:38:14'),
('10801', '0', 'es', 'modules', 'customer.customerDetails', 'Detalles del cliente', '2025-11-25 11:23:20', '2025-11-25 11:38:14'),
('10802', '0', 'es', 'modules', 'customer.existingCustomer', 'Cliente existente', '2025-11-25 11:23:20', '2025-11-25 11:38:14'),
('10803', '0', 'es', 'modules', 'customer.createNewInstead', 'Crear uno nuevo en su lugar', '2025-11-25 11:23:20', '2025-11-25 11:38:14'),
('10804', '0', 'es', 'modules', 'customer.enterPhoneNumber', 'Ingrese número de teléfono', '2025-11-25 11:23:20', '2025-11-25 11:38:14'),
('10805', '0', 'es', 'modules', 'customer.enterEmailAddress', 'Ingrese correo electrónico', '2025-11-25 11:23:20', '2025-11-25 11:38:14'),
('10806', '0', 'es', 'modules', 'customer.enterDeliveryAddress', 'Ingrese dirección de entrega', '2025-11-25 11:23:20', '2025-11-25 11:38:14'),
('10807', '0', 'es', 'modules', 'customer.walkin', 'Cliente presencial', '2025-11-25 11:23:20', '2025-11-25 11:38:14'),
('10808', '0', 'es', 'modules', 'settings.appSettings', 'Ajustes de la aplicación', '2025-11-25 11:23:20', '2025-11-25 11:38:14'),
('10809', '0', 'es', 'modules', 'settings.restaurantInformation', 'Información del restaurante', '2025-11-25 11:23:20', '2025-11-25 11:38:14'),
('10810', '0', 'es', 'modules', 'settings.restaurantName', 'Nombre del restaurante', '2025-11-25 11:23:20', '2025-11-25 11:38:14'),
('10811', '0', 'es', 'modules', 'settings.restaurantPhoneNumber', 'Teléfono del restaurante', '2025-11-25 11:23:20', '2025-11-25 11:38:14'),
('10812', '0', 'es', 'modules', 'settings.restaurantEmailAddress', 'Correo del restaurante', '2025-11-25 11:23:20', '2025-11-25 11:38:14'),
('10813', '0', 'es', 'modules', 'settings.restaurantAddress', 'Dirección del restaurante', '2025-11-25 11:23:20', '2025-11-25 11:38:14'),
('10814', '0', 'es', 'modules', 'settings.generalHelp', 'Ingrese la información general sobre su restaurante.', '2025-11-25 11:23:20', '2025-11-25 11:38:14'),
('10815', '0', 'es', 'modules', 'settings.countryTimezone', 'País, zona horaria y moneda del restaurante', '2025-11-25 11:23:20', '2025-11-25 11:38:14'),
('10816', '0', 'es', 'modules', 'settings.restaurantCountry', 'País', '2025-11-25 11:23:20', '2025-11-25 11:38:14'),
('10817', '0', 'es', 'modules', 'settings.restaurantTimezone', 'Zona horaria', '2025-11-25 11:23:20', '2025-11-25 11:38:15'),
('10818', '0', 'es', 'modules', 'settings.timezone', 'Zona horaria', '2025-11-25 11:23:20', '2025-11-25 11:38:15'),
('10819', '0', 'es', 'modules', 'settings.selectTimezone', 'Seleccionar zona horaria', '2025-11-25 11:23:20', '2025-11-25 11:38:15'),
('10820', '0', 'es', 'modules', 'settings.showTax', 'Mostrar ID de impuesto en los pedidos', '2025-11-25 11:23:20', '2025-11-25 11:38:15'),
('10821', '0', 'es', 'modules', 'settings.addMore', 'Agregar más', '2025-11-25 11:23:20', '2025-11-25 11:38:15'),
('10822', '0', 'es', 'modules', 'settings.addTax', 'Agregar impuesto', '2025-11-25 11:23:20', '2025-11-25 11:38:15'),
('10823', '0', 'es', 'modules', 'settings.restaurantCurrency', 'Moneda', '2025-11-25 11:23:20', '2025-11-25 11:38:15'),
('10824', '0', 'es', 'modules', 'settings.predefinedAmounts', 'Montos predefinidos', '2025-11-25 11:23:20', '2025-11-25 11:38:15'),
('10825', '0', 'es', 'modules', 'settings.editAmounts', 'Editar montos', '2025-11-25 11:23:20', '2025-11-25 11:38:15'),
('10826', '0', 'es', 'modules', 'settings.editPredefinedAmounts', 'Editar montos predefinidos', '2025-11-25 11:23:20', '2025-11-25 11:38:15'),
('10827', '0', 'es', 'modules', 'settings.enterAmount', 'Ingrese monto', '2025-11-25 11:23:20', '2025-11-25 11:38:15'),
('10828', '0', 'es', 'modules', 'settings.addAmount', 'Agregar monto', '2025-11-25 11:23:20', '2025-11-25 11:38:15'),
('10829', '0', 'es', 'modules', 'settings.themeColor', 'Color del tema', '2025-11-25 11:23:20', '2025-11-25 11:38:15'),
('10830', '0', 'es', 'modules', 'settings.themeSettings', 'Ajustes del tema', '2025-11-25 11:23:20', '2025-11-25 11:38:15'),
('10831', '0', 'es', 'modules', 'settings.restaurantLogo', 'Mostrar logo del restaurante', '2025-11-25 11:23:20', '2025-11-25 11:38:15'),
('10832', '0', 'es', 'modules', 'settings.uploadLogo', 'Subir logo', '2025-11-25 11:23:20', '2025-11-25 11:38:15'),
('10833', '0', 'es', 'modules', 'settings.removeLogo', 'Eliminar logo', '2025-11-25 11:23:20', '2025-11-25 11:38:15'),
('10834', '0', 'es', 'modules', 'settings.paymentgatewaySettings', 'Pasarelas de pago', '2025-11-25 11:23:20', '2025-11-25 11:38:15'),
('10835', '0', 'es', 'modules', 'settings.paymentHelp', 'Ingrese las credenciales de la pasarela de pago para recibir pagos de pedidos.', '2025-11-25 11:23:20', '2025-11-25 11:38:15'),
('10836', '0', 'es', 'modules', 'settings.paymentHelpSuperadmin', 'Ingrese las credenciales de la pasarela de pago para recibir pagos de suscripción.', '2025-11-25 11:23:20', '2025-11-25 11:38:15'),
('10837', '0', 'es', 'modules', 'settings.enableRazorpay', 'Habilitar Razorpay', '2025-11-25 11:23:20', '2025-11-25 11:38:15'),
('10838', '0', 'es', 'modules', 'settings.enableStripe', 'Habilitar Stripe', '2025-11-25 11:23:20', '2025-11-25 11:38:15'),
('10839', '0', 'es', 'modules', 'settings.enableFlutterwave', 'Habilitar Flutterwave', '2025-11-25 11:23:20', '2025-11-25 11:38:15'),
('10840', '0', 'es', 'modules', 'settings.enablePaypal', 'Habilitar PayPal', '2025-11-25 11:23:20', '2025-11-25 11:38:15'),
('10841', '0', 'es', 'modules', 'settings.enablePaystack', 'Habilitar Paystack', '2025-11-25 11:23:20', '2025-11-25 11:38:15'),
('10842', '0', 'es', 'modules', 'settings.enableXendit', 'Habilitar Xendit', '2025-11-25 11:23:20', '2025-11-25 11:38:15'),
('10843', '0', 'es', 'modules', 'settings.enableOfflinePayment', 'Pago offline', '2025-11-25 11:23:20', '2025-11-25 11:38:15'),
('10844', '0', 'es', 'modules', 'settings.enableQrPayment', 'Pagar mediante código QR', '2025-11-25 11:23:20', '2025-11-25 11:38:15'),
('10845', '0', 'es', 'modules', 'settings.restaurantSettings', 'Información del restaurante', '2025-11-25 11:23:20', '2025-11-25 11:38:15'),
('10846', '0', 'es', 'modules', 'settings.taxSettings', 'Ajustes de impuestos', '2025-11-25 11:23:20', '2025-11-25 11:38:15'),
('10847', '0', 'es', 'modules', 'settings.currencySettings', 'Ajustes de monedas', '2025-11-25 11:23:20', '2025-11-25 11:38:15'),
('10848', '0', 'es', 'modules', 'settings.offline_payment_status', 'Habilitar pago offline', '2025-11-25 11:23:20', '2025-11-25 11:38:15'),
('10849', '0', 'es', 'modules', 'settings.roleSettings', 'Roles del personal', '2025-11-25 11:23:20', '2025-11-25 11:38:15'),
('10850', '0', 'es', 'modules', 'settings.reservationSettings', 'Ajustes de reservas', '2025-11-25 11:23:20', '2025-11-25 11:38:15'),
('10851', '0', 'es', 'modules', 'settings.languageSettings', 'Ajustes de idioma', '2025-11-25 11:23:20', '2025-11-25 11:38:15'),
('10852', '0', 'es', 'modules', 'settings.currencySymbol', 'Símbolo de moneda', '2025-11-25 11:23:20', '2025-11-25 11:38:15'),
('10853', '0', 'es', 'modules', 'settings.currencyCode', 'Código de moneda', '2025-11-25 11:23:20', '2025-11-25 11:38:15'),
('10854', '0', 'es', 'modules', 'settings.editCurrency', 'Editar moneda', '2025-11-25 11:23:20', '2025-11-25 11:38:15'),
('10855', '0', 'es', 'modules', 'settings.addCurrency', 'Agregar moneda', '2025-11-25 11:23:20', '2025-11-25 11:38:15'),
('10856', '0', 'es', 'modules', 'settings.deleteCurrency', 'Eliminar moneda', '2025-11-25 11:23:20', '2025-11-25 11:38:15'),
('10857', '0', 'es', 'modules', 'settings.deleteCurrencyMessage', '¿Seguro que deseas eliminar la moneda?', '2025-11-25 11:23:20', '2025-11-25 11:38:15'),
('10858', '0', 'es', 'modules', 'settings.deleteTaxMessage', 'Eliminar impuesto permanentemente', '2025-11-25 11:23:20', '2025-11-25 11:38:15'),
('10859', '0', 'es', 'modules', 'settings.taxName', 'Nombre del impuesto', '2025-11-25 11:23:20', '2025-11-25 11:38:15'),
('10860', '0', 'es', 'modules', 'settings.taxPercent', 'Porcentaje del impuesto', '2025-11-25 11:23:20', '2025-11-25 11:38:15'),
('10861', '0', 'es', 'modules', 'settings.taxId', 'ID del impuesto', '2025-11-25 11:23:20', '2025-11-25 11:38:15'),
('10862', '0', 'es', 'modules', 'settings.deleteTax', '¿Estás seguro de que quieres eliminar este impuesto?', '2025-11-25 11:23:20', '2025-11-25 11:38:15'),
('10863', '0', 'es', 'modules', 'settings.editTax', 'Editar impuesto', '2025-11-25 11:23:20', '2025-11-25 11:38:15'),
('10864', '0', 'es', 'modules', 'settings.emailSettings', 'Ajustes de correo', '2025-11-25 11:23:20', '2025-11-25 11:38:15'),
('10865', '0', 'es', 'modules', 'settings.whatsappSettings', 'Ajustes de WhatsApp', '2025-11-25 11:23:20', '2025-11-25 11:38:15'),
('10866', '0', 'es', 'modules', 'settings.whatsappNotificationSettings', 'Ajustes de notificaciones por WhatsApp', '2025-11-25 11:23:20', '2025-11-25 11:38:15'),
('10867', '0', 'es', 'modules', 'settings.mailFromName', 'Nombre remitente', '2025-11-25 11:23:20', '2025-11-25 11:38:15'),
('10868', '0', 'es', 'modules', 'settings.mailFromEmail', 'Correo remitente', '2025-11-25 11:23:20', '2025-11-25 11:38:15'),
('10869', '0', 'es', 'modules', 'settings.enableQueue', 'Habilitar cola de emails', '2025-11-25 11:23:20', '2025-11-25 11:38:15'),
('10870', '0', 'es', 'modules', 'settings.mailDriver', 'Driver de correo', '2025-11-25 11:23:20', '2025-11-25 11:38:15'),
('10871', '0', 'es', 'modules', 'settings.smtpHost', 'Host SMTP', '2025-11-25 11:23:20', '2025-11-25 11:38:15'),
('10872', '0', 'es', 'modules', 'settings.smtpPort', 'Puerto SMTP', '2025-11-25 11:23:20', '2025-11-25 11:38:15'),
('10873', '0', 'es', 'modules', 'settings.smtpEncryption', 'Encriptación SMTP', '2025-11-25 11:23:20', '2025-11-25 11:38:15'),
('10874', '0', 'es', 'modules', 'settings.mailUsername', 'Usuario de correo', '2025-11-25 11:23:20', '2025-11-25 11:38:15'),
('10875', '0', 'es', 'modules', 'settings.mailPassword', 'Contraseña de correo', '2025-11-25 11:23:20', '2025-11-25 11:38:15'),
('10876', '0', 'es', 'modules', 'settings.notificationSettings', 'Ajustes de notificaciones', '2025-11-25 11:23:20', '2025-11-25 11:38:15'),
('10877', '0', 'es', 'modules', 'settings.branchSettings', 'Ajustes de sucursales', '2025-11-25 11:23:20', '2025-11-25 11:38:15'),
('10878', '0', 'es', 'modules', 'settings.addBranch', 'Agregar sucursal', '2025-11-25 11:23:20', '2025-11-25 11:38:15'),
('10879', '0', 'es', 'modules', 'settings.editBranch', 'Editar sucursal', '2025-11-25 11:23:20', '2025-11-25 11:38:15'),
('10880', '0', 'es', 'modules', 'settings.branchName', 'Nombre de la sucursal', '2025-11-25 11:23:20', '2025-11-25 11:38:15'),
('10881', '0', 'es', 'modules', 'settings.branchAddress', 'Dirección de la sucursal', '2025-11-25 11:23:20', '2025-11-25 11:38:15'),
('10882', '0', 'es', 'modules', 'settings.deleteBranch', 'Eliminar sucursal', '2025-11-25 11:23:20', '2025-11-25 11:38:15'),
('10883', '0', 'es', 'modules', 'settings.branches', 'Sucursales', '2025-11-25 11:23:20', '2025-11-25 11:38:15'),
('10884', '0', 'es', 'modules', 'settings.deleteBranchMessage', '¿Seguro que deseas eliminar la sucursal? Se eliminarán los pedidos, personal y pagos relacionados con esta sucursal.', '2025-11-25 11:23:20', '2025-11-25 11:38:15'),
('10885', '0', 'es', 'modules', 'settings.upgradeLicense', 'Actualizar plan', '2025-11-25 11:23:20', '2025-11-25 11:38:15'),
('10886', '0', 'es', 'modules', 'settings.licenseType', 'Tipo de licencia', '2025-11-25 11:23:20', '2025-11-25 11:38:15'),
('10887', '0', 'es', 'modules', 'settings.upgradeLicenseInfo', 'Precios simples y transparentes con todo lo necesario para gestionar tu restaurante.', '2025-11-25 11:23:20', '2025-11-25 11:38:15'),
('10888', '0', 'es', 'modules', 'settings.pricing', 'Precios', '2025-11-25 11:23:20', '2025-11-25 11:38:15'),
('10889', '0', 'es', 'modules', 'settings.payNow', 'Pagar ahora', '2025-11-25 11:23:20', '2025-11-25 11:38:15'),
('10890', '0', 'es', 'modules', 'settings.paymentSource', 'Fuente de pago', '2025-11-25 11:23:20', '2025-11-25 11:38:15'),
('10891', '0', 'es', 'modules', 'settings.appName', 'Nombre de la app', '2025-11-25 11:23:20', '2025-11-25 11:38:15'),
('10892', '0', 'es', 'modules', 'settings.paymentUpgradeHeading', 'Actualiza para aceptar pagos sin problemas', '2025-11-25 11:23:20', '2025-11-25 11:38:15'),
('10893', '0', 'es', 'modules', 'settings.paymentUpgradeInfo', 'Mejora la eficiencia integrando pasarelas de pago. Ofrece opciones seguras y rápidas como Stripe y Razorpay.', '2025-11-25 11:23:20', '2025-11-25 11:38:15'),
('10894', '0', 'es', 'modules', 'settings.themeUpgradeHeading', 'Actualiza para una experiencia de marca personalizada', '2025-11-25 11:23:20', '2025-11-25 11:38:15'),
('10895', '0', 'es', 'modules', 'settings.themeUpgradeInfo', 'Destaca con identidad propia: personaliza colores y añade tu logo para una experiencia coherente con tu marca.', '2025-11-25 11:23:20', '2025-11-25 11:38:15'),
('10896', '0', 'es', 'modules', 'settings.manageTranslations', 'Gestionar traducciones', '2025-11-25 11:23:20', '2025-11-25 11:38:15'),
('10897', '0', 'es', 'modules', 'settings.customerLoginRequired', '¿El cliente necesita iniciar sesión para realizar pedidos?', '2025-11-25 11:23:20', '2025-11-25 11:38:15'),
('10898', '0', 'es', 'modules', 'settings.customerName', 'Mostrar nombre del cliente', '2025-11-25 11:23:20', '2025-11-25 11:38:15'),
('10899', '0', 'es', 'modules', 'settings.customerAddress', 'Mostrar dirección del cliente', '2025-11-25 11:23:20', '2025-11-25 11:38:15'),
('10900', '0', 'es', 'modules', 'settings.tableNumber', 'Número de mesa', '2025-11-25 11:23:20', '2025-11-25 11:38:15'),
('10901', '0', 'es', 'modules', 'settings.paymentQrCode', 'Mostrar código QR', '2025-11-25 11:23:20', '2025-11-25 11:38:15'),
('10902', '0', 'es', 'modules', 'settings.waiter', 'Mostrar nombre del mesero', '2025-11-25 11:23:20', '2025-11-25 11:38:15'),
('10903', '0', 'es', 'modules', 'settings.totalGuest', 'Mostrar total de invitados', '2025-11-25 11:23:20', '2025-11-25 11:38:15'),
('10904', '0', 'es', 'modules', 'settings.restaurantTax', 'Mostrar impuesto del restaurante', '2025-11-25 11:23:20', '2025-11-25 11:38:15'),
('10905', '0', 'es', 'modules', 'settings.noTaxFound', 'No se encontraron impuestos', '2025-11-25 11:23:20', '2025-11-25 11:38:15'),
('10906', '0', 'es', 'modules', 'settings.selectEnvironment', 'Seleccionar entorno', '2025-11-25 11:23:20', '2025-11-25 11:38:15'),
('10907', '0', 'es', 'modules', 'settings.enablePushNotification', 'Habilitar notificaciones push', '2025-11-25 11:23:20', '2025-11-25 11:38:15'),
('10908', '0', 'es', 'modules', 'settings.pushNotificationSettings', 'Ajustes de notificaciones push', '2025-11-25 11:23:20', '2025-11-25 11:38:15'),
('10909', '0', 'es', 'modules', 'settings.aboutUsSettings', 'Acerca de nosotros', '2025-11-25 11:23:20', '2025-11-25 11:38:15'),
('10910', '0', 'es', 'modules', 'settings.customerSiteSettings', 'Ajustes del sitio del cliente', '2025-11-25 11:23:20', '2025-11-25 11:38:15'),
('10911', '0', 'es', 'modules', 'settings.receiptSetting', 'Ajustes de recibo', '2025-11-25 11:23:20', '2025-11-25 11:38:15'),
('10912', '0', 'es', 'modules', 'settings.allowCustomerDeliveryOrders', 'Permitir pedidos a domicilio por clientes', '2025-11-25 11:23:20', '2025-11-25 11:38:15'),
('10913', '0', 'es', 'modules', 'settings.allowCustomerOrders', 'Permitir pedidos por clientes', '2025-11-25 11:23:20', '2025-11-25 11:38:15'),
('10914', '0', 'es', 'modules', 'settings.allowCustomerPickupOrders', 'Permitir pedidos para recoger', '2025-11-25 11:23:20', '2025-11-25 11:38:15'),
('10915', '0', 'es', 'modules', 'settings.disableLandingSite', 'Desactivar sitio público', '2025-11-25 11:23:20', '2025-11-25 11:38:15'),
('10916', '0', 'es', 'modules', 'settings.disableLandingSiteHelp', 'Desactiva el sitio público o establece una URL personalizada.', '2025-11-25 11:23:20', '2025-11-25 11:38:15'),
('10917', '0', 'es', 'modules', 'settings.disableLandingSiteHelpDescription', 'Si está activado, se desactivará la página pública y todos los visitantes serán redirigidos a la página de inicio de sesión.', '2025-11-25 11:23:20', '2025-11-25 11:38:15'),
('10918', '0', 'es', 'modules', 'settings.landingSiteType', 'Tipo de sitio público', '2025-11-25 11:23:20', '2025-11-25 11:38:15'),
('10919', '0', 'es', 'modules', 'settings.landingSiteUrl', 'URL del sitio público', '2025-11-25 11:23:20', '2025-11-25 11:38:15'),
('10920', '0', 'es', 'modules', 'settings.theme', 'Tema', '2025-11-25 11:23:20', '2025-11-25 11:38:15'),
('10921', '0', 'es', 'modules', 'settings.custom', 'Personalizado', '2025-11-25 11:23:20', '2025-11-25 11:38:15'),
('10922', '0', 'es', 'modules', 'settings.billing', 'Facturación', '2025-11-25 11:23:20', '2025-11-25 11:38:15'),
('10923', '0', 'es', 'modules', 'settings.package', 'Plan', '2025-11-25 11:23:20', '2025-11-25 11:38:15'),
('10924', '0', 'es', 'modules', 'settings.isWaiterRequestEnabled', 'Habilitar solicitud de mesero', '2025-11-25 11:23:20', '2025-11-25 11:38:15'),
('10925', '0', 'es', 'modules', 'settings.dineInOnlinePaymentRequired', 'Para comer aquí: pago online requerido', '2025-11-25 11:23:20', '2025-11-25 11:38:15'),
('10926', '0', 'es', 'modules', 'settings.deliveryOnlinePaymentRequired', 'Para entrega: pago online requerido', '2025-11-25 11:23:20', '2025-11-25 11:38:15'),
('10927', '0', 'es', 'modules', 'settings.pickupOnlinePaymentRequired', 'Para recoger: pago online requerido', '2025-11-25 11:23:20', '2025-11-25 11:38:15'),
('10928', '0', 'es', 'modules', 'settings.enablePaymentGateway', 'Habilita al menos una pasarela (Razorpay, Stripe, Flutterwave, PayPal, Paystack, Payfast, Xendit) para pagos online.', '2025-11-25 11:23:20', '2025-11-25 11:38:15'),
('10929', '0', 'es', 'modules', 'settings.generalSettingsUseInfo', 'Si está habilitado, solo se aceptarán pagos online por la pasarela activa. Si está deshabilitado, se aceptan pagos online y en efectivo.', '2025-11-25 11:23:20', '2025-11-25 11:38:15'),
('10930', '0', 'es', 'modules', 'settings.defaultReservationStatus', 'Estado por defecto de reservas', '2025-11-25 11:23:20', '2025-11-25 11:38:15'),
('10931', '0', 'es', 'modules', 'settings.reservationStatusConfirmed', 'Confirmada', '2025-11-25 11:23:20', '2025-11-25 11:38:15'),
('10932', '0', 'es', 'modules', 'settings.reservationStatusCheckedIn', 'Registrado', '2025-11-25 11:23:20', '2025-11-25 11:38:15'),
('10933', '0', 'es', 'modules', 'settings.reservationStatusCancelled', 'Cancelada', '2025-11-25 11:23:20', '2025-11-25 11:38:15'),
('10934', '0', 'es', 'modules', 'settings.reservationStatusPending', 'Pendiente', '2025-11-25 11:23:20', '2025-11-25 11:38:15'),
('10935', '0', 'es', 'modules', 'settings.reservationStatusNoShow', 'No presentada', '2025-11-25 11:23:20', '2025-11-25 11:38:15'),
('10936', '0', 'es', 'modules', 'settings.receipt', 'Ajustes de recibo', '2025-11-25 11:23:20', '2025-11-25 11:38:15'),
('10937', '0', 'es', 'modules', 'settings.facebook_link', 'Enlace de Facebook', '2025-11-25 11:23:20', '2025-11-25 11:38:15'),
('10938', '0', 'es', 'modules', 'settings.instagram_link', 'Enlace de Instagram', '2025-11-25 11:23:20', '2025-11-25 11:38:15'),
('10939', '0', 'es', 'modules', 'settings.twitter_link', 'Enlace de Twitter', '2025-11-25 11:23:20', '2025-11-25 11:38:15'),
('10940', '0', 'es', 'modules', 'settings.yelp_link', 'Enlace de Yelp', '2025-11-25 11:23:20', '2025-11-25 11:38:15'),
('10941', '0', 'es', 'modules', 'settings.tableRequiredDineIn', 'Mesa requerida para comer en local', '2025-11-25 11:23:21', '2025-11-25 11:38:15'),
('10942', '0', 'es', 'modules', 'settings.allowDineIn', 'Permitir comer en el local', '2025-11-25 11:23:21', '2025-11-25 11:38:15'),
('10943', '0', 'es', 'modules', 'settings.defaultLanguage', 'Idioma por defecto', '2025-11-25 11:23:21', '2025-11-25 11:38:15'),
('10944', '0', 'es', 'modules', 'settings.defaultCurrency', 'Moneda por defecto', '2025-11-25 11:23:21', '2025-11-25 11:38:15'),
('10945', '0', 'es', 'modules', 'settings.storageSettings', 'Ajustes de almacenamiento', '2025-11-25 11:23:21', '2025-11-25 11:38:15'),
('10946', '0', 'es', 'modules', 'settings.selectStorage', 'Seleccionar almacenamiento', '2025-11-25 11:23:21', '2025-11-25 11:38:15'),
('10947', '0', 'es', 'modules', 'settings.localStorageNote', 'El almacenamiento local es la opción por defecto. Guarda archivos en el disco del servidor.', '2025-11-25 11:23:21', '2025-11-25 11:38:15'),
('10948', '0', 'es', 'modules', 'settings.storageSuggestion', '<b>Recomendación:</b> Considera usar <a href=\"https://digitalocean.pxf.io/froiden\" class=\"underline\" target=\"_blank\">DigitalOcean Spaces</a>, <a href=\"https://aws.amazon.com/s3\" class=\"underline\" target=\"_blank\">AWS S3</a>, <a href=\"https://wasabi.com\" class=\"underline\" target=\"_blank\">Wasabi</a> o <a href=\"https://min.io/\" class=\"underline\" target=\"_blank\">MinIO</a> para mayor seguridad', '2025-11-25 11:23:21', '2025-11-25 11:38:15'),
('10949', '0', 'es', 'modules', 'settings.digitaloceanAccessKey', 'Clave de acceso DigitalOcean', '2025-11-25 11:23:21', '2025-11-25 11:38:15'),
('10950', '0', 'es', 'modules', 'settings.digitaloceanSecretKey', 'Clave secreta DigitalOcean', '2025-11-25 11:23:21', '2025-11-25 11:38:15'),
('10951', '0', 'es', 'modules', 'settings.digitaloceanBucket', 'Bucket DigitalOcean', '2025-11-25 11:23:21', '2025-11-25 11:38:15'),
('10952', '0', 'es', 'modules', 'settings.digitaloceanRegion', 'Región DigitalOcean', '2025-11-25 11:23:21', '2025-11-25 11:38:15'),
('10953', '0', 'es', 'modules', 'settings.minioAccessKey', 'Clave de acceso MinIO', '2025-11-25 11:23:21', '2025-11-25 11:38:15'),
('10954', '0', 'es', 'modules', 'settings.minioSecretKey', 'Clave secreta MinIO', '2025-11-25 11:23:21', '2025-11-25 11:38:15'),
('10955', '0', 'es', 'modules', 'settings.minioBucket', 'Bucket MinIO', '2025-11-25 11:23:21', '2025-11-25 11:38:15'),
('10956', '0', 'es', 'modules', 'settings.minioRegion', 'Región MinIO', '2025-11-25 11:23:21', '2025-11-25 11:38:15'),
('10957', '0', 'es', 'modules', 'settings.minioEndpoint', 'Endpoint MinIO', '2025-11-25 11:23:21', '2025-11-25 11:38:15'),
('10958', '0', 'es', 'modules', 'settings.wasabiAccessKey', 'Clave de acceso Wasabi', '2025-11-25 11:23:21', '2025-11-25 11:38:15'),
('10959', '0', 'es', 'modules', 'settings.wasabiSecretKey', 'Clave secreta Wasabi', '2025-11-25 11:23:21', '2025-11-25 11:38:15'),
('10960', '0', 'es', 'modules', 'settings.wasabiBucket', 'Bucket Wasabi', '2025-11-25 11:23:21', '2025-11-25 11:38:15'),
('10961', '0', 'es', 'modules', 'settings.wasabiRegion', 'Región Wasabi', '2025-11-25 11:23:21', '2025-11-25 11:38:15'),
('10962', '0', 'es', 'modules', 'settings.awsAccessKey', 'AWS Key ID', '2025-11-25 11:23:21', '2025-11-25 11:38:15'),
('10963', '0', 'es', 'modules', 'settings.awsSecretKey', 'AWS Access Key', '2025-11-25 11:23:21', '2025-11-25 11:38:15'),
('10964', '0', 'es', 'modules', 'settings.awsBucket', 'Bucket AWS', '2025-11-25 11:23:21', '2025-11-25 11:38:15'),
('10965', '0', 'es', 'modules', 'settings.awsRegion', 'Región AWS', '2025-11-25 11:23:21', '2025-11-25 11:38:15'),
('10966', '0', 'es', 'modules', 'settings.testStorage', 'Probar almacenamiento', '2025-11-25 11:23:21', '2025-11-25 11:38:15'),
('10967', '0', 'es', 'modules', 'settings.testStorageFile', 'Sube un archivo para comprobar que se sube al bucket', '2025-11-25 11:23:21', '2025-11-25 11:38:15'),
('10968', '0', 'es', 'modules', 'settings.moveFilesToCloud', 'Mover archivos a la nube', '2025-11-25 11:23:21', '2025-11-25 11:38:15'),
('10969', '0', 'es', 'modules', 'settings.local', 'Local', '2025-11-25 11:23:21', '2025-11-25 11:38:15'),
('10970', '0', 'es', 'modules', 'settings.digitalocean', 'DigitalOcean', '2025-11-25 11:23:21', '2025-11-25 11:38:15'),
('10971', '0', 'es', 'modules', 'settings.aws_s3', 'AWS S3', '2025-11-25 11:23:21', '2025-11-25 11:38:15'),
('10972', '0', 'es', 'modules', 'settings.wasabi', 'Wasabi', '2025-11-25 11:23:21', '2025-11-25 11:38:15'),
('10973', '0', 'es', 'modules', 'settings.minio', 'MinIO', '2025-11-25 11:23:21', '2025-11-25 11:38:15'),
('10974', '0', 'es', 'modules', 'settings.currencyFormat', 'Formato de moneda', '2025-11-25 11:23:21', '2025-11-25 11:38:15'),
('10975', '0', 'es', 'modules', 'settings.currencyPosition', 'Posición de la moneda', '2025-11-25 11:23:21', '2025-11-25 11:38:15'),
('10976', '0', 'es', 'modules', 'settings.thousandSeparator', 'Separador de miles', '2025-11-25 11:23:21', '2025-11-25 11:38:15'),
('10977', '0', 'es', 'modules', 'settings.decimalSeparator', 'Separador decimal', '2025-11-25 11:23:21', '2025-11-25 11:38:15'),
('10978', '0', 'es', 'modules', 'settings.numberOfdecimals', 'Número de decimales', '2025-11-25 11:23:21', '2025-11-25 11:38:15'),
('10979', '0', 'es', 'modules', 'settings.left', 'Izquierda', '2025-11-25 11:23:21', '2025-11-25 11:38:15'),
('10980', '0', 'es', 'modules', 'settings.right', 'Derecha', '2025-11-25 11:23:21', '2025-11-25 11:38:15'),
('10981', '0', 'es', 'modules', 'settings.leftWithSpace', 'Izquierda con espacio', '2025-11-25 11:23:21', '2025-11-25 11:38:15'),
('10982', '0', 'es', 'modules', 'settings.rightWithSpace', 'Derecha con espacio', '2025-11-25 11:23:21', '2025-11-25 11:38:15'),
('10983', '0', 'es', 'modules', 'settings.showLogoText', 'Mostrar nombre del restaurante con el logo', '2025-11-25 11:23:21', '2025-11-25 11:38:15'),
('10984', '0', 'es', 'modules', 'settings.socialMediaLinks', 'Enlaces de redes sociales', '2025-11-25 11:23:21', '2025-11-25 11:38:15'),
('10985', '0', 'es', 'modules', 'settings.facebook', 'Facebook', '2025-11-25 11:23:21', '2025-11-25 11:38:15'),
('10986', '0', 'es', 'modules', 'settings.instagram', 'Instagram', '2025-11-25 11:23:21', '2025-11-25 11:38:15'),
('10987', '0', 'es', 'modules', 'settings.twitter', 'Twitter', '2025-11-25 11:23:21', '2025-11-25 11:38:15'),
('10988', '0', 'es', 'modules', 'settings.facebookPlaceHolder', 'Ingresa la URL de Facebook', '2025-11-25 11:23:21', '2025-11-25 11:38:15'),
('10989', '0', 'es', 'modules', 'settings.instagramPlaceHolder', 'Ingresa la URL de Instagram', '2025-11-25 11:23:21', '2025-11-25 11:38:15'),
('10990', '0', 'es', 'modules', 'settings.twitterPlaceHolder', 'Ingresa la URL de Twitter', '2025-11-25 11:23:21', '2025-11-25 11:38:15'),
('10991', '0', 'es', 'modules', 'settings.tableRequiredDineInDescription', 'Activa esto para requerir que los clientes seleccionen una mesa en pedidos para comer aquí.', '2025-11-25 11:23:21', '2025-11-25 11:38:15'),
('10992', '0', 'es', 'modules', 'settings.defaultReservationStatusDescription', 'Selecciona el estado por defecto para nuevas reservas.', '2025-11-25 11:23:21', '2025-11-25 11:38:15'),
('10993', '0', 'es', 'modules', 'settings.allowCustomerPickupOrdersDescription', 'Activa esto para permitir pedidos para recoger.', '2025-11-25 11:23:21', '2025-11-25 11:38:15'),
('10994', '0', 'es', 'modules', 'settings.allowCustomerDeliveryOrdersDescription', 'Activa esto para permitir pedidos a domicilio.', '2025-11-25 11:23:21', '2025-11-25 11:38:15'),
('10995', '0', 'es', 'modules', 'settings.allowCustomerDineInOrdersDescription', 'Activa esto para permitir pedidos para comer en local.', '2025-11-25 11:23:21', '2025-11-25 11:38:15'),
('10996', '0', 'es', 'modules', 'settings.allowCustomerOrdersDescription', 'Activa esto para permitir que los clientes realicen pedidos.', '2025-11-25 11:23:21', '2025-11-25 11:38:15'),
('10997', '0', 'es', 'modules', 'settings.allowDineInDescription', 'Activa esto para permitir pedidos para comer en el local.', '2025-11-25 11:23:21', '2025-11-25 11:38:15'),
('10998', '0', 'es', 'modules', 'settings.customerLoginRequiredDescription', 'Activa esto para obligar a los clientes a iniciar sesión antes de pedir.', '2025-11-25 11:23:21', '2025-11-25 11:38:15'),
('10999', '0', 'es', 'modules', 'settings.isWaiterRequestEnabledDescription', 'Activa esto para permitir que clientes soliciten al mesero.', '2025-11-25 11:23:21', '2025-11-25 11:38:15'),
('11000', '0', 'es', 'modules', 'settings.orderSettings', 'Ajustes de pedidos', '2025-11-25 11:23:21', '2025-11-25 11:38:15');





