-- Laravel Native Database Backup
-- Generated: 2025-11-17 02:00:02
-- Database: ewiidine_backend

CREATE DATABASE IF NOT EXISTS `ewiidine_backend`;
USE `ewiidine_backend`;


-- Table structure for table `areas`
CREATE TABLE `areas` (
  `id` bigint(20) unsigned NOT NULL AUTO_INCREMENT,
  `branch_id` bigint(20) unsigned DEFAULT NULL,
  `area_name` varchar(191) NOT NULL,
  `created_at` timestamp NULL DEFAULT NULL,
  `updated_at` timestamp NULL DEFAULT NULL,
  PRIMARY KEY (`id`),
  KEY `areas_branch_id_foreign` (`branch_id`),
  CONSTRAINT `areas_branch_id_foreign` FOREIGN KEY (`branch_id`) REFERENCES `branches` (`id`) ON DELETE CASCADE ON UPDATE CASCADE
) ENGINE=InnoDB AUTO_INCREMENT=11 DEFAULT CHARSET=utf8mb4 COLLATE=utf8mb4_unicode_ci;

-- Dumping data for table `areas`
INSERT INTO `areas` VALUES
('1', '3', 'Roof Top', '2025-09-20 12:23:30', '2025-09-20 12:23:30'),
('2', '3', 'Ground Floor', '2025-09-20 12:23:38', '2025-09-20 12:23:38'),
('3', '4', 'Roof Top', '2025-09-20 12:57:57', '2025-09-20 12:57:57'),
('4', '4', 'Ground Floor', '2025-09-20 12:58:17', '2025-09-20 12:58:17'),
('5', '4', 'Premium Loundge', '2025-09-20 12:58:25', '2025-09-20 12:58:25'),
('6', '5', 'Ground Floor', '2025-10-07 15:00:54', '2025-10-07 15:00:54'),
('7', '5', 'Rooftop', '2025-10-24 14:51:13', '2025-10-24 14:51:13'),
('8', '5', 'Floor 1', '2025-10-25 13:02:26', '2025-10-25 13:02:26'),
('9', '29', 'rooftop', '2025-11-12 14:16:22', '2025-11-12 14:16:22'),
('10', '27', 'sec4', '2025-11-15 13:12:34', '2025-11-15 13:12:34');


-- Table structure for table `branch_delivery_settings`
CREATE TABLE `branch_delivery_settings` (
  `id` bigint(20) unsigned NOT NULL AUTO_INCREMENT,
  `branch_id` bigint(20) unsigned NOT NULL,
  `max_radius` decimal(8,2) NOT NULL DEFAULT 5.00,
  `unit` enum('km','miles') NOT NULL DEFAULT 'km',
  `fee_type` varchar(191) NOT NULL DEFAULT 'fixed',
  `fixed_fee` decimal(8,2) DEFAULT NULL,
  `per_distance_rate` decimal(8,2) DEFAULT NULL,
  `free_delivery_over_amount` decimal(8,2) DEFAULT NULL,
  `free_delivery_within_radius` double DEFAULT NULL,
  `delivery_schedule_start` time DEFAULT NULL,
  `delivery_schedule_end` time DEFAULT NULL,
  `prep_time_minutes` int(11) NOT NULL DEFAULT 20,
  `additional_eta_buffer_time` int(11) DEFAULT NULL,
  `avg_delivery_speed_kmh` int(11) NOT NULL DEFAULT 30,
  `is_enabled` tinyint(1) NOT NULL DEFAULT 1,
  `created_at` timestamp NULL DEFAULT NULL,
  `updated_at` timestamp NULL DEFAULT NULL,
  PRIMARY KEY (`id`),
  KEY `branch_delivery_settings_branch_id_foreign` (`branch_id`),
  CONSTRAINT `branch_delivery_settings_branch_id_foreign` FOREIGN KEY (`branch_id`) REFERENCES `branches` (`id`) ON DELETE CASCADE ON UPDATE CASCADE
) ENGINE=InnoDB AUTO_INCREMENT=2 DEFAULT CHARSET=utf8mb4 COLLATE=utf8mb4_unicode_ci;

-- Dumping data for table `branch_delivery_settings`
INSERT INTO `branch_delivery_settings` VALUES
('1', '5', '5.00', 'km', 'fixed', '10.00', NULL, NULL, '2', NULL, NULL, '20', '0', '30', '1', '2025-10-18 17:38:24', '2025-10-18 17:38:24');


-- Table structure for table `branches`
CREATE TABLE `branches` (
  `id` bigint(20) unsigned NOT NULL AUTO_INCREMENT,
  `unique_hash` varchar(64) DEFAULT NULL,
  `restaurant_id` bigint(20) unsigned DEFAULT NULL,
  `name` varchar(191) NOT NULL,
  `cloned_branch_name` varchar(191) DEFAULT NULL,
  `cloned_branch_id` varchar(191) DEFAULT NULL,
  `is_menu_clone` tinyint(1) NOT NULL DEFAULT 0,
  `is_item_categories_clone` tinyint(1) NOT NULL DEFAULT 0,
  `is_menu_items_clone` tinyint(1) NOT NULL DEFAULT 0,
  `is_item_modifiers_clone` tinyint(1) NOT NULL DEFAULT 0,
  `is_clone_reservation_settings` tinyint(1) NOT NULL DEFAULT 0,
  `is_clone_delivery_settings` tinyint(1) NOT NULL DEFAULT 0,
  `is_clone_kot_setting` tinyint(1) NOT NULL DEFAULT 0,
  `is_modifiers_groups_clone` tinyint(1) NOT NULL DEFAULT 0,
  `address` varchar(191) DEFAULT NULL,
  `created_at` timestamp NULL DEFAULT NULL,
  `updated_at` timestamp NULL DEFAULT NULL,
  `lat` decimal(10,7) DEFAULT NULL,
  `lng` decimal(10,7) DEFAULT NULL,
  PRIMARY KEY (`id`),
  UNIQUE KEY `branches_unique_hash_unique` (`unique_hash`),
  KEY `branches_restaurant_id_foreign` (`restaurant_id`),
  CONSTRAINT `branches_restaurant_id_foreign` FOREIGN KEY (`restaurant_id`) REFERENCES `restaurants` (`id`) ON DELETE CASCADE ON UPDATE CASCADE
) ENGINE=InnoDB AUTO_INCREMENT=32 DEFAULT CHARSET=utf8mb4 COLLATE=utf8mb4_unicode_ci;

-- Dumping data for table `branches`
INSERT INTO `branches` VALUES
('1', '236a9f36ba17de102192', '1', 'East Ryann', NULL, NULL, '0', '0', '0', '0', '0', '0', '0', '0', '1933 Trantow Ports\nNorth Maiya, IN 36181-1654', '2025-09-17 05:36:43', '2025-09-17 05:36:44', NULL, NULL),
('2', '9b88bdaaf32ff43b0efa', '1', 'Port Maudiemouth', NULL, NULL, '0', '0', '0', '0', '0', '0', '0', '0', '4839 Skiles Greens Apt. 934\nSouth Dorothy, HI 63471-6063', '2025-09-17 05:36:44', '2025-09-17 05:36:44', NULL, NULL),
('3', '44d04158af269bb0295f', '2', 'Kosi Road', NULL, NULL, '0', '0', '0', '0', '0', '0', '0', '0', 'Kosi Road', '2025-09-17 10:02:45', '2025-09-17 10:02:45', NULL, NULL),
('4', 'da13321c2c3594be0816', '3', 'Montreal Branch', NULL, NULL, '0', '0', '0', '0', '0', '0', '0', '0', '1250 Boul René Lévesque O Bur 2200 Montreal,Québec H3B 4W8Canada\n', '2025-09-20 12:56:44', '2025-09-20 12:56:44', NULL, NULL),
('5', '48928f740c3b5a40d588', '4', 'MESS ONE', NULL, NULL, '0', '0', '0', '0', '0', '0', '0', '0', 'IIM L MESS', '2025-10-07 15:00:09', '2025-10-07 19:16:36', '26.9405032', '80.8958627'),
('27', 'bff2acdc76d7c6af7a45', '26', 'sihdi', NULL, NULL, '0', '0', '0', '0', '0', '0', '0', '0', 'sector 7', '2025-11-07 17:23:03', '2025-11-07 17:23:03', NULL, NULL),
('28', 'b005b0960c9da17dc45c', '27', 'Dhaba', NULL, NULL, '0', '0', '0', '0', '0', '0', '0', '0', 'ssss', '2025-11-08 10:32:26', '2025-11-08 10:32:26', NULL, NULL),
('29', '6a1d7ccd7af2ddcbc0a5', '28', 'sgar', NULL, NULL, '0', '0', '0', '0', '0', '0', '0', '0', 'ssss', '2025-11-12 14:15:50', '2025-11-12 14:15:50', NULL, NULL),
('30', '8cfc726f9e2bcca25b5e', '29', 'sweet sweet', NULL, NULL, '0', '0', '0', '0', '0', '0', '0', '0', 'as', '2025-11-13 15:41:43', '2025-11-13 15:41:43', NULL, NULL),
('31', '79dd65dd83936e900954', '30', 'Testing', NULL, NULL, '0', '0', '0', '0', '0', '0', '0', '0', 'tttttt', '2025-11-15 07:46:25', '2025-11-15 07:46:25', NULL, NULL);


-- Table structure for table `cache`
CREATE TABLE `cache` (
  `key` varchar(191) NOT NULL,
  `value` mediumtext NOT NULL,
  `expiration` int(11) NOT NULL,
  PRIMARY KEY (`key`)
) ENGINE=InnoDB DEFAULT CHARSET=utf8mb4 COLLATE=utf8mb4_unicode_ci;


-- Table structure for table `cache_locks`
CREATE TABLE `cache_locks` (
  `key` varchar(191) NOT NULL,
  `owner` varchar(191) NOT NULL,
  `expiration` int(11) NOT NULL,
  PRIMARY KEY (`key`)
) ENGINE=InnoDB DEFAULT CHARSET=utf8mb4 COLLATE=utf8mb4_unicode_ci;


-- Table structure for table `cart_header_images`
CREATE TABLE `cart_header_images` (
  `id` bigint(20) unsigned NOT NULL AUTO_INCREMENT,
  `cart_header_setting_id` bigint(20) unsigned NOT NULL,
  `image_path` varchar(191) NOT NULL,
  `alt_text` varchar(191) DEFAULT NULL,
  `sort_order` int(11) NOT NULL DEFAULT 0,
  `created_at` timestamp NULL DEFAULT NULL,
  `updated_at` timestamp NULL DEFAULT NULL,
  PRIMARY KEY (`id`),
  KEY `cart_header_images_cart_header_setting_id_foreign` (`cart_header_setting_id`),
  CONSTRAINT `cart_header_images_cart_header_setting_id_foreign` FOREIGN KEY (`cart_header_setting_id`) REFERENCES `cart_header_settings` (`id`) ON DELETE CASCADE
) ENGINE=InnoDB DEFAULT CHARSET=utf8mb4 COLLATE=utf8mb4_unicode_ci;


-- Table structure for table `cart_header_settings`
CREATE TABLE `cart_header_settings` (
  `id` bigint(20) unsigned NOT NULL AUTO_INCREMENT,
  `restaurant_id` bigint(20) unsigned NOT NULL,
  `header_type` enum('text','image') NOT NULL DEFAULT 'text',
  `header_text` text DEFAULT NULL,
  `created_at` timestamp NULL DEFAULT NULL,
  `updated_at` timestamp NULL DEFAULT NULL,
  PRIMARY KEY (`id`),
  KEY `cart_header_settings_restaurant_id_foreign` (`restaurant_id`),
  CONSTRAINT `cart_header_settings_restaurant_id_foreign` FOREIGN KEY (`restaurant_id`) REFERENCES `restaurants` (`id`) ON DELETE CASCADE
) ENGINE=InnoDB AUTO_INCREMENT=4 DEFAULT CHARSET=utf8mb4 COLLATE=utf8mb4_unicode_ci;

-- Dumping data for table `cart_header_settings`
INSERT INTO `cart_header_settings` VALUES
('1', '1', 'text', 'Ready to Satisfy Your Cravings? Place Your Order Now!', '2025-09-17 06:06:31', '2025-09-17 06:06:31'),
('2', '4', 'text', 'Ready to Satisfy Your Cravings? Place Your Order', '2025-10-07 15:49:38', '2025-10-07 15:51:19'),
('3', '4', 'text', 'Pressure Is Temporary, Fooding is Permanent at HELL', '2025-10-07 15:50:37', '2025-10-07 15:50:37');


-- Table structure for table `cart_item_modifier_options`
CREATE TABLE `cart_item_modifier_options` (
  `id` bigint(20) unsigned NOT NULL AUTO_INCREMENT,
  `cart_item_id` bigint(20) unsigned DEFAULT NULL,
  `modifier_option_id` bigint(20) unsigned DEFAULT NULL,
  `created_at` timestamp NULL DEFAULT NULL,
  `updated_at` timestamp NULL DEFAULT NULL,
  PRIMARY KEY (`id`),
  KEY `cart_item_modifier_options_cart_item_id_foreign` (`cart_item_id`),
  KEY `cart_item_modifier_options_modifier_option_id_foreign` (`modifier_option_id`),
  CONSTRAINT `cart_item_modifier_options_cart_item_id_foreign` FOREIGN KEY (`cart_item_id`) REFERENCES `cart_items` (`id`) ON DELETE CASCADE,
  CONSTRAINT `cart_item_modifier_options_modifier_option_id_foreign` FOREIGN KEY (`modifier_option_id`) REFERENCES `modifier_options` (`id`) ON DELETE CASCADE
) ENGINE=InnoDB DEFAULT CHARSET=utf8mb4 COLLATE=utf8mb4_unicode_ci;


-- Table structure for table `cart_items`
CREATE TABLE `cart_items` (
  `id` bigint(20) unsigned NOT NULL AUTO_INCREMENT,
  `cart_session_id` bigint(20) unsigned DEFAULT NULL,
  `branch_id` bigint(20) unsigned DEFAULT NULL,
  `menu_item_id` bigint(20) unsigned DEFAULT NULL,
  `menu_item_variation_id` bigint(20) unsigned DEFAULT NULL,
  `quantity` int(11) NOT NULL,
  `price` decimal(16,2) NOT NULL,
  `amount` decimal(16,2) NOT NULL,
  `tax_amount` decimal(16,2) DEFAULT NULL,
  `tax_percentage` decimal(8,4) DEFAULT NULL,
  `tax_breakup` longtext CHARACTER SET utf8mb4 COLLATE utf8mb4_bin DEFAULT NULL CHECK (json_valid(`tax_breakup`)),
  `created_at` timestamp NULL DEFAULT NULL,
  `updated_at` timestamp NULL DEFAULT NULL,
  `kiosk_id` bigint(20) unsigned DEFAULT NULL,
  PRIMARY KEY (`id`),
  KEY `cart_items_cart_session_id_foreign` (`cart_session_id`),
  KEY `cart_items_branch_id_foreign` (`branch_id`),
  KEY `cart_items_menu_item_id_foreign` (`menu_item_id`),
  KEY `cart_items_menu_item_variation_id_foreign` (`menu_item_variation_id`),
  KEY `cart_items_kiosk_id_foreign` (`kiosk_id`),
  CONSTRAINT `cart_items_branch_id_foreign` FOREIGN KEY (`branch_id`) REFERENCES `branches` (`id`) ON DELETE CASCADE,
  CONSTRAINT `cart_items_cart_session_id_foreign` FOREIGN KEY (`cart_session_id`) REFERENCES `cart_sessions` (`id`) ON DELETE CASCADE,
  CONSTRAINT `cart_items_kiosk_id_foreign` FOREIGN KEY (`kiosk_id`) REFERENCES `kiosks` (`id`) ON DELETE CASCADE,
  CONSTRAINT `cart_items_menu_item_id_foreign` FOREIGN KEY (`menu_item_id`) REFERENCES `menu_items` (`id`) ON DELETE CASCADE,
  CONSTRAINT `cart_items_menu_item_variation_id_foreign` FOREIGN KEY (`menu_item_variation_id`) REFERENCES `menu_item_variations` (`id`) ON DELETE CASCADE
) ENGINE=InnoDB AUTO_INCREMENT=14 DEFAULT CHARSET=utf8mb4 COLLATE=utf8mb4_unicode_ci;

-- Dumping data for table `cart_items`
INSERT INTO `cart_items` VALUES
('1', '1', '3', '256', NULL, '2', '274.74', '549.48', NULL, NULL, NULL, '2025-09-28 12:21:26', '2025-09-28 12:21:26', NULL),
('2', '1', '3', '257', NULL, '6', '304.91', '1829.46', NULL, NULL, NULL, '2025-09-28 12:21:35', '2025-09-28 12:21:35', NULL),
('11', '7', '5', '503', '3', '1', '400.00', '400.00', NULL, NULL, NULL, '2025-10-24 08:14:53', '2025-10-24 08:14:53', NULL);


-- Table structure for table `cart_sessions`
CREATE TABLE `cart_sessions` (
  `id` bigint(20) unsigned NOT NULL AUTO_INCREMENT,
  `session_id` varchar(191) NOT NULL,
  `branch_id` bigint(20) unsigned DEFAULT NULL,
  `order_id` bigint(20) unsigned DEFAULT NULL,
  `order_type_id` bigint(20) unsigned DEFAULT NULL,
  `placed_via` enum('pos','shop','kiosk') DEFAULT NULL,
  `order_type` varchar(191) NOT NULL,
  `sub_total` decimal(16,2) NOT NULL,
  `total` decimal(16,2) NOT NULL,
  `total_tax_amount` decimal(16,2) NOT NULL DEFAULT 0.00,
  `tax_mode` enum('order','item') NOT NULL DEFAULT 'order',
  `created_at` timestamp NULL DEFAULT NULL,
  `updated_at` timestamp NULL DEFAULT NULL,
  `kiosk_id` bigint(20) unsigned DEFAULT NULL,
  PRIMARY KEY (`id`),
  KEY `cart_sessions_branch_id_foreign` (`branch_id`),
  KEY `cart_sessions_order_id_foreign` (`order_id`),
  KEY `cart_sessions_order_type_id_foreign` (`order_type_id`),
  KEY `cart_sessions_kiosk_id_foreign` (`kiosk_id`),
  CONSTRAINT `cart_sessions_branch_id_foreign` FOREIGN KEY (`branch_id`) REFERENCES `branches` (`id`) ON DELETE CASCADE,
  CONSTRAINT `cart_sessions_kiosk_id_foreign` FOREIGN KEY (`kiosk_id`) REFERENCES `kiosks` (`id`) ON DELETE CASCADE,
  CONSTRAINT `cart_sessions_order_id_foreign` FOREIGN KEY (`order_id`) REFERENCES `orders` (`id`) ON DELETE CASCADE,
  CONSTRAINT `cart_sessions_order_type_id_foreign` FOREIGN KEY (`order_type_id`) REFERENCES `order_types` (`id`) ON DELETE CASCADE
) ENGINE=InnoDB AUTO_INCREMENT=9 DEFAULT CHARSET=utf8mb4 COLLATE=utf8mb4_unicode_ci;

-- Dumping data for table `cart_sessions`
INSERT INTO `cart_sessions` VALUES
('1', 'za5x74tfqzhc6CM3oLo24xA4irflUO0wjdkwxG7F', '3', NULL, NULL, 'kiosk', 'dine_in', '2378.94', '2378.94', '0.00', 'order', '2025-09-28 12:21:21', '2025-09-28 12:21:35', NULL),
('2', '2YQc0bIxOl5BPijCYtmwI6GNIYi8NIi76jByR1G4', '5', NULL, NULL, 'kiosk', 'dine_in', '0.00', '0.00', '0.00', 'order', '2025-10-07 15:15:41', '2025-10-07 15:15:41', NULL),
('3', 'AM4EPSowLJmPrHesaGOn7XixUmnM5ZIEP5fxp38u', '5', NULL, NULL, 'kiosk', 'pickup', '0.00', '0.00', '0.00', 'order', '2025-10-15 12:35:28', '2025-10-15 12:38:16', NULL),
('4', 'U9z76XZVYSPdJvKnruxaQ35yokglsXAqkYpMBENX', '5', NULL, NULL, 'kiosk', 'pickup', '0.00', '0.00', '0.00', 'order', '2025-10-17 23:53:24', '2025-10-17 23:54:27', NULL),
('5', 'eOibUmASXipsbHN38sofrCw6brMloId5phX69tZu', '5', NULL, NULL, 'kiosk', 'pickup', '0.00', '0.00', '0.00', 'order', '2025-10-18 17:28:21', '2025-10-18 17:29:24', NULL),
('6', 'V2tFoo37ywpFQPqVS8VSf7wsqn9O4hrBhPAr1see', '5', NULL, NULL, 'kiosk', 'dine_in', '0.00', '0.00', '0.00', 'order', '2025-10-24 02:26:58', '2025-10-24 02:39:47', NULL),
('7', 'dVk3zTdxxCMzFqOe5T45Bupx1Gh6aSgFaeeB4YN2', '5', NULL, NULL, 'kiosk', 'dine_in', '400.00', '420.00', '20.00', 'order', '2025-10-24 08:14:47', '2025-10-24 08:14:53', NULL),
('8', 'YCEFJlVP4PJwQ0YJfWq7dFp5WSizY71VAmxTo3GT', '5', NULL, NULL, 'kiosk', 'dine_in', '0.00', '0.00', '0.00', 'order', '2025-10-24 15:19:07', '2025-10-24 15:19:40', NULL);


-- Table structure for table `cash_denominations`
CREATE TABLE `cash_denominations` (
  `id` bigint(20) unsigned NOT NULL AUTO_INCREMENT,
  `restaurant_id` bigint(20) unsigned DEFAULT NULL,
  `branch_id` bigint(20) unsigned DEFAULT NULL,
  `value` int(11) NOT NULL,
  `sort_order` int(11) NOT NULL DEFAULT 0,
  `is_active` tinyint(1) NOT NULL DEFAULT 1,
  `created_at` timestamp NULL DEFAULT NULL,
  `updated_at` timestamp NULL DEFAULT NULL,
  PRIMARY KEY (`id`)
) ENGINE=InnoDB DEFAULT CHARSET=utf8mb4 COLLATE=utf8mb4_unicode_ci;


-- Table structure for table `cash_register_approvals`
CREATE TABLE `cash_register_approvals` (
  `id` bigint(20) unsigned NOT NULL AUTO_INCREMENT,
  `cash_register_session_id` bigint(20) unsigned NOT NULL,
  `approved_by` bigint(20) unsigned NOT NULL,
  `approved_at` datetime NOT NULL,
  `manager_note` text DEFAULT NULL,
  `created_at` timestamp NULL DEFAULT NULL,
  `updated_at` timestamp NULL DEFAULT NULL,
  PRIMARY KEY (`id`)
) ENGINE=InnoDB DEFAULT CHARSET=utf8mb4 COLLATE=utf8mb4_unicode_ci;


-- Table structure for table `cash_register_counts`
CREATE TABLE `cash_register_counts` (
  `id` bigint(20) unsigned NOT NULL AUTO_INCREMENT,
  `cash_register_session_id` bigint(20) unsigned NOT NULL,
  `cash_denomination_id` bigint(20) unsigned NOT NULL,
  `count` int(11) NOT NULL DEFAULT 0,
  `subtotal` decimal(12,2) NOT NULL DEFAULT 0.00,
  `created_at` timestamp NULL DEFAULT NULL,
  `updated_at` timestamp NULL DEFAULT NULL,
  PRIMARY KEY (`id`)
) ENGINE=InnoDB AUTO_INCREMENT=12 DEFAULT CHARSET=utf8mb4 COLLATE=utf8mb4_unicode_ci;

-- Dumping data for table `cash_register_counts`
INSERT INTO `cash_register_counts` VALUES
('1', '1', '4', '5', '2500.00', '2025-10-17 23:57:43', '2025-10-17 23:57:43'),
('2', '1', '3', '20', '4000.00', '2025-10-17 23:57:43', '2025-10-17 23:57:43'),
('3', '1', '2', '10', '1000.00', '2025-10-17 23:57:43', '2025-10-17 23:57:43'),
('4', '1', '1', '20', '200.00', '2025-10-17 23:57:43', '2025-10-17 23:57:43'),
('5', '1', '4', '20', '10000.00', '2025-10-17 23:58:58', '2025-10-17 23:58:58'),
('6', '1', '3', '5', '1000.00', '2025-10-17 23:58:58', '2025-10-17 23:58:58'),
('7', '1', '2', '7', '700.00', '2025-10-17 23:58:58', '2025-10-17 23:58:58'),
('8', '2', '4', '2', '1000.00', '2025-10-18 00:01:10', '2025-10-18 00:01:10'),
('9', '2', '2', '1', '100.00', '2025-10-18 00:01:10', '2025-10-18 00:01:10'),
('10', '3', '4', '2', '1000.00', '2025-10-24 15:09:04', '2025-10-24 15:09:04'),
('11', '3', '3', '2', '400.00', '2025-10-24 15:09:04', '2025-10-24 15:09:04');


-- Table structure for table `cash_register_global_settings`
CREATE TABLE `cash_register_global_settings` (
  `id` bigint(20) unsigned NOT NULL AUTO_INCREMENT,
  `purchase_code` varchar(191) DEFAULT NULL,
  `supported_until` timestamp NULL DEFAULT NULL,
  `purchased_on` timestamp NULL DEFAULT NULL,
  `license_type` varchar(20) DEFAULT NULL,
  `notify_update` tinyint(1) NOT NULL DEFAULT 1,
  `created_at` timestamp NULL DEFAULT NULL,
  `updated_at` timestamp NULL DEFAULT NULL,
  PRIMARY KEY (`id`)
) ENGINE=InnoDB AUTO_INCREMENT=2 DEFAULT CHARSET=utf8mb4 COLLATE=utf8mb4_unicode_ci;

-- Dumping data for table `cash_register_global_settings`
INSERT INTO `cash_register_global_settings` VALUES
('1', '65100125-205d-420e-b03c-0faa1e6f02b9', '2026-04-16 03:07:13', NULL, NULL, '1', '2025-10-15 12:16:30', '2025-10-15 12:16:31');


-- Table structure for table `cash_register_sessions`
CREATE TABLE `cash_register_sessions` (
  `id` bigint(20) unsigned NOT NULL AUTO_INCREMENT,
  `cash_register_id` bigint(20) unsigned NOT NULL,
  `restaurant_id` bigint(20) unsigned NOT NULL,
  `branch_id` bigint(20) unsigned NOT NULL,
  `opened_by` bigint(20) unsigned NOT NULL,
  `opened_at` datetime NOT NULL,
  `opening_float` decimal(12,2) NOT NULL DEFAULT 0.00,
  `closed_by` bigint(20) unsigned DEFAULT NULL,
  `approved_by` bigint(20) unsigned DEFAULT NULL,
  `approved_at` datetime DEFAULT NULL,
  `closed_at` datetime DEFAULT NULL,
  `expected_cash` decimal(12,2) NOT NULL DEFAULT 0.00,
  `counted_cash` decimal(12,2) NOT NULL DEFAULT 0.00,
  `discrepancy` decimal(12,2) NOT NULL DEFAULT 0.00,
  `status` varchar(191) NOT NULL DEFAULT 'open',
  `closing_note` text DEFAULT NULL,
  `created_at` timestamp NULL DEFAULT NULL,
  `updated_at` timestamp NULL DEFAULT NULL,
  PRIMARY KEY (`id`)
) ENGINE=InnoDB AUTO_INCREMENT=4 DEFAULT CHARSET=utf8mb4 COLLATE=utf8mb4_unicode_ci;

-- Dumping data for table `cash_register_sessions`
INSERT INTO `cash_register_sessions` VALUES
('1', '1', '4', '5', '7', '2025-10-15 15:58:04', '10000.00', '7', '7', '2025-10-17 23:59:11', '2025-10-17 23:58:58', '11623.00', '11700.00', '77.00', 'closed', '', '2025-10-15 15:58:04', '2025-10-17 23:59:11'),
('2', '1', '4', '5', '7', '2025-10-17 23:59:32', '1000.00', '7', '7', '2025-10-18 00:01:15', '2025-10-18 00:01:10', '1100.00', '1100.00', '0.00', 'closed', '', '2025-10-17 23:59:32', '2025-10-18 00:01:15'),
('3', '1', '4', '5', '7', '2025-10-24 15:07:35', '1000.00', '7', '7', '2025-10-24 15:09:42', '2025-10-24 15:09:04', '1400.00', '1400.00', '0.00', 'closed', '', '2025-10-24 15:07:35', '2025-10-24 15:09:42');


-- Table structure for table `cash_register_settings`
CREATE TABLE `cash_register_settings` (
  `id` bigint(20) unsigned NOT NULL AUTO_INCREMENT,
  `restaurant_id` bigint(20) unsigned NOT NULL,
  `force_open_after_login` tinyint(1) NOT NULL DEFAULT 0,
  `force_open_roles` longtext CHARACTER SET utf8mb4 COLLATE utf8mb4_bin DEFAULT NULL CHECK (json_valid(`force_open_roles`)),
  `created_at` timestamp NULL DEFAULT NULL,
  `updated_at` timestamp NULL DEFAULT NULL,
  PRIMARY KEY (`id`),
  UNIQUE KEY `cash_register_settings_restaurant_id_unique` (`restaurant_id`),
  CONSTRAINT `cash_register_settings_restaurant_id_foreign` FOREIGN KEY (`restaurant_id`) REFERENCES `restaurants` (`id`) ON DELETE CASCADE
) ENGINE=InnoDB DEFAULT CHARSET=utf8mb4 COLLATE=utf8mb4_unicode_ci;


-- Table structure for table `cash_register_transactions`
CREATE TABLE `cash_register_transactions` (
  `id` bigint(20) unsigned NOT NULL AUTO_INCREMENT,
  `cash_register_session_id` bigint(20) unsigned NOT NULL,
  `restaurant_id` bigint(20) unsigned NOT NULL,
  `branch_id` bigint(20) unsigned NOT NULL,
  `order_id` bigint(20) unsigned DEFAULT NULL,
  `happened_at` datetime NOT NULL,
  `type` varchar(191) NOT NULL,
  `reference` varchar(191) DEFAULT NULL,
  `reason` varchar(191) DEFAULT NULL,
  `amount` decimal(12,2) NOT NULL,
  `currency_code` varchar(191) DEFAULT NULL,
  `running_amount` decimal(12,2) NOT NULL DEFAULT 0.00,
  `created_by` bigint(20) unsigned NOT NULL,
  `created_at` timestamp NULL DEFAULT NULL,
  `updated_at` timestamp NULL DEFAULT NULL,
  PRIMARY KEY (`id`),
  KEY `cash_register_transactions_order_id_index` (`order_id`)
) ENGINE=InnoDB AUTO_INCREMENT=13 DEFAULT CHARSET=utf8mb4 COLLATE=utf8mb4_unicode_ci;

-- Dumping data for table `cash_register_transactions`
INSERT INTO `cash_register_transactions` VALUES
('1', '1', '4', '5', NULL, '2025-10-15 15:58:25', 'cash_in', NULL, '', '10.00', NULL, '0.00', '7', '2025-10-15 15:58:25', '2025-10-15 15:58:25'),
('2', '1', '4', '5', NULL, '2025-10-15 15:58:34', 'safe_drop', NULL, '', '500.00', NULL, '0.00', '7', '2025-10-15 15:58:34', '2025-10-15 15:58:34'),
('5', '1', '4', '5', '36', '2025-10-17 23:50:31', 'cash_sale', '96f35b0e-4034-48a0-9a8f-53e2e2f44d96', 'POS cash sale', '409.50', NULL, '0.00', '7', '2025-10-17 23:49:25', '2025-10-17 23:50:31'),
('6', '1', '4', '5', '37', '2025-10-17 23:52:10', 'cash_sale', 'd977165d-cdb0-46a2-b0f7-28700d22200f', 'POS cash sale', '273.00', NULL, '0.00', '7', '2025-10-17 23:51:44', '2025-10-17 23:52:10'),
('7', '1', '4', '5', NULL, '2025-10-17 23:56:07', 'cash_in', NULL, '', '1000.00', NULL, '0.00', '7', '2025-10-17 23:56:07', '2025-10-17 23:56:07'),
('8', '2', '4', '5', NULL, '2025-10-17 23:59:52', 'cash_in', NULL, 'Mario Paid in Advance', '500.00', NULL, '0.00', '7', '2025-10-17 23:59:52', '2025-10-17 23:59:52'),
('9', '2', '4', '5', NULL, '2025-10-18 00:00:14', 'cash_out', NULL, 'Drawings for Personal Use', '100.00', NULL, '0.00', '7', '2025-10-18 00:00:14', '2025-10-18 00:00:14'),
('10', '2', '4', '5', NULL, '2025-10-18 00:00:33', 'safe_drop', NULL, 'For School Fee of Anmol', '300.00', NULL, '0.00', '7', '2025-10-18 00:00:33', '2025-10-18 00:00:33'),
('11', '3', '4', '5', NULL, '2025-10-24 15:08:12', 'cash_in', NULL, 'Paid by anmol for last day order', '500.00', NULL, '0.00', '7', '2025-10-24 15:08:12', '2025-10-24 15:08:12'),
('12', '3', '4', '5', NULL, '2025-10-24 15:08:29', 'cash_out', NULL, 'Drawings for personal use', '100.00', NULL, '0.00', '7', '2025-10-24 15:08:29', '2025-10-24 15:08:29');


-- Table structure for table `cash_registers`
CREATE TABLE `cash_registers` (
  `id` bigint(20) unsigned NOT NULL AUTO_INCREMENT,
  `restaurant_id` bigint(20) unsigned NOT NULL,
  `branch_id` bigint(20) unsigned NOT NULL,
  `name` varchar(191) NOT NULL,
  `is_active` tinyint(1) NOT NULL DEFAULT 1,
  `created_at` timestamp NULL DEFAULT NULL,
  `updated_at` timestamp NULL DEFAULT NULL,
  PRIMARY KEY (`id`)
) ENGINE=InnoDB AUTO_INCREMENT=2 DEFAULT CHARSET=utf8mb4 COLLATE=utf8mb4_unicode_ci;

-- Dumping data for table `cash_registers`
INSERT INTO `cash_registers` VALUES
('1', '4', '5', 'Default Register', '1', '2025-10-15 15:49:47', '2025-10-15 15:49:47');


-- Table structure for table `contacts`
CREATE TABLE `contacts` (
  `id` bigint(20) unsigned NOT NULL AUTO_INCREMENT,
  `language_setting_id` bigint(20) unsigned DEFAULT NULL,
  `email` varchar(191) DEFAULT NULL,
  `contact_company` varchar(191) DEFAULT NULL,
  `image` varchar(200) DEFAULT NULL,
  `address` text DEFAULT NULL,
  `created_at` timestamp NULL DEFAULT NULL,
  `updated_at` timestamp NULL DEFAULT NULL,
  PRIMARY KEY (`id`),
  KEY `contacts_language_setting_id_foreign` (`language_setting_id`),
  CONSTRAINT `contacts_language_setting_id_foreign` FOREIGN KEY (`language_setting_id`) REFERENCES `language_settings` (`id`) ON DELETE CASCADE ON UPDATE CASCADE
) ENGINE=InnoDB AUTO_INCREMENT=2 DEFAULT CHARSET=utf8mb4 COLLATE=utf8mb4_unicode_ci;

-- Dumping data for table `contacts`
INSERT INTO `contacts` VALUES
('1', '1', 'support@example.com', 'Bond Hobbs Inc', NULL, '957 Jamie Station, Lamontborough, SD 27319-9459', '2025-09-17 05:36:44', '2025-09-17 05:36:44');


-- Table structure for table `countries`
CREATE TABLE `countries` (
  `id` bigint(20) unsigned NOT NULL AUTO_INCREMENT,
  `countries_code` char(2) NOT NULL,
  `countries_name` varchar(191) NOT NULL,
  `phonecode` varchar(191) NOT NULL,
  PRIMARY KEY (`id`),
  KEY `countries_countries_code_index` (`countries_code`)
) ENGINE=InnoDB AUTO_INCREMENT=250 DEFAULT CHARSET=utf8mb4 COLLATE=utf8mb4_unicode_ci;

-- Dumping data for table `countries`
INSERT INTO `countries` VALUES
('1', 'AF', 'Afghanistan', '93'),
('2', 'AX', 'Åland Islands', '358'),
('3', 'AL', 'Albania', '355'),
('4', 'DZ', 'Algeria', '213'),
('5', 'AS', 'American Samoa', '1684'),
('6', 'AD', 'Andorra', '376'),
('7', 'AO', 'Angola', '244'),
('8', 'AI', 'Anguilla', '1264'),
('9', 'AQ', 'Antarctica', '0'),
('10', 'AG', 'Antigua and Barbuda', '1268'),
('11', 'AR', 'Argentina', '54'),
('12', 'AM', 'Armenia', '374'),
('13', 'AW', 'Aruba', '297'),
('14', 'AU', 'Australia', '61'),
('15', 'AT', 'Austria', '43'),
('16', 'AZ', 'Azerbaijan', '994'),
('17', 'BS', 'Bahamas', '1242'),
('18', 'BH', 'Bahrain', '973'),
('19', 'BD', 'Bangladesh', '880'),
('20', 'BB', 'Barbados', '1246'),
('21', 'BY', 'Belarus', '375'),
('22', 'BE', 'Belgium', '32'),
('23', 'BZ', 'Belize', '501'),
('24', 'BJ', 'Benin', '229'),
('25', 'BM', 'Bermuda', '1441'),
('26', 'BT', 'Bhutan', '975'),
('27', 'BO', 'Bolivia, Plurinational State of', '591'),
('28', 'BQ', 'Bonaire, Sint Eustatius and Saba', '599'),
('29', 'BA', 'Bosnia and Herzegovina', '387'),
('30', 'BW', 'Botswana', '267'),
('31', 'BV', 'Bouvet Island', '0'),
('32', 'BR', 'Brazil', '55'),
('33', 'IO', 'British Indian Ocean Territory', '246'),
('34', 'BN', 'Brunei Darussalam', '673'),
('35', 'BG', 'Bulgaria', '359'),
('36', 'BF', 'Burkina Faso', '226'),
('37', 'BI', 'Burundi', '257'),
('38', 'KH', 'Cambodia', '855'),
('39', 'CM', 'Cameroon', '237'),
('40', 'CA', 'Canada', '1'),
('41', 'CV', 'Cape Verde', '238'),
('42', 'KY', 'Cayman Islands', '1345'),
('43', 'CF', 'Central African Republic', '236'),
('44', 'TD', 'Chad', '235'),
('45', 'CL', 'Chile', '56'),
('46', 'CN', 'China', '86'),
('47', 'CX', 'Christmas Island', '61'),
('48', 'CC', 'Cocos (Keeling) Islands', '672'),
('49', 'CO', 'Colombia', '57'),
('50', 'KM', 'Comoros', '269'),
('51', 'CG', 'Congo', '242'),
('52', 'CD', 'Congo, the Democratic Republic of the', '242'),
('53', 'CK', 'Cook Islands', '682'),
('54', 'CR', 'Costa Rica', '506'),
('55', 'CI', 'Côte d\'Ivoire', '225'),
('56', 'HR', 'Croatia', '385'),
('57', 'CU', 'Cuba', '53'),
('58', 'CW', 'Curaçao', '599'),
('59', 'CY', 'Cyprus', '357'),
('60', 'CZ', 'Czech Republic', '420'),
('61', 'DK', 'Denmark', '45'),
('62', 'DJ', 'Djibouti', '253'),
('63', 'DM', 'Dominica', '1767'),
('64', 'DO', 'Dominican Republic', '1809'),
('65', 'EC', 'Ecuador', '593'),
('66', 'EG', 'Egypt', '20'),
('67', 'SV', 'El Salvador', '503'),
('68', 'GQ', 'Equatorial Guinea', '240'),
('69', 'ER', 'Eritrea', '291'),
('70', 'EE', 'Estonia', '372'),
('71', 'ET', 'Ethiopia', '251'),
('72', 'FK', 'Falkland Islands (Malvinas)', '500'),
('73', 'FO', 'Faroe Islands', '298'),
('74', 'FJ', 'Fiji', '679'),
('75', 'FI', 'Finland', '358'),
('76', 'FR', 'France', '33'),
('77', 'GF', 'French Guiana', '594'),
('78', 'PF', 'French Polynesia', '689'),
('79', 'TF', 'French Southern Territories', '0'),
('80', 'GA', 'Gabon', '241'),
('81', 'GM', 'Gambia', '220'),
('82', 'GE', 'Georgia', '995'),
('83', 'DE', 'Germany', '49'),
('84', 'GH', 'Ghana', '233'),
('85', 'GI', 'Gibraltar', '350'),
('86', 'GR', 'Greece', '30'),
('87', 'GL', 'Greenland', '299'),
('88', 'GD', 'Grenada', '1473'),
('89', 'GP', 'Guadeloupe', '590'),
('90', 'GU', 'Guam', '1671'),
('91', 'GT', 'Guatemala', '502'),
('92', 'GG', 'Guernsey', '44'),
('93', 'GN', 'Guinea', '224'),
('94', 'GW', 'Guinea-Bissau', '245'),
('95', 'GY', 'Guyana', '592'),
('96', 'HT', 'Haiti', '509'),
('97', 'HM', 'Heard Island and McDonald Islands', '0'),
('98', 'VA', 'Holy See (Vatican City State)', '39'),
('99', 'HN', 'Honduras', '504'),
('100', 'HK', 'Hong Kong', '852'),
('101', 'HU', 'Hungary', '36'),
('102', 'IS', 'Iceland', '354'),
('103', 'IN', 'India', '91'),
('104', 'ID', 'Indonesia', '62'),
('105', 'IR', 'Iran, Islamic Republic of', '98'),
('106', 'IQ', 'Iraq', '964'),
('107', 'IE', 'Ireland', '353'),
('108', 'IM', 'Isle of Man', '44'),
('109', 'IL', 'Israel', '972'),
('110', 'IT', 'Italy', '39'),
('111', 'JM', 'Jamaica', '1876'),
('112', 'JP', 'Japan', '81'),
('113', 'JE', 'Jersey', '44'),
('114', 'JO', 'Jordan', '962'),
('115', 'KZ', 'Kazakhstan', '7'),
('116', 'KE', 'Kenya', '254'),
('117', 'KI', 'Kiribati', '686'),
('118', 'KP', 'Korea, Democratic People\'s Republic of', '850'),
('119', 'KR', 'Korea, Republic of', '82'),
('120', 'KW', 'Kuwait', '965'),
('121', 'KG', 'Kyrgyzstan', '996'),
('122', 'LA', 'Lao People\'s Democratic Republic', '856'),
('123', 'LV', 'Latvia', '371'),
('124', 'LB', 'Lebanon', '961'),
('125', 'LS', 'Lesotho', '266'),
('126', 'LR', 'Liberia', '231'),
('127', 'LY', 'Libya', '218'),
('128', 'LI', 'Liechtenstein', '423'),
('129', 'LT', 'Lithuania', '370'),
('130', 'LU', 'Luxembourg', '352'),
('131', 'MO', 'Macao', '853'),
('132', 'MK', 'Macedonia, the Former Yugoslav Republic of', '389'),
('133', 'MG', 'Madagascar', '261'),
('134', 'MW', 'Malawi', '265'),
('135', 'MY', 'Malaysia', '60'),
('136', 'MV', 'Maldives', '960'),
('137', 'ML', 'Mali', '223'),
('138', 'MT', 'Malta', '356'),
('139', 'MH', 'Marshall Islands', '692'),
('140', 'MQ', 'Martinique', '596'),
('141', 'MR', 'Mauritania', '222'),
('142', 'MU', 'Mauritius', '230'),
('143', 'YT', 'Mayotte', '269'),
('144', 'MX', 'Mexico', '52'),
('145', 'FM', 'Micronesia, Federated States of', '691'),
('146', 'MD', 'Moldova, Republic of', '373'),
('147', 'MC', 'Monaco', '377'),
('148', 'MN', 'Mongolia', '976'),
('149', 'ME', 'Montenegro', '382'),
('150', 'MS', 'Montserrat', '1664'),
('151', 'MA', 'Morocco', '212'),
('152', 'MZ', 'Mozambique', '258'),
('153', 'MM', 'Myanmar', '95'),
('154', 'NA', 'Namibia', '264'),
('155', 'NR', 'Nauru', '674'),
('156', 'NP', 'Nepal', '977'),
('157', 'NL', 'Netherlands', '31'),
('158', 'NC', 'New Caledonia', '687'),
('159', 'NZ', 'New Zealand', '64'),
('160', 'NI', 'Nicaragua', '505'),
('161', 'NE', 'Niger', '227'),
('162', 'NG', 'Nigeria', '234'),
('163', 'NU', 'Niue', '683'),
('164', 'NF', 'Norfolk Island', '672'),
('165', 'MP', 'Northern Mariana Islands', '1670'),
('166', 'NO', 'Norway', '47'),
('167', 'OM', 'Oman', '968'),
('168', 'PK', 'Pakistan', '92'),
('169', 'PW', 'Palau', '680'),
('170', 'PS', 'Palestine, State of', '970'),
('171', 'PA', 'Panama', '507'),
('172', 'PG', 'Papua New Guinea', '675'),
('173', 'PY', 'Paraguay', '595'),
('174', 'PE', 'Peru', '51'),
('175', 'PH', 'Philippines', '63'),
('176', 'PN', 'Pitcairn', '0'),
('177', 'PL', 'Poland', '48'),
('178', 'PT', 'Portugal', '351'),
('179', 'PR', 'Puerto Rico', '1787'),
('180', 'QA', 'Qatar', '974'),
('181', 'RE', 'Réunion', '262'),
('182', 'RO', 'Romania', '40'),
('183', 'RU', 'Russian Federation', '7'),
('184', 'RW', 'Rwanda', '250'),
('185', 'BL', 'Saint Barthélemy', '590'),
('186', 'SH', 'Saint Helena, Ascension and Tristan da Cunha', '290'),
('187', 'KN', 'Saint Kitts and Nevis', '1869'),
('188', 'LC', 'Saint Lucia', '1758'),
('189', 'MF', 'Saint Martin (French part)', '590'),
('190', 'PM', 'Saint Pierre and Miquelon', '508'),
('191', 'VC', 'Saint Vincent and the Grenadines', '1784'),
('192', 'WS', 'Samoa', '684'),
('193', 'SM', 'San Marino', '378'),
('194', 'ST', 'Sao Tome and Principe', '239'),
('195', 'SA', 'Saudi Arabia', '966'),
('196', 'SN', 'Senegal', '221'),
('197', 'RS', 'Serbia', '381'),
('198', 'SC', 'Seychelles', '248'),
('199', 'SL', 'Sierra Leone', '232'),
('200', 'SG', 'Singapore', '65'),
('201', 'SX', 'Sint Maarten (Dutch part)', '1'),
('202', 'SK', 'Slovakia', '421'),
('203', 'SI', 'Slovenia', '386'),
('204', 'SB', 'Solomon Islands', '677'),
('205', 'SO', 'Somalia', '252'),
('206', 'ZA', 'South Africa', '27'),
('207', 'GS', 'South Georgia and the South Sandwich Islands', '0'),
('208', 'SS', 'South Sudan', '211'),
('209', 'ES', 'Spain', '34'),
('210', 'LK', 'Sri Lanka', '94'),
('211', 'SD', 'Sudan', '249'),
('212', 'SR', 'Suriname', '597'),
('213', 'SJ', 'Svalbard and Jan Mayen', '47'),
('214', 'SZ', 'Swaziland', '268'),
('215', 'SE', 'Sweden', '46'),
('216', 'CH', 'Switzerland', '41'),
('217', 'SY', 'Syrian Arab Republic', '963'),
('218', 'TW', 'Taiwan, Province of China', '886'),
('219', 'TJ', 'Tajikistan', '992'),
('220', 'TZ', 'Tanzania, United Republic of', '255'),
('221', 'TH', 'Thailand', '66'),
('222', 'TL', 'Timor-Leste', '670'),
('223', 'TG', 'Togo', '228'),
('224', 'TK', 'Tokelau', '690'),
('225', 'TO', 'Tonga', '676'),
('226', 'TT', 'Trinidad and Tobago', '1868'),
('227', 'TN', 'Tunisia', '216'),
('228', 'TR', 'Turkey', '90'),
('229', 'TM', 'Turkmenistan', '7370'),
('230', 'TC', 'Turks and Caicos Islands', '1649'),
('231', 'TV', 'Tuvalu', '688'),
('232', 'UG', 'Uganda', '256'),
('233', 'UA', 'Ukraine', '380'),
('234', 'AE', 'United Arab Emirates', '971'),
('235', 'GB', 'United Kingdom', '44'),
('236', 'US', 'United States', '1'),
('237', 'UM', 'United States Minor Outlying Islands', '1'),
('238', 'UY', 'Uruguay', '598'),
('239', 'UZ', 'Uzbekistan', '998'),
('240', 'VU', 'Vanuatu', '678'),
('241', 'VE', 'Venezuela, Bolivarian Republic of', '58'),
('242', 'VN', 'Viet Nam', '84'),
('243', 'VG', 'Virgin Islands, British', '1284'),
('244', 'VI', 'Virgin Islands, U.S.', '1340'),
('245', 'WF', 'Wallis and Futuna', '681'),
('246', 'EH', 'Western Sahara', '212'),
('247', 'YE', 'Yemen', '967'),
('248', 'ZM', 'Zambia', '260'),
('249', 'ZW', 'Zimbabwe', '263');


-- Table structure for table `currencies`
CREATE TABLE `currencies` (
  `id` bigint(20) unsigned NOT NULL AUTO_INCREMENT,
  `restaurant_id` bigint(20) unsigned DEFAULT NULL,
  `currency_name` varchar(191) NOT NULL,
  `currency_code` varchar(191) NOT NULL,
  `currency_symbol` varchar(191) NOT NULL,
  `currency_position` enum('left','right','left_with_space','right_with_space') NOT NULL DEFAULT 'left',
  `no_of_decimal` int(10) unsigned NOT NULL DEFAULT 2,
  `thousand_separator` varchar(191) DEFAULT ',',
  `decimal_separator` varchar(191) DEFAULT '.',
  `exchange_rate` decimal(16,2) DEFAULT NULL,
  `usd_price` decimal(16,2) DEFAULT NULL,
  `is_cryptocurrency` enum('yes','no') NOT NULL DEFAULT 'no',
  PRIMARY KEY (`id`),
  KEY `currencies_restaurant_id_foreign` (`restaurant_id`),
  CONSTRAINT `currencies_restaurant_id_foreign` FOREIGN KEY (`restaurant_id`) REFERENCES `restaurants` (`id`) ON DELETE CASCADE ON UPDATE CASCADE
) ENGINE=InnoDB AUTO_INCREMENT=150 DEFAULT CHARSET=utf8mb4 COLLATE=utf8mb4_unicode_ci;

-- Dumping data for table `currencies`
INSERT INTO `currencies` VALUES
('1', '1', 'Dollars', 'USD', '$', 'left', '2', ',', '.', NULL, NULL, 'no'),
('2', '1', 'Rupee', 'INR', '₹', 'left', '2', ',', '.', NULL, NULL, 'no'),
('3', '1', 'Pounds', 'GBP', '£', 'left', '2', ',', '.', NULL, NULL, 'no'),
('4', '1', 'Euros', 'EUR', '€', 'left', '2', ',', '.', NULL, NULL, 'no'),
('5', '2', 'US Dollars', 'USD', '$', 'left', '2', ',', '.', NULL, NULL, 'no'),
('6', '2', 'Rupee', 'INR', '₹', 'left', '2', ',', '.', NULL, NULL, 'no'),
('7', '2', 'Pounds', 'GBP', '£', 'left', '2', ',', '.', NULL, NULL, 'no'),
('8', '2', 'Euros', 'EUR', '€', 'left', '2', ',', '.', NULL, NULL, 'no'),
('9', '2', 'Canadian Dollar', 'CAD', '$', 'left', '2', ',', '.', NULL, NULL, 'no'),
('10', '3', 'US Dollars', 'USD', '$', 'left', '2', ',', '.', NULL, NULL, 'no'),
('11', '3', 'Rupee', 'INR', '₹', 'left', '2', ',', '.', NULL, NULL, 'no'),
('12', '3', 'Pounds', 'GBP', '£', 'left', '2', ',', '.', NULL, NULL, 'no'),
('13', '3', 'Euros', 'EUR', '€', 'left', '2', ',', '.', NULL, NULL, 'no'),
('14', '3', 'Canadian Dollar', 'CAD', '$', 'left', '2', ',', '.', NULL, NULL, 'no'),
('15', '4', 'US Dollars', 'USD', '$', 'left', '2', ',', '.', NULL, NULL, 'no'),
('16', '4', 'Indian Rupee', 'INR', '₹', 'left', '2', ',', '.', NULL, NULL, 'no'),
('17', '4', 'Pounds', 'GBP', '£', 'left', '2', ',', '.', NULL, NULL, 'no'),
('18', '4', 'Euros', 'EUR', '€', 'left', '2', ',', '.', NULL, NULL, 'no'),
('19', '4', 'Canadian Dollar', 'CAD', '$', 'left', '2', ',', '.', NULL, NULL, 'no'),
('125', '26', 'US Dollars', 'USD', '$', 'left', '2', ',', '.', NULL, NULL, 'no'),
('126', '26', 'Indian Rupee', 'INR', '₹', 'left', '2', ',', '.', NULL, NULL, 'no'),
('127', '26', 'Pounds', 'GBP', '£', 'left', '2', ',', '.', NULL, NULL, 'no'),
('128', '26', 'Euros', 'EUR', '€', 'left', '2', ',', '.', NULL, NULL, 'no'),
('129', '26', 'Canadian Dollar', 'CAD', '$', 'left', '2', ',', '.', NULL, NULL, 'no'),
('130', '27', 'US Dollars', 'USD', '$', 'left', '2', ',', '.', NULL, NULL, 'no'),
('131', '27', 'Indian Rupee', 'INR', '₹', 'left', '2', ',', '.', NULL, NULL, 'no'),
('132', '27', 'Pounds', 'GBP', '£', 'left', '2', ',', '.', NULL, NULL, 'no'),
('133', '27', 'Euros', 'EUR', '€', 'left', '2', ',', '.', NULL, NULL, 'no'),
('134', '27', 'Canadian Dollar', 'CAD', '$', 'left', '2', ',', '.', NULL, NULL, 'no'),
('135', '28', 'US Dollars', 'USD', '$', 'left', '2', ',', '.', NULL, NULL, 'no'),
('136', '28', 'Indian Rupee', 'INR', '₹', 'left', '2', ',', '.', NULL, NULL, 'no'),
('137', '28', 'Pounds', 'GBP', '£', 'left', '2', ',', '.', NULL, NULL, 'no'),
('138', '28', 'Euros', 'EUR', '€', 'left', '2', ',', '.', NULL, NULL, 'no'),
('139', '28', 'Canadian Dollar', 'CAD', '$', 'left', '2', ',', '.', NULL, NULL, 'no'),
('140', '29', 'US Dollars', 'USD', '$', 'left', '2', ',', '.', NULL, NULL, 'no'),
('141', '29', 'Indian Rupee', 'INR', '₹', 'left', '2', ',', '.', NULL, NULL, 'no'),
('142', '29', 'Pounds', 'GBP', '£', 'left', '2', ',', '.', NULL, NULL, 'no'),
('143', '29', 'Euros', 'EUR', '€', 'left', '2', ',', '.', NULL, NULL, 'no'),
('144', '29', 'Canadian Dollar', 'CAD', '$', 'left', '2', ',', '.', NULL, NULL, 'no'),
('145', '30', 'US Dollars', 'USD', '$', 'left', '2', ',', '.', NULL, NULL, 'no'),
('146', '30', 'Indian Rupee', 'INR', '₹', 'left', '2', ',', '.', NULL, NULL, 'no'),
('147', '30', 'Pounds', 'GBP', '£', 'left', '2', ',', '.', NULL, NULL, 'no'),
('148', '30', 'Euros', 'EUR', '€', 'left', '2', ',', '.', NULL, NULL, 'no'),
('149', '30', 'Canadian Dollar', 'CAD', '$', 'left', '2', ',', '.', NULL, NULL, 'no');


-- Table structure for table `custom_menus`
CREATE TABLE `custom_menus` (
  `id` bigint(20) unsigned NOT NULL AUTO_INCREMENT,
  `menu_name` varchar(191) NOT NULL,
  `menu_slug` varchar(191) NOT NULL,
  `menu_content` longtext DEFAULT NULL,
  `is_active` tinyint(1) NOT NULL DEFAULT 1,
  `position` enum('header','footer') NOT NULL DEFAULT 'header',
  `sort_order` int(11) NOT NULL DEFAULT 0,
  `created_at` timestamp NULL DEFAULT NULL,
  `updated_at` timestamp NULL DEFAULT NULL,
  PRIMARY KEY (`id`),
  UNIQUE KEY `custom_menus_menu_slug_unique` (`menu_slug`)
) ENGINE=InnoDB DEFAULT CHARSET=utf8mb4 COLLATE=utf8mb4_unicode_ci;


-- Table structure for table `customer_addresses`
CREATE TABLE `customer_addresses` (
  `id` bigint(20) unsigned NOT NULL AUTO_INCREMENT,
  `customer_id` bigint(20) unsigned DEFAULT NULL,
  `label` varchar(191) DEFAULT NULL,
  `address` text DEFAULT NULL,
  `lat` decimal(10,7) DEFAULT NULL,
  `lng` decimal(10,7) DEFAULT NULL,
  `created_at` timestamp NULL DEFAULT NULL,
  `updated_at` timestamp NULL DEFAULT NULL,
  PRIMARY KEY (`id`),
  KEY `customer_addresses_customer_id_foreign` (`customer_id`),
  CONSTRAINT `customer_addresses_customer_id_foreign` FOREIGN KEY (`customer_id`) REFERENCES `customers` (`id`) ON DELETE CASCADE ON UPDATE CASCADE
) ENGINE=InnoDB DEFAULT CHARSET=utf8mb4 COLLATE=utf8mb4_unicode_ci;


-- Table structure for table `customers`
CREATE TABLE `customers` (
  `id` bigint(20) unsigned NOT NULL AUTO_INCREMENT,
  `restaurant_id` bigint(20) unsigned DEFAULT NULL,
  `name` varchar(191) DEFAULT NULL,
  `phone` varchar(191) DEFAULT NULL,
  `phone_code` varchar(191) DEFAULT NULL,
  `email` varchar(191) DEFAULT NULL,
  `email_otp` varchar(191) DEFAULT NULL,
  `created_at` timestamp NULL DEFAULT NULL,
  `updated_at` timestamp NULL DEFAULT NULL,
  `delivery_address` text DEFAULT NULL,
  PRIMARY KEY (`id`),
  UNIQUE KEY `customers_email_unique` (`email`),
  KEY `customers_restaurant_id_foreign` (`restaurant_id`),
  CONSTRAINT `customers_restaurant_id_foreign` FOREIGN KEY (`restaurant_id`) REFERENCES `restaurants` (`id`) ON DELETE CASCADE ON UPDATE CASCADE
) ENGINE=InnoDB AUTO_INCREMENT=5 DEFAULT CHARSET=utf8mb4 COLLATE=utf8mb4_unicode_ci;

-- Dumping data for table `customers`
INSERT INTO `customers` VALUES
('1', '4', 'Anmol Agarwal', '8077708564', '91', 'agarwalanmol301@gmail.com', '764643', '2025-09-20 13:00:43', '2025-10-31 14:51:56', 'Bambagher, Ramnagar-244715, Uttarkhand'),
('2', '4', 'Atish ', '7018146782', '91', 'atish.net@gmail.com', '513119', '2025-10-08 10:33:13', '2025-11-16 16:16:30', 'WVRW+36, Sadabahar Colony, Mubarakpur, Lucknow, Uttar Pradesh 226013, India'),
('3', '4', 'Anmol', '8077708564', NULL, NULL, NULL, '2025-10-15 12:35:45', '2025-10-15 12:35:45', NULL),
('4', '4', NULL, NULL, NULL, 'devlsksp@gmail.com', '867521', '2025-10-31 13:49:21', '2025-10-31 13:49:21', NULL);


-- Table structure for table `database_backup_settings`
CREATE TABLE `database_backup_settings` (
  `id` bigint(20) unsigned NOT NULL AUTO_INCREMENT,
  `license_type` varchar(20) DEFAULT NULL,
  `purchase_code` varchar(191) DEFAULT NULL,
  `purchased_on` timestamp NULL DEFAULT NULL,
  `supported_until` timestamp NULL DEFAULT NULL,
  `notify_update` tinyint(1) NOT NULL DEFAULT 1,
  `is_enabled` tinyint(1) NOT NULL DEFAULT 0,
  `frequency` enum('daily','weekly','monthly') NOT NULL DEFAULT 'daily',
  `backup_time` time NOT NULL DEFAULT '02:00:00',
  `retention_days` int(11) NOT NULL DEFAULT 30,
  `max_backups` int(11) NOT NULL DEFAULT 10,
  `include_files` tinyint(1) NOT NULL DEFAULT 0,
  `include_modules` tinyint(1) NOT NULL DEFAULT 0,
  `storage_location` enum('local','storage_setting') NOT NULL DEFAULT 'local',
  `storage_config` longtext CHARACTER SET utf8mb4 COLLATE utf8mb4_bin DEFAULT NULL CHECK (json_valid(`storage_config`)),
  `created_at` timestamp NULL DEFAULT NULL,
  `updated_at` timestamp NULL DEFAULT NULL,
  PRIMARY KEY (`id`)
) ENGINE=InnoDB AUTO_INCREMENT=2 DEFAULT CHARSET=utf8mb4 COLLATE=utf8mb4_unicode_ci;

-- Dumping data for table `database_backup_settings`
INSERT INTO `database_backup_settings` VALUES
('1', NULL, NULL, NULL, NULL, '1', '1', 'daily', '02:00:00', '180', '10', '1', '1', 'storage_setting', '{\"filesystem\":\"wasabi\",\"auth_keys\":{\"driver\":\"s3\",\"access_key\":\"MLB2O84AO2WEMN4EU8N6\",\"secret_key\":\"O1trSCPlnClNcozZXzmj5XZEAKAgYe3s06ltibog\",\"region\":\"ca-central-1\",\"bucket\":\"ewiidine\"},\"status\":\"enabled\"}', '2025-09-17 05:48:02', '2025-10-16 12:09:05');


-- Table structure for table `database_backups`
CREATE TABLE `database_backups` (
  `id` bigint(20) unsigned NOT NULL AUTO_INCREMENT,
  `filename` varchar(191) NOT NULL,
  `file_path` varchar(191) NOT NULL,
  `file_size` varchar(191) DEFAULT NULL,
  `status` enum('completed','failed','in_progress') NOT NULL DEFAULT 'in_progress',
  `error_message` text DEFAULT NULL,
  `backup_type` enum('manual','scheduled') NOT NULL DEFAULT 'manual',
  `version` varchar(191) DEFAULT NULL,
  `stored_on` varchar(191) NOT NULL DEFAULT 'local',
  `completed_at` timestamp NULL DEFAULT NULL,
  `created_at` timestamp NULL DEFAULT NULL,
  `updated_at` timestamp NULL DEFAULT NULL,
  PRIMARY KEY (`id`)
) ENGINE=InnoDB AUTO_INCREMENT=41 DEFAULT CHARSET=utf8mb4 COLLATE=utf8mb4_unicode_ci;

-- Dumping data for table `database_backups`
INSERT INTO `database_backups` VALUES
('30', 'combined_backup_v1.2.54_2025-11-07_02-00-17.tar.gz', 'backups/combined_backup_v1.2.54_2025-11-07_02-00-17.tar.gz', '67315882', 'completed', NULL, 'scheduled', '1.2.54', 'wasabi', '2025-11-07 02:00:22', '2025-11-07 02:00:02', '2025-11-07 02:00:22'),
('31', 'combined_backup_v1.2.54_2025-11-08_02-00-17.tar.gz', 'backups/combined_backup_v1.2.54_2025-11-08_02-00-17.tar.gz', '66782105', 'completed', NULL, 'scheduled', '1.2.54', 'wasabi', '2025-11-08 02:00:22', '2025-11-08 02:00:01', '2025-11-08 02:00:22'),
('32', 'combined_backup_v1.2.54_2025-11-09_02-00-17.tar.gz', 'backups/combined_backup_v1.2.54_2025-11-09_02-00-17.tar.gz', '69215461', 'completed', NULL, 'scheduled', '1.2.54', 'wasabi', '2025-11-09 02:00:23', '2025-11-09 02:00:02', '2025-11-09 02:00:23'),
('33', 'combined_backup_v1.2.54_2025-11-10_02-00-17.tar.gz', 'backups/combined_backup_v1.2.54_2025-11-10_02-00-17.tar.gz', '69185320', 'completed', NULL, 'scheduled', '1.2.54', 'wasabi', '2025-11-10 02:00:21', '2025-11-10 02:00:02', '2025-11-10 02:00:21'),
('34', 'combined_backup_v1.2.54_2025-11-11_02-00-18.tar.gz', 'backups/combined_backup_v1.2.54_2025-11-11_02-00-18.tar.gz', '69186103', 'completed', NULL, 'scheduled', '1.2.54', 'wasabi', '2025-11-11 02:00:21', '2025-11-11 02:00:02', '2025-11-11 02:00:21'),
('35', 'combined_backup_v1.2.54_2025-11-12_02-00-17.tar.gz', 'backups/combined_backup_v1.2.54_2025-11-12_02-00-17.tar.gz', '69193412', 'completed', NULL, 'scheduled', '1.2.54', 'wasabi', '2025-11-12 02:00:22', '2025-11-12 02:00:02', '2025-11-12 02:00:22'),
('36', 'combined_backup_v1.2.54_2025-11-13_02-00-17.tar.gz', 'backups/combined_backup_v1.2.54_2025-11-13_02-00-17.tar.gz', '69222055', 'completed', NULL, 'scheduled', '1.2.54', 'wasabi', '2025-11-13 02:00:27', '2025-11-13 02:00:02', '2025-11-13 02:00:27'),
('37', 'combined_backup_v1.2.54_2025-11-14_02-00-17.tar.gz', 'backups/combined_backup_v1.2.54_2025-11-14_02-00-17.tar.gz', '67045334', 'completed', NULL, 'scheduled', '1.2.54', 'wasabi', '2025-11-14 02:00:21', '2025-11-14 02:00:02', '2025-11-14 02:00:21'),
('38', 'combined_backup_v1.2.54_2025-11-15_02-00-18.tar.gz', 'backups/combined_backup_v1.2.54_2025-11-15_02-00-18.tar.gz', '67038552', 'completed', NULL, 'scheduled', '1.2.54', 'wasabi', '2025-11-15 02:00:24', '2025-11-15 02:00:02', '2025-11-15 02:00:24'),
('39', 'combined_backup_v1.2.54_2025-11-16_02-00-16.tar.gz', 'backups/combined_backup_v1.2.54_2025-11-16_02-00-16.tar.gz', '66234228', 'completed', NULL, 'scheduled', '1.2.54', 'wasabi', '2025-11-16 02:00:20', '2025-11-16 02:00:02', '2025-11-16 02:00:20'),
('40', 'backup_v1.2.54_2025-11-17_02-00-02.sql', '', NULL, 'in_progress', NULL, 'scheduled', '1.2.54', 'wasabi', NULL, '2025-11-17 02:00:02', '2025-11-17 02:00:02');


-- Table structure for table `delivery_executives`
CREATE TABLE `delivery_executives` (
  `id` bigint(20) unsigned NOT NULL AUTO_INCREMENT,
  `branch_id` bigint(20) unsigned NOT NULL,
  `name` varchar(191) NOT NULL,
  `phone` varchar(191) DEFAULT NULL,
  `photo` varchar(191) DEFAULT NULL,
  `status` enum('available','on_delivery','inactive') NOT NULL DEFAULT 'available',
  `created_at` timestamp NULL DEFAULT NULL,
  `updated_at` timestamp NULL DEFAULT NULL,
  PRIMARY KEY (`id`),
  KEY `delivery_executives_branch_id_foreign` (`branch_id`),
  CONSTRAINT `delivery_executives_branch_id_foreign` FOREIGN KEY (`branch_id`) REFERENCES `branches` (`id`) ON DELETE CASCADE
) ENGINE=InnoDB AUTO_INCREMENT=2 DEFAULT CHARSET=utf8mb4 COLLATE=utf8mb4_unicode_ci;

-- Dumping data for table `delivery_executives`
INSERT INTO `delivery_executives` VALUES
('1', '5', 'Ram Sharma', '70178881812', NULL, 'available', '2025-10-24 15:04:34', '2025-10-24 15:04:34');


-- Table structure for table `delivery_fee_tiers`
CREATE TABLE `delivery_fee_tiers` (
  `id` bigint(20) unsigned NOT NULL AUTO_INCREMENT,
  `branch_id` bigint(20) unsigned NOT NULL,
  `min_distance` double DEFAULT NULL,
  `max_distance` double DEFAULT NULL,
  `fee` decimal(8,2) DEFAULT NULL,
  `created_at` timestamp NULL DEFAULT NULL,
  `updated_at` timestamp NULL DEFAULT NULL,
  PRIMARY KEY (`id`),
  KEY `delivery_fee_tiers_branch_id_foreign` (`branch_id`),
  CONSTRAINT `delivery_fee_tiers_branch_id_foreign` FOREIGN KEY (`branch_id`) REFERENCES `branches` (`id`) ON DELETE CASCADE
) ENGINE=InnoDB DEFAULT CHARSET=utf8mb4 COLLATE=utf8mb4_unicode_ci;


-- Table structure for table `delivery_platforms`
CREATE TABLE `delivery_platforms` (
  `id` bigint(20) unsigned NOT NULL AUTO_INCREMENT,
  `branch_id` bigint(20) unsigned DEFAULT NULL,
  `name` varchar(191) NOT NULL,
  `logo` varchar(191) DEFAULT NULL,
  `commission_type` enum('percent','fixed') NOT NULL DEFAULT 'percent',
  `commission_value` decimal(16,2) DEFAULT NULL,
  `is_active` tinyint(1) NOT NULL DEFAULT 1,
  `created_at` timestamp NULL DEFAULT NULL,
  `updated_at` timestamp NULL DEFAULT NULL,
  PRIMARY KEY (`id`),
  KEY `delivery_platforms_branch_id_foreign` (`branch_id`),
  CONSTRAINT `delivery_platforms_branch_id_foreign` FOREIGN KEY (`branch_id`) REFERENCES `branches` (`id`) ON DELETE CASCADE ON UPDATE CASCADE
) ENGINE=InnoDB AUTO_INCREMENT=3 DEFAULT CHARSET=utf8mb4 COLLATE=utf8mb4_unicode_ci;

-- Dumping data for table `delivery_platforms`
INSERT INTO `delivery_platforms` VALUES
('1', '5', 'Swiggy', NULL, 'percent', '20.00', '1', '2025-10-24 02:43:18', '2025-10-24 02:43:18'),
('2', '5', 'Zomato', NULL, 'percent', '20.00', '1', '2025-10-24 15:23:37', '2025-10-24 15:23:37');


-- Table structure for table `denominations`
CREATE TABLE `denominations` (
  `id` bigint(20) unsigned NOT NULL AUTO_INCREMENT,
  `uuid` char(36) NOT NULL,
  `name` varchar(191) NOT NULL,
  `value` decimal(10,2) NOT NULL,
  `type` enum('coin','note','bill') NOT NULL,
  `description` text DEFAULT NULL,
  `is_active` tinyint(1) NOT NULL DEFAULT 1,
  `branch_id` bigint(20) unsigned DEFAULT NULL,
  `restaurant_id` bigint(20) unsigned DEFAULT NULL,
  `created_at` timestamp NULL DEFAULT NULL,
  `updated_at` timestamp NULL DEFAULT NULL,
  `deleted_at` timestamp NULL DEFAULT NULL,
  PRIMARY KEY (`id`),
  UNIQUE KEY `denominations_uuid_unique` (`uuid`),
  UNIQUE KEY `unique_denomination_per_branch` (`value`,`type`,`branch_id`,`restaurant_id`),
  KEY `denominations_branch_id_restaurant_id_index` (`branch_id`,`restaurant_id`),
  KEY `denominations_type_is_active_index` (`type`,`is_active`),
  KEY `denominations_value_type_index` (`value`,`type`),
  KEY `denominations_restaurant_id_foreign` (`restaurant_id`),
  CONSTRAINT `denominations_branch_id_foreign` FOREIGN KEY (`branch_id`) REFERENCES `branches` (`id`) ON DELETE CASCADE,
  CONSTRAINT `denominations_restaurant_id_foreign` FOREIGN KEY (`restaurant_id`) REFERENCES `restaurants` (`id`) ON DELETE CASCADE
) ENGINE=InnoDB AUTO_INCREMENT=5 DEFAULT CHARSET=utf8mb4 COLLATE=utf8mb4_unicode_ci;

-- Dumping data for table `denominations`
INSERT INTO `denominations` VALUES
('1', 'c578aac0-04bc-4489-a5dc-e4823908ecf9', '10 Rupee Coin', '10.00', 'coin', NULL, '1', '5', '4', '2025-10-17 23:56:39', '2025-10-17 23:56:39', NULL),
('2', '3f7eb1e3-c9a4-44d1-afa1-e70782e1f577', '100 Rupee', '100.00', 'note', NULL, '1', '5', '4', '2025-10-17 23:56:53', '2025-10-17 23:56:53', NULL),
('3', 'e51f3ce4-ad6c-4637-b043-279d2f508ad7', '200  Note', '200.00', 'note', NULL, '1', '5', '4', '2025-10-17 23:57:04', '2025-10-17 23:57:04', NULL),
('4', 'f1f86633-2170-4caa-8145-4d59e0da8250', '500 Note', '500.00', 'note', NULL, '1', '5', '4', '2025-10-17 23:57:15', '2025-10-17 23:57:15', NULL);


-- Table structure for table `desktop_applications`
CREATE TABLE `desktop_applications` (
  `id` bigint(20) unsigned NOT NULL AUTO_INCREMENT,
  `windows_file_path` varchar(191) DEFAULT NULL,
  `mac_file_path` varchar(191) DEFAULT NULL,
  `linux_file_path` varchar(191) DEFAULT NULL,
  `created_at` timestamp NULL DEFAULT NULL,
  `updated_at` timestamp NULL DEFAULT NULL,
  PRIMARY KEY (`id`)
) ENGINE=InnoDB AUTO_INCREMENT=2 DEFAULT CHARSET=utf8mb4 COLLATE=utf8mb4_unicode_ci;

-- Dumping data for table `desktop_applications`
INSERT INTO `desktop_applications` VALUES
('1', 'https://ewiidine.ca/', 'https://ewiidine.ca/downloads/Mac_EwiiDine_App.zip', 'https://envato.froid.works/app/download/linux', '2025-09-17 05:36:43', '2025-10-16 11:50:58');


-- Table structure for table `email_settings`
CREATE TABLE `email_settings` (
  `id` bigint(20) unsigned NOT NULL AUTO_INCREMENT,
  `mail_from_name` varchar(191) DEFAULT NULL,
  `mail_from_email` varchar(191) DEFAULT NULL,
  `enable_queue` enum('yes','no') NOT NULL DEFAULT 'no',
  `mail_driver` enum('mail','smtp') NOT NULL DEFAULT 'mail',
  `smtp_host` varchar(191) DEFAULT NULL,
  `smtp_port` varchar(191) DEFAULT NULL,
  `smtp_encryption` varchar(191) DEFAULT NULL,
  `mail_username` varchar(191) DEFAULT NULL,
  `mail_password` varchar(191) DEFAULT NULL,
  `created_at` timestamp NULL DEFAULT NULL,
  `updated_at` timestamp NULL DEFAULT NULL,
  `email_verified` tinyint(1) NOT NULL DEFAULT 0,
  `verified` tinyint(1) NOT NULL DEFAULT 0,
  PRIMARY KEY (`id`)
) ENGINE=InnoDB AUTO_INCREMENT=2 DEFAULT CHARSET=utf8mb4 COLLATE=utf8mb4_unicode_ci;

-- Dumping data for table `email_settings`
INSERT INTO `email_settings` VALUES
('1', 'Ewii Dine', 'no-reply@ewiidine.com', 'no', 'smtp', 'send.smtp.com', '465', 'ssl', 'ewiisolutions', 'nyqkAb-5todfo-kovjaf', '2025-09-17 05:36:44', '2025-11-15 10:21:32', '0', '1');


-- Table structure for table `expense_categories`
CREATE TABLE `expense_categories` (
  `id` bigint(20) unsigned NOT NULL AUTO_INCREMENT,
  `branch_id` bigint(20) unsigned NOT NULL,
  `name` varchar(191) NOT NULL,
  `description` varchar(191) DEFAULT NULL,
  `is_active` tinyint(1) NOT NULL DEFAULT 1,
  `created_at` timestamp NULL DEFAULT NULL,
  `updated_at` timestamp NULL DEFAULT NULL,
  PRIMARY KEY (`id`),
  KEY `expense_categories_branch_id_foreign` (`branch_id`),
  CONSTRAINT `expense_categories_branch_id_foreign` FOREIGN KEY (`branch_id`) REFERENCES `branches` (`id`) ON DELETE CASCADE ON UPDATE CASCADE
) ENGINE=InnoDB AUTO_INCREMENT=311 DEFAULT CHARSET=utf8mb4 COLLATE=utf8mb4_unicode_ci;

-- Dumping data for table `expense_categories`
INSERT INTO `expense_categories` VALUES
('1', '1', 'Rent', 'Monthly rent for restaurant space', '1', '2025-09-17 05:36:44', '2025-09-17 05:36:44'),
('2', '1', 'Utilities', 'Electricity, water, gas, and other utilities', '1', '2025-09-17 05:36:44', '2025-09-17 05:36:44'),
('3', '1', 'Salaries', 'Employee salaries and wages', '1', '2025-09-17 05:36:44', '2025-09-17 05:36:44'),
('4', '1', 'Ingredients', 'Food ingredients and raw materials', '1', '2025-09-17 05:36:44', '2025-09-17 05:36:44'),
('5', '1', 'Equipment', 'Kitchen equipment and appliances', '1', '2025-09-17 05:36:44', '2025-09-17 05:36:44'),
('6', '1', 'Marketing', 'Advertising and promotional expenses', '1', '2025-09-17 05:36:44', '2025-09-17 05:36:44'),
('7', '1', 'Insurance', 'Business insurance and liability coverage', '1', '2025-09-17 05:36:44', '2025-09-17 05:36:44'),
('8', '1', 'Maintenance', 'Repairs and maintenance costs', '1', '2025-09-17 05:36:44', '2025-09-17 05:36:44'),
('9', '1', 'Licenses', 'Business licenses and permits', '1', '2025-09-17 05:36:44', '2025-09-17 05:36:44'),
('10', '1', 'Miscellaneous', 'Other miscellaneous expenses', '1', '2025-09-17 05:36:44', '2025-09-17 05:36:44'),
('11', '2', 'Rent', 'Monthly rent for restaurant space', '1', '2025-09-17 05:36:44', '2025-09-17 05:36:44'),
('12', '2', 'Utilities', 'Electricity, water, gas, and other utilities', '1', '2025-09-17 05:36:44', '2025-09-17 05:36:44'),
('13', '2', 'Salaries', 'Employee salaries and wages', '1', '2025-09-17 05:36:44', '2025-09-17 05:36:44'),
('14', '2', 'Ingredients', 'Food ingredients and raw materials', '1', '2025-09-17 05:36:44', '2025-09-17 05:36:44'),
('15', '2', 'Equipment', 'Kitchen equipment and appliances', '1', '2025-09-17 05:36:44', '2025-09-17 05:36:44'),
('16', '2', 'Marketing', 'Advertising and promotional expenses', '1', '2025-09-17 05:36:44', '2025-09-17 05:36:44'),
('17', '2', 'Insurance', 'Business insurance and liability coverage', '1', '2025-09-17 05:36:44', '2025-09-17 05:36:44'),
('18', '2', 'Maintenance', 'Repairs and maintenance costs', '1', '2025-09-17 05:36:44', '2025-09-17 05:36:44'),
('19', '2', 'Licenses', 'Business licenses and permits', '1', '2025-09-17 05:36:44', '2025-09-17 05:36:44'),
('20', '2', 'Miscellaneous', 'Other miscellaneous expenses', '1', '2025-09-17 05:36:44', '2025-09-17 05:36:44'),
('21', '3', 'Rent', 'Monthly rent for restaurant space', '1', '2025-09-17 10:02:45', '2025-09-17 10:02:45'),
('22', '3', 'Utilities', 'Electricity, water, gas, and other utilities', '1', '2025-09-17 10:02:45', '2025-09-17 10:02:45'),
('23', '3', 'Salaries', 'Employee salaries and wages', '1', '2025-09-17 10:02:45', '2025-09-17 10:02:45'),
('24', '3', 'Ingredients', 'Food ingredients and raw materials', '1', '2025-09-17 10:02:45', '2025-09-17 10:02:45'),
('25', '3', 'Equipment', 'Kitchen equipment and appliances', '1', '2025-09-17 10:02:45', '2025-09-17 10:02:45'),
('26', '3', 'Marketing', 'Advertising and promotional expenses', '1', '2025-09-17 10:02:45', '2025-09-17 10:02:45'),
('27', '3', 'Insurance', 'Business insurance and liability coverage', '1', '2025-09-17 10:02:45', '2025-09-17 10:02:45'),
('28', '3', 'Maintenance', 'Repairs and maintenance costs', '1', '2025-09-17 10:02:45', '2025-09-17 10:02:45'),
('29', '3', 'Licenses', 'Business licenses and permits', '1', '2025-09-17 10:02:45', '2025-09-17 10:02:45'),
('30', '3', 'Miscellaneous', 'Other miscellaneous expenses', '1', '2025-09-17 10:02:45', '2025-09-17 10:02:45'),
('31', '4', 'Rent', 'Monthly rent for restaurant space', '1', '2025-09-20 12:56:44', '2025-09-20 12:56:44'),
('32', '4', 'Utilities', 'Electricity, water, gas, and other utilities', '1', '2025-09-20 12:56:44', '2025-09-20 12:56:44'),
('33', '4', 'Salaries', 'Employee salaries and wages', '1', '2025-09-20 12:56:44', '2025-09-20 12:56:44'),
('34', '4', 'Ingredients', 'Food ingredients and raw materials', '1', '2025-09-20 12:56:44', '2025-09-20 12:56:44'),
('35', '4', 'Equipment', 'Kitchen equipment and appliances', '1', '2025-09-20 12:56:44', '2025-09-20 12:56:44'),
('36', '4', 'Marketing', 'Advertising and promotional expenses', '1', '2025-09-20 12:56:44', '2025-09-20 12:56:44'),
('37', '4', 'Insurance', 'Business insurance and liability coverage', '1', '2025-09-20 12:56:44', '2025-09-20 12:56:44'),
('38', '4', 'Maintenance', 'Repairs and maintenance costs', '1', '2025-09-20 12:56:44', '2025-09-20 12:56:44'),
('39', '4', 'Licenses', 'Business licenses and permits', '1', '2025-09-20 12:56:44', '2025-09-20 12:56:44'),
('40', '4', 'Miscellaneous', 'Other miscellaneous expenses', '1', '2025-09-20 12:56:44', '2025-09-20 12:56:44'),
('41', '5', 'Rent', 'Monthly rent for restaurant space', '1', '2025-10-07 15:00:09', '2025-10-07 15:00:09'),
('42', '5', 'Utilities', 'Electricity, water, gas, and other utilities', '1', '2025-10-07 15:00:09', '2025-10-07 15:00:09'),
('43', '5', 'Salaries', 'Employee salaries and wages', '1', '2025-10-07 15:00:09', '2025-10-07 15:00:09'),
('44', '5', 'Ingredients', 'Food ingredients and raw materials', '1', '2025-10-07 15:00:09', '2025-10-07 15:00:09'),
('45', '5', 'Equipment', 'Kitchen equipment and appliances', '1', '2025-10-07 15:00:09', '2025-10-07 15:00:09'),
('46', '5', 'Marketing', 'Advertising and promotional expenses', '1', '2025-10-07 15:00:09', '2025-10-07 15:00:09'),
('47', '5', 'Insurance', 'Business insurance and liability coverage', '1', '2025-10-07 15:00:09', '2025-10-07 15:00:09'),
('48', '5', 'Maintenance', 'Repairs and maintenance costs', '1', '2025-10-07 15:00:09', '2025-10-07 15:00:09'),
('49', '5', 'Licenses', 'Business licenses and permits', '1', '2025-10-07 15:00:09', '2025-10-07 15:00:09'),
('50', '5', 'Miscellaneous', 'Other miscellaneous expenses', '1', '2025-10-07 15:00:09', '2025-10-07 15:00:09'),
('261', '27', 'Rent', 'Monthly rent for restaurant space', '1', '2025-11-07 17:23:03', '2025-11-07 17:23:03'),
('262', '27', 'Utilities', 'Electricity, water, gas, and other utilities', '1', '2025-11-07 17:23:03', '2025-11-07 17:23:03'),
('263', '27', 'Salaries', 'Employee salaries and wages', '1', '2025-11-07 17:23:03', '2025-11-07 17:23:03'),
('264', '27', 'Ingredients', 'Food ingredients and raw materials', '1', '2025-11-07 17:23:03', '2025-11-07 17:23:03'),
('265', '27', 'Equipment', 'Kitchen equipment and appliances', '1', '2025-11-07 17:23:03', '2025-11-07 17:23:03'),
('266', '27', 'Marketing', 'Advertising and promotional expenses', '1', '2025-11-07 17:23:03', '2025-11-07 17:23:03'),
('267', '27', 'Insurance', 'Business insurance and liability coverage', '1', '2025-11-07 17:23:03', '2025-11-07 17:23:03'),
('268', '27', 'Maintenance', 'Repairs and maintenance costs', '1', '2025-11-07 17:23:03', '2025-11-07 17:23:03'),
('269', '27', 'Licenses', 'Business licenses and permits', '1', '2025-11-07 17:23:03', '2025-11-07 17:23:03'),
('270', '27', 'Miscellaneous', 'Other miscellaneous expenses', '1', '2025-11-07 17:23:03', '2025-11-07 17:23:03'),
('271', '28', 'Rent', 'Monthly rent for restaurant space', '1', '2025-11-08 10:32:27', '2025-11-08 10:32:27'),
('272', '28', 'Utilities', 'Electricity, water, gas, and other utilities', '1', '2025-11-08 10:32:27', '2025-11-08 10:32:27'),
('273', '28', 'Salaries', 'Employee salaries and wages', '1', '2025-11-08 10:32:27', '2025-11-08 10:32:27'),
('274', '28', 'Ingredients', 'Food ingredients and raw materials', '1', '2025-11-08 10:32:27', '2025-11-08 10:32:27'),
('275', '28', 'Equipment', 'Kitchen equipment and appliances', '1', '2025-11-08 10:32:27', '2025-11-08 10:32:27'),
('276', '28', 'Marketing', 'Advertising and promotional expenses', '1', '2025-11-08 10:32:27', '2025-11-08 10:32:27'),
('277', '28', 'Insurance', 'Business insurance and liability coverage', '1', '2025-11-08 10:32:27', '2025-11-08 10:32:27'),
('278', '28', 'Maintenance', 'Repairs and maintenance costs', '1', '2025-11-08 10:32:27', '2025-11-08 10:32:27'),
('279', '28', 'Licenses', 'Business licenses and permits', '1', '2025-11-08 10:32:27', '2025-11-08 10:32:27'),
('280', '28', 'Miscellaneous', 'Other miscellaneous expenses', '1', '2025-11-08 10:32:27', '2025-11-08 10:32:27'),
('281', '29', 'Rent', 'Monthly rent for restaurant space', '1', '2025-11-12 14:15:51', '2025-11-12 14:15:51'),
('282', '29', 'Utilities', 'Electricity, water, gas, and other utilities', '1', '2025-11-12 14:15:51', '2025-11-12 14:15:51'),
('283', '29', 'Salaries', 'Employee salaries and wages', '1', '2025-11-12 14:15:51', '2025-11-12 14:15:51'),
('284', '29', 'Ingredients', 'Food ingredients and raw materials', '1', '2025-11-12 14:15:51', '2025-11-12 14:15:51'),
('285', '29', 'Equipment', 'Kitchen equipment and appliances', '1', '2025-11-12 14:15:51', '2025-11-12 14:15:51'),
('286', '29', 'Marketing', 'Advertising and promotional expenses', '1', '2025-11-12 14:15:51', '2025-11-12 14:15:51'),
('287', '29', 'Insurance', 'Business insurance and liability coverage', '1', '2025-11-12 14:15:51', '2025-11-12 14:15:51'),
('288', '29', 'Maintenance', 'Repairs and maintenance costs', '1', '2025-11-12 14:15:51', '2025-11-12 14:15:51'),
('289', '29', 'Licenses', 'Business licenses and permits', '1', '2025-11-12 14:15:51', '2025-11-12 14:15:51'),
('290', '29', 'Miscellaneous', 'Other miscellaneous expenses', '1', '2025-11-12 14:15:51', '2025-11-12 14:15:51'),
('291', '30', 'Rent', 'Monthly rent for restaurant space', '1', '2025-11-13 15:41:44', '2025-11-13 15:41:44'),
('292', '30', 'Utilities', 'Electricity, water, gas, and other utilities', '1', '2025-11-13 15:41:44', '2025-11-13 15:41:44'),
('293', '30', 'Salaries', 'Employee salaries and wages', '1', '2025-11-13 15:41:44', '2025-11-13 15:41:44'),
('294', '30', 'Ingredients', 'Food ingredients and raw materials', '1', '2025-11-13 15:41:44', '2025-11-13 15:41:44'),
('295', '30', 'Equipment', 'Kitchen equipment and appliances', '1', '2025-11-13 15:41:44', '2025-11-13 15:41:44'),
('296', '30', 'Marketing', 'Advertising and promotional expenses', '1', '2025-11-13 15:41:44', '2025-11-13 15:41:44'),
('297', '30', 'Insurance', 'Business insurance and liability coverage', '1', '2025-11-13 15:41:44', '2025-11-13 15:41:44'),
('298', '30', 'Maintenance', 'Repairs and maintenance costs', '1', '2025-11-13 15:41:44', '2025-11-13 15:41:44'),
('299', '30', 'Licenses', 'Business licenses and permits', '1', '2025-11-13 15:41:44', '2025-11-13 15:41:44'),
('300', '30', 'Miscellaneous', 'Other miscellaneous expenses', '1', '2025-11-13 15:41:44', '2025-11-13 15:41:44'),
('301', '31', 'Rent', 'Monthly rent for restaurant space', '1', '2025-11-15 07:46:25', '2025-11-15 07:46:25'),
('302', '31', 'Utilities', 'Electricity, water, gas, and other utilities', '1', '2025-11-15 07:46:25', '2025-11-15 07:46:25'),
('303', '31', 'Salaries', 'Employee salaries and wages', '1', '2025-11-15 07:46:25', '2025-11-15 07:46:25'),
('304', '31', 'Ingredients', 'Food ingredients and raw materials', '1', '2025-11-15 07:46:25', '2025-11-15 07:46:25'),
('305', '31', 'Equipment', 'Kitchen equipment and appliances', '1', '2025-11-15 07:46:25', '2025-11-15 07:46:25'),
('306', '31', 'Marketing', 'Advertising and promotional expenses', '1', '2025-11-15 07:46:25', '2025-11-15 07:46:25'),
('307', '31', 'Insurance', 'Business insurance and liability coverage', '1', '2025-11-15 07:46:25', '2025-11-15 07:46:25'),
('308', '31', 'Maintenance', 'Repairs and maintenance costs', '1', '2025-11-15 07:46:25', '2025-11-15 07:46:25'),
('309', '31', 'Licenses', 'Business licenses and permits', '1', '2025-11-15 07:46:25', '2025-11-15 07:46:25'),
('310', '31', 'Miscellaneous', 'Other miscellaneous expenses', '1', '2025-11-15 07:46:25', '2025-11-15 07:46:25');


-- Table structure for table `expenses`
CREATE TABLE `expenses` (
  `id` bigint(20) unsigned NOT NULL AUTO_INCREMENT,
  `expense_category_id` bigint(20) unsigned DEFAULT NULL,
  `branch_id` bigint(20) unsigned NOT NULL,
  `expense_title` varchar(191) DEFAULT NULL,
  `description` text DEFAULT NULL,
  `amount` decimal(10,2) NOT NULL,
  `expense_date` date NOT NULL,
  `payment_status` varchar(191) NOT NULL,
  `payment_date` date DEFAULT NULL,
  `payment_due_date` date DEFAULT NULL,
  `payment_method` varchar(191) DEFAULT NULL,
  `receipt_path` varchar(191) DEFAULT NULL,
  `created_at` timestamp NULL DEFAULT NULL,
  `updated_at` timestamp NULL DEFAULT NULL,
  PRIMARY KEY (`id`),
  KEY `expenses_expense_category_id_foreign` (`expense_category_id`),
  KEY `expenses_branch_id_foreign` (`branch_id`),
  CONSTRAINT `expenses_branch_id_foreign` FOREIGN KEY (`branch_id`) REFERENCES `branches` (`id`) ON DELETE CASCADE ON UPDATE CASCADE,
  CONSTRAINT `expenses_expense_category_id_foreign` FOREIGN KEY (`expense_category_id`) REFERENCES `expense_categories` (`id`) ON DELETE SET NULL
) ENGINE=InnoDB AUTO_INCREMENT=2 DEFAULT CHARSET=utf8mb4 COLLATE=utf8mb4_unicode_ci;

-- Dumping data for table `expenses`
INSERT INTO `expenses` VALUES
('1', '45', '5', 'Payment For Salt', NULL, '10.00', '2025-10-18', 'paid', '2025-10-16', '2025-10-15', 'cash', NULL, '2025-10-18 00:13:40', '2025-10-18 00:13:40');


-- Table structure for table `failed_jobs`
CREATE TABLE `failed_jobs` (
  `id` bigint(20) unsigned NOT NULL AUTO_INCREMENT,
  `uuid` varchar(191) NOT NULL,
  `connection` text NOT NULL,
  `queue` text NOT NULL,
  `payload` longtext NOT NULL,
  `exception` longtext NOT NULL,
  `failed_at` timestamp NOT NULL DEFAULT current_timestamp(),
  PRIMARY KEY (`id`),
  UNIQUE KEY `failed_jobs_uuid_unique` (`uuid`)
) ENGINE=InnoDB DEFAULT CHARSET=utf8mb4 COLLATE=utf8mb4_unicode_ci;


-- Table structure for table `file_storage`
CREATE TABLE `file_storage` (
  `id` int(10) unsigned NOT NULL AUTO_INCREMENT,
  `restaurant_id` bigint(20) unsigned DEFAULT NULL,
  `path` varchar(191) NOT NULL,
  `filename` varchar(191) NOT NULL,
  `type` varchar(50) DEFAULT NULL,
  `size` int(10) unsigned NOT NULL,
  `storage_location` enum('local','aws_s3','digitalocean','wasabi','minio') NOT NULL DEFAULT 'local',
  `created_at` timestamp NULL DEFAULT NULL,
  `updated_at` timestamp NULL DEFAULT NULL,
  PRIMARY KEY (`id`),
  KEY `file_storage_restaurant_id_foreign` (`restaurant_id`),
  CONSTRAINT `file_storage_restaurant_id_foreign` FOREIGN KEY (`restaurant_id`) REFERENCES `restaurants` (`id`) ON DELETE CASCADE ON UPDATE CASCADE
) ENGINE=InnoDB AUTO_INCREMENT=83 DEFAULT CHARSET=utf8mb4 COLLATE=utf8mb4_unicode_ci;

-- Dumping data for table `file_storage`
INSERT INTO `file_storage` VALUES
('1', '1', 'qrcodes', 'qrcode-branch-1-1.png', 'image/png', '2764', 'wasabi', '2025-09-17 05:36:44', '2025-10-15 12:20:25'),
('3', '1', 'qrcodes', 'qrcode-branch-2-1.png', 'image/png', '2767', 'wasabi', '2025-09-17 05:36:44', '2025-10-15 12:20:25'),
('10', '1', 'favicons/restaurant/demo-restaurant/', 'favicon.ico', 'image/vnd.microsoft.icon', '15406', 'wasabi', '2025-09-17 06:07:22', '2025-10-15 12:20:26'),
('11', NULL, 'favicons/super-admin/', 'android-chrome-192x192.png', 'image/png', '26099', 'wasabi', '2025-09-17 06:11:53', '2025-10-15 12:20:26'),
('12', NULL, 'favicons/super-admin/', 'android-chrome-512x512.png', 'image/png', '131816', 'wasabi', '2025-09-17 06:11:53', '2025-10-15 12:20:26'),
('13', NULL, 'favicons/super-admin/', 'apple-touch-icon.png', 'image/png', '23503', 'wasabi', '2025-09-17 06:11:53', '2025-10-15 12:20:28'),
('14', NULL, 'favicons/super-admin/', 'favicon-16x16.png', 'image/png', '836', 'wasabi', '2025-09-17 06:11:53', '2025-10-15 12:20:28'),
('15', NULL, 'favicons/super-admin/', 'favicon-32x32.png', 'image/png', '1966', 'wasabi', '2025-09-17 06:11:53', '2025-10-15 12:20:28'),
('16', NULL, 'favicons/super-admin/', 'favicon.ico', 'image/vnd.microsoft.icon', '15406', 'wasabi', '2025-09-17 06:11:53', '2025-10-15 12:20:28'),
('17', '2', 'qrcodes', 'qrcode-branch-3-2.png', 'image/png', '2550', 'wasabi', '2025-09-17 10:02:45', '2025-10-15 12:20:28'),
('18', '2', 'qrcodes', 'qrcode-3-t01.png', 'image/png', '4740', 'wasabi', '2025-09-20 12:24:08', '2025-10-15 12:20:28'),
('19', '2', 'qrcodes', 'qrcode-3-r01.png', 'image/png', '4707', 'wasabi', '2025-09-20 12:24:21', '2025-10-15 12:20:28'),
('20', '3', 'qrcodes', 'qrcode-branch-4-3.png', 'image/png', '2777', 'wasabi', '2025-09-20 12:56:44', '2025-10-15 12:20:28'),
('21', '3', 'qrcodes', 'qrcode-4-t01.png', 'image/png', '4797', 'wasabi', '2025-09-20 12:58:07', '2025-10-15 12:20:28'),
('22', '3', 'qrcodes', 'qrcode-4-g01.png', 'image/png', '5096', 'wasabi', '2025-09-20 12:58:41', '2025-10-15 12:20:30'),
('23', '4', 'qrcodes', 'qrcode-branch-5-4.png', 'image/png', '2558', 'wasabi', '2025-10-07 15:00:09', '2025-10-15 12:20:30'),
('25', '4', 'qrcodes', 'qrcode-5-to1.png', 'image/png', '4694', 'wasabi', '2025-10-07 15:01:13', '2025-10-15 12:20:30'),
('26', '4', 'logo', 'fe8a6d219504148863cf356c9b23c71a.jpeg', 'image/jpeg', '11469', 'wasabi', '2025-10-07 15:29:17', '2025-10-15 12:20:30'),
('27', '4', 'qrcodes', 'qrcode-5-t02.png', 'image/png', '4986', 'wasabi', '2025-10-07 15:39:05', '2025-10-15 12:20:30'),
('28', '4', 'item', 'd53454ebe29fd1e1a47b90f692d86a6d.jpeg', 'image/jpeg', '204767', 'wasabi', '2025-10-08 08:47:24', '2025-10-15 12:20:30'),
('29', '4', 'item', '4892a1ba87cee5b2016d3505c120e7ae.jpeg', 'image/jpeg', '102740', 'wasabi', '2025-10-08 08:48:17', '2025-10-15 12:20:30'),
('30', '4', 'item', '4f724ef832d4425388dab42acfde2c3a.jpeg', 'image/jpeg', '96281', 'wasabi', '2025-10-08 08:49:15', '2025-10-15 12:20:30'),
('31', '4', 'item', '32b2d8f2eb55ef6c04737415608e768b.jpeg', 'image/jpeg', '286503', 'wasabi', '2025-10-08 08:50:17', '2025-10-15 12:20:31'),
('32', '4', 'item', '48cf1b5a9b4fde5d842184d3961bc5f3.jpeg', 'image/jpeg', '347340', 'wasabi', '2025-10-08 08:53:49', '2025-10-15 12:20:31'),
('33', NULL, '/', '6c4aeee7ac4e8e2ff6ae6faf68f0629e.jpg', 'image/jpeg', '68318', 'wasabi', '2025-10-15 12:19:55', '2025-10-15 12:19:55'),
('34', '4', 'favicons/restaurant/moms-biryani/', 'android-chrome-192x192.png', 'image/png', '52133', 'wasabi', '2025-10-15 12:31:03', '2025-10-15 12:31:03'),
('35', '4', 'favicons/restaurant/moms-biryani/', 'android-chrome-512x512.png', 'image/png', '246150', 'wasabi', '2025-10-15 12:31:03', '2025-10-15 12:31:03'),
('36', '4', 'favicons/restaurant/moms-biryani/', 'apple-touch-icon.png', 'image/png', '46964', 'wasabi', '2025-10-15 12:31:04', '2025-10-15 12:31:04'),
('37', '4', 'favicons/restaurant/moms-biryani/', 'favicon-16x16.png', 'image/png', '1000', 'wasabi', '2025-10-15 12:31:04', '2025-10-15 12:31:04'),
('38', '4', 'favicons/restaurant/moms-biryani/', 'favicon-32x32.png', 'image/png', '2756', 'wasabi', '2025-10-15 12:31:04', '2025-10-15 12:31:04'),
('39', '4', 'favicons/restaurant/moms-biryani/', 'favicon.ico', 'image/vnd.microsoft.icon', '15406', 'wasabi', '2025-10-15 12:31:04', '2025-10-15 12:31:04'),
('40', '4', 'qrcodes', 'qrcode-5-r01.png', 'image/png', '4726', 'wasabi', '2025-10-24 14:51:31', '2025-10-24 14:51:31'),
('41', '4', 'qrcodes', 'qrcode-5-r02.png', 'image/png', '4937', 'wasabi', '2025-10-24 14:51:45', '2025-10-24 14:51:45'),
('42', '4', 'qrcodes', 'qrcode-5-f01.png', 'image/png', '4740', 'wasabi', '2025-10-25 13:02:44', '2025-10-25 13:02:44'),
('43', '4', 'qrcodes', 'qrcode-5-f02.png', 'image/png', '5014', 'wasabi', '2025-10-25 13:03:55', '2025-10-25 13:03:55'),
('44', NULL, 'profile-photos', 'a6d28818e84ab926d02f2a417bd89542.jpeg', 'image/jpeg', '808167', 'wasabi', '2025-10-26 18:27:17', '2025-10-26 18:27:17'),
('45', NULL, 'profile-photos', '335000c1aea612025f606d90ed5649e5.jpeg', 'image/jpeg', '808167', 'wasabi', '2025-10-26 18:27:18', '2025-10-26 18:27:18'),
('66', '26', 'qrcodes', 'qrcode-branch-27-26.png', 'image/png', '2572', 'wasabi', '2025-11-07 17:23:03', '2025-11-07 17:23:03'),
('67', NULL, 'favicons/super-admin/', 'android-chrome-192x192.png', 'image/png', '23624', 'wasabi', '2025-11-07 17:49:13', '2025-11-07 17:49:13'),
('68', NULL, 'favicons/super-admin/', 'android-chrome-512x512.png', 'image/png', '108434', 'wasabi', '2025-11-07 17:49:13', '2025-11-07 17:49:13'),
('69', NULL, 'favicons/super-admin/', 'apple-touch-icon.png', 'image/png', '21525', 'wasabi', '2025-11-07 17:49:14', '2025-11-07 17:49:14'),
('70', NULL, 'favicons/super-admin/', 'favicon-16x16.png', 'image/png', '854', 'wasabi', '2025-11-07 17:49:14', '2025-11-07 17:49:14'),
('71', NULL, 'favicons/super-admin/', 'favicon-32x32.png', 'image/png', '1988', 'wasabi', '2025-11-07 17:49:14', '2025-11-07 17:49:14'),
('72', '26', 'offline-invoice', 'c4308617f0f149cfed75486be733e6ae.png', 'image/png', '235164', 'wasabi', '2025-11-08 07:26:10', '2025-11-08 07:26:10'),
('73', '27', 'qrcodes', 'qrcode-branch-28-27.png', 'image/png', '2797', 'wasabi', '2025-11-08 10:32:26', '2025-11-08 10:32:26'),
('74', '27', 'offline-invoice', '970330d67f7a25f1e2ebdc94709d0d9a.png', 'image/png', '1678232', 'wasabi', '2025-11-08 10:35:39', '2025-11-08 10:35:39'),
('75', '4', 'qrcodes', 'qrcode-5-to3.png', 'image/png', '4881', 'wasabi', '2025-11-12 08:50:38', '2025-11-12 08:50:38'),
('76', '28', 'qrcodes', 'qrcode-branch-29-28.png', 'image/png', '2800', 'wasabi', '2025-11-12 14:15:50', '2025-11-12 14:15:50'),
('77', '28', 'qrcodes', 'qrcode-29-xyz.png', 'image/png', '4936', 'wasabi', '2025-11-12 14:20:16', '2025-11-12 14:20:16'),
('78', '29', 'qrcodes', 'qrcode-branch-30-29.png', 'image/png', '2590', 'wasabi', '2025-11-13 15:41:43', '2025-11-13 15:41:43'),
('79', '29', 'offline-invoice', 'e70a56a6cda779498e1b983dd5eac660.png', 'image/png', '235164', 'wasabi', '2025-11-13 15:42:38', '2025-11-13 15:42:38'),
('80', '30', 'qrcodes', 'qrcode-branch-31-30.png', 'image/png', '2756', 'wasabi', '2025-11-15 07:46:25', '2025-11-15 07:46:25'),
('81', '30', 'offline-invoice', 'bb954913362561203460e2de3dfea064.svg', 'image/svg+xml', '5016', 'wasabi', '2025-11-15 07:49:09', '2025-11-15 07:49:09'),
('82', '26', 'qrcodes', 'qrcode-27-332.png', 'image/png', '4749', 'wasabi', '2025-11-15 13:14:03', '2025-11-15 13:14:03');


-- Table structure for table `file_storage_settings`
CREATE TABLE `file_storage_settings` (
  `id` int(10) unsigned NOT NULL AUTO_INCREMENT,
  `filesystem` varchar(191) NOT NULL,
  `auth_keys` text DEFAULT NULL,
  `status` enum('enabled','disabled') NOT NULL DEFAULT 'disabled',
  `created_at` timestamp NULL DEFAULT NULL,
  `updated_at` timestamp NULL DEFAULT NULL,
  PRIMARY KEY (`id`)
) ENGINE=InnoDB AUTO_INCREMENT=3 DEFAULT CHARSET=utf8mb4 COLLATE=utf8mb4_unicode_ci;

-- Dumping data for table `file_storage_settings`
INSERT INTO `file_storage_settings` VALUES
('1', 'local', NULL, 'disabled', '2025-09-17 05:36:41', '2025-10-15 12:20:45'),
('2', 'wasabi', 'eyJpdiI6Ikw5b1VHVXFtejRNTFcraWxYeS9BK0E9PSIsInZhbHVlIjoiQlRwVnJBZVErUUtZL2tzRVFiK0RlQm9JbFBQckZQTUd4Z1JKU1dSMEYrZHE0bCtNY3hHUllWR3hTRWNzZ2xqODZ4a3pkbWFka2Z5R3pjQktpSXJsbG8vbWIzS3FJQUFLekg1WWczTHEyY2g3WThFQk1jcjRrempxRTBtdUZVcTVtRy80NTdDNXhwV2l2QVhpMTZybWRtcHBXamI3N0R5R1Y4d01Cc0gydU40MmRscERuUmZpREI2bFZRbVh6cDV3ZWhWcEI0aktSSkxaU3ZYcDU1NkZJUT09IiwibWFjIjoiNjQ4NTgxMTMyZWMxYWZlZTdlZTg0OTIxZDk2ODM3MDY1YTA1N2Q0NWQ2MDkyZWM5ZGE2OWEyNDQxMjQ0NWIzZSIsInRhZyI6IiJ9', 'enabled', '2025-09-28 12:43:25', '2025-10-15 12:20:45');


-- Table structure for table `flags`
CREATE TABLE `flags` (
  `id` bigint(20) unsigned NOT NULL AUTO_INCREMENT,
  `capital` varchar(191) DEFAULT NULL,
  `code` varchar(191) DEFAULT NULL,
  `continent` varchar(191) DEFAULT NULL,
  `name` varchar(191) DEFAULT NULL,
  PRIMARY KEY (`id`)
) ENGINE=InnoDB AUTO_INCREMENT=267 DEFAULT CHARSET=utf8mb4 COLLATE=utf8mb4_unicode_ci;

-- Dumping data for table `flags`
INSERT INTO `flags` VALUES
('1', 'Kabul', 'af', 'Asia', 'Afghanistan'),
('2', 'Mariehamn', 'ax', 'Europe', 'Aland Islands'),
('3', 'Tirana', 'al', 'Europe', 'Albania'),
('4', 'Algiers', 'dz', 'Africa', 'Algeria'),
('5', 'Pago Pago', 'as', 'Oceania', 'American Samoa'),
('6', 'Andorra la Vella', 'ad', 'Europe', 'Andorra'),
('7', 'Luanda', 'ao', 'Africa', 'Angola'),
('8', 'The Valley', 'ai', 'North America', 'Anguilla'),
('9', '', 'aq', '', 'Antarctica'),
('10', 'St. John\'s', 'ag', 'North America', 'Antigua and Barbuda'),
('11', 'Buenos Aires', 'ar', 'South America', 'Argentina'),
('12', 'Yerevan', 'am', 'Asia', 'Armenia'),
('13', 'Oranjestad', 'aw', 'South America', 'Aruba'),
('14', 'Georgetown', 'ac', 'Africa', 'Ascension Island'),
('15', 'Canberra', 'au', 'Oceania', 'Australia'),
('16', 'Vienna', 'at', 'Europe', 'Austria'),
('17', 'Baku', 'az', 'Asia', 'Azerbaijan'),
('18', 'Nassau', 'bs', 'North America', 'Bahamas'),
('19', 'Manama', 'bh', 'Asia', 'Bahrain'),
('20', 'Dhaka', 'bd', 'Asia', 'Bangladesh'),
('21', 'Bridgetown', 'bb', 'North America', 'Barbados'),
('22', 'Minsk', 'by', 'Europe', 'Belarus'),
('23', 'Brussels', 'be', 'Europe', 'Belgium'),
('24', 'Belmopan', 'bz', 'North America', 'Belize'),
('25', 'Porto-Novo', 'bj', 'Africa', 'Benin'),
('26', 'Hamilton', 'bm', 'North America', 'Bermuda'),
('27', 'Thimphu', 'bt', 'Asia', 'Bhutan'),
('28', 'Sucre', 'bo', 'South America', 'Bolivia'),
('29', 'Kralendijk', 'bq', 'South America', 'Bonaire, Sint Eustatius and Saba'),
('30', 'Sarajevo', 'ba', 'Europe', 'Bosnia and Herzegovina'),
('31', 'Gaborone', 'bw', 'Africa', 'Botswana'),
('32', '', 'bv', '', 'Bouvet Island'),
('33', 'Brasília', 'br', 'South America', 'Brazil'),
('34', 'Diego Garcia', 'io', 'Asia', 'British Indian Ocean Territory'),
('35', 'Bandar Seri Begawan', 'bn', 'Asia', 'Brunei Darussalam'),
('36', 'Sofia', 'bg', 'Europe', 'Bulgaria'),
('37', 'Ouagadougou', 'bf', 'Africa', 'Burkina Faso'),
('38', 'Bujumbura', 'bi', 'Africa', 'Burundi'),
('39', 'Praia', 'cv', 'Africa', 'Cabo Verde'),
('40', 'Phnom Penh', 'kh', 'Asia', 'Cambodia'),
('41', 'Yaoundé', 'cm', 'Africa', 'Cameroon'),
('42', 'Ottawa', 'ca', 'North America', 'Canada'),
('43', '', 'ic', '', 'Canary Islands'),
('44', '', 'es-ct', '', 'Catalonia'),
('45', 'George Town', 'ky', 'North America', 'Cayman Islands'),
('46', 'Bangui', 'cf', 'Africa', 'Central African Republic'),
('47', '', 'cefta', '', 'Central European Free Trade Agreement'),
('48', '', 'ea', '', 'Ceuta & Melilla'),
('49', 'N\'Djamena', 'td', 'Africa', 'Chad'),
('50', 'Santiago', 'cl', 'South America', 'Chile'),
('51', 'Beijing', 'cn', 'Asia', 'China'),
('52', 'Flying Fish Cove', 'cx', 'Asia', 'Christmas Island'),
('53', '', 'cp', '', 'Clipperton Island'),
('54', 'West Island', 'cc', 'Asia', 'Cocos (Keeling) Islands'),
('55', 'Bogotá', 'co', 'South America', 'Colombia'),
('56', 'Moroni', 'km', 'Africa', 'Comoros'),
('57', 'Avarua', 'ck', 'Oceania', 'Cook Islands'),
('58', 'San José', 'cr', 'North America', 'Costa Rica'),
('59', 'Zagreb', 'hr', 'Europe', 'Croatia'),
('60', 'Havana', 'cu', 'North America', 'Cuba'),
('61', 'Willemstad', 'cw', 'South America', 'Curaçao'),
('62', 'Nicosia', 'cy', 'Europe', 'Cyprus'),
('63', 'Prague', 'cz', 'Europe', 'Czech Republic'),
('64', 'Yamoussoukro', 'ci', 'Africa', 'Côte d\'Ivoire'),
('65', 'Kinshasa', 'cd', 'Africa', 'Democratic Republic of the Congo'),
('66', 'Copenhagen', 'dk', 'Europe', 'Denmark'),
('67', '', 'dg', '', 'Diego Garcia'),
('68', 'Djibouti', 'dj', 'Africa', 'Djibouti'),
('69', 'Roseau', 'dm', 'North America', 'Dominica'),
('70', 'Santo Domingo', 'do', 'North America', 'Dominican Republic'),
('71', 'Quito', 'ec', 'South America', 'Ecuador'),
('72', 'Cairo', 'eg', 'Africa', 'Egypt'),
('73', 'San Salvador', 'sv', 'North America', 'El Salvador'),
('74', 'London', 'gb-eng', 'Europe', 'England'),
('75', 'Malabo', 'gq', 'Africa', 'Equatorial Guinea'),
('76', 'Asmara', 'er', 'Africa', 'Eritrea'),
('77', 'Tallinn', 'ee', 'Europe', 'Estonia'),
('78', 'Lobamba, Mbabane', 'sz', 'Africa', 'Eswatini'),
('79', 'Addis Ababa', 'et', 'Africa', 'Ethiopia'),
('80', '', 'eu', '', 'Europe'),
('81', 'Stanley', 'fk', 'South America', 'Falkland Islands'),
('82', 'Tórshavn', 'fo', 'Europe', 'Faroe Islands'),
('83', 'Palikir', 'fm', 'Oceania', 'Federated States of Micronesia'),
('84', 'Suva', 'fj', 'Oceania', 'Fiji'),
('85', 'Helsinki', 'fi', 'Europe', 'Finland'),
('86', 'Paris', 'fr', 'Europe', 'France'),
('87', 'Cayenne', 'gf', 'South America', 'French Guiana'),
('88', 'Papeete', 'pf', 'Oceania', 'French Polynesia'),
('89', 'Saint-Pierre, Réunion', 'tf', 'Africa', 'French Southern Territories'),
('90', 'Libreville', 'ga', 'Africa', 'Gabon'),
('91', '', 'es-ga', '', 'Galicia'),
('92', 'Banjul', 'gm', 'Africa', 'Gambia'),
('93', 'Tbilisi', 'ge', 'Asia', 'Georgia'),
('94', 'Berlin', 'de', 'Europe', 'Germany'),
('95', 'Accra', 'gh', 'Africa', 'Ghana'),
('96', 'Gibraltar', 'gi', 'Europe', 'Gibraltar'),
('97', 'Athens', 'gr', 'Europe', 'Greece'),
('98', 'Nuuk', 'gl', 'North America', 'Greenland'),
('99', 'St. George\'s', 'gd', 'North America', 'Grenada'),
('100', 'Basse-Terre', 'gp', 'North America', 'Guadeloupe'),
('101', 'Hagåtña', 'gu', 'Oceania', 'Guam'),
('102', 'Guatemala City', 'gt', 'North America', 'Guatemala'),
('103', 'Saint Peter Port', 'gg', 'Europe', 'Guernsey'),
('104', 'Conakry', 'gn', 'Africa', 'Guinea'),
('105', 'Bissau', 'gw', 'Africa', 'Guinea-Bissau'),
('106', 'Georgetown', 'gy', 'South America', 'Guyana'),
('107', 'Port-au-Prince', 'ht', 'North America', 'Haiti'),
('108', '', 'hm', '', 'Heard Island and McDonald Islands'),
('109', 'Vatican City', 'va', 'Europe', 'Holy See'),
('110', 'Tegucigalpa', 'hn', 'North America', 'Honduras'),
('111', 'Hong Kong', 'hk', 'Asia', 'Hong Kong'),
('112', 'Budapest', 'hu', 'Europe', 'Hungary'),
('113', 'Reykjavik', 'is', 'Europe', 'Iceland'),
('114', 'New Delhi', 'in', 'Asia', 'India'),
('115', 'Jakarta', 'id', 'Asia', 'Indonesia'),
('116', 'Tehran', 'ir', 'Asia', 'Iran'),
('117', 'Baghdad', 'iq', 'Asia', 'Iraq'),
('118', 'Dublin', 'ie', 'Europe', 'Ireland'),
('119', 'Douglas', 'im', 'Europe', 'Isle of Man'),
('120', 'Jerusalem', 'il', 'Asia', 'Israel'),
('121', 'Rome', 'it', 'Europe', 'Italy'),
('122', 'Kingston', 'jm', 'North America', 'Jamaica'),
('123', 'Tokyo', 'jp', 'Asia', 'Japan'),
('124', 'Saint Helier', 'je', 'Europe', 'Jersey'),
('125', 'Amman', 'jo', 'Asia', 'Jordan'),
('126', 'Astana', 'kz', 'Asia', 'Kazakhstan'),
('127', 'Nairobi', 'ke', 'Africa', 'Kenya'),
('128', 'South Tarawa', 'ki', 'Oceania', 'Kiribati'),
('129', 'Pristina', 'xk', 'Europe', 'Kosovo'),
('130', 'Kuwait City', 'kw', 'Asia', 'Kuwait'),
('131', 'Bishkek', 'kg', 'Asia', 'Kyrgyzstan'),
('132', 'Vientiane', 'la', 'Asia', 'Laos'),
('133', 'Riga', 'lv', 'Europe', 'Latvia'),
('134', 'Beirut', 'lb', 'Asia', 'Lebanon'),
('135', 'Maseru', 'ls', 'Africa', 'Lesotho'),
('136', 'Monrovia', 'lr', 'Africa', 'Liberia'),
('137', 'Tripoli', 'ly', 'Africa', 'Libya'),
('138', 'Vaduz', 'li', 'Europe', 'Liechtenstein'),
('139', 'Vilnius', 'lt', 'Europe', 'Lithuania'),
('140', 'Luxembourg City', 'lu', 'Europe', 'Luxembourg'),
('141', 'Macau', 'mo', 'Asia', 'Macau'),
('142', 'Antananarivo', 'mg', 'Africa', 'Madagascar'),
('143', 'Lilongwe', 'mw', 'Africa', 'Malawi'),
('144', 'Kuala Lumpur', 'my', 'Asia', 'Malaysia'),
('145', 'Malé', 'mv', 'Asia', 'Maldives'),
('146', 'Bamako', 'ml', 'Africa', 'Mali'),
('147', 'Valletta', 'mt', 'Europe', 'Malta'),
('148', 'Majuro', 'mh', 'Oceania', 'Marshall Islands'),
('149', 'Fort-de-France', 'mq', 'North America', 'Martinique'),
('150', 'Nouakchott', 'mr', 'Africa', 'Mauritania'),
('151', 'Port Louis', 'mu', 'Africa', 'Mauritius'),
('152', 'Mamoudzou', 'yt', 'Africa', 'Mayotte'),
('153', 'Mexico City', 'mx', 'North America', 'Mexico'),
('154', 'Chișinău', 'md', 'Europe', 'Moldova'),
('155', 'Monaco', 'mc', 'Europe', 'Monaco'),
('156', 'Ulaanbaatar', 'mn', 'Asia', 'Mongolia'),
('157', 'Podgorica', 'me', 'Europe', 'Montenegro'),
('158', 'Little Bay, Brades, Plymouth', 'ms', 'North America', 'Montserrat'),
('159', 'Rabat', 'ma', 'Africa', 'Morocco'),
('160', 'Maputo', 'mz', 'Africa', 'Mozambique'),
('161', 'Naypyidaw', 'mm', 'Asia', 'Myanmar'),
('162', 'Windhoek', 'na', 'Africa', 'Namibia'),
('163', 'Yaren District', 'nr', 'Oceania', 'Nauru'),
('164', 'Kathmandu', 'np', 'Asia', 'Nepal'),
('165', 'Amsterdam', 'nl', 'Europe', 'Netherlands'),
('166', 'Nouméa', 'nc', 'Oceania', 'New Caledonia'),
('167', 'Wellington', 'nz', 'Oceania', 'New Zealand'),
('168', 'Managua', 'ni', 'North America', 'Nicaragua'),
('169', 'Niamey', 'ne', 'Africa', 'Niger'),
('170', 'Abuja', 'ng', 'Africa', 'Nigeria'),
('171', 'Alofi', 'nu', 'Oceania', 'Niue'),
('172', 'Kingston', 'nf', 'Oceania', 'Norfolk Island'),
('173', 'Pyongyang', 'kp', 'Asia', 'North Korea'),
('174', 'Skopje', 'mk', 'Europe', 'North Macedonia'),
('175', 'Belfast', 'gb-nir', 'Europe', 'Northern Ireland'),
('176', 'Saipan', 'mp', 'Oceania', 'Northern Mariana Islands'),
('177', 'Oslo', 'no', 'Europe', 'Norway'),
('178', 'Muscat', 'om', 'Asia', 'Oman'),
('179', 'Islamabad', 'pk', 'Asia', 'Pakistan'),
('180', 'Ngerulmud', 'pw', 'Oceania', 'Palau'),
('181', 'Panama City', 'pa', 'North America', 'Panama'),
('182', 'Port Moresby', 'pg', 'Oceania', 'Papua New Guinea'),
('183', 'Asunción', 'py', 'South America', 'Paraguay'),
('184', 'Lima', 'pe', 'South America', 'Peru'),
('185', 'Manila', 'ph', 'Asia', 'Philippines'),
('186', 'Adamstown', 'pn', 'Oceania', 'Pitcairn'),
('187', 'Warsaw', 'pl', 'Europe', 'Poland'),
('188', 'Lisbon', 'pt', 'Europe', 'Portugal'),
('189', 'San Juan', 'pr', 'North America', 'Puerto Rico'),
('190', 'Doha', 'qa', 'Asia', 'Qatar'),
('191', 'Brazzaville', 'cg', 'Africa', 'Republic of the Congo'),
('192', 'Bucharest', 'ro', 'Europe', 'Romania'),
('193', 'Moscow', 'ru', 'Europe', 'Russia'),
('194', 'Kigali', 'rw', 'Africa', 'Rwanda'),
('195', 'Saint-Denis', 're', 'Africa', 'Réunion'),
('196', 'Gustavia', 'bl', 'North America', 'Saint Barthélemy'),
('197', 'Jamestown', 'sh', 'Africa', 'Saint Helena, Ascension and Tristan da Cunha'),
('198', 'Basseterre', 'kn', 'North America', 'Saint Kitts and Nevis'),
('199', 'Castries', 'lc', 'North America', 'Saint Lucia'),
('200', 'Marigot', 'mf', 'North America', 'Saint Martin'),
('201', 'Saint-Pierre', 'pm', 'North America', 'Saint Pierre and Miquelon'),
('202', 'Kingstown', 'vc', 'North America', 'Saint Vincent and the Grenadines'),
('203', 'Apia', 'ws', 'Oceania', 'Samoa'),
('204', 'San Marino', 'sm', 'Europe', 'San Marino'),
('205', 'São Tomé', 'st', 'Africa', 'Sao Tome and Principe'),
('206', 'Riyadh', 'sa', 'Asia', 'Saudi Arabia'),
('207', 'Edinburgh', 'gb-sct', 'Europe', 'Scotland'),
('208', 'Dakar', 'sn', 'Africa', 'Senegal'),
('209', 'Belgrade', 'rs', 'Europe', 'Serbia'),
('210', 'Victoria', 'sc', 'Africa', 'Seychelles'),
('211', 'Freetown', 'sl', 'Africa', 'Sierra Leone'),
('212', 'Singapore', 'sg', 'Asia', 'Singapore'),
('213', 'Philipsburg', 'sx', 'North America', 'Sint Maarten'),
('214', 'Bratislava', 'sk', 'Europe', 'Slovakia'),
('215', 'Ljubljana', 'si', 'Europe', 'Slovenia'),
('216', 'Honiara', 'sb', 'Oceania', 'Solomon Islands'),
('217', 'Mogadishu', 'so', 'Africa', 'Somalia'),
('218', 'Pretoria', 'za', 'Africa', 'South Africa'),
('219', 'King Edward Point', 'gs', 'Antarctica', 'South Georgia and the South Sandwich Islands'),
('220', 'Seoul', 'kr', 'Asia', 'South Korea'),
('221', 'Juba', 'ss', 'Africa', 'South Sudan'),
('222', 'Madrid', 'es', 'Europe', 'Spain'),
('223', 'Sri Jayawardenepura Kotte, Colombo', 'lk', 'Asia', 'Sri Lanka'),
('224', 'Ramallah', 'ps', 'Asia', 'State of Palestine'),
('225', 'Khartoum', 'sd', 'Africa', 'Sudan'),
('226', 'Paramaribo', 'sr', 'South America', 'Suriname'),
('227', 'Longyearbyen', 'sj', 'Europe', 'Svalbard and Jan Mayen'),
('228', 'Stockholm', 'se', 'Europe', 'Sweden'),
('229', 'Bern', 'ch', 'Europe', 'Switzerland'),
('230', 'Damascus', 'sy', 'Asia', 'Syria'),
('231', 'Taipei', 'tw', 'Asia', 'Taiwan'),
('232', 'Dushanbe', 'tj', 'Asia', 'Tajikistan'),
('233', 'Dodoma', 'tz', 'Africa', 'Tanzania'),
('234', 'Bangkok', 'th', 'Asia', 'Thailand'),
('235', 'Dili', 'tl', 'Asia', 'Timor-Leste'),
('236', 'Lomé', 'tg', 'Africa', 'Togo'),
('237', 'Nukunonu, Atafu,Tokelau', 'tk', 'Oceania', 'Tokelau'),
('238', 'Nukuʻalofa', 'to', 'Oceania', 'Tonga'),
('239', 'Port of Spain', 'tt', 'South America', 'Trinidad and Tobago'),
('240', '', 'ta', '', 'Tristan da Cunha'),
('241', 'Tunis', 'tn', 'Africa', 'Tunisia'),
('242', 'Ankara', 'tr', 'Asia', 'Turkey'),
('243', 'Ashgabat', 'tm', 'Asia', 'Turkmenistan'),
('244', 'Cockburn Town', 'tc', 'North America', 'Turks and Caicos Islands'),
('245', 'Funafuti', 'tv', 'Oceania', 'Tuvalu'),
('246', 'Kampala', 'ug', 'Africa', 'Uganda'),
('247', 'Kiev', 'ua', 'Europe', 'Ukraine'),
('248', 'Abu Dhabi', 'ae', 'Asia', 'United Arab Emirates'),
('249', 'London', 'gb', 'Europe', 'United Kingdom'),
('250', '', 'un', '', 'United Nations'),
('251', 'Washington, D.C.', 'um', 'North America', 'United States Minor Outlying Islands'),
('252', 'Washington, D.C.', 'us', 'North America', 'United States of America'),
('253', '', 'xx', '', 'Unknown'),
('254', 'Montevideo', 'uy', 'South America', 'Uruguay'),
('255', 'Tashkent', 'uz', 'Asia', 'Uzbekistan'),
('256', 'Port Vila', 'vu', 'Oceania', 'Vanuatu'),
('257', 'Caracas', 've', 'South America', 'Venezuela'),
('258', 'Hanoi', 'vn', 'Asia', 'Vietnam'),
('259', 'Road Town', 'vg', 'North America', 'Virgin Islands (British)'),
('260', 'Charlotte Amalie', 'vi', 'North America', 'Virgin Islands (U.S.)'),
('261', 'Cardiff', 'gb-wls', 'Europe', 'Wales'),
('262', 'Mata-Utu', 'wf', 'Oceania', 'Wallis and Futuna'),
('263', 'Laayoune', 'eh', 'Africa', 'Western Sahara'),
('264', 'Sana\'a', 'ye', 'Asia', 'Yemen'),
('265', 'Lusaka', 'zm', 'Africa', 'Zambia'),
('266', 'Harare', 'zw', 'Africa', 'Zimbabwe');


-- Table structure for table `flutterwave_payments`
CREATE TABLE `flutterwave_payments` (
  `id` bigint(20) unsigned NOT NULL AUTO_INCREMENT,
  `flutterwave_payment_id` varchar(191) DEFAULT NULL,
  `order_id` bigint(20) unsigned NOT NULL,
  `amount` decimal(10,2) NOT NULL,
  `payment_status` enum('pending','completed','failed') NOT NULL DEFAULT 'pending',
  `payment_date` timestamp NULL DEFAULT NULL,
  `payment_error_response` longtext CHARACTER SET utf8mb4 COLLATE utf8mb4_bin DEFAULT NULL CHECK (json_valid(`payment_error_response`)),
  `created_at` timestamp NULL DEFAULT NULL,
  `updated_at` timestamp NULL DEFAULT NULL,
  PRIMARY KEY (`id`),
  KEY `flutterwave_payments_order_id_foreign` (`order_id`),
  CONSTRAINT `flutterwave_payments_order_id_foreign` FOREIGN KEY (`order_id`) REFERENCES `orders` (`id`) ON DELETE CASCADE
) ENGINE=InnoDB DEFAULT CHARSET=utf8mb4 COLLATE=utf8mb4_unicode_ci;


-- Table structure for table `front_details`
CREATE TABLE `front_details` (
  `id` bigint(20) unsigned NOT NULL AUTO_INCREMENT,
  `language_setting_id` bigint(20) unsigned DEFAULT NULL,
  `header_title` varchar(200) DEFAULT NULL,
  `header_description` text DEFAULT NULL,
  `image` varchar(200) DEFAULT NULL,
  `feature_with_image_heading` varchar(191) DEFAULT NULL,
  `review_heading` varchar(191) DEFAULT NULL,
  `feature_with_icon_heading` varchar(191) DEFAULT NULL,
  `comments_heading` varchar(191) DEFAULT NULL,
  `price_heading` varchar(191) DEFAULT NULL,
  `price_description` varchar(191) DEFAULT NULL,
  `faq_heading` varchar(191) DEFAULT NULL,
  `faq_description` text DEFAULT NULL,
  `contact_heading` text DEFAULT NULL,
  `footer_copyright_text` text DEFAULT NULL,
  `created_at` timestamp NULL DEFAULT NULL,
  `updated_at` timestamp NULL DEFAULT NULL,
  PRIMARY KEY (`id`),
  KEY `front_details_language_setting_id_foreign` (`language_setting_id`),
  CONSTRAINT `front_details_language_setting_id_foreign` FOREIGN KEY (`language_setting_id`) REFERENCES `language_settings` (`id`) ON DELETE CASCADE ON UPDATE CASCADE
) ENGINE=InnoDB AUTO_INCREMENT=2 DEFAULT CHARSET=utf8mb4 COLLATE=utf8mb4_unicode_ci;

-- Dumping data for table `front_details`
INSERT INTO `front_details` VALUES
('1', '1', 'Restaurant POS software made simple!', 'Easily manage orders, menus, and tables in one place. Save time, reduce errors, and grow your business faster', NULL, 'Take Control of Your Restaurant', 'What Restaurant Owners Are Saying', 'Powerful Features Built to Elevate Your Restaurant Operations', NULL, 'Simple, Transparent Pricing', 'Get everything you need to manage your restaurant with one affordable plan.', 'Your questions, answered', 'Answers to the most frequently asked questions.', 'Contact', '© 2025 TableTrack. All Rights Reserved.', '2025-09-17 05:36:44', '2025-09-17 05:36:44');


-- Table structure for table `front_faq_settings`
CREATE TABLE `front_faq_settings` (
  `id` bigint(20) unsigned NOT NULL AUTO_INCREMENT,
  `language_setting_id` bigint(20) unsigned DEFAULT NULL,
  `question` text DEFAULT NULL,
  `answer` text DEFAULT NULL,
  `created_at` timestamp NULL DEFAULT NULL,
  `updated_at` timestamp NULL DEFAULT NULL,
  PRIMARY KEY (`id`),
  KEY `front_faq_settings_language_setting_id_foreign` (`language_setting_id`),
  CONSTRAINT `front_faq_settings_language_setting_id_foreign` FOREIGN KEY (`language_setting_id`) REFERENCES `language_settings` (`id`) ON DELETE CASCADE ON UPDATE CASCADE
) ENGINE=InnoDB AUTO_INCREMENT=7 DEFAULT CHARSET=utf8mb4 COLLATE=utf8mb4_unicode_ci;

-- Dumping data for table `front_faq_settings`
INSERT INTO `front_faq_settings` VALUES
('1', '1', 'How can I contact customer support 1?', 'Our dedicated support team is available via email to assist you with any questions or technical issues.', NULL, NULL),
('2', '1', 'How can I contact customer support?', 'Our dedicated support team is available via email to assist you with any questions or technical issues.', NULL, NULL),
('3', '1', 'How can I contact customer support?', 'Our dedicated support team is available via email to assist you with any questions or technical issues.', NULL, NULL),
('4', '1', 'How can I contact customer support?', 'Our dedicated support team is available via email to assist you with any questions or technical issues.', NULL, NULL),
('5', '1', 'How can I contact customer support?', 'Our dedicated support team is available via email to assist you with any questions or technical issues.', NULL, NULL),
('6', '1', 'How can I contact customer support?', 'Our dedicated support team is available via email to assist you with any questions or technical issues.', NULL, NULL);


-- Table structure for table `front_features`
CREATE TABLE `front_features` (
  `id` int(10) unsigned NOT NULL AUTO_INCREMENT,
  `language_setting_id` bigint(20) unsigned DEFAULT NULL,
  `title` varchar(191) NOT NULL,
  `description` longtext DEFAULT NULL,
  `image` longtext DEFAULT NULL,
  `icon` longtext DEFAULT NULL,
  `type` enum('image','icon','task','bills','team','apps') NOT NULL DEFAULT 'image',
  `created_at` timestamp NULL DEFAULT NULL,
  `updated_at` timestamp NULL DEFAULT NULL,
  PRIMARY KEY (`id`),
  KEY `front_features_language_setting_id_foreign` (`language_setting_id`),
  CONSTRAINT `front_features_language_setting_id_foreign` FOREIGN KEY (`language_setting_id`) REFERENCES `language_settings` (`id`) ON DELETE CASCADE ON UPDATE CASCADE
) ENGINE=InnoDB AUTO_INCREMENT=12 DEFAULT CHARSET=utf8mb4 COLLATE=utf8mb4_unicode_ci;

-- Dumping data for table `front_features`
INSERT INTO `front_features` VALUES
('1', '1', 'Streamline Order Management', 'Never lose track of an order again. All your customer orders—from dine-in to takeout—are organized and easily accessible in one place.\n                                Speed up service and keep your kitchen running smoothly.', NULL, NULL, 'image', NULL, NULL),
('2', '1', 'Optimize Table Reservations', 'Maximize seating efficiency with real-time table tracking and reservations. Reduce wait times and ensure no table sits empty during peak hours, improving customer experience and turnover.', NULL, NULL, 'image', NULL, NULL),
('3', '1', 'Effortless Menu Management', 'Easily add, edit, or remove items from your menu on the go. Highlight specials, update prices, and keep everything in sync across all platforms, so your staff and customers always see the latest offerings.', NULL, NULL, 'image', NULL, NULL),
('4', '1', 'QR Code Menu', 'Contactless Ordering Made Easy', '<svg xmlns=\"http://www.w3.org/2000/svg\" width=\"16\" height=\"16\" fill=\"currentColor\"\n                            class=\"bi bi-qr-code-scan text-skin-base dark:text-skin-base size-6\" viewBox=\"0 0 16 16\">\n                            <path\n                                d=\"M0 .5A.5.5 0 0 1 .5 0h3a.5.5 0 0 1 0 1H1v2.5a.5.5 0 0 1-1 0zm12 0a.5.5 0 0 1 .5-.5h3a.5.5 0 0 1 .5.5v3a.5.5 0 0 1-1 0V1h-2.5a.5.5 0 0 1-.5-.5M.5 12a.5.5 0 0 1 .5.5V15h2.5a.5.5 0 0 1 0 1h-3a.5.5 0 0 1-.5-.5v-3a.5.5 0 0 1 .5-.5m15 0a.5.5 0 0 1 .5.5v3a.5.5 0 0 1-.5.5h-3a.5.5 0 0 1 0-1H15v-2.5a.5.5 0 0 1 .5-.5M4 4h1v1H4z\" />\n                            <path d=\"M7 2H2v5h5zM3 3h3v3H3zm2 8H4v1h1z\" />\n                            <path d=\"M7 9H2v5h5zm-4 1h3v3H3zm8-6h1v1h-1z\" />\n                            <path\n                                d=\"M9 2h5v5H9zm1 1v3h3V3zM8 8v2h1v1H8v1h2v-2h1v2h1v-1h2v-1h-3V8zm2 2H9V9h1zm4 2h-1v1h-2v1h3zm-4 2v-1H8v1z\" />\n                            <path d=\"M12 9h2V8h-2z\" />\n                        </svg>', 'bi-qr-code', 'icon', NULL, NULL),
('5', '1', 'Payment Gateway Integration', 'Fast, Secure, and Flexible Payments using Stripe and Razorpay', '<svg xmlns=\"http://www.w3.org/2000/svg\" width=\"16\" height=\"16\" fill=\"currentColor\"\n                        class=\"bi bi-qr-code-scan text-skin-base dark:text-skin-base size-6\" viewBox=\"0 0 16 16\">\n                        <path\n                            d=\"M2 0a2 2 0 0 0-2 2v12a2 2 0 0 0 2 2h12a2 2 0 0 0 2-2V2a2 2 0 0 0-2-2zm6.226 5.385c-.584 0-.937.164-.937.593 0 .468.607.674 1.36.93 1.228.415 2.844.963 2.851 2.993C11.5 11.868 9.924 13 7.63 13a7.7 7.7 0 0 1-3.009-.626V9.758c.926.506 2.095.88 3.01.88.617 0 1.058-.165 1.058-.671 0-.518-.658-.755-1.453-1.041C6.026 8.49 4.5 7.94 4.5 6.11 4.5 4.165 5.988 3 8.226 3a7.3 7.3 0 0 1 2.734.505v2.583c-.838-.45-1.896-.703-2.734-.703\" />\n                    </svg>', 'bi-credit-card', 'icon', NULL, NULL),
('6', '1', 'Staff Management', 'Separate login for every staff role with different permissions.', '<svg xmlns=\"http://www.w3.org/2000/svg\" width=\"16\" height=\"16\" fill=\"currentColor\"\n                        class=\"bi bi-qr-code-scan text-skin-base dark:text-skin-base size-6\" viewBox=\"0 0 16 16\">\n                        <path\n                            d=\"M15 14s1 0 1-1-1-4-5-4-5 3-5 4 1 1 1 1zm-7.978-1L7 12.996c.001-.264.167-1.03.76-1.72C8.312 10.629 9.282 10 11 10c1.717 0 2.687.63 3.24 1.276.593.69.758 1.457.76 1.72l-.008.002-.014.002zM11 7a2 2 0 1 0 0-4 2 2 0 0 0 0 4m3-2a3 3 0 1 1-6 0 3 3 0 0 1 6 0M6.936 9.28a6 6 0 0 0-1.23-.247A7 7 0 0 0 5 9c-4 0-5 3-5 4q0 1 1 1h4.216A2.24 2.24 0 0 1 5 13c0-1.01.377-2.042 1.09-2.904.243-.294.526-.569.846-.816M4.92 10A5.5 5.5 0 0 0 4 13H1c0-.26.164-1.03.76-1.724.545-.636 1.492-1.256 3.16-1.275ZM1.5 5.5a3 3 0 1 1 6 0 3 3 0 0 1-6 0m3-2a2 2 0 1 0 0 4 2 2 0 0 0 0-4\" />\n                    </svg>', 'bi-people', 'icon', NULL, NULL),
('7', '1', 'POS (Point of Sale)', 'Complete POS Integration', '<svg class=\"size-6 transition duration-75 text-skin-base dark:text-skin-base\" fill=\"currentColor\"\n                        viewBox=\"0 -0.5 25 25\" viewBox=\"0 0 24 24\" xmlns=\"http://www.w3.org/2000/svg\">\n                        <g id=\"SVGRepo_bgCarrier\" stroke-width=\"0\"></g>\n                        <g id=\"SVGRepo_tracerCarrier\" stroke-linecap=\"round\" stroke-linejoin=\"round\"></g>\n                        <g id=\"SVGRepo_iconCarrier\">\n                            <path fill-rule=\"evenodd\"\n                                d=\"M16,6 L20,6 C21.1045695,6 22,6.8954305 22,8 L22,16 C22,17.1045695 21.1045695,18 20,18 L16,18 L16,19.9411765 C16,21.0658573 15.1177541,22 14,22 L4,22 C2.88224586,22 2,21.0658573 2,19.9411765 L2,4.05882353 C2,2.93414267 2.88224586,2 4,2 L14,2 C15.1177541,2 16,2.93414267 16,4.05882353 L16,6 Z M20,11 L16,11 L16,16 L20,16 L20,11 Z M14,19.9411765 L14,4.05882353 C14,4.01396021 13.9868154,4 14,4 L4,4 C4.01318464,4 4,4.01396021 4,4.05882353 L4,19.9411765 C4,19.9860398 4.01318464,20 4,20 L14,20 C13.9868154,20 14,19.9860398 14,19.9411765 Z M5,19 L5,17 L7,17 L7,19 L5,19 Z M8,19 L8,17 L10,17 L10,19 L8,19 Z M11,19 L11,17 L13,17 L13,19 L11,19 Z M5,16 L5,14 L7,14 L7,16 L5,16 Z M8,16 L8,14 L10,14 L10,16 L8,16 Z M11,16 L11,14 L13,14 L13,16 L11,16 Z M13,5 L13,13 L5,13 L5,5 L13,5 Z M7,7 L7,11 L11,11 L11,7 L7,7 Z M20,9 L20,8 L16,8 L16,9 L20,9 Z\">\n                            </path>\n                        </g>\n                    </svg>', 'bi-pos', 'icon', NULL, NULL),
('8', '1', 'Custom Floor Plans', 'Design Your Restaurants Layout.', '<svg xmlns=\"http://www.w3.org/2000/svg\" width=\"16\" height=\"16\" fill=\"currentColor\"\n                        class=\"bi bi-qr-code-scan text-skin-base dark:text-skin-base size-6\" viewBox=\"0 0 16 16\">\n                        <path\n                            d=\"M8.235 1.559a.5.5 0 0 0-.47 0l-7.5 4a.5.5 0 0 0 0 .882L3.188 8 .264 9.559a.5.5 0 0 0 0 .882l7.5 4a.5.5 0 0 0 .47 0l7.5-4a.5.5 0 0 0 0-.882L12.813 8l2.922-1.559a.5.5 0 0 0 0-.882zm3.515 7.008L14.438 10 8 13.433 1.562 10 4.25 8.567l3.515 1.874a.5.5 0 0 0 .47 0zM8 9.433 1.562 6 8 2.567 14.438 6z\" />\n                    </svg>', 'bi-grid-3x3-gap', 'icon', NULL, NULL),
('9', '1', 'Kitchen Order Tickets (KOT)', 'Efficient Kitchen Workflow.', '<svg xmlns=\"http://www.w3.org/2000/svg\" width=\"16\" height=\"16\" fill=\"currentColor\"\n                        class=\"bi bi-qr-code-scan text-skin-base dark:text-skin-base size-6\" viewBox=\"0 0 16 16\">\n                        <path\n                            d=\"M3 4.5a.5.5 0 0 1 .5-.5h6a.5.5 0 1 1 0 1h-6a.5.5 0 0 1-.5-.5m0 2a.5.5 0 0 1 .5-.5h6a.5.5 0 1 1 0 1h-6a.5.5 0 0 1-.5-.5m0 2a.5.5 0 0 1 .5-.5h6a.5.5 0 1 1 0 1h-6a.5.5 0 0 1-.5-.5m0 2a.5.5 0 0 1 .5-.5h6a.5.5 0 0 1 0 1h-6a.5.5 0 0 1-.5-.5m0 2a.5.5 0 0 1 .5-.5h6a.5.5 0 0 1 0 1h-6a.5.5 0 0 1-.5-.5M11.5 4a.5.5 0 0 0 0 1h1a.5.5 0 0 0 0-1zm0 2a.5.5 0 0 0 0 1h1a.5.5 0 0 0 0-1zm0 2a.5.5 0 0 0 0 1h1a.5.5 0 0 0 0-1zm0 2a.5.5 0 0 0 0 1h1a.5.5 0 0 0 0-1zm0 2a.5.5 0 0 0 0 1h1a.5.5 0 0 0 0-1z\" />\n                        <path\n                            d=\"M2.354.646a.5.5 0 0 0-.801.13l-.5 1A.5.5 0 0 0 1 2v13H.5a.5.5 0 0 0 0 1h15a.5.5 0 0 0 0-1H15V2a.5.5 0 0 0-.053-.224l-.5-1a.5.5 0 0 0-.8-.13L13 1.293l-.646-.647a.5.5 0 0 0-.708 0L11 1.293l-.646-.647a.5.5 0 0 0-.708 0L9 1.293 8.354.646a.5.5 0 0 0-.708 0L7 1.293 6.354.646a.5.5 0 0 0-.708 0L5 1.293 4.354.646a.5.5 0 0 0-.708 0L3 1.293zm-.217 1.198.51.51a.5.5 0 0 0 .707 0L4 1.707l.646.647a.5.5 0 0 0 .708 0L6 1.707l.646.647a.5.5 0 0 0 .708 0L8 1.707l.646.647a.5.5 0 0 0 .708 0L10 1.707l.646.647a.5.5 0 0 0 .708 0L12 1.707l.646.647a.5.5 0 0 0 .708 0l.509-.51.137.274V15H2V2.118z\" />\n                    </svg>', 'bi-receipt', 'icon', NULL, NULL),
('10', '1', 'Bill Printing', 'Quick and Accurate Billing.', '<svg xmlns=\"http://www.w3.org/2000/svg\" width=\"16\" height=\"16\" fill=\"currentColor\"\n                        class=\"bi bi-qr-code-scan text-skin-base dark:text-skin-base size-6\" viewBox=\"0 0 16 16\">\n                        <path d=\"M2.5 8a.5.5 0 1 0 0-1 .5.5 0 0 0 0 1\" />\n                        <path\n                            d=\"M5 1a2 2 0 0 0-2 2v2H2a2 2 0 0 0-2 2v3a2 2 0 0 0 2 2h1v1a2 2 0 0 0 2 2h6a2 2 0 0 0 2-2v-1h1a2 2 0 0 0 2-2V7a2 2 0 0 0-2-2h-1V3a2 2 0 0 0-2-2zM4 3a1 1 0 0 1 1-1h6a1 1 0 0 1 1 1v2H4zm1 5a2 2 0 0 0-2 2v1H2a1 1 0 0 1-1-1V7a1 1 0 0 1 1-1h12a1 1 0 0 1 1 1v3a1 1 0 0 1-1 1h-1v-1a2 2 0 0 0-2-2zm7 2v3a1 1 0 0 1-1 1H5a1 1 0 0 1-1-1v-3a1 1 0 0 1 1-1h6a1 1 0 0 1 1 1\" />\n                    </svg>', 'bi-printer', 'icon', NULL, NULL),
('11', '1', 'Reports', 'Data-Driven Decisions.', '<svg xmlns=\"http://www.w3.org/2000/svg\" width=\"16\" height=\"16\" fill=\"currentColor\" class=\"bi bi-qr-code-scan text-skin-base dark:text-skin-base size-6\" viewBox=\"0 0 16 16\">\n                    <path fill-rule=\"evenodd\" d=\"M0 0h1v15h15v1H0zm10 3.5a.5.5 0 0 1 .5-.5h4a.5.5 0 0 1 .5.5v4a.5.5 0 0 1-1 0V4.9l-3.613 4.417a.5.5 0 0 1-.74.037L7.06 6.767l-3.656 5.027a.5.5 0 0 1-.808-.588l4-5.5a.5.5 0 0 1 .758-.06l2.609 2.61L13.445 4H10.5a.5.5 0 0 1-.5-.5\"></path>\n                    </svg>', 'bi-arrow-right-circle-fill', 'icon', NULL, NULL);


-- Table structure for table `front_review_settings`
CREATE TABLE `front_review_settings` (
  `id` bigint(20) unsigned NOT NULL AUTO_INCREMENT,
  `language_setting_id` bigint(20) unsigned DEFAULT NULL,
  `reviews` text DEFAULT NULL,
  `reviewer_name` varchar(191) DEFAULT NULL,
  `reviewer_designation` varchar(191) DEFAULT NULL,
  `created_at` timestamp NULL DEFAULT NULL,
  `updated_at` timestamp NULL DEFAULT NULL,
  PRIMARY KEY (`id`),
  KEY `front_review_settings_language_setting_id_foreign` (`language_setting_id`),
  CONSTRAINT `front_review_settings_language_setting_id_foreign` FOREIGN KEY (`language_setting_id`) REFERENCES `language_settings` (`id`) ON DELETE CASCADE ON UPDATE CASCADE
) ENGINE=InnoDB AUTO_INCREMENT=4 DEFAULT CHARSET=utf8mb4 COLLATE=utf8mb4_unicode_ci;

-- Dumping data for table `front_review_settings`
INSERT INTO `front_review_settings` VALUES
('1', '1', '\" It has completely transformed how we operate. Managing orders, tables, and staff all from one platform has reduced our workload and made everything run more smoothly. \"', 'John Martin', 'Owner of Riverbend Bistro', NULL, NULL),
('2', '1', '\" The QR Code menu and payment integration have made a huge difference for us, especially after the pandemic. Customers love the ease, and we’ve seen faster table turnover.\"', 'Emily Thompson', 'Manager at Lakeside Grill', NULL, NULL),
('3', '1', '\" We are able to track every order in real time, keep our menu updated, and quickly manage payments. It is like having an extra set of hands in the restaurant.\"', 'Michael Scott', 'Owner of Downtown Eats', NULL, NULL);


-- Table structure for table `global_currencies`
CREATE TABLE `global_currencies` (
  `id` bigint(20) unsigned NOT NULL AUTO_INCREMENT,
  `currency_name` varchar(191) NOT NULL,
  `currency_symbol` varchar(191) NOT NULL,
  `currency_code` varchar(191) NOT NULL,
  `exchange_rate` decimal(16,2) DEFAULT NULL,
  `usd_price` decimal(16,2) DEFAULT NULL,
  `is_cryptocurrency` enum('yes','no') NOT NULL DEFAULT 'no',
  `currency_position` enum('left','right','left_with_space','right_with_space') NOT NULL DEFAULT 'left',
  `no_of_decimal` int(10) unsigned NOT NULL DEFAULT 2,
  `thousand_separator` varchar(191) DEFAULT NULL,
  `decimal_separator` varchar(191) DEFAULT NULL,
  `status` enum('enable','disable') NOT NULL DEFAULT 'enable',
  `created_at` timestamp NULL DEFAULT NULL,
  `updated_at` timestamp NULL DEFAULT NULL,
  `deleted_at` timestamp NULL DEFAULT NULL,
  PRIMARY KEY (`id`)
) ENGINE=InnoDB AUTO_INCREMENT=6 DEFAULT CHARSET=utf8mb4 COLLATE=utf8mb4_unicode_ci;

-- Dumping data for table `global_currencies`
INSERT INTO `global_currencies` VALUES
('1', 'US Dollars', '$', 'USD', NULL, NULL, 'no', 'left', '2', ',', '.', 'enable', '2025-09-17 05:36:40', '2025-09-17 06:12:50', NULL),
('2', 'Indian Rupee', '₹', 'INR', NULL, NULL, 'no', 'left', '2', ',', '.', 'enable', '2025-09-17 05:36:40', '2025-09-20 14:32:54', NULL),
('3', 'Pounds', '£', 'GBP', NULL, NULL, 'no', 'left', '2', ',', '.', 'enable', '2025-09-17 05:36:40', '2025-09-17 05:36:40', NULL),
('4', 'Euros', '€', 'EUR', NULL, NULL, 'no', 'left', '2', ',', '.', 'enable', '2025-09-17 05:36:40', '2025-09-17 05:36:40', NULL),
('5', 'Canadian Dollar', '$', 'CAD', NULL, NULL, 'no', 'left', '2', ',', '.', 'enable', '2025-09-17 06:12:38', '2025-09-17 06:12:38', NULL);


-- Table structure for table `global_invoices`
CREATE TABLE `global_invoices` (
  `id` bigint(20) unsigned NOT NULL AUTO_INCREMENT,
  `restaurant_id` bigint(20) unsigned DEFAULT NULL,
  `currency_id` bigint(20) unsigned DEFAULT NULL,
  `package_id` bigint(20) unsigned DEFAULT NULL,
  `global_subscription_id` bigint(20) unsigned DEFAULT NULL,
  `offline_method_id` bigint(20) unsigned DEFAULT NULL,
  `signature` varchar(191) DEFAULT NULL,
  `token` varchar(191) DEFAULT NULL,
  `transaction_id` varchar(191) DEFAULT NULL,
  `reference_id` varchar(191) DEFAULT NULL,
  `event_id` varchar(191) DEFAULT NULL,
  `package_type` varchar(191) DEFAULT NULL,
  `sub_total` int(11) DEFAULT NULL,
  `total` int(11) DEFAULT NULL,
  `billing_frequency` varchar(191) DEFAULT NULL,
  `billing_interval` varchar(191) DEFAULT NULL,
  `recurring` enum('yes','no') DEFAULT NULL,
  `plan_id` varchar(191) DEFAULT NULL,
  `subscription_id` varchar(191) DEFAULT NULL,
  `invoice_id` varchar(191) DEFAULT NULL,
  `amount` decimal(16,2) DEFAULT NULL,
  `stripe_invoice_number` varchar(191) DEFAULT NULL,
  `pay_date` datetime DEFAULT NULL,
  `next_pay_date` datetime DEFAULT NULL,
  `gateway_name` varchar(191) DEFAULT NULL,
  `status` enum('active','inactive') DEFAULT NULL,
  `created_at` timestamp NULL DEFAULT NULL,
  `updated_at` timestamp NULL DEFAULT NULL,
  `m_payment_id` varchar(191) DEFAULT NULL,
  `pf_payment_id` varchar(191) DEFAULT NULL,
  `payfast_plan` varchar(191) DEFAULT NULL,
  PRIMARY KEY (`id`),
  KEY `global_invoices_restaurant_id_foreign` (`restaurant_id`),
  KEY `global_invoices_currency_id_foreign` (`currency_id`),
  KEY `global_invoices_package_id_foreign` (`package_id`),
  KEY `global_invoices_global_subscription_id_foreign` (`global_subscription_id`),
  KEY `global_invoices_offline_method_id_foreign` (`offline_method_id`),
  CONSTRAINT `global_invoices_currency_id_foreign` FOREIGN KEY (`currency_id`) REFERENCES `global_currencies` (`id`) ON DELETE CASCADE ON UPDATE CASCADE,
  CONSTRAINT `global_invoices_global_subscription_id_foreign` FOREIGN KEY (`global_subscription_id`) REFERENCES `global_subscriptions` (`id`) ON DELETE CASCADE ON UPDATE CASCADE,
  CONSTRAINT `global_invoices_offline_method_id_foreign` FOREIGN KEY (`offline_method_id`) REFERENCES `offline_payment_methods` (`id`) ON DELETE CASCADE ON UPDATE CASCADE,
  CONSTRAINT `global_invoices_package_id_foreign` FOREIGN KEY (`package_id`) REFERENCES `packages` (`id`) ON DELETE CASCADE ON UPDATE CASCADE,
  CONSTRAINT `global_invoices_restaurant_id_foreign` FOREIGN KEY (`restaurant_id`) REFERENCES `restaurants` (`id`) ON DELETE CASCADE ON UPDATE CASCADE
) ENGINE=InnoDB AUTO_INCREMENT=41 DEFAULT CHARSET=utf8mb4 COLLATE=utf8mb4_unicode_ci;

-- Dumping data for table `global_invoices`
INSERT INTO `global_invoices` VALUES
('1', '1', '1', '5', '1', NULL, NULL, NULL, 'JLGL2SB6OS57QNL', NULL, NULL, 'trial', NULL, '0', NULL, NULL, NULL, NULL, NULL, NULL, NULL, NULL, '2025-09-17 05:36:43', '2025-10-17 05:36:43', 'offline', 'active', '2025-09-17 05:36:43', '2025-09-17 05:36:43', NULL, NULL, NULL),
('2', '2', '1', '5', '2', NULL, NULL, NULL, 'ZDQJNFUSENGXF9R', NULL, NULL, 'trial', NULL, '0', NULL, NULL, NULL, NULL, NULL, NULL, NULL, NULL, '2025-09-17 10:02:45', '2025-10-17 10:02:45', 'offline', 'active', '2025-09-17 10:02:45', '2025-09-17 10:02:45', NULL, NULL, NULL),
('3', '2', '1', '3', '3', NULL, NULL, NULL, 'SBNYAYGDZZUKXUW', NULL, NULL, 'lifetime', NULL, '199', NULL, NULL, NULL, NULL, NULL, NULL, NULL, NULL, '2025-09-20 00:00:00', '2026-05-15 00:00:00', 'offline', NULL, '2025-09-20 12:20:44', '2025-09-20 12:20:44', NULL, NULL, NULL),
('4', '3', '1', '5', '4', NULL, NULL, NULL, '63ZULAHH9MKTEMM', NULL, NULL, 'trial', NULL, '0', NULL, NULL, NULL, NULL, NULL, NULL, NULL, NULL, '2025-09-20 12:56:44', '2025-10-20 12:56:44', 'offline', 'active', '2025-09-20 12:56:44', '2025-09-20 12:56:44', NULL, NULL, NULL),
('5', '4', '1', '5', '5', NULL, NULL, NULL, 'SE38QYIOHPNUNI2', NULL, NULL, 'trial', NULL, '0', NULL, NULL, NULL, NULL, NULL, NULL, NULL, NULL, '2025-10-07 15:00:09', '2025-11-06 15:00:09', 'offline', 'active', '2025-10-07 15:00:09', '2025-10-07 15:00:09', NULL, NULL, NULL),
('8', '4', '1', '3', '8', NULL, NULL, NULL, '4P9UI7IOHCSMABH', NULL, NULL, 'lifetime', NULL, '199', NULL, NULL, NULL, NULL, NULL, NULL, NULL, NULL, '2025-10-07 00:00:00', NULL, 'offline', NULL, '2025-10-07 15:14:48', '2025-10-07 15:14:48', NULL, NULL, NULL),
('9', '1', '1', '1', '9', NULL, NULL, NULL, 'LJ8DKUCTF87VHJZ', NULL, NULL, 'monthly', NULL, '0', NULL, NULL, NULL, NULL, NULL, NULL, NULL, NULL, '2025-10-17 00:00:03', '2025-11-17 00:00:00', 'offline', NULL, '2025-10-17 00:00:03', '2025-10-17 00:00:03', NULL, NULL, NULL),
('10', '3', '1', '1', '10', NULL, NULL, NULL, 'PMTESQ9HXBDL5GR', NULL, NULL, 'monthly', NULL, '0', NULL, NULL, NULL, NULL, NULL, NULL, NULL, NULL, '2025-10-20 00:00:03', '2025-11-20 00:00:00', 'offline', NULL, '2025-10-20 00:00:03', '2025-10-20 00:00:03', NULL, NULL, NULL),
('31', '26', '1', '5', '31', NULL, NULL, NULL, '3AELD0IA1E2QIFO', NULL, NULL, 'trial', NULL, '0', NULL, NULL, NULL, NULL, NULL, NULL, NULL, NULL, '2025-11-07 17:23:03', '2025-12-07 17:23:03', 'offline', 'active', '2025-11-07 17:23:03', '2025-11-07 17:23:03', NULL, NULL, NULL),
('32', '26', '5', '6', '32', '1', NULL, NULL, 'V5NJCKD1U1TC53K', NULL, NULL, 'monthly', NULL, '49', NULL, NULL, NULL, NULL, NULL, NULL, NULL, NULL, '2025-11-08 07:45:45', '2025-12-08 00:00:00', 'offline', 'active', '2025-11-08 07:45:45', '2025-11-08 07:45:45', NULL, NULL, NULL),
('33', '27', '1', '5', '33', NULL, NULL, NULL, '9WXQWUMZNFAZL53', NULL, NULL, 'trial', NULL, '0', NULL, NULL, NULL, NULL, NULL, NULL, NULL, NULL, '2025-11-08 10:32:26', '2025-12-08 10:32:26', 'offline', 'active', '2025-11-08 10:32:26', '2025-11-08 10:32:26', NULL, NULL, NULL),
('34', '27', '5', '6', '34', '1', NULL, NULL, 'TJ68RNCBJWU5EK2', NULL, NULL, 'monthly', NULL, '49', NULL, NULL, NULL, NULL, NULL, NULL, NULL, NULL, '2025-11-08 10:35:55', '2025-12-08 10:35:53', 'offline', 'active', '2025-11-08 10:35:55', '2025-11-08 10:35:55', NULL, NULL, NULL),
('35', '28', '1', '5', '35', NULL, NULL, NULL, 'ZX3RDVKIYBFGRTS', NULL, NULL, 'trial', NULL, '0', NULL, NULL, NULL, NULL, NULL, NULL, NULL, NULL, '2025-11-12 14:15:50', '2025-12-12 14:15:50', 'offline', 'active', '2025-11-12 14:15:50', '2025-11-12 14:15:50', NULL, NULL, NULL),
('37', '29', '1', '5', '37', NULL, NULL, NULL, 'V8MOIWXEHYVYQXC', NULL, NULL, 'trial', NULL, '0', NULL, NULL, NULL, NULL, NULL, NULL, NULL, NULL, '2025-11-13 15:41:43', '2025-12-13 15:41:43', 'offline', 'active', '2025-11-13 15:41:43', '2025-11-13 15:41:43', NULL, NULL, NULL),
('38', '29', '5', '6', '38', '1', NULL, NULL, 'UMPFYGEWHAPEOTB', NULL, NULL, 'monthly', NULL, '49', NULL, NULL, NULL, NULL, NULL, NULL, NULL, NULL, '2025-11-13 15:43:17', '2025-12-13 00:00:00', 'offline', 'active', '2025-11-13 15:43:17', '2025-11-13 15:43:17', NULL, NULL, NULL),
('39', '30', '1', '5', '39', NULL, NULL, NULL, 'UEAQAZXQEYJNMHB', NULL, NULL, 'trial', NULL, '0', NULL, NULL, NULL, NULL, NULL, NULL, NULL, NULL, '2025-11-15 07:46:25', '2025-12-15 07:46:25', 'offline', 'active', '2025-11-15 07:46:25', '2025-11-15 07:46:25', NULL, NULL, NULL),
('40', '30', '5', '6', '40', '1', NULL, NULL, 'R92R7TZGN6IKL13', NULL, NULL, 'monthly', NULL, '49', NULL, NULL, NULL, NULL, NULL, NULL, NULL, NULL, '2025-11-15 07:50:28', '2025-12-15 07:50:26', 'offline', 'active', '2025-11-15 07:50:28', '2025-11-15 07:50:28', NULL, NULL, NULL);


-- Table structure for table `global_settings`
CREATE TABLE `global_settings` (
  `id` bigint(20) unsigned NOT NULL AUTO_INCREMENT,
  `purchase_code` varchar(80) DEFAULT NULL,
  `supported_until` timestamp NULL DEFAULT NULL,
  `last_license_verified_at` timestamp NULL DEFAULT NULL,
  `email` varchar(191) DEFAULT NULL,
  `privacy_policy_link` varchar(191) DEFAULT NULL,
  `show_privacy_consent_checkbox` tinyint(1) NOT NULL DEFAULT 0,
  `created_at` timestamp NULL DEFAULT NULL,
  `updated_at` timestamp NULL DEFAULT NULL,
  `name` varchar(191) NOT NULL,
  `logo` varchar(191) DEFAULT NULL,
  `theme_hex` varchar(191) DEFAULT NULL,
  `theme_rgb` varchar(191) DEFAULT NULL,
  `locale` varchar(191) NOT NULL DEFAULT 'en',
  `license_type` varchar(191) DEFAULT NULL,
  `hide_cron_job` tinyint(1) NOT NULL DEFAULT 0,
  `last_cron_run` timestamp NULL DEFAULT NULL,
  `system_update` tinyint(1) NOT NULL DEFAULT 1,
  `purchased_on` timestamp NULL DEFAULT NULL,
  `timezone` varchar(191) DEFAULT 'Asia/Kolkata',
  `disable_landing_site` tinyint(1) NOT NULL DEFAULT 0,
  `landing_type` varchar(191) NOT NULL DEFAULT 'dynamic',
  `landing_site_type` enum('theme','custom') NOT NULL DEFAULT 'theme',
  `landing_site_url` varchar(191) DEFAULT NULL,
  `installed_url` tinytext DEFAULT NULL,
  `requires_approval_after_signup` tinyint(1) NOT NULL DEFAULT 0,
  `facebook_link` varchar(255) DEFAULT NULL,
  `instagram_link` varchar(255) DEFAULT NULL,
  `twitter_link` varchar(255) DEFAULT NULL,
  `yelp_link` varchar(255) DEFAULT NULL,
  `default_currency_id` bigint(20) unsigned DEFAULT NULL,
  `show_logo_text` tinyint(1) NOT NULL DEFAULT 1,
  `meta_title` varchar(191) DEFAULT NULL,
  `meta_keyword` text DEFAULT NULL,
  `meta_description` longtext DEFAULT NULL,
  `upload_fav_icon_android_chrome_192` varchar(191) DEFAULT NULL,
  `upload_fav_icon_android_chrome_512` varchar(191) DEFAULT NULL,
  `upload_fav_icon_apple_touch_icon` varchar(191) DEFAULT NULL,
  `upload_favicon_16` varchar(191) DEFAULT NULL,
  `upload_favicon_32` varchar(191) DEFAULT NULL,
  `favicon` varchar(191) DEFAULT NULL,
  `hash` varchar(191) DEFAULT NULL,
  `webmanifest` varchar(191) DEFAULT NULL,
  `is_pwa_install_alert_show` varchar(191) NOT NULL DEFAULT '0',
  `google_map_api_key` varchar(191) DEFAULT NULL,
  `session_driver` enum('file','database') NOT NULL DEFAULT 'database',
  `enable_stripe` tinyint(1) NOT NULL DEFAULT 1,
  `enable_razorpay` tinyint(1) NOT NULL DEFAULT 1,
  `enable_flutterwave` tinyint(1) NOT NULL DEFAULT 1,
  `enable_payfast` tinyint(1) NOT NULL DEFAULT 1,
  `enable_paypal` tinyint(1) NOT NULL DEFAULT 1,
  `enable_paystack` tinyint(1) NOT NULL DEFAULT 1,
  `enable_xendit` tinyint(1) NOT NULL DEFAULT 1,
  `enable_paddle` tinyint(1) NOT NULL DEFAULT 1,
  `total_vonage_count` int(11) NOT NULL DEFAULT 0,
  `total_msg91_count` int(11) NOT NULL DEFAULT 0,
  PRIMARY KEY (`id`),
  KEY `global_settings_default_currency_id_foreign` (`default_currency_id`),
  CONSTRAINT `global_settings_default_currency_id_foreign` FOREIGN KEY (`default_currency_id`) REFERENCES `global_currencies` (`id`) ON DELETE CASCADE ON UPDATE CASCADE
) ENGINE=InnoDB AUTO_INCREMENT=2 DEFAULT CHARSET=utf8mb4 COLLATE=utf8mb4_unicode_ci;

-- Dumping data for table `global_settings`
INSERT INTO `global_settings` VALUES
('1', '351d2f0d-a1e4-4e9f-a43c-1d1ab71fcb83', '2026-04-16 03:07:13', '2025-11-16 06:48:41', NULL, 'https://ewiidine.ca/', '1', '2025-09-17 05:36:43', '2025-11-16 21:09:02', 'EwiiDine', NULL, '#4F46E5', '79, 70, 229', 'en', 'Regular License', '1', '2025-11-16 21:09:02', '1', '2025-10-15 12:07:13', 'America/Toronto', '0', 'dynamic', 'custom', 'https://ewiidine.com', 'https://ewiidine.ca', '0', 'https://www.facebook.com/', 'https://www.instagram.com/', 'https://www.twitter.com/', NULL, '5', '1', NULL, NULL, NULL, 'android-chrome-192x192.png', 'android-chrome-512x512.png', 'apple-touch-icon.png', 'favicon-16x16.png', 'favicon-32x32.png', 'favicon.ico', 'ce56715187588fe3f6eb9c47b3fc6991', NULL, '1', 'AIzaSyCGqeim4fmIzELy26WvSJwFDs3kjROTjUI', 'database', '1', '1', '1', '1', '1', '1', '1', '1', '0', '0');


-- Table structure for table `global_subscriptions`
CREATE TABLE `global_subscriptions` (
  `id` bigint(20) unsigned NOT NULL AUTO_INCREMENT,
  `restaurant_id` bigint(20) unsigned DEFAULT NULL,
  `package_id` bigint(20) unsigned DEFAULT NULL,
  `currency_id` bigint(20) unsigned DEFAULT NULL,
  `package_type` varchar(191) DEFAULT NULL,
  `plan_type` varchar(191) DEFAULT NULL,
  `transaction_id` varchar(191) DEFAULT NULL,
  `name` varchar(191) DEFAULT NULL,
  `user_id` varchar(191) DEFAULT NULL,
  `quantity` varchar(191) DEFAULT NULL,
  `token` varchar(191) DEFAULT NULL,
  `razorpay_id` varchar(191) DEFAULT NULL,
  `razorpay_plan` varchar(191) DEFAULT NULL,
  `stripe_id` varchar(191) DEFAULT NULL,
  `stripe_status` varchar(191) DEFAULT NULL,
  `stripe_price` varchar(191) DEFAULT NULL,
  `gateway_name` varchar(191) DEFAULT NULL,
  `trial_ends_at` varchar(191) DEFAULT NULL,
  `subscription_status` enum('active','inactive') DEFAULT NULL,
  `ends_at` datetime DEFAULT NULL,
  `subscribed_on_date` datetime DEFAULT NULL,
  `created_at` timestamp NULL DEFAULT NULL,
  `updated_at` timestamp NULL DEFAULT NULL,
  `subscription_id` varchar(191) DEFAULT NULL,
  `customer_id` varchar(191) DEFAULT NULL,
  `flutterwave_id` varchar(191) DEFAULT NULL,
  `flutterwave_payment_ref` varchar(191) DEFAULT NULL,
  `flutterwave_status` varchar(191) DEFAULT NULL,
  `flutterwave_customer_id` varchar(191) DEFAULT NULL,
  `payfast_plan` varchar(191) DEFAULT NULL,
  `payfast_status` varchar(191) DEFAULT NULL,
  PRIMARY KEY (`id`),
  KEY `global_subscriptions_restaurant_id_foreign` (`restaurant_id`),
  KEY `global_subscriptions_package_id_foreign` (`package_id`),
  KEY `global_subscriptions_currency_id_foreign` (`currency_id`),
  CONSTRAINT `global_subscriptions_currency_id_foreign` FOREIGN KEY (`currency_id`) REFERENCES `global_currencies` (`id`) ON DELETE CASCADE ON UPDATE CASCADE,
  CONSTRAINT `global_subscriptions_package_id_foreign` FOREIGN KEY (`package_id`) REFERENCES `packages` (`id`) ON DELETE SET NULL ON UPDATE CASCADE,
  CONSTRAINT `global_subscriptions_restaurant_id_foreign` FOREIGN KEY (`restaurant_id`) REFERENCES `restaurants` (`id`) ON DELETE CASCADE ON UPDATE CASCADE
) ENGINE=InnoDB AUTO_INCREMENT=41 DEFAULT CHARSET=utf8mb4 COLLATE=utf8mb4_unicode_ci;

-- Dumping data for table `global_subscriptions`
INSERT INTO `global_subscriptions` VALUES
('1', '1', '5', '1', 'trial', NULL, 'JLGL2SB6OS57QNL', NULL, NULL, '1', NULL, NULL, NULL, NULL, NULL, NULL, 'offline', '2025-10-17 05:36:43', 'inactive', '2025-10-17 05:36:43', '2025-09-17 05:36:43', '2025-09-17 05:36:43', '2025-10-17 00:00:03', NULL, NULL, NULL, NULL, NULL, NULL, NULL, NULL),
('2', '2', '5', '1', 'trial', NULL, 'ZDQJNFUSENGXF9R', NULL, NULL, '1', NULL, NULL, NULL, NULL, NULL, NULL, 'offline', '2025-10-17 10:02:45', 'inactive', '2025-10-17 10:02:45', '2025-09-17 10:02:45', '2025-09-17 10:02:45', '2025-09-20 12:20:44', NULL, NULL, NULL, NULL, NULL, NULL, NULL, NULL),
('3', '2', '3', '1', 'lifetime', NULL, 'SBNYAYGDZZUKXUW', NULL, NULL, '1', NULL, NULL, NULL, NULL, NULL, NULL, 'offline', NULL, 'active', NULL, '2025-09-20 00:00:00', '2025-09-20 12:20:44', '2025-09-20 12:20:44', NULL, NULL, NULL, NULL, NULL, NULL, NULL, NULL),
('4', '3', '5', '1', 'trial', NULL, '63ZULAHH9MKTEMM', NULL, NULL, '1', NULL, NULL, NULL, NULL, NULL, NULL, 'offline', '2025-10-20 12:56:44', 'inactive', '2025-10-20 12:56:44', '2025-09-20 12:56:44', '2025-09-20 12:56:44', '2025-10-20 00:00:03', NULL, NULL, NULL, NULL, NULL, NULL, NULL, NULL),
('5', '4', '5', '1', 'trial', NULL, 'SE38QYIOHPNUNI2', NULL, NULL, '1', NULL, NULL, NULL, NULL, NULL, NULL, 'offline', '2025-11-06 15:00:09', 'inactive', '2025-11-06 15:00:09', '2025-10-07 15:00:09', '2025-10-07 15:00:09', '2025-10-07 15:14:48', NULL, NULL, NULL, NULL, NULL, NULL, NULL, NULL),
('8', '4', '3', '1', 'lifetime', NULL, '4P9UI7IOHCSMABH', NULL, NULL, '1', NULL, NULL, NULL, NULL, NULL, NULL, 'offline', NULL, 'active', NULL, '2025-10-07 00:00:00', '2025-10-07 15:14:48', '2025-10-07 15:14:48', NULL, NULL, NULL, NULL, NULL, NULL, NULL, NULL),
('9', '1', '1', '1', 'monthly', NULL, 'LJ8DKUCTF87VHJZ', NULL, NULL, '1', NULL, NULL, NULL, NULL, NULL, NULL, 'offline', NULL, 'active', '2025-11-17 00:00:00', '2025-10-17 00:00:03', '2025-10-17 00:00:03', '2025-10-17 00:00:03', NULL, NULL, NULL, NULL, NULL, NULL, NULL, NULL),
('10', '3', '1', '1', 'monthly', NULL, 'PMTESQ9HXBDL5GR', NULL, NULL, '1', NULL, NULL, NULL, NULL, NULL, NULL, 'offline', NULL, 'active', '2025-11-20 00:00:00', '2025-10-20 00:00:03', '2025-10-20 00:00:03', '2025-10-20 00:00:03', NULL, NULL, NULL, NULL, NULL, NULL, NULL, NULL),
('31', '26', '5', '1', 'trial', NULL, '3AELD0IA1E2QIFO', NULL, NULL, '1', NULL, NULL, NULL, NULL, NULL, NULL, 'offline', '2025-12-07 17:23:03', 'inactive', '2025-12-07 17:23:03', '2025-11-07 17:23:03', '2025-11-07 17:23:03', '2025-11-08 07:45:45', NULL, NULL, NULL, NULL, NULL, NULL, NULL, NULL),
('32', '26', '6', '5', 'monthly', NULL, 'V5NJCKD1U1TC53K', NULL, NULL, '1', NULL, NULL, NULL, NULL, NULL, NULL, 'offline', NULL, 'active', '2025-12-08 00:00:00', '2025-11-08 07:45:45', '2025-11-08 07:45:45', '2025-11-08 07:45:45', NULL, NULL, NULL, NULL, NULL, NULL, NULL, NULL),
('33', '27', '5', '1', 'trial', NULL, '9WXQWUMZNFAZL53', NULL, NULL, '1', NULL, NULL, NULL, NULL, NULL, NULL, 'offline', '2025-12-08 10:32:26', 'inactive', '2025-12-08 10:32:26', '2025-11-08 10:32:26', '2025-11-08 10:32:26', '2025-11-08 10:35:55', NULL, NULL, NULL, NULL, NULL, NULL, NULL, NULL),
('34', '27', '6', '5', 'monthly', NULL, 'TJ68RNCBJWU5EK2', NULL, NULL, '1', NULL, NULL, NULL, NULL, NULL, NULL, 'offline', NULL, 'active', '2025-12-08 10:35:53', '2025-11-08 10:35:55', '2025-11-08 10:35:55', '2025-11-08 10:35:55', NULL, NULL, NULL, NULL, NULL, NULL, NULL, NULL),
('35', '28', '5', '1', 'trial', NULL, 'ZX3RDVKIYBFGRTS', NULL, NULL, '1', NULL, NULL, NULL, NULL, NULL, NULL, 'offline', '2025-12-12 14:15:50', 'active', '2025-12-12 14:15:50', '2025-11-12 14:15:50', '2025-11-12 14:15:50', '2025-11-12 14:15:50', NULL, NULL, NULL, NULL, NULL, NULL, NULL, NULL),
('37', '29', '5', '1', 'trial', NULL, 'V8MOIWXEHYVYQXC', NULL, NULL, '1', NULL, NULL, NULL, NULL, NULL, NULL, 'offline', '2025-12-13 15:41:43', 'inactive', '2025-12-13 15:41:43', '2025-11-13 15:41:43', '2025-11-13 15:41:43', '2025-11-13 15:43:17', NULL, NULL, NULL, NULL, NULL, NULL, NULL, NULL),
('38', '29', '6', '5', 'monthly', NULL, 'UMPFYGEWHAPEOTB', NULL, NULL, '1', NULL, NULL, NULL, NULL, NULL, NULL, 'offline', NULL, 'active', '2025-12-13 00:00:00', '2025-11-13 15:43:17', '2025-11-13 15:43:17', '2025-11-13 15:43:17', NULL, NULL, NULL, NULL, NULL, NULL, NULL, NULL),
('39', '30', '5', '1', 'trial', NULL, 'UEAQAZXQEYJNMHB', NULL, NULL, '1', NULL, NULL, NULL, NULL, NULL, NULL, 'offline', '2025-12-15 07:46:25', 'inactive', '2025-12-15 07:46:25', '2025-11-15 07:46:25', '2025-11-15 07:46:25', '2025-11-15 07:50:28', NULL, NULL, NULL, NULL, NULL, NULL, NULL, NULL),
('40', '30', '6', '5', 'monthly', NULL, 'R92R7TZGN6IKL13', NULL, NULL, '1', NULL, NULL, NULL, NULL, NULL, NULL, 'offline', NULL, 'active', '2025-12-15 07:50:26', '2025-11-15 07:50:28', '2025-11-15 07:50:28', '2025-11-15 07:50:28', NULL, NULL, NULL, NULL, NULL, NULL, NULL, NULL);


-- Table structure for table `inventory_global_settings`
CREATE TABLE `inventory_global_settings` (
  `id` bigint(20) unsigned NOT NULL AUTO_INCREMENT,
  `license_type` varchar(20) DEFAULT NULL,
  `purchase_code` varchar(191) DEFAULT NULL,
  `purchased_on` timestamp NULL DEFAULT NULL,
  `supported_until` timestamp NULL DEFAULT NULL,
  `notify_update` tinyint(1) NOT NULL DEFAULT 1,
  `created_at` timestamp NULL DEFAULT NULL,
  `updated_at` timestamp NULL DEFAULT NULL,
  PRIMARY KEY (`id`)
) ENGINE=InnoDB AUTO_INCREMENT=2 DEFAULT CHARSET=utf8mb4 COLLATE=utf8mb4_unicode_ci;

-- Dumping data for table `inventory_global_settings`
INSERT INTO `inventory_global_settings` VALUES
('1', NULL, 'd', NULL, NULL, '1', '2025-09-17 05:48:09', '2025-09-17 05:49:12');


-- Table structure for table `inventory_item_categories`
CREATE TABLE `inventory_item_categories` (
  `id` bigint(20) unsigned NOT NULL AUTO_INCREMENT,
  `branch_id` bigint(20) unsigned NOT NULL,
  `name` varchar(191) NOT NULL,
  `created_at` timestamp NULL DEFAULT NULL,
  `updated_at` timestamp NULL DEFAULT NULL,
  PRIMARY KEY (`id`),
  KEY `inventory_item_categories_branch_id_foreign` (`branch_id`),
  CONSTRAINT `inventory_item_categories_branch_id_foreign` FOREIGN KEY (`branch_id`) REFERENCES `branches` (`id`) ON DELETE CASCADE ON UPDATE CASCADE
) ENGINE=InnoDB AUTO_INCREMENT=466 DEFAULT CHARSET=utf8mb4 COLLATE=utf8mb4_unicode_ci;

-- Dumping data for table `inventory_item_categories`
INSERT INTO `inventory_item_categories` VALUES
('1', '1', 'Meat & Poultry', '2025-09-17 05:48:09', '2025-09-17 05:48:09'),
('2', '1', 'Seafood', '2025-09-17 05:48:09', '2025-09-17 05:48:09'),
('3', '1', 'Dairy & Eggs', '2025-09-17 05:48:09', '2025-09-17 05:48:09'),
('4', '1', 'Fresh Produce', '2025-09-17 05:48:09', '2025-09-17 05:48:09'),
('5', '1', 'Herbs & Spices', '2025-09-17 05:48:09', '2025-09-17 05:48:09'),
('6', '1', 'Dry Goods', '2025-09-17 05:48:09', '2025-09-17 05:48:09'),
('7', '1', 'Canned Goods', '2025-09-17 05:48:09', '2025-09-17 05:48:09'),
('8', '1', 'Beverages', '2025-09-17 05:48:09', '2025-09-17 05:48:09'),
('9', '1', 'Condiments & Sauces', '2025-09-17 05:48:09', '2025-09-17 05:48:09'),
('10', '1', 'Baking Supplies', '2025-09-17 05:48:09', '2025-09-17 05:48:09'),
('11', '1', 'Oils & Vinegars', '2025-09-17 05:48:09', '2025-09-17 05:48:09'),
('12', '1', 'Frozen Foods', '2025-09-17 05:48:09', '2025-09-17 05:48:09'),
('13', '1', 'Cleaning Supplies', '2025-09-17 05:48:09', '2025-09-17 05:48:09'),
('14', '1', 'Kitchen Equipment', '2025-09-17 05:48:09', '2025-09-17 05:48:09'),
('15', '1', 'Disposables', '2025-09-17 05:48:09', '2025-09-17 05:48:09'),
('16', '2', 'Meat & Poultry', '2025-09-17 05:48:09', '2025-09-17 05:48:09'),
('17', '2', 'Seafood', '2025-09-17 05:48:09', '2025-09-17 05:48:09'),
('18', '2', 'Dairy & Eggs', '2025-09-17 05:48:09', '2025-09-17 05:48:09'),
('19', '2', 'Fresh Produce', '2025-09-17 05:48:09', '2025-09-17 05:48:09'),
('20', '2', 'Herbs & Spices', '2025-09-17 05:48:09', '2025-09-17 05:48:09'),
('21', '2', 'Dry Goods', '2025-09-17 05:48:09', '2025-09-17 05:48:09'),
('22', '2', 'Canned Goods', '2025-09-17 05:48:09', '2025-09-17 05:48:09'),
('23', '2', 'Beverages', '2025-09-17 05:48:09', '2025-09-17 05:48:09'),
('24', '2', 'Condiments & Sauces', '2025-09-17 05:48:09', '2025-09-17 05:48:09'),
('25', '2', 'Baking Supplies', '2025-09-17 05:48:09', '2025-09-17 05:48:09'),
('26', '2', 'Oils & Vinegars', '2025-09-17 05:48:09', '2025-09-17 05:48:09'),
('27', '2', 'Frozen Foods', '2025-09-17 05:48:09', '2025-09-17 05:48:09'),
('28', '2', 'Cleaning Supplies', '2025-09-17 05:48:09', '2025-09-17 05:48:09'),
('29', '2', 'Kitchen Equipment', '2025-09-17 05:48:09', '2025-09-17 05:48:09'),
('30', '2', 'Disposables', '2025-09-17 05:48:09', '2025-09-17 05:48:09'),
('31', '3', 'Meat & Poultry', '2025-09-17 10:02:45', '2025-09-17 10:02:45'),
('32', '3', 'Seafood', '2025-09-17 10:02:45', '2025-09-17 10:02:45'),
('33', '3', 'Dairy & Eggs', '2025-09-17 10:02:45', '2025-09-17 10:02:45'),
('34', '3', 'Fresh Produce', '2025-09-17 10:02:45', '2025-09-17 10:02:45'),
('35', '3', 'Herbs & Spices', '2025-09-17 10:02:45', '2025-09-17 10:02:45'),
('36', '3', 'Dry Goods', '2025-09-17 10:02:45', '2025-09-17 10:02:45'),
('37', '3', 'Canned Goods', '2025-09-17 10:02:45', '2025-09-17 10:02:45'),
('38', '3', 'Beverages', '2025-09-17 10:02:45', '2025-09-17 10:02:45'),
('39', '3', 'Condiments & Sauces', '2025-09-17 10:02:45', '2025-09-17 10:02:45'),
('40', '3', 'Baking Supplies', '2025-09-17 10:02:45', '2025-09-17 10:02:45'),
('41', '3', 'Oils & Vinegars', '2025-09-17 10:02:45', '2025-09-17 10:02:45'),
('42', '3', 'Frozen Foods', '2025-09-17 10:02:45', '2025-09-17 10:02:45'),
('43', '3', 'Cleaning Supplies', '2025-09-17 10:02:45', '2025-09-17 10:02:45'),
('44', '3', 'Kitchen Equipment', '2025-09-17 10:02:45', '2025-09-17 10:02:45'),
('45', '3', 'Disposables', '2025-09-17 10:02:45', '2025-09-17 10:02:45'),
('46', '4', 'Meat & Poultry', '2025-09-20 12:56:44', '2025-09-20 12:56:44'),
('47', '4', 'Seafood', '2025-09-20 12:56:44', '2025-09-20 12:56:44'),
('48', '4', 'Dairy & Eggs', '2025-09-20 12:56:44', '2025-09-20 12:56:44'),
('49', '4', 'Fresh Produce', '2025-09-20 12:56:44', '2025-09-20 12:56:44'),
('50', '4', 'Herbs & Spices', '2025-09-20 12:56:44', '2025-09-20 12:56:44'),
('51', '4', 'Dry Goods', '2025-09-20 12:56:44', '2025-09-20 12:56:44'),
('52', '4', 'Canned Goods', '2025-09-20 12:56:44', '2025-09-20 12:56:44'),
('53', '4', 'Beverages', '2025-09-20 12:56:44', '2025-09-20 12:56:44'),
('54', '4', 'Condiments & Sauces', '2025-09-20 12:56:44', '2025-09-20 12:56:44'),
('55', '4', 'Baking Supplies', '2025-09-20 12:56:44', '2025-09-20 12:56:44'),
('56', '4', 'Oils & Vinegars', '2025-09-20 12:56:44', '2025-09-20 12:56:44'),
('57', '4', 'Frozen Foods', '2025-09-20 12:56:44', '2025-09-20 12:56:44'),
('58', '4', 'Cleaning Supplies', '2025-09-20 12:56:44', '2025-09-20 12:56:44'),
('59', '4', 'Kitchen Equipment', '2025-09-20 12:56:44', '2025-09-20 12:56:44'),
('60', '4', 'Disposables', '2025-09-20 12:56:44', '2025-09-20 12:56:44'),
('61', '5', 'Meat & Poultry', '2025-10-07 15:00:09', '2025-10-07 15:00:09'),
('62', '5', 'Seafood', '2025-10-07 15:00:09', '2025-10-07 15:00:09'),
('63', '5', 'Dairy & Eggs', '2025-10-07 15:00:09', '2025-10-07 15:00:09'),
('64', '5', 'Fresh Produce', '2025-10-07 15:00:09', '2025-10-07 15:00:09'),
('65', '5', 'Herbs & Spices', '2025-10-07 15:00:09', '2025-10-07 15:00:09'),
('66', '5', 'Dry Goods', '2025-10-07 15:00:09', '2025-10-07 15:00:09'),
('67', '5', 'Canned Goods', '2025-10-07 15:00:09', '2025-10-07 15:00:09'),
('68', '5', 'Beverages', '2025-10-07 15:00:09', '2025-10-07 15:00:09'),
('69', '5', 'Condiments & Sauces', '2025-10-07 15:00:09', '2025-10-07 15:00:09'),
('70', '5', 'Baking Supplies', '2025-10-07 15:00:09', '2025-10-07 15:00:09'),
('71', '5', 'Oils & Vinegars', '2025-10-07 15:00:09', '2025-10-07 15:00:09'),
('72', '5', 'Frozen Foods', '2025-10-07 15:00:09', '2025-10-07 15:00:09'),
('73', '5', 'Cleaning Supplies', '2025-10-07 15:00:09', '2025-10-07 15:00:09'),
('74', '5', 'Kitchen Equipment', '2025-10-07 15:00:09', '2025-10-07 15:00:09'),
('75', '5', 'Disposables', '2025-10-07 15:00:09', '2025-10-07 15:00:09'),
('391', '27', 'Meat & Poultry', '2025-11-07 17:23:03', '2025-11-07 17:23:03'),
('392', '27', 'Seafood', '2025-11-07 17:23:03', '2025-11-07 17:23:03'),
('393', '27', 'Dairy & Eggs', '2025-11-07 17:23:03', '2025-11-07 17:23:03'),
('394', '27', 'Fresh Produce', '2025-11-07 17:23:03', '2025-11-07 17:23:03'),
('395', '27', 'Herbs & Spices', '2025-11-07 17:23:03', '2025-11-07 17:23:03'),
('396', '27', 'Dry Goods', '2025-11-07 17:23:03', '2025-11-07 17:23:03'),
('397', '27', 'Canned Goods', '2025-11-07 17:23:03', '2025-11-07 17:23:03'),
('398', '27', 'Beverages', '2025-11-07 17:23:03', '2025-11-07 17:23:03'),
('399', '27', 'Condiments & Sauces', '2025-11-07 17:23:03', '2025-11-07 17:23:03'),
('400', '27', 'Baking Supplies', '2025-11-07 17:23:03', '2025-11-07 17:23:03'),
('401', '27', 'Oils & Vinegars', '2025-11-07 17:23:03', '2025-11-07 17:23:03'),
('402', '27', 'Frozen Foods', '2025-11-07 17:23:03', '2025-11-07 17:23:03'),
('403', '27', 'Cleaning Supplies', '2025-11-07 17:23:03', '2025-11-07 17:23:03'),
('404', '27', 'Kitchen Equipment', '2025-11-07 17:23:03', '2025-11-07 17:23:03'),
('405', '27', 'Disposables', '2025-11-07 17:23:03', '2025-11-07 17:23:03'),
('406', '28', 'Meat & Poultry', '2025-11-08 10:32:26', '2025-11-08 10:32:26'),
('407', '28', 'Seafood', '2025-11-08 10:32:26', '2025-11-08 10:32:26'),
('408', '28', 'Dairy & Eggs', '2025-11-08 10:32:26', '2025-11-08 10:32:26'),
('409', '28', 'Fresh Produce', '2025-11-08 10:32:26', '2025-11-08 10:32:26'),
('410', '28', 'Herbs & Spices', '2025-11-08 10:32:26', '2025-11-08 10:32:26'),
('411', '28', 'Dry Goods', '2025-11-08 10:32:26', '2025-11-08 10:32:26'),
('412', '28', 'Canned Goods', '2025-11-08 10:32:26', '2025-11-08 10:32:26'),
('413', '28', 'Beverages', '2025-11-08 10:32:26', '2025-11-08 10:32:26'),
('414', '28', 'Condiments & Sauces', '2025-11-08 10:32:26', '2025-11-08 10:32:26'),
('415', '28', 'Baking Supplies', '2025-11-08 10:32:26', '2025-11-08 10:32:26'),
('416', '28', 'Oils & Vinegars', '2025-11-08 10:32:26', '2025-11-08 10:32:26'),
('417', '28', 'Frozen Foods', '2025-11-08 10:32:26', '2025-11-08 10:32:26'),
('418', '28', 'Cleaning Supplies', '2025-11-08 10:32:26', '2025-11-08 10:32:26'),
('419', '28', 'Kitchen Equipment', '2025-11-08 10:32:26', '2025-11-08 10:32:26'),
('420', '28', 'Disposables', '2025-11-08 10:32:26', '2025-11-08 10:32:26'),
('421', '29', 'Meat & Poultry', '2025-11-12 14:15:50', '2025-11-12 14:15:50'),
('422', '29', 'Seafood', '2025-11-12 14:15:50', '2025-11-12 14:15:50'),
('423', '29', 'Dairy & Eggs', '2025-11-12 14:15:50', '2025-11-12 14:15:50'),
('424', '29', 'Fresh Produce', '2025-11-12 14:15:50', '2025-11-12 14:15:50'),
('425', '29', 'Herbs & Spices', '2025-11-12 14:15:50', '2025-11-12 14:15:50'),
('426', '29', 'Dry Goods', '2025-11-12 14:15:50', '2025-11-12 14:15:50'),
('427', '29', 'Canned Goods', '2025-11-12 14:15:50', '2025-11-12 14:15:50'),
('428', '29', 'Beverages', '2025-11-12 14:15:50', '2025-11-12 14:15:50'),
('429', '29', 'Condiments & Sauces', '2025-11-12 14:15:50', '2025-11-12 14:15:50'),
('430', '29', 'Baking Supplies', '2025-11-12 14:15:50', '2025-11-12 14:15:50'),
('431', '29', 'Oils & Vinegars', '2025-11-12 14:15:50', '2025-11-12 14:15:50'),
('432', '29', 'Frozen Foods', '2025-11-12 14:15:50', '2025-11-12 14:15:50'),
('433', '29', 'Cleaning Supplies', '2025-11-12 14:15:50', '2025-11-12 14:15:50'),
('434', '29', 'Kitchen Equipment', '2025-11-12 14:15:50', '2025-11-12 14:15:50'),
('435', '29', 'Disposables', '2025-11-12 14:15:50', '2025-11-12 14:15:50'),
('436', '30', 'Meat & Poultry', '2025-11-13 15:41:43', '2025-11-13 15:41:43'),
('437', '30', 'Seafood', '2025-11-13 15:41:43', '2025-11-13 15:41:43'),
('438', '30', 'Dairy & Eggs', '2025-11-13 15:41:43', '2025-11-13 15:41:43'),
('439', '30', 'Fresh Produce', '2025-11-13 15:41:43', '2025-11-13 15:41:43'),
('440', '30', 'Herbs & Spices', '2025-11-13 15:41:43', '2025-11-13 15:41:43'),
('441', '30', 'Dry Goods', '2025-11-13 15:41:43', '2025-11-13 15:41:43'),
('442', '30', 'Canned Goods', '2025-11-13 15:41:43', '2025-11-13 15:41:43'),
('443', '30', 'Beverages', '2025-11-13 15:41:43', '2025-11-13 15:41:43'),
('444', '30', 'Condiments & Sauces', '2025-11-13 15:41:43', '2025-11-13 15:41:43'),
('445', '30', 'Baking Supplies', '2025-11-13 15:41:43', '2025-11-13 15:41:43'),
('446', '30', 'Oils & Vinegars', '2025-11-13 15:41:43', '2025-11-13 15:41:43'),
('447', '30', 'Frozen Foods', '2025-11-13 15:41:43', '2025-11-13 15:41:43'),
('448', '30', 'Cleaning Supplies', '2025-11-13 15:41:43', '2025-11-13 15:41:43'),
('449', '30', 'Kitchen Equipment', '2025-11-13 15:41:43', '2025-11-13 15:41:43'),
('450', '30', 'Disposables', '2025-11-13 15:41:43', '2025-11-13 15:41:43'),
('451', '31', 'Meat & Poultry', '2025-11-15 07:46:25', '2025-11-15 07:46:25'),
('452', '31', 'Seafood', '2025-11-15 07:46:25', '2025-11-15 07:46:25'),
('453', '31', 'Dairy & Eggs', '2025-11-15 07:46:25', '2025-11-15 07:46:25'),
('454', '31', 'Fresh Produce', '2025-11-15 07:46:25', '2025-11-15 07:46:25'),
('455', '31', 'Herbs & Spices', '2025-11-15 07:46:25', '2025-11-15 07:46:25'),
('456', '31', 'Dry Goods', '2025-11-15 07:46:25', '2025-11-15 07:46:25'),
('457', '31', 'Canned Goods', '2025-11-15 07:46:25', '2025-11-15 07:46:25'),
('458', '31', 'Beverages', '2025-11-15 07:46:25', '2025-11-15 07:46:25'),
('459', '31', 'Condiments & Sauces', '2025-11-15 07:46:25', '2025-11-15 07:46:25'),
('460', '31', 'Baking Supplies', '2025-11-15 07:46:25', '2025-11-15 07:46:25'),
('461', '31', 'Oils & Vinegars', '2025-11-15 07:46:25', '2025-11-15 07:46:25'),
('462', '31', 'Frozen Foods', '2025-11-15 07:46:25', '2025-11-15 07:46:25'),
('463', '31', 'Cleaning Supplies', '2025-11-15 07:46:25', '2025-11-15 07:46:25'),
('464', '31', 'Kitchen Equipment', '2025-11-15 07:46:25', '2025-11-15 07:46:25'),
('465', '31', 'Disposables', '2025-11-15 07:46:25', '2025-11-15 07:46:25');


-- Table structure for table `inventory_items`
CREATE TABLE `inventory_items` (
  `id` bigint(20) unsigned NOT NULL AUTO_INCREMENT,
  `branch_id` bigint(20) unsigned NOT NULL,
  `name` varchar(191) NOT NULL,
  `inventory_item_category_id` bigint(20) unsigned NOT NULL,
  `unit_id` bigint(20) unsigned NOT NULL,
  `threshold_quantity` decimal(16,2) NOT NULL DEFAULT 0.00,
  `created_at` timestamp NULL DEFAULT NULL,
  `updated_at` timestamp NULL DEFAULT NULL,
  `preferred_supplier_id` bigint(20) unsigned DEFAULT NULL,
  `reorder_quantity` decimal(16,2) NOT NULL DEFAULT 0.00,
  `unit_purchase_price` decimal(16,2) NOT NULL DEFAULT 0.00,
  PRIMARY KEY (`id`),
  KEY `inventory_items_branch_id_foreign` (`branch_id`),
  KEY `inventory_items_inventory_item_category_id_foreign` (`inventory_item_category_id`),
  KEY `inventory_items_unit_id_foreign` (`unit_id`),
  KEY `inventory_items_preferred_supplier_id_foreign` (`preferred_supplier_id`),
  CONSTRAINT `inventory_items_branch_id_foreign` FOREIGN KEY (`branch_id`) REFERENCES `branches` (`id`) ON DELETE CASCADE ON UPDATE CASCADE,
  CONSTRAINT `inventory_items_inventory_item_category_id_foreign` FOREIGN KEY (`inventory_item_category_id`) REFERENCES `inventory_item_categories` (`id`) ON DELETE CASCADE ON UPDATE CASCADE,
  CONSTRAINT `inventory_items_preferred_supplier_id_foreign` FOREIGN KEY (`preferred_supplier_id`) REFERENCES `suppliers` (`id`) ON DELETE SET NULL,
  CONSTRAINT `inventory_items_unit_id_foreign` FOREIGN KEY (`unit_id`) REFERENCES `units` (`id`) ON DELETE CASCADE ON UPDATE CASCADE
) ENGINE=InnoDB AUTO_INCREMENT=3 DEFAULT CHARSET=utf8mb4 COLLATE=utf8mb4_unicode_ci;

-- Dumping data for table `inventory_items`
INSERT INTO `inventory_items` VALUES
('1', '5', 'Salt', '65', '41', '10.00', '2025-10-18 00:03:43', '2025-10-18 00:03:43', '1', '5.00', '10.00'),
('2', '5', 'Chicken', '61', '45', '50.00', '2025-10-18 17:41:25', '2025-10-18 17:41:25', '1', '50.00', '5.00');


-- Table structure for table `inventory_movements`
CREATE TABLE `inventory_movements` (
  `id` bigint(20) unsigned NOT NULL AUTO_INCREMENT,
  `branch_id` bigint(20) unsigned NOT NULL,
  `inventory_item_id` bigint(20) unsigned NOT NULL,
  `quantity` decimal(16,2) NOT NULL DEFAULT 0.00,
  `transaction_type` enum('in','out','waste','transfer') NOT NULL DEFAULT 'in',
  `waste_reason` enum('expiry','spoilage','customer_complaint','over_preparation','other') DEFAULT NULL,
  `added_by` bigint(20) unsigned DEFAULT NULL,
  `supplier_id` bigint(20) unsigned DEFAULT NULL,
  `transfer_branch_id` bigint(20) unsigned DEFAULT NULL,
  `created_at` timestamp NULL DEFAULT NULL,
  `updated_at` timestamp NULL DEFAULT NULL,
  `unit_purchase_price` decimal(16,2) NOT NULL DEFAULT 0.00,
  `expiration_date` date DEFAULT NULL,
  PRIMARY KEY (`id`),
  KEY `inventory_movements_branch_id_foreign` (`branch_id`),
  KEY `inventory_movements_inventory_item_id_foreign` (`inventory_item_id`),
  KEY `inventory_movements_added_by_foreign` (`added_by`),
  KEY `inventory_movements_supplier_id_foreign` (`supplier_id`),
  KEY `inventory_movements_transfer_branch_id_foreign` (`transfer_branch_id`),
  CONSTRAINT `inventory_movements_added_by_foreign` FOREIGN KEY (`added_by`) REFERENCES `users` (`id`) ON DELETE CASCADE ON UPDATE CASCADE,
  CONSTRAINT `inventory_movements_branch_id_foreign` FOREIGN KEY (`branch_id`) REFERENCES `branches` (`id`) ON DELETE CASCADE ON UPDATE CASCADE,
  CONSTRAINT `inventory_movements_inventory_item_id_foreign` FOREIGN KEY (`inventory_item_id`) REFERENCES `inventory_items` (`id`) ON DELETE CASCADE ON UPDATE CASCADE,
  CONSTRAINT `inventory_movements_supplier_id_foreign` FOREIGN KEY (`supplier_id`) REFERENCES `suppliers` (`id`) ON DELETE SET NULL ON UPDATE CASCADE,
  CONSTRAINT `inventory_movements_transfer_branch_id_foreign` FOREIGN KEY (`transfer_branch_id`) REFERENCES `branches` (`id`) ON DELETE SET NULL ON UPDATE CASCADE
) ENGINE=InnoDB AUTO_INCREMENT=67 DEFAULT CHARSET=utf8mb4 COLLATE=utf8mb4_unicode_ci;

-- Dumping data for table `inventory_movements`
INSERT INTO `inventory_movements` VALUES
('1', '5', '1', '100.00', 'in', NULL, '7', '1', NULL, '2025-10-18 00:04:22', '2025-10-18 00:04:22', '10.00', '2026-12-13'),
('2', '5', '2', '1000.00', 'in', NULL, '7', '1', NULL, '2025-10-18 17:42:11', '2025-10-18 17:42:11', '5.00', '2026-10-18'),
('3', '5', '1', '1.00', 'out', NULL, '9', NULL, NULL, '2025-10-18 18:28:48', '2025-10-18 18:28:48', '0.00', NULL),
('4', '5', '2', '5.00', 'out', NULL, '9', NULL, NULL, '2025-10-18 18:28:48', '2025-10-18 18:28:48', '0.00', NULL),
('5', '5', '1', '2.00', 'out', NULL, '9', NULL, NULL, '2025-10-18 18:28:48', '2025-10-18 18:28:48', '0.00', NULL),
('6', '5', '2', '7.00', 'out', NULL, '9', NULL, NULL, '2025-10-18 18:28:48', '2025-10-18 18:28:48', '0.00', NULL),
('7', '5', '2', '15.00', 'out', NULL, '9', NULL, NULL, '2025-10-18 18:28:48', '2025-10-18 18:28:48', '0.00', NULL),
('8', '5', '1', '3.00', 'out', NULL, '9', NULL, NULL, '2025-10-18 18:28:48', '2025-10-18 18:28:48', '0.00', NULL),
('9', '5', '1', '1.00', 'out', NULL, NULL, NULL, NULL, '2025-10-24 02:25:28', '2025-10-24 02:25:28', '0.00', NULL),
('10', '5', '2', '5.00', 'out', NULL, NULL, NULL, NULL, '2025-10-24 02:25:28', '2025-10-24 02:25:28', '0.00', NULL),
('11', '5', '1', '2.00', 'out', NULL, NULL, NULL, NULL, '2025-10-24 02:25:28', '2025-10-24 02:25:28', '0.00', NULL),
('12', '5', '2', '7.00', 'out', NULL, NULL, NULL, NULL, '2025-10-24 02:25:28', '2025-10-24 02:25:28', '0.00', NULL),
('13', '5', '2', '15.00', 'out', NULL, NULL, NULL, NULL, '2025-10-24 02:25:28', '2025-10-24 02:25:28', '0.00', NULL),
('14', '5', '1', '3.00', 'out', NULL, NULL, NULL, NULL, '2025-10-24 02:25:28', '2025-10-24 02:25:28', '0.00', NULL),
('15', '5', '1', '1.00', 'out', NULL, NULL, NULL, NULL, '2025-10-24 02:32:05', '2025-10-24 02:32:05', '0.00', NULL),
('16', '5', '2', '5.00', 'out', NULL, NULL, NULL, NULL, '2025-10-24 02:32:05', '2025-10-24 02:32:05', '0.00', NULL),
('17', '5', '1', '2.00', 'out', NULL, NULL, NULL, NULL, '2025-10-24 02:32:05', '2025-10-24 02:32:05', '0.00', NULL),
('18', '5', '2', '7.00', 'out', NULL, NULL, NULL, NULL, '2025-10-24 02:32:05', '2025-10-24 02:32:05', '0.00', NULL),
('19', '5', '2', '15.00', 'out', NULL, NULL, NULL, NULL, '2025-10-24 02:32:05', '2025-10-24 02:32:05', '0.00', NULL),
('20', '5', '1', '3.00', 'out', NULL, NULL, NULL, NULL, '2025-10-24 02:32:05', '2025-10-24 02:32:05', '0.00', NULL),
('21', '5', '1', '1.00', 'out', NULL, NULL, NULL, NULL, '2025-10-24 02:33:07', '2025-10-24 02:33:07', '0.00', NULL),
('22', '5', '2', '5.00', 'out', NULL, NULL, NULL, NULL, '2025-10-24 02:33:07', '2025-10-24 02:33:07', '0.00', NULL),
('23', '5', '1', '2.00', 'out', NULL, NULL, NULL, NULL, '2025-10-24 02:33:07', '2025-10-24 02:33:07', '0.00', NULL),
('24', '5', '2', '7.00', 'out', NULL, NULL, NULL, NULL, '2025-10-24 02:33:07', '2025-10-24 02:33:07', '0.00', NULL),
('25', '5', '2', '15.00', 'out', NULL, NULL, NULL, NULL, '2025-10-24 02:33:07', '2025-10-24 02:33:07', '0.00', NULL),
('26', '5', '1', '3.00', 'out', NULL, NULL, NULL, NULL, '2025-10-24 02:33:07', '2025-10-24 02:33:07', '0.00', NULL),
('27', '5', '1', '1.00', 'out', NULL, '7', NULL, NULL, '2025-10-24 02:39:47', '2025-10-24 02:39:47', '0.00', NULL),
('28', '5', '2', '5.00', 'out', NULL, '7', NULL, NULL, '2025-10-24 02:39:47', '2025-10-24 02:39:47', '0.00', NULL),
('29', '5', '1', '2.00', 'out', NULL, '7', NULL, NULL, '2025-10-24 02:39:47', '2025-10-24 02:39:47', '0.00', NULL),
('30', '5', '2', '7.00', 'out', NULL, '7', NULL, NULL, '2025-10-24 02:39:47', '2025-10-24 02:39:47', '0.00', NULL),
('31', '5', '2', '15.00', 'out', NULL, '7', NULL, NULL, '2025-10-24 02:39:47', '2025-10-24 02:39:47', '0.00', NULL),
('32', '5', '1', '3.00', 'out', NULL, '7', NULL, NULL, '2025-10-24 02:39:47', '2025-10-24 02:39:47', '0.00', NULL),
('33', '5', '1', '1.00', 'out', NULL, NULL, NULL, NULL, '2025-10-24 08:05:24', '2025-10-24 08:05:24', '0.00', NULL),
('34', '5', '2', '5.00', 'out', NULL, NULL, NULL, NULL, '2025-10-24 08:05:24', '2025-10-24 08:05:24', '0.00', NULL),
('35', '5', '1', '2.00', 'out', NULL, NULL, NULL, NULL, '2025-10-24 08:05:24', '2025-10-24 08:05:24', '0.00', NULL),
('36', '5', '2', '7.00', 'out', NULL, NULL, NULL, NULL, '2025-10-24 08:05:24', '2025-10-24 08:05:24', '0.00', NULL),
('37', '5', '2', '15.00', 'out', NULL, NULL, NULL, NULL, '2025-10-24 08:05:24', '2025-10-24 08:05:24', '0.00', NULL),
('38', '5', '1', '3.00', 'out', NULL, NULL, NULL, NULL, '2025-10-24 08:05:24', '2025-10-24 08:05:24', '0.00', NULL),
('39', '5', '1', '1.00', 'out', NULL, '7', NULL, NULL, '2025-10-24 15:19:40', '2025-10-24 15:19:40', '0.00', NULL),
('40', '5', '2', '5.00', 'out', NULL, '7', NULL, NULL, '2025-10-24 15:19:40', '2025-10-24 15:19:40', '0.00', NULL),
('41', '5', '1', '2.00', 'out', NULL, '7', NULL, NULL, '2025-10-24 15:19:40', '2025-10-24 15:19:40', '0.00', NULL),
('42', '5', '2', '7.00', 'out', NULL, '7', NULL, NULL, '2025-10-24 15:19:40', '2025-10-24 15:19:40', '0.00', NULL),
('43', '5', '2', '15.00', 'out', NULL, '7', NULL, NULL, '2025-10-24 15:19:40', '2025-10-24 15:19:40', '0.00', NULL),
('44', '5', '1', '3.00', 'out', NULL, '7', NULL, NULL, '2025-10-24 15:19:40', '2025-10-24 15:19:40', '0.00', NULL),
('45', '5', '1', '1.00', 'out', NULL, NULL, NULL, NULL, '2025-10-25 06:26:39', '2025-10-25 06:26:39', '0.00', NULL),
('46', '5', '2', '5.00', 'out', NULL, NULL, NULL, NULL, '2025-10-25 06:26:39', '2025-10-25 06:26:39', '0.00', NULL),
('47', '5', '1', '2.00', 'out', NULL, NULL, NULL, NULL, '2025-10-25 06:26:39', '2025-10-25 06:26:39', '0.00', NULL),
('48', '5', '2', '7.00', 'out', NULL, NULL, NULL, NULL, '2025-10-25 06:26:39', '2025-10-25 06:26:39', '0.00', NULL),
('49', '5', '2', '15.00', 'out', NULL, NULL, NULL, NULL, '2025-10-25 06:26:39', '2025-10-25 06:26:39', '0.00', NULL),
('50', '5', '1', '3.00', 'out', NULL, NULL, NULL, NULL, '2025-10-25 06:26:39', '2025-10-25 06:26:39', '0.00', NULL),
('51', '5', '1', '1.00', 'out', NULL, NULL, NULL, NULL, '2025-10-27 08:34:14', '2025-10-27 08:34:14', '0.00', NULL),
('52', '5', '2', '5.00', 'out', NULL, NULL, NULL, NULL, '2025-10-27 08:34:14', '2025-10-27 08:34:14', '0.00', NULL),
('53', '5', '1', '2.00', 'out', NULL, NULL, NULL, NULL, '2025-10-27 08:34:14', '2025-10-27 08:34:14', '0.00', NULL),
('54', '5', '2', '7.00', 'out', NULL, NULL, NULL, NULL, '2025-10-27 08:34:14', '2025-10-27 08:34:14', '0.00', NULL),
('55', '5', '2', '15.00', 'out', NULL, NULL, NULL, NULL, '2025-10-27 08:34:14', '2025-10-27 08:34:14', '0.00', NULL),
('56', '5', '1', '3.00', 'out', NULL, NULL, NULL, NULL, '2025-10-27 08:34:14', '2025-10-27 08:34:14', '0.00', NULL),
('57', '5', '1', '1.00', 'out', NULL, NULL, NULL, NULL, '2025-10-27 09:44:37', '2025-10-27 09:44:37', '0.00', NULL),
('58', '5', '2', '5.00', 'out', NULL, NULL, NULL, NULL, '2025-10-27 09:44:37', '2025-10-27 09:44:37', '0.00', NULL),
('59', '5', '1', '2.00', 'out', NULL, NULL, NULL, NULL, '2025-10-27 09:44:37', '2025-10-27 09:44:37', '0.00', NULL),
('60', '5', '2', '7.00', 'out', NULL, NULL, NULL, NULL, '2025-10-27 09:44:37', '2025-10-27 09:44:37', '0.00', NULL),
('61', '5', '2', '15.00', 'out', NULL, NULL, NULL, NULL, '2025-10-27 09:44:37', '2025-10-27 09:44:37', '0.00', NULL),
('62', '5', '1', '3.00', 'out', NULL, NULL, NULL, NULL, '2025-10-27 09:44:37', '2025-10-27 09:44:37', '0.00', NULL),
('63', '5', '1', '2.00', 'out', NULL, NULL, NULL, NULL, '2025-10-31 14:52:44', '2025-10-31 14:52:44', '0.00', NULL),
('64', '5', '2', '7.00', 'out', NULL, NULL, NULL, NULL, '2025-10-31 14:52:44', '2025-10-31 14:52:44', '0.00', NULL),
('65', '5', '1', '1.00', 'out', NULL, NULL, NULL, NULL, '2025-11-06 14:26:59', '2025-11-06 14:26:59', '0.00', NULL),
('66', '5', '2', '5.00', 'out', NULL, NULL, NULL, NULL, '2025-11-06 14:26:59', '2025-11-06 14:26:59', '0.00', NULL);


-- Table structure for table `inventory_settings`
CREATE TABLE `inventory_settings` (
  `id` bigint(20) unsigned NOT NULL AUTO_INCREMENT,
  `restaurant_id` bigint(20) unsigned NOT NULL,
  `allow_auto_purchase` tinyint(1) NOT NULL DEFAULT 0,
  `created_at` timestamp NULL DEFAULT NULL,
  `updated_at` timestamp NULL DEFAULT NULL,
  PRIMARY KEY (`id`),
  KEY `inventory_settings_restaurant_id_foreign` (`restaurant_id`),
  CONSTRAINT `inventory_settings_restaurant_id_foreign` FOREIGN KEY (`restaurant_id`) REFERENCES `restaurants` (`id`) ON DELETE CASCADE
) ENGINE=InnoDB AUTO_INCREMENT=40 DEFAULT CHARSET=utf8mb4 COLLATE=utf8mb4_unicode_ci;

-- Dumping data for table `inventory_settings`
INSERT INTO `inventory_settings` VALUES
('1', '1', '0', '2025-09-17 05:48:09', '2025-09-17 05:48:09'),
('2', '1', '0', '2025-09-17 05:48:09', '2025-09-17 05:48:09'),
('3', '2', '0', '2025-09-17 10:02:45', '2025-09-17 10:02:45'),
('4', '3', '0', '2025-09-20 12:56:44', '2025-09-20 12:56:44'),
('5', '4', '1', '2025-10-07 15:00:09', '2025-10-18 17:40:32'),
('7', '1', '0', '2025-10-15 12:17:24', '2025-10-15 12:17:24'),
('8', '2', '0', '2025-10-15 12:17:24', '2025-10-15 12:17:24'),
('9', '3', '0', '2025-10-15 12:17:24', '2025-10-15 12:17:24'),
('10', '4', '0', '2025-10-15 12:17:24', '2025-10-15 12:17:24'),
('11', '1', '0', '2025-10-27 08:16:00', '2025-10-27 08:16:00'),
('12', '2', '0', '2025-10-27 08:16:00', '2025-10-27 08:16:00'),
('13', '3', '0', '2025-10-27 08:16:00', '2025-10-27 08:16:00'),
('14', '4', '0', '2025-10-27 08:16:00', '2025-10-27 08:16:00'),
('35', '26', '0', '2025-11-07 17:23:03', '2025-11-07 17:23:03'),
('36', '27', '0', '2025-11-08 10:32:26', '2025-11-08 10:32:26'),
('37', '28', '0', '2025-11-12 14:15:50', '2025-11-12 14:15:50'),
('38', '29', '0', '2025-11-13 15:41:43', '2025-11-13 15:41:43'),
('39', '30', '0', '2025-11-15 07:46:25', '2025-11-15 07:46:25');


-- Table structure for table `inventory_stocks`
CREATE TABLE `inventory_stocks` (
  `id` bigint(20) unsigned NOT NULL AUTO_INCREMENT,
  `branch_id` bigint(20) unsigned NOT NULL,
  `inventory_item_id` bigint(20) unsigned NOT NULL,
  `quantity` decimal(16,2) NOT NULL DEFAULT 0.00,
  `created_at` timestamp NULL DEFAULT NULL,
  `updated_at` timestamp NULL DEFAULT NULL,
  PRIMARY KEY (`id`),
  KEY `inventory_stocks_branch_id_foreign` (`branch_id`),
  KEY `inventory_stocks_inventory_item_id_foreign` (`inventory_item_id`),
  CONSTRAINT `inventory_stocks_branch_id_foreign` FOREIGN KEY (`branch_id`) REFERENCES `branches` (`id`) ON DELETE CASCADE ON UPDATE CASCADE,
  CONSTRAINT `inventory_stocks_inventory_item_id_foreign` FOREIGN KEY (`inventory_item_id`) REFERENCES `inventory_items` (`id`) ON DELETE CASCADE ON UPDATE CASCADE
) ENGINE=InnoDB AUTO_INCREMENT=3 DEFAULT CHARSET=utf8mb4 COLLATE=utf8mb4_unicode_ci;

-- Dumping data for table `inventory_stocks`
INSERT INTO `inventory_stocks` VALUES
('1', '5', '1', '37.00', '2025-10-18 00:04:22', '2025-11-06 14:26:59'),
('2', '5', '2', '718.00', '2025-10-18 17:42:11', '2025-11-06 14:26:59');


-- Table structure for table `item_categories`
CREATE TABLE `item_categories` (
  `id` bigint(20) unsigned NOT NULL AUTO_INCREMENT,
  `branch_id` bigint(20) unsigned DEFAULT NULL,
  `category_name` text DEFAULT NULL,
  `sort_order` int(10) unsigned NOT NULL DEFAULT 0,
  `created_at` timestamp NULL DEFAULT NULL,
  `updated_at` timestamp NULL DEFAULT NULL,
  PRIMARY KEY (`id`),
  KEY `item_categories_branch_id_foreign` (`branch_id`),
  CONSTRAINT `item_categories_branch_id_foreign` FOREIGN KEY (`branch_id`) REFERENCES `branches` (`id`) ON DELETE CASCADE ON UPDATE CASCADE
) ENGINE=InnoDB AUTO_INCREMENT=40 DEFAULT CHARSET=utf8mb4 COLLATE=utf8mb4_unicode_ci;

-- Dumping data for table `item_categories`
INSERT INTO `item_categories` VALUES
('1', '1', '{\"en\":\"Indian Veg Curries\"}', '0', '2025-09-17 06:04:57', '2025-09-17 06:04:57'),
('2', '1', '{\"en\":\"Indian Non-Veg Curries\"}', '0', '2025-09-17 06:04:57', '2025-09-17 06:04:57'),
('3', '1', '{\"en\":\"South Indian\"}', '0', '2025-09-17 06:04:57', '2025-09-17 06:04:57'),
('4', '1', '{\"en\":\"Biryani & Rice\"}', '0', '2025-09-17 06:04:57', '2025-09-17 06:04:57'),
('5', '1', '{\"en\":\"Indian Breads\"}', '0', '2025-09-17 06:04:57', '2025-09-17 06:04:57'),
('6', '1', '{\"en\":\"Chaat & Street Food\"}', '0', '2025-09-17 06:04:57', '2025-09-17 06:04:57'),
('7', '1', '{\"en\":\"Tandoor & Kebabs\"}', '0', '2025-09-17 06:04:58', '2025-09-17 06:04:58'),
('8', '1', '{\"en\":\"Indo-Chinese\"}', '0', '2025-09-17 06:04:58', '2025-09-17 06:04:58'),
('9', '1', '{\"en\":\"Continental & Pastas\"}', '0', '2025-09-17 06:04:58', '2025-09-17 06:04:58'),
('10', '1', '{\"en\":\"Pizzas\"}', '0', '2025-09-17 06:04:58', '2025-09-17 06:04:58'),
('11', '1', '{\"en\":\"Burgers & Sandwiches\"}', '0', '2025-09-17 06:04:58', '2025-09-17 06:04:58'),
('12', '1', '{\"en\":\"Desserts\"}', '0', '2025-09-17 06:04:58', '2025-09-17 06:04:58'),
('13', '1', '{\"en\":\"Beverages\"}', '0', '2025-09-17 06:04:58', '2025-09-17 06:04:58'),
('14', '3', '{\"en\":\"Indian Veg Curries\"}', '0', '2025-09-19 20:04:20', '2025-09-19 20:04:20'),
('15', '3', '{\"en\":\"Indian Non-Veg Curries\"}', '0', '2025-09-19 20:04:20', '2025-09-19 20:04:20'),
('16', '3', '{\"en\":\"South Indian\"}', '0', '2025-09-19 20:04:20', '2025-09-19 20:04:20'),
('17', '3', '{\"en\":\"Biryani & Rice\"}', '0', '2025-09-19 20:04:20', '2025-09-19 20:04:20'),
('18', '3', '{\"en\":\"Indian Breads\"}', '0', '2025-09-19 20:04:20', '2025-09-19 20:04:20'),
('19', '3', '{\"en\":\"Chaat & Street Food\"}', '0', '2025-09-19 20:04:20', '2025-09-19 20:04:20'),
('20', '3', '{\"en\":\"Tandoor & Kebabs\"}', '0', '2025-09-19 20:04:21', '2025-09-19 20:04:21'),
('21', '3', '{\"en\":\"Indo-Chinese\"}', '0', '2025-09-19 20:04:21', '2025-09-19 20:04:21'),
('22', '3', '{\"en\":\"Continental & Pastas\"}', '0', '2025-09-19 20:04:21', '2025-09-19 20:04:21'),
('23', '3', '{\"en\":\"Pizzas\"}', '0', '2025-09-19 20:04:21', '2025-09-19 20:04:21'),
('24', '3', '{\"en\":\"Burgers & Sandwiches\"}', '0', '2025-09-19 20:04:21', '2025-09-19 20:04:21'),
('25', '3', '{\"en\":\"Desserts\"}', '0', '2025-09-19 20:04:21', '2025-09-19 20:04:21'),
('26', '3', '{\"en\":\"Beverages\"}', '0', '2025-09-19 20:04:21', '2025-09-19 20:04:21'),
('27', '4', '{\"en\":\"Pizza\"}', '0', '2025-09-20 12:59:15', '2025-09-20 12:59:15'),
('30', '5', '{\"en\":\"North Indian\"}', '0', '2025-10-08 08:40:56', '2025-10-08 08:41:09'),
('31', '5', '{\"en\":\"Street Food\"}', '0', '2025-10-08 08:41:33', '2025-10-08 08:41:33'),
('32', '5', '{\"en\":\"Snacks & Starters\"}', '0', '2025-10-08 08:41:39', '2025-10-08 08:41:39'),
('33', '5', '{\"en\":\"Desserts & Sweets\"}', '0', '2025-10-08 08:41:48', '2025-10-08 08:41:48'),
('34', '5', '{\"en\":\"Soups & Starters\"}', '0', '2025-10-25 12:50:56', '2025-10-25 12:50:56'),
('35', '5', '{\"en\":\"Sandwiches & Wraps\"}', '0', '2025-10-25 12:51:06', '2025-10-25 12:51:06'),
('36', '5', '{\"en\":\"Main Courses / Entrées\"}', '0', '2025-10-25 12:51:22', '2025-10-25 12:51:22'),
('37', '5', '{\"en\":\"Healthy Bowls\"}', '0', '2025-10-25 12:51:40', '2025-10-25 12:51:40'),
('38', '5', '{\"en\":\"Bistro Specials\"}', '0', '2025-10-25 12:51:47', '2025-10-25 12:51:47'),
('39', '5', '{\"en\":\"Drinks\"}', '0', '2025-10-25 12:51:58', '2025-10-25 12:51:58');


-- Table structure for table `item_modifiers`
CREATE TABLE `item_modifiers` (
  `id` bigint(20) unsigned NOT NULL AUTO_INCREMENT,
  `menu_item_id` bigint(20) unsigned DEFAULT NULL,
  `menu_item_variation_id` bigint(20) unsigned DEFAULT NULL,
  `modifier_group_id` bigint(20) unsigned DEFAULT NULL,
  `is_required` tinyint(1) NOT NULL DEFAULT 0,
  `allow_multiple_selection` tinyint(1) NOT NULL DEFAULT 0,
  `created_at` timestamp NULL DEFAULT NULL,
  `updated_at` timestamp NULL DEFAULT NULL,
  PRIMARY KEY (`id`),
  KEY `item_modifiers_menu_item_id_foreign` (`menu_item_id`),
  KEY `item_modifiers_modifier_group_id_foreign` (`modifier_group_id`),
  KEY `item_modifiers_menu_item_variation_id_foreign` (`menu_item_variation_id`),
  CONSTRAINT `item_modifiers_menu_item_id_foreign` FOREIGN KEY (`menu_item_id`) REFERENCES `menu_items` (`id`) ON DELETE CASCADE ON UPDATE CASCADE,
  CONSTRAINT `item_modifiers_menu_item_variation_id_foreign` FOREIGN KEY (`menu_item_variation_id`) REFERENCES `menu_item_variations` (`id`) ON DELETE CASCADE,
  CONSTRAINT `item_modifiers_modifier_group_id_foreign` FOREIGN KEY (`modifier_group_id`) REFERENCES `modifier_groups` (`id`) ON DELETE CASCADE ON UPDATE CASCADE
) ENGINE=InnoDB AUTO_INCREMENT=3 DEFAULT CHARSET=utf8mb4 COLLATE=utf8mb4_unicode_ci;

-- Dumping data for table `item_modifiers`
INSERT INTO `item_modifiers` VALUES
('1', '509', NULL, '1', '0', '1', NULL, '2025-10-24 14:50:57'),
('2', '510', '15', '1', '1', '0', '2025-10-25 13:01:56', '2025-10-25 13:01:56');


-- Table structure for table `job_batches`
CREATE TABLE `job_batches` (
  `id` varchar(191) NOT NULL,
  `name` varchar(191) NOT NULL,
  `total_jobs` int(11) NOT NULL,
  `pending_jobs` int(11) NOT NULL,
  `failed_jobs` int(11) NOT NULL,
  `failed_job_ids` longtext NOT NULL,
  `options` mediumtext DEFAULT NULL,
  `cancelled_at` int(11) DEFAULT NULL,
  `created_at` int(11) NOT NULL,
  `finished_at` int(11) DEFAULT NULL,
  PRIMARY KEY (`id`)
) ENGINE=InnoDB DEFAULT CHARSET=utf8mb4 COLLATE=utf8mb4_unicode_ci;


-- Table structure for table `jobs`
CREATE TABLE `jobs` (
  `id` bigint(20) unsigned NOT NULL AUTO_INCREMENT,
  `queue` varchar(191) NOT NULL,
  `payload` longtext NOT NULL,
  `attempts` tinyint(3) unsigned NOT NULL,
  `reserved_at` int(10) unsigned DEFAULT NULL,
  `available_at` int(10) unsigned NOT NULL,
  `created_at` int(10) unsigned NOT NULL,
  PRIMARY KEY (`id`),
  KEY `jobs_queue_index` (`queue`)
) ENGINE=InnoDB DEFAULT CHARSET=utf8mb4 COLLATE=utf8mb4_unicode_ci;


-- Table structure for table `kiosk_ads`
CREATE TABLE `kiosk_ads` (
  `id` bigint(20) unsigned NOT NULL AUTO_INCREMENT,
  `heading` varchar(191) NOT NULL,
  `description` varchar(191) NOT NULL,
  `image` varchar(191) NOT NULL,
  `is_active` tinyint(1) NOT NULL DEFAULT 1,
  `created_at` timestamp NULL DEFAULT NULL,
  `updated_at` timestamp NULL DEFAULT NULL,
  PRIMARY KEY (`id`)
) ENGINE=InnoDB DEFAULT CHARSET=utf8mb4 COLLATE=utf8mb4_unicode_ci;


-- Table structure for table `kiosk_global_settings`
CREATE TABLE `kiosk_global_settings` (
  `id` bigint(20) unsigned NOT NULL AUTO_INCREMENT,
  `license_type` varchar(20) DEFAULT NULL,
  `purchase_code` varchar(191) DEFAULT NULL,
  `purchased_on` timestamp NULL DEFAULT NULL,
  `supported_until` timestamp NULL DEFAULT NULL,
  `notify_update` tinyint(1) NOT NULL DEFAULT 1,
  `created_at` timestamp NULL DEFAULT NULL,
  `updated_at` timestamp NULL DEFAULT NULL,
  PRIMARY KEY (`id`)
) ENGINE=InnoDB AUTO_INCREMENT=2 DEFAULT CHARSET=utf8mb4 COLLATE=utf8mb4_unicode_ci;

-- Dumping data for table `kiosk_global_settings`
INSERT INTO `kiosk_global_settings` VALUES
('1', NULL, '65100125-205d-420e-b03c-0faa1e6f02b9', NULL, '2026-04-16 03:07:13', '1', '2025-09-28 12:08:47', '2025-10-15 12:16:47');


-- Table structure for table `kiosks`
CREATE TABLE `kiosks` (
  `id` bigint(20) unsigned NOT NULL AUTO_INCREMENT,
  `branch_id` bigint(20) unsigned NOT NULL,
  `code` varchar(64) NOT NULL,
  `name` varchar(100) DEFAULT NULL,
  `is_active` tinyint(1) NOT NULL DEFAULT 1,
  `last_seen_at` timestamp NULL DEFAULT NULL,
  `created_at` timestamp NULL DEFAULT NULL,
  `updated_at` timestamp NULL DEFAULT NULL,
  PRIMARY KEY (`id`),
  UNIQUE KEY `kiosks_code_unique` (`code`),
  KEY `kiosks_branch_id_foreign` (`branch_id`),
  CONSTRAINT `kiosks_branch_id_foreign` FOREIGN KEY (`branch_id`) REFERENCES `branches` (`id`) ON DELETE CASCADE
) ENGINE=InnoDB AUTO_INCREMENT=6 DEFAULT CHARSET=utf8mb4 COLLATE=utf8mb4_unicode_ci;

-- Dumping data for table `kiosks`
INSERT INTO `kiosks` VALUES
('1', '1', '775441', 'East Ryann', '1', NULL, '2025-10-15 12:16:46', '2025-10-15 12:16:46'),
('2', '2', '893272', 'Port Maudiemouth', '1', NULL, '2025-10-15 12:16:46', '2025-10-15 12:16:46'),
('3', '3', '108513', 'Kosi Road', '1', NULL, '2025-10-15 12:16:46', '2025-10-15 12:16:46'),
('4', '4', '200574', 'Montreal Branch', '1', NULL, '2025-10-15 12:16:46', '2025-10-15 12:16:46'),
('5', '5', '922825', 'MESS ONE', '1', NULL, '2025-10-15 12:16:46', '2025-10-15 12:16:46');


-- Table structure for table `kitchen_global_settings`
CREATE TABLE `kitchen_global_settings` (
  `id` bigint(20) unsigned NOT NULL AUTO_INCREMENT,
  `license_type` varchar(20) DEFAULT NULL,
  `purchase_code` varchar(191) DEFAULT NULL,
  `purchased_on` timestamp NULL DEFAULT NULL,
  `supported_until` timestamp NULL DEFAULT NULL,
  `notify_update` tinyint(1) NOT NULL DEFAULT 1,
  `created_at` timestamp NULL DEFAULT NULL,
  `updated_at` timestamp NULL DEFAULT NULL,
  PRIMARY KEY (`id`)
) ENGINE=InnoDB AUTO_INCREMENT=2 DEFAULT CHARSET=utf8mb4 COLLATE=utf8mb4_unicode_ci;

-- Dumping data for table `kitchen_global_settings`
INSERT INTO `kitchen_global_settings` VALUES
('1', NULL, 'k', NULL, NULL, '1', '2025-09-17 05:48:21', '2025-09-17 05:49:25');


-- Table structure for table `kot_cancel_reasons`
CREATE TABLE `kot_cancel_reasons` (
  `id` bigint(20) unsigned NOT NULL AUTO_INCREMENT,
  `restaurant_id` bigint(20) unsigned DEFAULT NULL,
  `reason` varchar(191) NOT NULL,
  `cancel_order` tinyint(1) NOT NULL DEFAULT 0,
  `cancel_kot` tinyint(1) NOT NULL DEFAULT 0,
  `created_at` timestamp NULL DEFAULT NULL,
  `updated_at` timestamp NULL DEFAULT NULL,
  PRIMARY KEY (`id`),
  KEY `kot_cancel_reasons_restaurant_id_foreign` (`restaurant_id`),
  CONSTRAINT `kot_cancel_reasons_restaurant_id_foreign` FOREIGN KEY (`restaurant_id`) REFERENCES `restaurants` (`id`) ON DELETE CASCADE ON UPDATE CASCADE
) ENGINE=InnoDB AUTO_INCREMENT=11 DEFAULT CHARSET=utf8mb4 COLLATE=utf8mb4_unicode_ci;

-- Dumping data for table `kot_cancel_reasons`
INSERT INTO `kot_cancel_reasons` VALUES
('1', '1', 'Customer changed their mind', '1', '0', '2025-09-17 05:36:44', '2025-09-17 05:36:44'),
('2', '1', 'Customer requested to cancel', '1', '0', '2025-09-17 05:36:44', '2025-09-17 05:36:44'),
('3', '1', 'Payment issues', '1', '0', '2025-09-17 05:36:44', '2025-09-17 05:36:44'),
('4', '1', 'Customer no longer wants the order', '1', '0', '2025-09-17 05:36:44', '2025-09-17 05:36:44'),
('5', '1', 'Ingredient not available', '0', '1', '2025-09-17 05:36:44', '2025-09-17 05:36:44'),
('6', '1', 'Preparation time too long', '0', '1', '2025-09-17 05:36:44', '2025-09-17 05:36:44'),
('7', '1', 'Quality issue with ingredients', '0', '1', '2025-09-17 05:36:44', '2025-09-17 05:36:44'),
('8', '1', 'System error/Technical issue', '1', '1', '2025-09-17 05:36:44', '2025-09-17 05:36:44'),
('9', '1', 'Restaurant closing early', '1', '1', '2025-09-17 05:36:44', '2025-09-17 05:36:44'),
('10', '1', 'Other', '1', '1', '2025-09-17 05:36:44', '2025-09-17 05:36:44');


-- Table structure for table `kot_item_modifier_options`
CREATE TABLE `kot_item_modifier_options` (
  `id` bigint(20) unsigned NOT NULL AUTO_INCREMENT,
  `kot_item_id` bigint(20) unsigned NOT NULL,
  `modifier_option_id` bigint(20) unsigned NOT NULL,
  `created_at` timestamp NULL DEFAULT NULL,
  `updated_at` timestamp NULL DEFAULT NULL,
  PRIMARY KEY (`id`),
  KEY `kot_item_modifier_options_kot_item_id_foreign` (`kot_item_id`),
  KEY `kot_item_modifier_options_modifier_option_id_foreign` (`modifier_option_id`),
  CONSTRAINT `kot_item_modifier_options_kot_item_id_foreign` FOREIGN KEY (`kot_item_id`) REFERENCES `kot_items` (`id`) ON DELETE CASCADE ON UPDATE CASCADE,
  CONSTRAINT `kot_item_modifier_options_modifier_option_id_foreign` FOREIGN KEY (`modifier_option_id`) REFERENCES `modifier_options` (`id`) ON DELETE CASCADE ON UPDATE CASCADE
) ENGINE=InnoDB AUTO_INCREMENT=5 DEFAULT CHARSET=utf8mb4 COLLATE=utf8mb4_unicode_ci;

-- Dumping data for table `kot_item_modifier_options`
INSERT INTO `kot_item_modifier_options` VALUES
('1', '59', '1', NULL, NULL),
('2', '61', '2', NULL, NULL),
('3', '72', '1', NULL, NULL),
('4', '73', '2', NULL, NULL);


-- Table structure for table `kot_items`
CREATE TABLE `kot_items` (
  `id` bigint(20) unsigned NOT NULL AUTO_INCREMENT,
  `kot_id` bigint(20) unsigned NOT NULL,
  `order_item_id` bigint(20) unsigned DEFAULT NULL,
  `transaction_id` varchar(191) DEFAULT NULL,
  `menu_item_id` bigint(20) unsigned NOT NULL,
  `menu_item_variation_id` bigint(20) unsigned DEFAULT NULL,
  `note` text DEFAULT NULL,
  `quantity` int(11) NOT NULL,
  `status` enum('pending','cooking','ready','cancelled') DEFAULT NULL,
  `cancel_reason_id` bigint(20) unsigned DEFAULT NULL,
  `cancel_reason_text` text DEFAULT NULL,
  `created_at` timestamp NULL DEFAULT NULL,
  `updated_at` timestamp NULL DEFAULT NULL,
  PRIMARY KEY (`id`),
  KEY `kot_items_kot_id_foreign` (`kot_id`),
  KEY `kot_items_menu_item_id_foreign` (`menu_item_id`),
  KEY `kot_items_menu_item_variation_id_foreign` (`menu_item_variation_id`),
  KEY `kot_items_cancel_reason_id_foreign` (`cancel_reason_id`),
  KEY `kot_items_order_item_id_foreign` (`order_item_id`),
  CONSTRAINT `kot_items_cancel_reason_id_foreign` FOREIGN KEY (`cancel_reason_id`) REFERENCES `kot_cancel_reasons` (`id`) ON DELETE CASCADE ON UPDATE CASCADE,
  CONSTRAINT `kot_items_kot_id_foreign` FOREIGN KEY (`kot_id`) REFERENCES `kots` (`id`) ON DELETE CASCADE ON UPDATE CASCADE,
  CONSTRAINT `kot_items_menu_item_id_foreign` FOREIGN KEY (`menu_item_id`) REFERENCES `menu_items` (`id`) ON DELETE CASCADE,
  CONSTRAINT `kot_items_menu_item_variation_id_foreign` FOREIGN KEY (`menu_item_variation_id`) REFERENCES `menu_item_variations` (`id`) ON DELETE CASCADE,
  CONSTRAINT `kot_items_order_item_id_foreign` FOREIGN KEY (`order_item_id`) REFERENCES `order_items` (`id`) ON DELETE CASCADE ON UPDATE CASCADE
) ENGINE=InnoDB AUTO_INCREMENT=82 DEFAULT CHARSET=utf8mb4 COLLATE=utf8mb4_unicode_ci;

-- Dumping data for table `kot_items`
INSERT INTO `kot_items` VALUES
('1', '1', NULL, 'TXN_68ce9d21bd2a93.28356548_231480', '251', NULL, '', '1', NULL, NULL, NULL, '2025-09-20 12:25:05', '2025-09-20 12:25:05'),
('2', '1', NULL, 'TXN_68ce9d21bd2a93.28356548_231480', '252', NULL, '', '1', NULL, NULL, NULL, '2025-09-20 12:25:05', '2025-09-20 12:25:05'),
('5', '4', NULL, 'TXN_68e62861d3eb76.37324333_776395', '503', '2', '', '1', NULL, NULL, NULL, '2025-10-08 09:01:21', '2025-10-08 09:01:21'),
('6', '4', NULL, 'TXN_68e62861d3eb76.37324333_776395', '504', '6', '', '1', NULL, NULL, NULL, '2025-10-08 09:01:21', '2025-10-08 09:01:21'),
('7', '4', NULL, 'TXN_68e62861d3eb76.37324333_776395', '506', '10', '', '1', NULL, NULL, NULL, '2025-10-08 09:01:21', '2025-10-08 09:01:21'),
('8', '5', NULL, 'TXN_68e63e3e517e69.31196617_301189', '504', '4', '', '1', NULL, NULL, NULL, '2025-10-08 10:34:38', '2025-10-08 10:34:38'),
('9', '6', NULL, NULL, '507', NULL, '', '1', NULL, NULL, NULL, '2025-10-15 12:33:29', '2025-10-15 12:33:29'),
('10', '7', NULL, 'KIOSK_TXN_68ef9521a16ec0.32691058', '503', NULL, NULL, '1', NULL, NULL, NULL, '2025-10-15 12:35:45', '2025-10-15 12:35:45'),
('11', '7', NULL, 'KIOSK_TXN_68ef9521a16ec0.32691058', '504', NULL, NULL, '2', NULL, NULL, NULL, '2025-10-15 12:35:45', '2025-10-15 12:35:45'),
('12', '8', NULL, 'KIOSK_TXN_68ef95b8481505.85338088', '503', '3', NULL, '2', NULL, NULL, NULL, '2025-10-15 12:38:16', '2025-10-15 12:38:16'),
('13', '8', NULL, 'KIOSK_TXN_68ef95b8481505.85338088', '503', '2', NULL, '2', NULL, NULL, NULL, '2025-10-15 12:38:16', '2025-10-15 12:38:16'),
('14', '9', NULL, NULL, '504', '4', NULL, '1', NULL, NULL, NULL, '2025-10-15 12:40:33', '2025-10-15 12:40:33'),
('15', '10', NULL, 'TXN_68f0dec5bc7488.23372968_650415', '503', '2', '', '1', NULL, NULL, NULL, '2025-10-16 12:02:13', '2025-10-16 12:02:13'),
('16', '11', NULL, 'TXN_68f0e5e92bf222.61353201_589451', '504', '4', '', '1', NULL, NULL, NULL, '2025-10-16 12:32:41', '2025-10-16 12:32:41'),
('17', '12', NULL, 'TXN_68f0e7ed518392.11253318_184380', '504', '4', '', '1', NULL, NULL, NULL, '2025-10-16 12:41:17', '2025-10-16 12:41:17'),
('18', '13', NULL, 'TXN_68f0e98f88fcf0.97081858_196506', '503', '2', '', '1', NULL, NULL, NULL, '2025-10-16 12:48:15', '2025-10-16 12:48:15'),
('20', '15', NULL, 'TXN_68f0f1253d9812.85311588_548223', '503', '1', '', '1', NULL, NULL, NULL, '2025-10-16 13:20:37', '2025-10-16 13:20:37'),
('21', '16', NULL, 'TXN_68f0f342b770d2.44028867_382578', '503', '1', '', '1', NULL, NULL, NULL, '2025-10-16 13:29:38', '2025-10-16 13:29:38'),
('22', '17', NULL, 'TXN_68f0f92d3d7cb8.57476962_970704', '504', '4', '', '1', NULL, NULL, NULL, '2025-10-16 13:54:53', '2025-10-16 13:54:53'),
('23', '18', NULL, 'TXN_68f0f9a7428d31.03319738_156288', '503', '1', '', '1', NULL, NULL, NULL, '2025-10-16 13:56:55', '2025-10-16 13:56:55'),
('24', '19', NULL, 'TXN_68f0fa8b5df871.67446827_444391', '503', '1', '', '1', NULL, NULL, NULL, '2025-10-16 14:00:43', '2025-10-16 14:00:43'),
('25', '20', NULL, 'TXN_68f0ff436d7e31.26322864_733895', '503', '1', '', '1', NULL, NULL, NULL, '2025-10-16 14:20:51', '2025-10-16 14:20:51'),
('26', '21', NULL, 'TXN_68f11186a40d88.85359813_642469', '503', '2', '', '1', NULL, NULL, NULL, '2025-10-16 15:38:46', '2025-10-16 15:38:46'),
('27', '22', NULL, 'TXN_68f11493951c64.13647932_350258', '504', '4', '', '1', NULL, NULL, NULL, '2025-10-16 15:51:47', '2025-10-16 15:51:47'),
('28', '23', NULL, 'TXN_68f11df6b45478.84597662_879041', '503', '1', '', '1', NULL, NULL, NULL, '2025-10-16 16:31:50', '2025-10-16 16:31:50'),
('29', '24', NULL, 'TXN_68f11f5c936752.69173031_207616', '503', '1', '', '1', NULL, NULL, NULL, '2025-10-16 16:37:48', '2025-10-16 16:37:48'),
('30', '25', NULL, 'TXN_68f12534eac280.48739786_102422', '503', '1', '', '1', NULL, NULL, NULL, '2025-10-16 17:02:45', '2025-10-16 17:02:45'),
('31', '26', NULL, 'TXN_68f12d9ec2a981.97878175_856288', '251', NULL, '', '2', NULL, NULL, NULL, '2025-10-16 17:38:38', '2025-10-16 17:38:38'),
('32', '27', NULL, 'TXN_68f12e35eb2419.11533676_187640', '503', '2', '', '1', NULL, NULL, NULL, '2025-10-16 17:41:10', '2025-10-16 17:41:10'),
('33', '27', NULL, 'TXN_68f12e35eb2419.11533676_187640', '505', '8', '', '1', NULL, NULL, NULL, '2025-10-16 17:41:10', '2025-10-16 17:41:10'),
('34', '28', NULL, 'TXN_68f2d1c10efc73.86184169_610422', '503', '2', '', '1', 'ready', NULL, NULL, '2025-10-17 23:31:13', '2025-10-18 00:20:03'),
('35', '28', NULL, 'TXN_68f2d1c10efc73.86184169_610422', '504', '6', '', '1', 'ready', NULL, NULL, '2025-10-17 23:31:13', '2025-10-18 00:20:03'),
('36', '29', NULL, NULL, '507', NULL, '', '1', 'ready', NULL, NULL, '2025-10-17 23:40:44', '2025-10-18 00:20:01'),
('37', '29', NULL, NULL, '505', '8', NULL, '1', 'ready', NULL, NULL, '2025-10-17 23:40:44', '2025-10-18 00:20:01'),
('38', '30', NULL, NULL, '505', '8', NULL, '1', 'ready', NULL, NULL, '2025-10-17 23:42:52', '2025-10-18 00:19:56'),
('39', '31', NULL, 'TXN_68f2d4f8bb1f42.34426374_425498', '504', '5', '', '1', 'ready', NULL, NULL, '2025-10-17 23:44:56', '2025-10-18 00:19:45'),
('40', '32', NULL, NULL, '506', '10', NULL, '1', 'ready', NULL, NULL, '2025-10-17 23:47:26', '2025-10-18 00:19:46'),
('41', '33', NULL, NULL, '503', '1', NULL, '3', 'ready', NULL, NULL, '2025-10-17 23:49:05', '2025-10-18 00:18:45'),
('42', '34', NULL, NULL, '505', '8', NULL, '1', 'ready', NULL, NULL, '2025-10-17 23:51:30', '2025-10-18 00:19:43'),
('43', '34', NULL, NULL, '507', NULL, '', '1', 'ready', NULL, NULL, '2025-10-17 23:51:30', '2025-10-18 00:19:43'),
('44', '35', NULL, 'KIOSK_TXN_68f2d73349bab0.75415852', '503', '2', NULL, '1', 'ready', NULL, NULL, '2025-10-17 23:54:27', '2025-10-18 00:19:42'),
('45', '35', NULL, 'KIOSK_TXN_68f2d73349bab0.75415852', '504', '6', NULL, '1', 'ready', NULL, NULL, '2025-10-17 23:54:27', '2025-10-18 00:19:42'),
('46', '36', NULL, NULL, '503', '1', NULL, '3', 'ready', NULL, NULL, '2025-10-18 00:05:52', '2025-10-18 00:19:54'),
('47', '37', NULL, NULL, '507', NULL, '', '1', 'ready', NULL, NULL, '2025-10-18 00:07:59', '2025-10-18 00:19:37'),
('48', '38', NULL, NULL, '503', '1', NULL, '1', 'ready', NULL, NULL, '2025-10-18 00:09:20', '2025-10-18 00:19:26'),
('49', '39', NULL, NULL, '504', '5', NULL, '1', NULL, NULL, NULL, '2025-10-18 17:25:40', '2025-10-18 17:25:40'),
('50', '40', NULL, 'KIOSK_TXN_68f3ce74859f57.71863120', '507', NULL, NULL, '1', NULL, NULL, NULL, '2025-10-18 17:29:24', '2025-10-18 17:29:24'),
('51', '41', NULL, NULL, '503', '3', NULL, '1', NULL, NULL, NULL, '2025-10-18 17:45:50', '2025-10-18 17:45:50'),
('52', '42', NULL, 'TXN_68f3dc48227c63.69436210_587956', '503', '1', '', '1', NULL, NULL, NULL, '2025-10-18 18:28:24', '2025-10-18 18:28:24'),
('53', '43', NULL, 'TXN_68fae377308866.64667514_242686', '503', '3', '', '1', 'ready', NULL, NULL, '2025-10-24 02:24:55', '2025-10-24 15:15:49'),
('54', '44', NULL, 'TXN_68fae4436c6376.32408368_690123', '503', '3', '', '1', 'ready', NULL, NULL, '2025-10-24 02:28:19', '2025-10-24 15:15:53'),
('55', '45', NULL, 'TXN_68fae4d68a5be2.70313865_172721', '503', '3', '', '1', 'ready', NULL, NULL, '2025-10-24 02:30:46', '2025-10-24 15:15:49'),
('56', '46', NULL, 'TXN_68fae5a469e1f0.38965568_491018', '503', '3', '', '1', NULL, NULL, NULL, '2025-10-24 02:34:12', '2025-10-24 02:34:12'),
('57', '47', NULL, 'KIOSK_TXN_68fae6f37dcbb1.17912335', '503', '3', NULL, '1', 'ready', NULL, NULL, '2025-10-24 02:39:47', '2025-10-24 15:15:48'),
('58', '48', NULL, 'TXN_68fb33264034c1.82188861_150016', '503', '3', '', '1', 'ready', NULL, NULL, '2025-10-24 08:04:54', '2025-10-24 15:15:46'),
('59', '49', NULL, 'TXN_68fb936144c5c0.85366552_757268', '509', '13', '', '1', 'ready', NULL, NULL, '2025-10-24 14:55:29', '2025-10-24 15:14:55'),
('60', '50', NULL, NULL, '503', '3', NULL, '1', 'ready', NULL, NULL, '2025-10-24 15:03:18', '2025-10-24 15:14:44'),
('61', '51', NULL, NULL, '509', '13', NULL, '1', 'ready', NULL, NULL, '2025-10-24 15:03:18', '2025-10-24 15:14:29'),
('62', '52', NULL, NULL, '503', '3', NULL, '1', 'ready', NULL, NULL, '2025-10-24 15:12:01', '2025-10-24 15:14:18'),
('63', '53', NULL, NULL, '503', '3', NULL, '2', 'ready', NULL, NULL, '2025-10-24 15:17:55', '2025-10-24 15:18:44'),
('64', '54', NULL, NULL, '505', '7', NULL, '2', 'ready', NULL, NULL, '2025-10-24 15:17:55', '2025-10-24 15:18:43'),
('65', '54', NULL, NULL, '507', NULL, '', '1', 'ready', NULL, NULL, '2025-10-24 15:17:55', '2025-10-24 15:18:43'),
('66', '55', NULL, 'KIOSK_TXN_68fb990c30d636.60122123', '503', '3', NULL, '1', 'ready', NULL, NULL, '2025-10-24 15:19:40', '2025-10-24 15:20:56'),
('67', '55', NULL, 'KIOSK_TXN_68fb990c30d636.60122123', '504', '5', NULL, '1', 'ready', NULL, NULL, '2025-10-24 15:19:40', '2025-10-24 15:20:56'),
('68', '56', NULL, 'TXN_68fc57f0399db1.50117952_364289', '252', NULL, '', '2', NULL, NULL, NULL, '2025-10-25 04:54:08', '2025-10-25 04:54:08'),
('69', '57', NULL, 'TXN_68fc6d77230d03.96692444_378586', '503', '1', '', '1', NULL, NULL, NULL, '2025-10-25 06:25:59', '2025-10-25 06:25:59'),
('70', '58', NULL, 'TXN_68fc6e5acfbd48.90231901_253331', '504', '4', '', '1', NULL, NULL, NULL, '2025-10-25 06:29:46', '2025-10-25 06:29:46'),
('71', '59', NULL, 'TXN_68fc77830b1da2.56348875_457592', '504', '6', '', '1', NULL, NULL, NULL, '2025-10-25 07:08:51', '2025-10-25 07:08:51'),
('72', '59', NULL, 'TXN_68fc77830b1da2.56348875_457592', '509', '13', '', '1', NULL, NULL, NULL, '2025-10-25 07:08:51', '2025-10-25 07:08:51'),
('73', '60', NULL, 'TXN_68fccb07228e12.18684759_803076', '510', '15', '', '1', 'ready', NULL, NULL, '2025-10-25 13:05:11', '2025-10-25 13:09:01'),
('74', '61', NULL, 'TXN_68fccb611eea08.93188830_842371', '503', '3', '', '1', NULL, NULL, NULL, '2025-10-25 13:06:41', '2025-10-25 13:06:41'),
('75', '62', NULL, NULL, '507', NULL, '', '3', 'ready', NULL, NULL, '2025-10-25 13:22:55', '2025-10-25 13:23:25'),
('76', '63', NULL, 'TXN_68fcd0f94a08b4.58067945_556267', '504', '6', '', '1', 'ready', NULL, NULL, '2025-10-25 13:30:33', '2025-10-25 13:32:24'),
('77', '64', NULL, 'TXN_68ff2e669fdda2.19244022_537360', '503', '3', '', '1', NULL, NULL, NULL, '2025-10-27 08:33:42', '2025-10-27 08:33:42'),
('78', '65', NULL, 'TXN_68ff3ee7afeeb1.84124161_154687', '503', '1', '', '1', NULL, NULL, NULL, '2025-10-27 09:44:07', '2025-10-27 09:44:07'),
('79', '66', NULL, 'TXN_6904cd1be4d188.53805857_163380', '503', '2', '', '1', 'ready', NULL, NULL, '2025-10-31 14:52:11', '2025-10-31 14:53:47'),
('80', '67', NULL, 'TXN_690cb00a55da05.48803001_906465', '503', '1', '', '1', NULL, NULL, NULL, '2025-11-06 14:26:18', '2025-11-06 14:26:18'),
('81', '68', NULL, 'TXN_690efbfc54c7b5.77165461_252028', '510', '14', '', '1', NULL, NULL, NULL, '2025-11-08 08:14:52', '2025-11-08 08:14:52');


-- Table structure for table `kot_places`
CREATE TABLE `kot_places` (
  `id` bigint(20) unsigned NOT NULL AUTO_INCREMENT,
  `printer_id` bigint(20) unsigned DEFAULT NULL,
  `branch_id` bigint(20) unsigned DEFAULT NULL,
  `name` varchar(191) NOT NULL,
  `type` varchar(191) DEFAULT NULL,
  `is_active` tinyint(1) NOT NULL DEFAULT 1,
  `is_default` tinyint(1) NOT NULL DEFAULT 0,
  `created_at` timestamp NULL DEFAULT NULL,
  `updated_at` timestamp NULL DEFAULT NULL,
  PRIMARY KEY (`id`),
  KEY `kot_places_branch_id_foreign` (`branch_id`),
  KEY `kot_places_printer_id_foreign` (`printer_id`),
  CONSTRAINT `kot_places_branch_id_foreign` FOREIGN KEY (`branch_id`) REFERENCES `branches` (`id`) ON DELETE CASCADE,
  CONSTRAINT `kot_places_printer_id_foreign` FOREIGN KEY (`printer_id`) REFERENCES `printers` (`id`) ON DELETE SET NULL
) ENGINE=InnoDB AUTO_INCREMENT=33 DEFAULT CHARSET=utf8mb4 COLLATE=utf8mb4_unicode_ci;

-- Dumping data for table `kot_places`
INSERT INTO `kot_places` VALUES
('1', '1', '1', 'Default Kitchen', 'food', '1', '1', '2025-09-17 05:36:44', '2025-09-17 05:36:44'),
('2', '2', '2', 'Default Kitchen', 'food', '1', '1', '2025-09-17 05:36:44', '2025-09-17 05:36:44'),
('3', '3', '3', 'Default Kitchen', 'food', '1', '1', '2025-09-17 10:02:45', '2025-09-17 10:02:45'),
('4', '4', '4', 'Default Kitchen', 'food', '1', '1', '2025-09-20 12:56:44', '2025-09-20 12:56:44'),
('5', '5', '5', 'Veg Kitchen', 'food', '1', '1', '2025-10-07 15:00:09', '2025-10-18 00:17:44'),
('7', '5', '5', 'Non Veg', NULL, '1', '0', '2025-10-18 00:16:22', '2025-10-18 00:16:22'),
('28', '27', '27', 'Default Kitchen', 'food', '1', '1', '2025-11-07 17:23:03', '2025-11-07 17:23:03'),
('29', '28', '28', 'Default Kitchen', 'food', '1', '1', '2025-11-08 10:32:27', '2025-11-08 10:32:27'),
('30', '29', '29', 'Default Kitchen', 'food', '1', '1', '2025-11-12 14:15:51', '2025-11-12 14:15:51'),
('31', '30', '30', 'Default Kitchen', 'food', '1', '1', '2025-11-13 15:41:44', '2025-11-13 15:41:44'),
('32', '31', '31', 'Default Kitchen', 'food', '1', '1', '2025-11-15 07:46:25', '2025-11-15 07:46:25');


-- Table structure for table `kot_settings`
CREATE TABLE `kot_settings` (
  `id` bigint(20) unsigned NOT NULL AUTO_INCREMENT,
  `branch_id` bigint(20) unsigned NOT NULL,
  `default_status` enum('pending','cooking') NOT NULL DEFAULT 'pending',
  `enable_item_level_status` tinyint(1) NOT NULL DEFAULT 1,
  `created_at` timestamp NULL DEFAULT NULL,
  `updated_at` timestamp NULL DEFAULT NULL,
  PRIMARY KEY (`id`),
  KEY `kot_settings_branch_id_foreign` (`branch_id`),
  CONSTRAINT `kot_settings_branch_id_foreign` FOREIGN KEY (`branch_id`) REFERENCES `branches` (`id`) ON DELETE CASCADE
) ENGINE=InnoDB AUTO_INCREMENT=34 DEFAULT CHARSET=utf8mb4 COLLATE=utf8mb4_unicode_ci;

-- Dumping data for table `kot_settings`
INSERT INTO `kot_settings` VALUES
('1', '1', 'pending', '1', '2025-09-17 05:36:44', '2025-09-17 05:36:44'),
('2', '1', 'pending', '1', '2025-09-17 05:36:44', '2025-09-17 05:36:44'),
('3', '2', 'pending', '1', '2025-09-17 05:36:44', '2025-09-17 05:36:44'),
('4', '2', 'pending', '1', '2025-09-17 05:36:44', '2025-09-17 05:36:44'),
('5', '3', 'pending', '1', '2025-09-17 10:02:45', '2025-09-17 10:02:45'),
('6', '4', 'pending', '1', '2025-09-20 12:56:44', '2025-09-20 12:56:44'),
('7', '5', 'cooking', '1', '2025-10-07 15:00:09', '2025-10-18 17:38:06'),
('29', '27', 'pending', '1', '2025-11-07 17:23:03', '2025-11-07 17:23:03'),
('30', '28', 'pending', '1', '2025-11-08 10:32:27', '2025-11-08 10:32:27'),
('31', '29', 'pending', '1', '2025-11-12 14:15:51', '2025-11-12 14:15:51'),
('32', '30', 'pending', '1', '2025-11-13 15:41:44', '2025-11-13 15:41:44'),
('33', '31', 'pending', '1', '2025-11-15 07:46:25', '2025-11-15 07:46:25');


-- Table structure for table `kots`
CREATE TABLE `kots` (
  `id` bigint(20) unsigned NOT NULL AUTO_INCREMENT,
  `branch_id` bigint(20) unsigned DEFAULT NULL,
  `kitchen_place_id` bigint(20) unsigned DEFAULT NULL,
  `kot_number` varchar(191) NOT NULL,
  `token_number` int(10) unsigned DEFAULT NULL,
  `order_id` bigint(20) unsigned NOT NULL,
  `order_type_id` bigint(20) unsigned DEFAULT NULL,
  `transaction_id` varchar(191) DEFAULT NULL,
  `note` text DEFAULT NULL,
  `status` enum('pending_confirmation','in_kitchen','food_ready','served','cancelled') NOT NULL DEFAULT 'in_kitchen',
  `cancel_reason_id` bigint(20) unsigned DEFAULT NULL,
  `cancel_reason_text` text DEFAULT NULL,
  `created_at` timestamp NULL DEFAULT NULL,
  `updated_at` timestamp NULL DEFAULT NULL,
  PRIMARY KEY (`id`),
  KEY `kots_order_id_foreign` (`order_id`),
  KEY `kots_branch_id_foreign` (`branch_id`),
  KEY `kots_cancel_reason_id_foreign` (`cancel_reason_id`),
  KEY `kots_kitchen_place_id_foreign` (`kitchen_place_id`),
  KEY `kots_order_type_id_foreign` (`order_type_id`),
  CONSTRAINT `kots_branch_id_foreign` FOREIGN KEY (`branch_id`) REFERENCES `branches` (`id`) ON DELETE CASCADE ON UPDATE CASCADE,
  CONSTRAINT `kots_cancel_reason_id_foreign` FOREIGN KEY (`cancel_reason_id`) REFERENCES `kot_cancel_reasons` (`id`) ON DELETE CASCADE ON UPDATE CASCADE,
  CONSTRAINT `kots_kitchen_place_id_foreign` FOREIGN KEY (`kitchen_place_id`) REFERENCES `kot_places` (`id`) ON DELETE SET NULL,
  CONSTRAINT `kots_order_id_foreign` FOREIGN KEY (`order_id`) REFERENCES `orders` (`id`) ON DELETE CASCADE,
  CONSTRAINT `kots_order_type_id_foreign` FOREIGN KEY (`order_type_id`) REFERENCES `order_types` (`id`) ON DELETE SET NULL
) ENGINE=InnoDB AUTO_INCREMENT=69 DEFAULT CHARSET=utf8mb4 COLLATE=utf8mb4_unicode_ci;

-- Dumping data for table `kots`
INSERT INTO `kots` VALUES
('1', '3', NULL, '2', NULL, '1', NULL, 'TXN_68ce9d21bd2a93.28356548_231480', NULL, 'in_kitchen', NULL, NULL, '2025-09-20 12:25:05', '2025-09-20 12:25:36'),
('2', '5', NULL, '2', NULL, '3', NULL, 'TXN_68e52e1bed0eb4.43546266_272353', NULL, 'in_kitchen', NULL, NULL, '2025-10-07 15:13:31', '2025-10-07 15:40:27'),
('3', '5', NULL, '4', NULL, '3', NULL, 'TXN_68e530fc5934d8.69290630_182249', NULL, 'in_kitchen', NULL, NULL, '2025-10-07 15:25:48', '2025-10-07 15:40:27'),
('4', '5', NULL, '6', NULL, '4', NULL, 'TXN_68e62861d3eb76.37324333_776395', NULL, 'pending_confirmation', NULL, NULL, '2025-10-08 09:01:21', '2025-10-08 09:01:21'),
('5', '5', NULL, '8', NULL, '5', NULL, 'TXN_68e63e3e517e69.31196617_301189', NULL, 'pending_confirmation', NULL, NULL, '2025-10-08 10:34:38', '2025-10-08 10:34:38'),
('6', '5', '5', '9', NULL, '7', '13', NULL, NULL, 'pending_confirmation', NULL, NULL, '2025-10-15 12:33:28', '2025-10-15 12:33:28'),
('7', '5', NULL, '11', NULL, '8', NULL, 'KIOSK_TXN_68ef9521a16ec0.32691058', NULL, 'pending_confirmation', NULL, NULL, '2025-10-15 12:35:45', '2025-10-15 12:35:45'),
('8', '5', NULL, '13', NULL, '9', NULL, 'KIOSK_TXN_68ef95b8481505.85338088', NULL, 'pending_confirmation', NULL, NULL, '2025-10-15 12:38:16', '2025-10-15 12:38:16'),
('9', '5', '5', '14', '1', '10', '13', NULL, NULL, 'pending_confirmation', NULL, NULL, '2025-10-15 12:40:33', '2025-10-15 12:40:33'),
('10', '5', NULL, '16', NULL, '11', '1', 'TXN_68f0dec5bc7488.23372968_650415', NULL, 'pending_confirmation', NULL, NULL, '2025-10-16 12:02:13', '2025-10-16 12:02:13'),
('11', '5', NULL, '18', NULL, '12', '1', 'TXN_68f0e5e92bf222.61353201_589451', NULL, 'pending_confirmation', NULL, NULL, '2025-10-16 12:32:41', '2025-10-16 12:32:41'),
('12', '5', NULL, '20', NULL, '13', '1', 'TXN_68f0e7ed518392.11253318_184380', NULL, 'pending_confirmation', NULL, NULL, '2025-10-16 12:41:17', '2025-10-16 12:41:17'),
('13', '5', NULL, '22', NULL, '14', '1', 'TXN_68f0e98f88fcf0.97081858_196506', NULL, 'pending_confirmation', NULL, NULL, '2025-10-16 12:48:15', '2025-10-16 12:48:15'),
('15', '5', NULL, '24', NULL, '16', '2', 'TXN_68f0f1253d9812.85311588_548223', NULL, 'pending_confirmation', NULL, NULL, '2025-10-16 13:20:37', '2025-10-16 13:20:37'),
('16', '5', NULL, '26', NULL, '17', '1', 'TXN_68f0f342b770d2.44028867_382578', NULL, 'pending_confirmation', NULL, NULL, '2025-10-16 13:29:38', '2025-10-16 13:29:38'),
('17', '5', NULL, '28', NULL, '18', '1', 'TXN_68f0f92d3d7cb8.57476962_970704', NULL, 'pending_confirmation', NULL, NULL, '2025-10-16 13:54:53', '2025-10-16 13:54:53'),
('18', '5', NULL, '30', NULL, '19', '1', 'TXN_68f0f9a7428d31.03319738_156288', NULL, 'pending_confirmation', NULL, NULL, '2025-10-16 13:56:55', '2025-10-16 13:56:55'),
('19', '5', NULL, '32', NULL, '20', '1', 'TXN_68f0fa8b5df871.67446827_444391', NULL, 'pending_confirmation', NULL, NULL, '2025-10-16 14:00:43', '2025-10-16 14:00:43'),
('20', '5', NULL, '34', NULL, '21', '1', 'TXN_68f0ff436d7e31.26322864_733895', NULL, 'pending_confirmation', NULL, NULL, '2025-10-16 14:20:51', '2025-10-16 14:20:51'),
('21', '5', NULL, '36', NULL, '22', '1', 'TXN_68f11186a40d88.85359813_642469', NULL, 'pending_confirmation', NULL, NULL, '2025-10-16 15:38:46', '2025-10-16 15:38:46'),
('22', '5', NULL, '38', NULL, '23', '1', 'TXN_68f11493951c64.13647932_350258', NULL, 'pending_confirmation', NULL, NULL, '2025-10-16 15:51:47', '2025-10-16 15:51:47'),
('23', '5', NULL, '40', NULL, '24', '1', 'TXN_68f11df6b45478.84597662_879041', NULL, 'pending_confirmation', NULL, NULL, '2025-10-16 16:31:50', '2025-10-16 16:31:50'),
('24', '5', NULL, '42', NULL, '25', '1', 'TXN_68f11f5c936752.69173031_207616', NULL, 'pending_confirmation', NULL, NULL, '2025-10-16 16:37:48', '2025-10-16 16:37:48'),
('25', '5', NULL, '44', NULL, '26', '1', 'TXN_68f12534eac280.48739786_102422', NULL, 'pending_confirmation', NULL, NULL, '2025-10-16 17:02:44', '2025-10-16 17:02:44'),
('26', '3', NULL, '4', NULL, '27', '1', 'TXN_68f12d9ec2a981.97878175_856288', NULL, 'pending_confirmation', NULL, NULL, '2025-10-16 17:38:38', '2025-10-16 17:38:38'),
('27', '5', NULL, '46', NULL, '28', '1', 'TXN_68f12e35eb2419.11533676_187640', NULL, 'pending_confirmation', NULL, NULL, '2025-10-16 17:41:09', '2025-10-16 17:41:09'),
('28', '5', NULL, '48', NULL, '29', '1', 'TXN_68f2d1c10efc73.86184169_610422', NULL, 'served', NULL, NULL, '2025-10-17 23:31:13', '2025-10-18 00:21:04'),
('29', '5', '5', '49', '1', '30', '13', NULL, NULL, 'served', NULL, NULL, '2025-10-17 23:40:44', '2025-10-18 00:21:01'),
('30', '5', '5', '50', '1', '31', '13', NULL, NULL, 'served', NULL, NULL, '2025-10-17 23:42:52', '2025-10-18 00:20:54'),
('31', '5', NULL, '52', NULL, '33', '1', 'TXN_68f2d4f8bb1f42.34426374_425498', NULL, 'served', NULL, NULL, '2025-10-17 23:44:56', '2025-10-18 00:20:51'),
('32', '5', '5', '53', '1', '34', '13', NULL, NULL, 'served', NULL, NULL, '2025-10-17 23:47:26', '2025-10-18 00:20:46'),
('33', '5', '5', '54', '1', '36', '13', NULL, NULL, 'served', NULL, NULL, '2025-10-17 23:49:05', '2025-10-18 00:20:45'),
('34', '5', '5', '55', '1', '37', '15', NULL, NULL, 'served', NULL, NULL, '2025-10-17 23:51:30', '2025-10-18 00:20:42'),
('35', '5', NULL, '57', NULL, '38', NULL, 'KIOSK_TXN_68f2d73349bab0.75415852', NULL, 'served', NULL, NULL, '2025-10-17 23:54:27', '2025-10-18 00:20:39'),
('36', '5', '5', '58', '1', '39', '13', NULL, NULL, 'served', NULL, NULL, '2025-10-18 00:05:52', '2025-10-18 00:20:33'),
('37', '5', '5', '59', '2', '40', '13', NULL, NULL, 'served', NULL, NULL, '2025-10-18 00:07:59', '2025-10-18 00:20:29'),
('38', '5', '5', '60', '3', '41', '13', NULL, NULL, 'served', NULL, NULL, '2025-10-18 00:09:19', '2025-10-18 00:20:26'),
('39', '5', '5', '61', '4', '42', '13', NULL, NULL, 'pending_confirmation', NULL, NULL, '2025-10-18 17:25:40', '2025-10-18 17:25:40'),
('40', '5', NULL, '63', '1', '43', NULL, 'KIOSK_TXN_68f3ce74859f57.71863120', NULL, 'pending_confirmation', NULL, NULL, '2025-10-18 17:29:24', '2025-10-18 17:29:24'),
('41', '5', '7', '64', '5', '44', '13', NULL, NULL, 'in_kitchen', NULL, NULL, '2025-10-18 17:45:50', '2025-10-18 17:45:50'),
('42', '5', NULL, '66', '6', '45', '13', 'TXN_68f3dc48227c63.69436210_587956', 'Make it spicy', 'in_kitchen', NULL, NULL, '2025-10-18 18:28:24', '2025-10-18 18:28:24'),
('43', '5', NULL, '68', '1', '46', '13', 'TXN_68fae377308866.64667514_242686', NULL, 'served', NULL, NULL, '2025-10-24 02:24:55', '2025-10-24 15:16:10'),
('44', '5', NULL, '70', '2', '47', '14', 'TXN_68fae4436c6376.32408368_690123', NULL, 'served', NULL, NULL, '2025-10-24 02:28:19', '2025-10-24 15:16:13'),
('45', '5', NULL, '72', '3', '48', '14', 'TXN_68fae4d68a5be2.70313865_172721', NULL, 'served', NULL, NULL, '2025-10-24 02:30:46', '2025-10-24 15:16:09'),
('46', '5', NULL, '74', '4', '49', '15', 'TXN_68fae5a469e1f0.38965568_491018', NULL, 'pending_confirmation', NULL, NULL, '2025-10-24 02:34:12', '2025-10-24 02:34:12'),
('47', '5', NULL, '76', '5', '50', NULL, 'KIOSK_TXN_68fae6f37dcbb1.17912335', NULL, 'served', NULL, NULL, '2025-10-24 02:39:47', '2025-10-24 15:16:09'),
('48', '5', NULL, '78', '6', '51', '13', 'TXN_68fb33264034c1.82188861_150016', NULL, 'served', NULL, NULL, '2025-10-24 08:04:54', '2025-10-24 15:16:07'),
('49', '5', NULL, '80', '7', '52', '13', 'TXN_68fb936144c5c0.85366552_757268', 'Give water with it', 'served', NULL, NULL, '2025-10-24 14:55:29', '2025-10-24 15:15:12'),
('50', '5', '7', '81', '8', '53', '13', NULL, NULL, 'served', NULL, NULL, '2025-10-24 15:03:18', '2025-10-24 15:15:17'),
('51', '5', '5', '82', '9', '53', '13', NULL, NULL, 'served', NULL, NULL, '2025-10-24 15:03:18', '2025-10-24 15:15:11'),
('52', '5', '7', '82', '10', '54', '13', NULL, NULL, 'served', NULL, NULL, '2025-10-24 15:12:01', '2025-10-24 15:15:09'),
('53', '5', '7', '83', '11', '55', '13', NULL, NULL, 'served', NULL, NULL, '2025-10-24 15:17:55', '2025-10-24 15:18:51'),
('54', '5', '5', '84', '12', '55', '13', NULL, NULL, 'served', NULL, NULL, '2025-10-24 15:17:55', '2025-10-24 15:18:50'),
('55', '5', NULL, '85', '13', '56', NULL, 'KIOSK_TXN_68fb990c30d636.60122123', NULL, 'served', NULL, NULL, '2025-10-24 15:19:40', '2025-10-24 15:21:02'),
('56', '3', NULL, '6', NULL, '57', '8', 'TXN_68fc57f0399db1.50117952_364289', NULL, 'pending_confirmation', NULL, NULL, '2025-10-25 04:54:08', '2025-10-25 04:54:08'),
('57', '5', NULL, '87', '1', '58', '14', 'TXN_68fc6d77230d03.96692444_378586', NULL, 'pending_confirmation', NULL, NULL, '2025-10-25 06:25:59', '2025-10-25 06:25:59'),
('58', '5', NULL, '89', '2', '59', '13', 'TXN_68fc6e5acfbd48.90231901_253331', NULL, 'pending_confirmation', NULL, NULL, '2025-10-25 06:29:46', '2025-10-25 06:29:46'),
('59', '5', NULL, '91', '3', '60', '14', 'TXN_68fc77830b1da2.56348875_457592', NULL, 'pending_confirmation', NULL, NULL, '2025-10-25 07:08:51', '2025-10-25 07:08:51'),
('60', '5', NULL, '93', '4', '61', '13', 'TXN_68fccb07228e12.18684759_803076', NULL, 'served', NULL, NULL, '2025-10-25 13:05:11', '2025-10-25 13:09:46'),
('61', '5', NULL, '95', '5', '62', '13', 'TXN_68fccb611eea08.93188830_842371', NULL, 'pending_confirmation', NULL, NULL, '2025-10-25 13:06:41', '2025-10-25 13:06:41'),
('62', '5', '5', '96', '6', '63', '13', NULL, NULL, 'served', NULL, NULL, '2025-10-25 13:22:55', '2025-10-25 13:23:33'),
('63', '5', NULL, '98', '7', '64', '13', 'TXN_68fcd0f94a08b4.58067945_556267', NULL, 'served', NULL, NULL, '2025-10-25 13:30:33', '2025-10-25 13:32:25'),
('64', '5', NULL, '100', '1', '65', '13', 'TXN_68ff2e669fdda2.19244022_537360', NULL, 'pending_confirmation', NULL, NULL, '2025-10-27 08:33:42', '2025-10-27 08:33:42'),
('65', '5', NULL, '102', '2', '66', '14', 'TXN_68ff3ee7afeeb1.84124161_154687', NULL, 'pending_confirmation', NULL, NULL, '2025-10-27 09:44:07', '2025-10-27 09:44:07'),
('66', '5', NULL, '104', '1', '67', '13', 'TXN_6904cd1be4d188.53805857_163380', NULL, 'served', NULL, NULL, '2025-10-31 14:52:11', '2025-10-31 14:54:07'),
('67', '5', NULL, '106', '1', '68', '14', 'TXN_690cb00a55da05.48803001_906465', NULL, 'pending_confirmation', NULL, NULL, '2025-11-06 14:26:18', '2025-11-06 14:26:18'),
('68', '5', NULL, '108', '1', '69', '14', 'TXN_690efbfc54c7b5.77165461_252028', NULL, 'pending_confirmation', NULL, NULL, '2025-11-08 08:14:52', '2025-11-08 08:14:52');


-- Table structure for table `language_pack_settings`
CREATE TABLE `language_pack_settings` (
  `id` bigint(20) unsigned NOT NULL AUTO_INCREMENT,
  `purchase_code` varchar(191) DEFAULT NULL,
  `supported_until` timestamp NULL DEFAULT NULL,
  `purchased_on` timestamp NULL DEFAULT NULL,
  `license_type` varchar(20) DEFAULT NULL,
  `notify_update` tinyint(1) NOT NULL DEFAULT 1,
  `created_at` timestamp NULL DEFAULT NULL,
  `updated_at` timestamp NULL DEFAULT NULL,
  PRIMARY KEY (`id`)
) ENGINE=InnoDB AUTO_INCREMENT=2 DEFAULT CHARSET=utf8mb4 COLLATE=utf8mb4_unicode_ci;

-- Dumping data for table `language_pack_settings`
INSERT INTO `language_pack_settings` VALUES
('1', '65100125-205d-420e-b03c-0faa1e6f02b9', '2026-04-16 03:07:13', NULL, NULL, '1', '2025-09-17 05:48:26', '2025-10-15 12:17:11');


-- Table structure for table `language_settings`
CREATE TABLE `language_settings` (
  `id` bigint(20) unsigned NOT NULL AUTO_INCREMENT,
  `language_code` varchar(191) NOT NULL,
  `language_name` varchar(191) NOT NULL,
  `flag_code` varchar(191) NOT NULL,
  `active` tinyint(1) NOT NULL DEFAULT 1,
  `is_rtl` tinyint(1) NOT NULL DEFAULT 0,
  `created_at` timestamp NULL DEFAULT NULL,
  `updated_at` timestamp NULL DEFAULT NULL,
  PRIMARY KEY (`id`)
) ENGINE=InnoDB AUTO_INCREMENT=20 DEFAULT CHARSET=utf8mb4 COLLATE=utf8mb4_unicode_ci;

-- Dumping data for table `language_settings`
INSERT INTO `language_settings` VALUES
('1', 'en', 'English', 'gb', '1', '0', NULL, '2025-11-15 10:43:17'),
('2', 'ar', 'Arabic', 'sa', '0', '1', NULL, '2025-11-15 10:43:17'),
('3', 'de', 'German', 'de', '0', '0', NULL, '2025-11-15 10:43:17'),
('4', 'es', 'Spanish', 'es', '1', '0', NULL, '2025-11-15 10:43:17'),
('5', 'et', 'Estonian', 'et', '0', '0', NULL, '2025-11-15 10:43:17'),
('6', 'fa', 'Farsi', 'ir', '0', '1', NULL, '2025-11-15 10:43:17'),
('7', 'fr', 'French', 'ca', '1', '0', NULL, '2025-11-15 10:43:17'),
('8', 'el', 'Greek', 'gr', '0', '0', NULL, '2025-11-15 10:43:17'),
('9', 'it', 'Italian', 'it', '0', '0', NULL, '2025-11-15 10:43:17'),
('10', 'nl', 'Dutch', 'nl', '0', '0', NULL, '2025-11-15 10:43:17'),
('11', 'pl', 'Polish', 'pl', '0', '0', NULL, '2025-11-15 10:43:17'),
('12', 'pt', 'Portuguese', 'pt', '0', '0', NULL, '2025-11-15 10:43:17'),
('13', 'pt-br', 'Portuguese (Brazil)', 'br', '0', '0', NULL, '2025-11-15 10:43:17'),
('14', 'ro', 'Romanian', 'ro', '0', '0', NULL, '2025-11-15 10:43:17'),
('15', 'ru', 'Russian', 'ru', '0', '0', NULL, '2025-11-15 10:43:17'),
('16', 'tr', 'Turkish', 'tr', '0', '0', NULL, '2025-11-15 10:43:17'),
('17', 'zh-CN', 'Chinese (S)', 'cn', '0', '0', NULL, '2025-11-15 10:43:17'),
('18', 'zh-TW', 'Chinese (T)', 'cn', '0', '0', NULL, '2025-11-15 10:43:17'),
('19', 'pa', 'ਪੰਜਾਬੀ', 'ca', '1', '0', '2025-10-25 08:41:54', '2025-11-15 10:43:17');


-- Table structure for table `ltm_translations`
CREATE TABLE `ltm_translations` (
  `id` bigint(20) unsigned NOT NULL AUTO_INCREMENT,
  `status` int(11) NOT NULL DEFAULT 0,
  `locale` varchar(191) NOT NULL,
  `group` varchar(191) NOT NULL,
  `key` text NOT NULL,
  `value` text DEFAULT NULL,
  `created_at` timestamp NULL DEFAULT NULL,
  `updated_at` timestamp NULL DEFAULT NULL,
  PRIMARY KEY (`id`)
) ENGINE=InnoDB AUTO_INCREMENT=8210 DEFAULT CHARSET=utf8mb4 COLLATE=utf8mb4_bin;

-- Dumping data for table `ltm_translations`
INSERT INTO `ltm_translations` VALUES
('1', '0', 'eng', 'app', 'close', 'Close', '2025-10-15 14:29:34', '2025-10-25 08:08:47'),
('2', '0', 'eng', 'app', 'cancel', 'Cancel', '2025-10-15 14:29:34', '2025-10-25 08:08:47'),
('3', '0', 'eng', 'app', 'save', 'Save', '2025-10-15 14:29:34', '2025-10-25 08:08:47'),
('4', '0', 'eng', 'app', 'saved', 'Saved', '2025-10-15 14:29:34', '2025-10-25 08:08:47'),
('5', '0', 'eng', 'app', 'saving', 'Saving...', '2025-10-15 14:29:34', '2025-10-25 08:08:47'),
('6', '0', 'eng', 'app', 'saveTax', 'Save Tax', '2025-10-15 14:29:34', '2025-10-25 08:08:47'),
('7', '0', 'eng', 'app', 'saveAndNew', 'Save and Add New', '2025-10-15 14:29:34', '2025-10-25 08:08:47'),
('8', '0', 'eng', 'app', 'view', 'View', '2025-10-15 14:29:34', '2025-10-25 08:08:47'),
('9', '0', 'eng', 'app', 'verify', 'Verify', '2025-10-15 14:29:34', '2025-10-25 08:08:47'),
('10', '0', 'eng', 'app', 'accept', 'Accept', '2025-10-15 14:29:34', '2025-10-25 08:08:47'),
('11', '0', 'eng', 'app', 'decline', 'Decline', '2025-10-15 14:29:34', '2025-10-25 08:08:47'),
('12', '0', 'eng', 'app', 'update', 'Update', '2025-10-15 14:29:34', '2025-10-25 08:08:47'),
('13', '0', 'eng', 'app', 'updating', 'Updating...', '2025-10-15 14:29:34', '2025-10-25 08:08:47'),
('14', '0', 'eng', 'app', 'delete', 'Delete', '2025-10-15 14:29:34', '2025-10-25 08:08:47'),
('15', '0', 'eng', 'app', 'deleteUser', 'Delete User', '2025-10-15 14:29:34', '2025-10-25 08:08:47'),
('16', '0', 'eng', 'app', 'action', 'Action', '2025-10-15 14:29:34', '2025-10-25 08:08:47'),
('17', '0', 'eng', 'app', 'submit', 'Submit', '2025-10-15 14:29:34', '2025-10-25 08:08:47'),
('18', '0', 'eng', 'app', 'pending', 'Pending', '2025-10-15 14:29:34', '2025-10-25 08:08:47'),
('19', '0', 'eng', 'app', 'approved', 'Approved', '2025-10-15 14:29:34', '2025-10-25 08:08:47'),
('20', '0', 'eng', 'app', 'rejected', 'Rejected', '2025-10-15 14:29:34', '2025-10-25 08:08:47'),
('21', '0', 'eng', 'app', 'verified', 'Verified', '2025-10-15 14:29:34', '2025-10-25 08:08:47'),
('22', '0', 'eng', 'app', 'showing', 'Showing', '2025-10-15 14:29:34', '2025-10-25 08:08:47'),
('23', '0', 'eng', 'app', 'to', 'To', '2025-10-15 14:29:34', '2025-10-25 08:08:47'),
('24', '0', 'eng', 'app', 'of', 'of', '2025-10-15 14:29:34', '2025-10-25 08:08:47'),
('25', '0', 'eng', 'app', 'results', 'results', '2025-10-15 14:29:34', '2025-10-25 08:08:47'),
('26', '0', 'eng', 'app', 'clearFilter', 'Clear Filters', '2025-10-15 14:29:34', '2025-10-25 08:08:47'),
('27', '0', 'eng', 'app', 'hideFilter', 'Hide Filters', '2025-10-15 14:29:34', '2025-10-25 08:08:47'),
('28', '0', 'eng', 'app', 'showFilter', 'Show Filters', '2025-10-15 14:29:34', '2025-10-25 08:08:47'),
('29', '0', 'eng', 'app', 'active', 'Active', '2025-10-15 14:29:34', '2025-10-25 08:08:47'),
('30', '0', 'eng', 'app', 'inactive', 'Inactive', '2025-10-15 14:29:34', '2025-10-25 08:08:47'),
('31', '0', 'eng', 'app', 'status', 'Status', '2025-10-15 14:29:34', '2025-10-25 08:08:47'),
('32', '0', 'eng', 'app', 'showAll', 'Show All', '2025-10-15 14:29:34', '2025-10-25 08:08:47'),
('33', '0', 'eng', 'app', 'clear', 'Clear', '2025-10-15 14:29:34', '2025-10-25 08:08:47'),
('34', '0', 'eng', 'app', 'error', 'Error', '2025-10-15 14:29:34', '2025-10-25 08:08:47'),
('35', '0', 'eng', 'app', 'print', 'PRINT', '2025-10-15 14:29:34', '2025-10-25 08:08:47'),
('36', '0', 'eng', 'app', 'dateTime', 'Date & Time', '2025-10-15 14:29:34', '2025-10-25 08:08:47'),
('37', '0', 'eng', 'app', 'change', 'Change', '2025-10-15 14:29:34', '2025-10-25 08:08:47'),
('38', '0', 'eng', 'app', 'changePassword', 'Change Password', '2025-10-15 14:29:34', '2025-10-25 08:08:47'),
('39', '0', 'eng', 'app', 'add', 'Add', '2025-10-15 14:29:34', '2025-10-25 08:08:47'),
('40', '0', 'eng', 'app', 'menu', 'Menu', '2025-10-15 14:29:34', '2025-10-25 08:08:47'),
('41', '0', 'eng', 'app', 'createAccount', 'Create a Account', '2025-10-15 14:29:34', '2025-10-25 08:08:47'),
('42', '0', 'eng', 'app', 'email', 'Enter your email', '2025-10-15 14:29:34', '2025-10-25 08:08:47'),
('43', '0', 'eng', 'app', 'name', 'Name', '2025-10-15 14:29:34', '2025-10-25 08:08:47'),
('44', '0', 'eng', 'app', 'description', 'Description', '2025-10-15 14:29:34', '2025-10-25 08:08:47'),
('45', '0', 'eng', 'app', 'login', 'Login', '2025-10-15 14:29:34', '2025-10-25 08:08:47'),
('46', '0', 'eng', 'app', 'continue', 'Continue', '2025-10-15 14:29:34', '2025-10-25 08:08:47'),
('47', '0', 'eng', 'app', 'verificationCode', 'Enter verification code', '2025-10-15 14:29:34', '2025-10-25 08:08:47'),
('48', '0', 'eng', 'app', 'next', 'Next', '2025-10-15 14:29:34', '2025-10-25 08:08:47'),
('49', '0', 'eng', 'app', 'resendVerificatonCode', 'Resend Verificaton Code', '2025-10-15 14:29:34', '2025-10-25 08:08:47'),
('50', '0', 'eng', 'app', 'logout', 'Logout', '2025-10-15 14:29:34', '2025-10-25 08:08:47'),
('51', '0', 'eng', 'app', 'export', 'Export', '2025-10-15 14:29:34', '2025-10-25 08:08:47'),
('52', '0', 'eng', 'app', 'logo', 'Logo', '2025-10-15 14:29:34', '2025-10-25 08:08:47'),
('53', '0', 'eng', 'app', 'download', 'Download', '2025-10-15 14:29:34', '2025-10-25 08:08:47'),
('54', '0', 'eng', 'app', 'dateRange', 'Date Range', '2025-10-15 14:29:34', '2025-10-25 08:08:47'),
('55', '0', 'eng', 'app', 'select', 'Select', '2025-10-15 14:29:34', '2025-10-25 08:08:47'),
('56', '0', 'eng', 'app', 'selectStartDate', 'Select Start Date', '2025-10-15 14:29:34', '2025-10-25 08:08:47'),
('57', '0', 'eng', 'app', 'selectEndDate', 'Select End Date', '2025-10-15 14:29:34', '2025-10-25 08:08:47'),
('58', '0', 'eng', 'app', 'customDateRange', 'Custom Date Range', '2025-10-15 14:29:34', '2025-10-25 08:08:47'),
('59', '0', 'eng', 'app', 'today', 'Today', '2025-10-15 14:29:34', '2025-10-25 08:08:47'),
('60', '0', 'eng', 'app', 'yesterday', 'Yesterday', '2025-10-15 14:29:34', '2025-10-25 08:08:47'),
('61', '0', 'eng', 'app', 'currentWeek', 'Current Week', '2025-10-15 14:29:34', '2025-10-25 08:08:47'),
('62', '0', 'eng', 'app', 'lastWeek', 'Last Week', '2025-10-15 14:29:34', '2025-10-25 08:08:47'),
('63', '0', 'eng', 'app', 'nextWeek', 'Next Week', '2025-10-15 14:29:34', '2025-10-25 08:08:47'),
('64', '0', 'eng', 'app', 'last7Days', 'Last 7 Days', '2025-10-15 14:29:34', '2025-10-25 08:08:47'),
('65', '0', 'eng', 'app', 'currentMonth', 'Current Month', '2025-10-15 14:29:34', '2025-10-25 08:08:47'),
('66', '0', 'eng', 'app', 'lastMonth', 'Last Month', '2025-10-15 14:29:34', '2025-10-25 08:08:47'),
('67', '0', 'eng', 'app', 'currentYear', 'Current Year', '2025-10-15 14:29:34', '2025-10-25 08:08:47'),
('68', '0', 'eng', 'app', 'lastYear', 'Last Year', '2025-10-15 14:29:34', '2025-10-25 08:08:47'),
('69', '0', 'eng', 'app', 'date', 'Date', '2025-10-15 14:29:34', '2025-10-25 08:08:47'),
('70', '0', 'eng', 'app', 'time', 'Time', '2025-10-15 14:29:34', '2025-10-25 08:08:47'),
('71', '0', 'eng', 'app', 'rightReserved', 'All rights reserved.', '2025-10-15 14:29:34', '2025-10-25 08:08:47'),
('72', '0', 'eng', 'app', 'loading', 'Loading...', '2025-10-15 14:29:34', '2025-10-25 08:08:47'),
('73', '0', 'eng', 'app', 'profileInfo', 'Profile Information', '2025-10-15 14:29:34', '2025-10-25 08:08:47'),
('74', '0', 'eng', 'app', 'fullName', 'Your Full Name', '2025-10-15 14:29:34', '2025-10-25 08:08:47'),
('75', '0', 'eng', 'app', 'role', 'Role', '2025-10-15 14:29:34', '2025-10-25 08:08:47'),
('76', '0', 'eng', 'app', 'permission', 'Permission', '2025-10-15 14:29:34', '2025-10-25 08:08:47'),
('77', '0', 'eng', 'app', 'user', 'User', '2025-10-15 14:29:34', '2025-10-25 08:08:47'),
('78', '0', 'eng', 'app', 'minutes', 'Minutes', '2025-10-15 14:29:34', '2025-10-25 08:08:47'),
('79', '0', 'eng', 'app', 'reserveNow', 'Reserve Now', '2025-10-15 14:29:34', '2025-10-25 08:08:47'),
('80', '0', 'eng', 'app', 'specialRequest', 'Any special request?', '2025-10-15 14:29:34', '2025-10-25 08:08:47'),
('81', '0', 'eng', 'app', 'yes', 'Yes', '2025-10-15 14:29:34', '2025-10-25 08:08:47'),
('82', '0', 'eng', 'app', 'no', 'No', '2025-10-15 14:29:34', '2025-10-25 08:08:47'),
('83', '0', 'eng', 'app', 'hello', 'Hello', '2025-10-15 14:29:34', '2025-10-25 08:08:47'),
('84', '0', 'eng', 'app', 'regards', 'Regards', '2025-10-15 14:29:34', '2025-10-25 08:08:47'),
('85', '0', 'eng', 'app', 'thanks', 'Thanks', '2025-10-15 14:29:34', '2025-10-25 08:08:47'),
('86', '0', 'eng', 'app', 'addMore', 'Add +', '2025-10-15 14:29:34', '2025-10-25 08:08:47'),
('87', '0', 'eng', 'app', 'addNew', 'Add New', '2025-10-15 14:29:34', '2025-10-25 08:08:47'),
('88', '0', 'eng', 'app', 'allRightsReserved', 'All Rights Reserved.', '2025-10-15 14:29:34', '2025-10-25 08:08:47'),
('89', '0', 'eng', 'app', 'test', 'TEST', '2025-10-15 14:29:34', '2025-10-25 08:08:47'),
('90', '0', 'eng', 'app', 'live', 'LIVE', '2025-10-15 14:29:34', '2025-10-25 08:08:47'),
('91', '0', 'eng', 'app', 'id', 'ID', '2025-10-15 14:29:34', '2025-10-25 08:08:47'),
('92', '0', 'eng', 'app', 'reset', 'Reset', '2025-10-15 14:29:34', '2025-10-25 08:08:47'),
('93', '0', 'eng', 'app', 'paidVia', 'Paid via', '2025-10-15 14:29:34', '2025-10-25 08:08:47'),
('94', '0', 'eng', 'app', 'back', 'Back', '2025-10-15 14:29:34', '2025-10-25 08:08:47'),
('95', '0', 'eng', 'app', 'generateCredentials', 'Generate Credentials', '2025-10-15 14:29:34', '2025-10-25 08:08:47'),
('96', '0', 'eng', 'app', 'Monday', 'Monday', '2025-10-15 14:29:34', '2025-10-25 08:08:47'),
('97', '0', 'eng', 'app', 'Tuesday', 'Tuesday', '2025-10-15 14:29:34', '2025-10-25 08:08:47'),
('98', '0', 'eng', 'app', 'Wednesday', 'Wednesday', '2025-10-15 14:29:34', '2025-10-25 08:08:47'),
('99', '0', 'eng', 'app', 'Thursday', 'Thursday', '2025-10-15 14:29:34', '2025-10-25 08:08:47'),
('100', '0', 'eng', 'app', 'Friday', 'Friday', '2025-10-15 14:29:34', '2025-10-25 08:08:47'),
('101', '0', 'eng', 'app', 'Saturday', 'Saturday', '2025-10-15 14:29:34', '2025-10-25 08:08:47'),
('102', '0', 'eng', 'app', 'Sunday', 'Sunday', '2025-10-15 14:29:34', '2025-10-25 08:08:47'),
('103', '0', 'eng', 'app', 'approx', 'Approx', '2025-10-15 14:29:34', '2025-10-25 08:08:47'),
('104', '0', 'eng', 'app', 'visitLink', 'Visit Link', '2025-10-15 14:29:34', '2025-10-25 08:08:47'),
('105', '0', 'eng', 'app', 'callWaiterConfirmation', 'Do you want to notify a waiter?', '2025-10-15 14:29:34', '2025-10-25 08:08:47'),
('106', '0', 'eng', 'app', 'callWaiterNotification', 'Waiter has been notified!', '2025-10-15 14:29:34', '2025-10-25 08:08:47'),
('107', '0', 'eng', 'app', 'callWaiter', 'Call Waiter', '2025-10-15 14:29:34', '2025-10-25 08:08:47'),
('108', '0', 'eng', 'app', 'stopImpersonation', 'Stop Impersonation', '2025-10-15 14:29:34', '2025-10-25 08:08:47'),
('109', '0', 'eng', 'app', 'impersonate', 'Impersonate', '2025-10-15 14:29:34', '2025-10-25 08:08:47'),
('110', '0', 'eng', 'app', 'approvalStatus', 'Approval Status', '2025-10-15 14:29:34', '2025-10-25 08:08:47'),
('111', '0', 'eng', 'app', 'approve', 'Approve', '2025-10-15 14:29:34', '2025-10-25 08:08:47'),
('112', '0', 'eng', 'app', 'reject', 'Reject', '2025-10-15 14:29:34', '2025-10-25 08:08:47'),
('113', '0', 'eng', 'app', 'example', 'Example', '2025-10-15 14:29:34', '2025-10-25 08:08:47'),
('114', '0', 'eng', 'app', 'fileNotUploaded', 'File not uploaded', '2025-10-15 14:29:34', '2025-10-25 08:08:47'),
('115', '0', 'eng', 'app', 'moduleVersion', 'Version', '2025-10-15 14:29:34', '2025-10-25 08:08:47'),
('116', '0', 'eng', 'app', 'moduleUpdateMessage', 'New update available for :name module. Please update to version :version', '2025-10-15 14:29:34', '2025-10-25 08:08:47'),
('117', '0', 'eng', 'app', 'newModuleUpdateMessage', 'New update available for <strong>:name</strong> module.', '2025-10-15 14:29:34', '2025-10-25 08:08:47'),
('118', '0', 'eng', 'app', 'purchaseCode', 'Purchase Code', '2025-10-15 14:29:34', '2025-10-25 08:08:47'),
('119', '0', 'eng', 'app', 'moduleSwitchMessage', 'Activate or deactivate :name module', '2025-10-15 14:29:34', '2025-10-25 08:08:47'),
('120', '0', 'eng', 'app', 'updateModule', 'Update Module', '2025-10-15 14:29:34', '2025-10-25 08:08:47'),
('121', '0', 'eng', 'app', 'notify', 'Notify', '2025-10-15 14:29:34', '2025-10-25 08:08:47'),
('122', '0', 'eng', 'app', 'moduleNotifySwitchMessage', 'This will hide/show new update message on dashboard for :name module', '2025-10-15 14:29:34', '2025-10-25 08:08:47'),
('123', '0', 'eng', 'app', 'verifyEnvato', 'Verify Purchase Code', '2025-10-15 14:29:34', '2025-10-25 08:08:47'),
('124', '0', 'eng', 'app', 'findPurchaseCode', 'Click this link to find your purchase code.', '2025-10-15 14:29:34', '2025-10-25 08:08:47'),
('125', '0', 'eng', 'app', 'moduleSettingsInstall', 'Install/Update Module', '2025-10-15 14:29:34', '2025-10-25 08:08:47'),
('126', '0', 'eng', 'app', 'dropFileToUpload', 'Drop file to upload', '2025-10-15 14:29:34', '2025-10-25 08:08:47'),
('127', '0', 'eng', 'app', 'uploadDate', 'Upload Date', '2025-10-15 14:29:34', '2025-10-25 08:08:47'),
('128', '0', 'eng', 'app', 'rememberMe', 'Remember me', '2025-10-15 14:29:34', '2025-10-25 08:08:47'),
('129', '0', 'eng', 'app', 'forgotPassword', 'Forgot your password?', '2025-10-15 14:29:34', '2025-10-25 08:08:47'),
('130', '0', 'eng', 'app', 'password', 'Password', '2025-10-15 14:29:34', '2025-10-25 08:08:47'),
('131', '0', 'eng', 'app', 'forgotPasswordMessage', 'Forgot your password? No problem. Just let us know your email address and we will email you a password reset link that will allow you to choose a new one.', '2025-10-15 14:29:34', '2025-10-25 08:08:47'),
('132', '0', 'eng', 'app', 'sendPasswordResetLink', 'Send Password Reset Link', '2025-10-15 14:29:34', '2025-10-25 08:08:47'),
('133', '0', 'eng', 'app', 'enable', 'Enable', '2025-10-15 14:29:34', '2025-10-25 08:08:47'),
('134', '0', 'eng', 'app', 'professional', 'Professional', '2025-10-15 14:29:34', '2025-10-25 08:08:47'),
('135', '0', 'eng', 'app', 'pastel', 'Pastel', '2025-10-15 14:29:34', '2025-10-25 08:08:47'),
('136', '0', 'eng', 'app', 'warm', 'Warm', '2025-10-15 14:29:34', '2025-10-25 08:08:47'),
('137', '0', 'eng', 'app', 'backToLogin', 'Back to Login', '2025-10-15 14:29:34', '2025-10-25 08:08:47'),
('138', '0', 'eng', 'app', 'uploadFavIconAndroidhCrome192', 'Upload Favicon for Android Chrome (192x192)', '2025-10-15 14:29:34', '2025-10-25 08:08:47'),
('139', '0', 'eng', 'app', 'uploadFavIconAndroidhCrome512', 'Upload Favicon for Android Chrome (512x512)', '2025-10-15 14:29:34', '2025-10-25 08:08:47'),
('140', '0', 'eng', 'app', 'uploadFavIconAppleTouchIcon', 'Upload Favicon for Apple Touch Icon', '2025-10-15 14:29:34', '2025-10-25 08:08:47'),
('141', '0', 'eng', 'app', 'uploadFavicon16', 'Upload Favicon (16x16)', '2025-10-15 14:29:34', '2025-10-25 08:08:47'),
('142', '0', 'eng', 'app', 'uploadFavicon32', 'Upload Favicon (32x32)', '2025-10-15 14:29:34', '2025-10-25 08:08:47'),
('143', '0', 'eng', 'app', 'favicon', 'Upload Favicon', '2025-10-15 14:29:34', '2025-10-25 08:08:47'),
('144', '0', 'eng', 'app', 'addon', 'Addon', '2025-10-15 14:29:34', '2025-10-25 08:08:47'),
('145', '0', 'eng', 'app', 'list', 'List', '2025-10-15 14:29:34', '2025-10-25 08:08:47'),
('146', '0', 'eng', 'app', 'grid', 'Grid', '2025-10-15 14:29:34', '2025-10-25 08:08:47'),
('147', '0', 'eng', 'app', 'layout', 'Layout', '2025-10-15 14:29:34', '2025-10-25 08:08:47'),
('148', '0', 'eng', 'app', 'offlineMessage', 'You are currently offline.', '2025-10-15 14:29:34', '2025-10-25 08:08:47'),
('149', '0', 'eng', 'app', 'loadPage', 'We couldn\'t load the next page on this connection. Please try again.', '2025-10-15 14:29:34', '2025-10-25 08:08:47'),
('150', '0', 'eng', 'app', 'RetryConnection', 'Retry Connection', '2025-10-15 14:29:34', '2025-10-25 08:08:47'),
('151', '0', 'eng', 'app', 'import', 'Import', '2025-10-15 14:29:34', '2025-10-25 08:08:47'),
('152', '0', 'eng', 'app', 'downloadSample', 'Download Sample File', '2025-10-15 14:29:34', '2025-10-25 08:08:47'),
('153', '0', 'eng', 'app', 'noResults', 'No results found', '2025-10-15 14:29:34', '2025-10-25 08:08:47'),
('154', '0', 'eng', 'app', 'optional', 'Optional', '2025-10-15 14:29:34', '2025-10-25 08:08:47'),
('155', '0', 'eng', 'app', 'other', 'Other', '2025-10-15 14:29:34', '2025-10-25 08:08:47'),
('156', '0', 'eng', 'app', 'disable', 'Disable', '2025-10-15 14:29:34', '2025-10-25 08:08:47'),
('157', '0', 'eng', 'app', 'selectLanguage', 'Select Language', '2025-10-15 14:29:34', '2025-10-25 08:08:47'),
('158', '0', 'eng', 'app', 'upload', 'Upload', '2025-10-15 14:29:34', '2025-10-25 08:08:47'),
('159', '0', 'eng', 'app', 'selectIcon', 'Select Icon', '2025-10-15 14:29:34', '2025-10-25 08:08:47'),
('160', '0', 'eng', 'app', 'searchIcon', 'Search Icon', '2025-10-15 14:29:34', '2025-10-25 08:08:47'),
('161', '0', 'eng', 'app', 'impersonateTooltip', 'Impersonate to this restaurant - Login as the restaurant owner to view and manage their account. This allows administrators to troubleshoot issues, provide support, and make changes on behalf of the restaurant without requiring their credentials.', '2025-10-15 14:29:34', '2025-10-25 08:08:47'),
('162', '0', 'eng', 'app', 'autoRefresh', 'Auto Refresh', '2025-10-15 14:29:34', '2025-10-25 08:08:47'),
('163', '0', 'eng', 'app', 'seconds', 'Seconds', '2025-10-15 14:29:34', '2025-10-25 08:08:47'),
('164', '0', 'eng', 'app', 'minute', 'Minute', '2025-10-15 14:29:34', '2025-10-25 08:08:47'),
('165', '0', 'eng', 'app', 'uploadedNow', 'Uploaded Now', '2025-10-15 14:29:34', '2025-10-25 08:08:47'),
('166', '0', 'eng', 'app', 'uploadedAgo', 'Uploaded :time', '2025-10-15 14:29:34', '2025-10-25 08:08:47'),
('167', '0', 'eng', 'app', 'clickToInstall', 'Click to Install', '2025-10-15 14:29:34', '2025-10-25 08:08:47'),
('168', '0', 'eng', 'app', 'removeFile', 'Remove File', '2025-10-15 14:29:34', '2025-10-25 08:08:47'),
('169', '0', 'eng', 'app', 'search', 'Search', '2025-10-15 14:29:34', '2025-10-25 08:08:47'),
('170', '0', 'eng', 'app', 'header', 'Header', '2025-10-15 14:29:34', '2025-10-25 08:08:47'),
('171', '0', 'eng', 'app', 'footer', 'Footer', '2025-10-15 14:29:34', '2025-10-25 08:08:47'),
('172', '0', 'eng', 'app', 'position', 'Position', '2025-10-15 14:29:34', '2025-10-25 08:08:47'),
('173', '0', 'eng', 'app', 'noDescription', 'No description available', '2025-10-15 14:29:34', '2025-10-25 08:08:47'),
('174', '0', 'eng', 'app', 'noRecordsFound', 'No records found', '2025-10-15 14:29:34', '2025-10-25 08:08:47'),
('175', '0', 'eng', 'app', 'edit', 'Edit', '2025-10-15 14:29:34', '2025-10-25 08:08:47'),
('176', '0', 'eng', 'app', 'activate', 'Activate', '2025-10-15 14:29:34', '2025-10-25 08:08:47'),
('177', '0', 'eng', 'app', 'deactivate', 'Deactivate', '2025-10-15 14:29:34', '2025-10-25 08:08:47'),
('178', '0', 'eng', 'app', 'reportByWaiter', 'Report By Waiter', '2025-10-15 14:29:34', '2025-10-25 08:08:47'),
('179', '0', 'eng', 'app', 'realTime', 'Real Time Update', '2025-10-15 14:29:34', '2025-10-25 08:08:47'),
('180', '0', 'eng', 'app', 'printer', 'Printer', '2025-10-15 14:29:34', '2025-10-25 08:08:47'),
('181', '0', 'eng', 'app', 'createdAt', 'Created At', '2025-10-15 14:29:34', '2025-10-25 08:08:47'),
('182', '0', 'eng', 'app', 'printedAt', 'Printed At', '2025-10-15 14:29:34', '2025-10-25 08:08:47'),
('183', '0', 'eng', 'app', 'actions', 'Actions', '2025-10-15 14:29:34', '2025-10-25 08:08:47'),
('184', '0', 'eng', 'app', 'viewDetails', 'View Details', '2025-10-15 14:29:34', '2025-10-25 08:08:47'),
('185', '0', 'eng', 'app', 'searchPrintJobs', 'Search print jobs...', '2025-10-15 14:29:34', '2025-10-25 08:08:47'),
('186', '0', 'eng', 'app', 'allStatuses', 'All Statuses', '2025-10-15 14:29:34', '2025-10-25 08:08:47'),
('187', '0', 'eng', 'app', 'printing', 'Printing', '2025-10-15 14:29:34', '2025-10-25 08:08:47'),
('188', '0', 'eng', 'app', 'done', 'Done', '2025-10-15 14:29:34', '2025-10-25 08:08:47'),
('189', '0', 'eng', 'app', 'failed', 'Failed', '2025-10-15 14:29:34', '2025-10-25 08:08:47'),
('190', '0', 'eng', 'app', 'allPrinters', 'All Printers', '2025-10-15 14:29:34', '2025-10-25 08:08:47'),
('191', '0', 'eng', 'app', 'noPrintJobsFound', 'No print jobs found', '2025-10-15 14:29:34', '2025-10-25 08:08:47'),
('192', '0', 'eng', 'app', 'serialNumber', 'Serial Number', '2025-10-15 14:29:34', '2025-10-25 08:08:47'),
('193', '0', 'eng', 'app', 'create', 'Create', '2025-10-15 14:29:34', '2025-10-25 08:08:47'),
('194', '0', 'eng', 'app', 'enter', 'Enter', '2025-10-15 14:29:34', '2025-10-25 08:08:47'),
('195', '0', 'eng', 'app', 'displayName', 'Display Name', '2025-10-15 14:29:34', '2025-10-25 08:08:47'),
('196', '0', 'eng', 'app', 'existingRole', 'existing role', '2025-10-15 14:29:34', '2025-10-25 08:08:47'),
('197', '0', 'eng', 'app', 'copyFrom', 'Copy from', '2025-10-15 14:29:34', '2025-10-25 08:08:47'),
('198', '0', 'eng', 'app', 'dontCopyPermissions', 'Don\'t copy permissions', '2025-10-15 14:29:34', '2025-10-25 08:08:47'),
('199', '0', 'eng', 'app', 'responsePrinter', 'Response Printer', '2025-10-15 14:29:34', '2025-10-25 08:08:47'),
('200', '0', 'eng', 'app', 'manage', 'Manage', '2025-10-15 14:29:34', '2025-10-25 08:08:47'),
('201', '0', 'eng', 'app', 'warning', 'Warning', '2025-10-15 14:29:34', '2025-10-25 08:08:47'),
('202', '0', 'eng', 'app', 'roleDeleteWarning', 'Are you sure you want to delete this role? All users with this role will be reassigned to the selected role.', '2025-10-15 14:29:34', '2025-10-25 08:08:47'),
('203', '0', 'eng', 'app', 'selectNewRoleForUsers', 'Please select which role you want to assign to users who currently have this role.', '2025-10-15 14:29:34', '2025-10-25 08:08:47'),
('204', '0', 'eng', 'app', 'reassignUsersTo', 'Reassign users to', '2025-10-15 14:29:34', '2025-10-25 08:08:47'),
('205', '0', 'eng', 'app', 'selectRole', 'Select Role', '2025-10-15 14:29:34', '2025-10-25 08:08:47'),
('206', '0', 'eng', 'app', 'protectedRole', 'Protected Role', '2025-10-15 14:29:34', '2025-10-25 08:08:47'),
('207', '0', 'eng', 'app', 'required', 'Required', '2025-10-15 14:29:34', '2025-10-25 08:08:47'),
('208', '0', 'eng', 'app', 'from', 'from', '2025-10-15 14:29:34', '2025-10-25 08:08:47'),
('209', '0', 'eng', 'app', 'or', 'or', '2025-10-15 14:29:34', '2025-10-25 08:08:47'),
('210', '0', 'eng', 'app', 'files', 'files', '2025-10-15 14:29:34', '2025-10-25 08:08:47'),
('211', '0', 'eng', 'app', 'autoCreated', 'auto-created', '2025-10-15 14:29:34', '2025-10-25 08:08:47'),
('212', '0', 'eng', 'app', 'if', 'if', '2025-10-15 14:29:34', '2025-10-25 08:08:47'),
('213', '0', 'eng', 'app', 'missing', 'missing', '2025-10-15 14:29:34', '2025-10-25 08:08:47'),
('214', '0', 'eng', 'app', 'needTemplate', 'Need a template', '2025-10-15 14:29:34', '2025-10-25 08:08:47'),
('215', '0', 'eng', 'app', 'downloadSampleCsv', 'Download our sample CSV file with example data and proper formatting.', '2025-10-15 14:29:34', '2025-10-25 08:08:47'),
('216', '0', 'eng', 'app', 'overallProgress', 'Overall Progress', '2025-10-15 14:29:34', '2025-10-25 08:08:47'),
('217', '0', 'eng', 'app', 'currentStage', 'Current Stage', '2025-10-15 14:29:34', '2025-10-25 08:08:47'),
('218', '0', 'eng', 'app', 'importSuccessful', 'Your menu items have been imported successfully.', '2025-10-15 14:29:34', '2025-10-25 08:08:47'),
('219', '0', 'eng', 'app', 'skipped', 'Skipped', '2025-10-15 14:29:34', '2025-10-25 08:08:47'),
('220', '0', 'eng', 'app', 'importError', 'There was an error processing your file.', '2025-10-15 14:29:34', '2025-10-25 08:08:47'),
('221', '0', 'eng', 'app', 'errorDetails', 'Error Details', '2025-10-15 14:29:34', '2025-10-25 08:08:47'),
('222', '0', 'eng', 'app', 'mustBe', 'must be', '2025-10-15 14:29:34', '2025-10-25 08:08:47'),
('223', '0', 'eng', 'app', 'file', 'file', '2025-10-15 14:29:34', '2025-10-25 08:08:47'),
('224', '0', 'eng', 'app', 'size', 'size', '2025-10-15 14:29:34', '2025-10-25 08:08:47'),
('225', '0', 'eng', 'app', 'mustNotExceed', 'must not exceed', '2025-10-15 14:29:34', '2025-10-25 08:08:47'),
('226', '0', 'eng', 'app', 'fileSelected', 'File Selected', '2025-10-15 14:29:34', '2025-10-25 08:08:47'),
('227', '0', 'eng', 'app', 'selectFile', 'Select File', '2025-10-15 14:29:34', '2025-10-25 08:08:47'),
('228', '0', 'eng', 'app', 'completeAllSteps', 'Complete all steps', '2025-10-15 14:29:34', '2025-10-25 08:08:47'),
('229', '0', 'eng', 'app', 'complete', 'Complete', '2025-10-15 14:29:34', '2025-10-25 08:08:47'),
('230', '0', 'eng', 'app', 'ignore', 'Ignore', '2025-10-15 14:29:34', '2025-10-25 08:08:47'),
('231', '0', 'eng', 'app', 'rows', 'rows', '2025-10-15 14:29:34', '2025-10-25 08:08:47'),
('232', '0', 'eng', 'app', 'shown', 'shown', '2025-10-15 14:29:34', '2025-10-25 08:08:47'),
('233', '0', 'eng', 'app', 'added', 'added', '2025-10-15 14:29:34', '2025-10-25 08:08:47'),
('234', '0', 'eng', 'app', 'pleaseCompleteAllSteps', 'Please complete all steps before proceeding.', '2025-10-15 14:29:34', '2025-10-25 08:08:47'),
('235', '0', 'eng', 'app', 'errorParsingFile', 'Error parsing file', '2025-10-15 14:29:34', '2025-10-25 08:08:47'),
('236', '0', 'eng', 'app', 'invalidStage', 'Invalid stage for this action.', '2025-10-15 14:29:34', '2025-10-25 08:08:47'),
('237', '0', 'eng', 'app', 'requiredFieldNotMapped', 'Required field not mapped', '2025-10-15 14:29:34', '2025-10-25 08:08:47'),
('238', '0', 'eng', 'app', 'open', 'Open', '2025-10-15 14:29:34', '2025-10-25 08:08:47'),
('239', '0', 'eng', 'app', 'closed', 'Closed', '2025-10-15 14:29:34', '2025-10-25 08:08:47'),
('240', '0', 'eng', 'app', 'pending_approval', 'Pending Approval', '2025-10-15 14:29:34', '2025-10-25 08:08:47'),
('241', '0', 'eng', 'app', 'cash_in', 'Cash In', '2025-10-15 14:29:34', '2025-10-25 08:08:47'),
('242', '0', 'eng', 'app', 'cash_out', 'Cash Out', '2025-10-15 14:29:34', '2025-10-25 08:08:47'),
('243', '0', 'eng', 'app', 'safe_drop', 'Safe Drop', '2025-10-15 14:29:34', '2025-10-25 08:08:47'),
('244', '0', 'eng', 'app', 'cash_sale', 'Cash Sale', '2025-10-15 14:29:34', '2025-10-25 08:08:47'),
('245', '0', 'eng', 'app', 'change_given', 'Change Given', '2025-10-15 14:29:34', '2025-10-25 08:08:47'),
('246', '0', 'eng', 'app', 'refund', 'Refund', '2025-10-15 14:29:34', '2025-10-25 08:08:47'),
('247', '0', 'eng', 'app', 'via_pos', 'POS', '2025-10-15 14:29:34', '2025-10-25 08:08:47'),
('248', '0', 'eng', 'app', 'via_shop', 'Shop', '2025-10-15 14:29:34', '2025-10-25 08:08:47'),
('249', '0', 'eng', 'app', 'via_kiosk', 'Kiosk', '2025-10-15 14:29:34', '2025-10-25 08:08:47'),
('250', '0', 'eng', 'auth', 'failed', 'These credentials do not match our records.', '2025-10-15 14:29:34', '2025-10-25 08:08:39'),
('251', '0', 'eng', 'auth', 'password', 'The provided password is incorrect.', '2025-10-15 14:29:34', '2025-10-25 08:08:39'),
('252', '0', 'eng', 'auth', 'throttle', 'Too many login attempts. Please try again in :seconds seconds.', '2025-10-15 14:29:34', '2025-10-25 08:08:39'),
('253', '0', 'eng', 'auth', 'areYouNew', 'Are you new here?', '2025-10-15 14:29:34', '2025-10-25 08:08:39'),
('254', '0', 'eng', 'auth', 'createAccount', 'Create an account', '2025-10-15 14:29:34', '2025-10-25 08:08:39'),
('255', '0', 'eng', 'auth', 'createAccountSignup', 'Create your :appName account', '2025-10-15 14:29:34', '2025-10-25 08:08:39'),
('256', '0', 'eng', 'auth', 'goHome', 'Go To Home', '2025-10-15 14:29:34', '2025-10-25 08:08:39'),
('257', '0', 'eng', 'auth', 'alreadyRegisteredLoginHere', 'Already registered? Login here', '2025-10-15 14:29:34', '2025-10-25 08:08:39'),
('258', '0', 'eng', 'auth', 'signup', 'Signup', '2025-10-15 14:29:34', '2025-10-25 08:08:39'),
('259', '0', 'eng', 'auth', 'whoops', 'Whoops! Something went wrong.', '2025-10-15 14:29:34', '2025-10-25 08:08:39'),
('260', '0', 'eng', 'auth', 'resendOtp', 'Resend OTP', '2025-10-15 14:29:34', '2025-10-25 08:08:39'),
('261', '0', 'eng', 'auth', 'backToLogin', 'Back to Login', '2025-10-15 14:29:34', '2025-10-25 08:08:39'),
('262', '0', 'eng', 'auth', 'loginViaOneTimePassword', 'Login via One Time Password', '2025-10-15 14:29:34', '2025-10-25 08:08:39'),
('263', '0', 'eng', 'auth', 'sendOtp', 'Send OTP', '2025-10-15 14:29:34', '2025-10-25 08:08:39'),
('264', '0', 'eng', 'auth', 'weveSentA6DigitCodeTo', 'We\'ve sent a 6-digit code to', '2025-10-15 14:29:34', '2025-10-25 08:08:39'),
('265', '0', 'eng', 'auth', 'enter6DigitCode', 'Enter 6-digit code', '2025-10-15 14:29:34', '2025-10-25 08:08:39'),
('266', '0', 'eng', 'auth', 'thisCodeWillExpireIn', 'This code will expire in', '2025-10-15 14:29:34', '2025-10-25 08:08:39'),
('267', '0', 'eng', 'auth', 'minutes', 'minutes', '2025-10-15 14:29:34', '2025-10-25 08:08:39'),
('268', '0', 'eng', 'auth', 'ifYouDidNotRequestThisLoginCode', 'If you did not request this login code, please ignore this email and ensure your account is secure.', '2025-10-15 14:29:34', '2025-10-25 08:08:39'),
('269', '0', 'eng', 'auth', 'bestRegards', 'Thank you', '2025-10-15 14:29:34', '2025-10-25 08:08:39'),
('270', '0', 'eng', 'auth', 'verifyOtp', 'Verify OTP', '2025-10-15 14:29:34', '2025-10-25 08:08:39'),
('271', '0', 'eng', 'auth', 'loginVerificationCode', 'Login Verification Code', '2025-10-15 14:29:34', '2025-10-25 08:08:39'),
('272', '0', 'eng', 'auth', 'youHaveRequestedToLogin', 'You have requested to login to your account. Please use the following verification code:', '2025-10-15 14:29:34', '2025-10-25 08:08:39'),
('273', '0', 'eng', 'auth', 'team', 'Team', '2025-10-15 14:29:34', '2025-10-25 08:08:39'),
('274', '0', 'eng', 'auth', 'newOtpSentSuccessfully', 'New OTP sent successfully!', '2025-10-15 14:29:34', '2025-10-25 08:08:39'),
('275', '0', 'eng', 'auth', 'failedToResendOtp', 'Failed to resend OTP. Please try again.', '2025-10-15 14:29:34', '2025-10-25 08:08:39'),
('276', '0', 'eng', 'auth', 'sending', 'Resend OTP successfully!', '2025-10-15 14:29:34', '2025-10-25 08:08:39'),
('277', '0', 'eng', 'email', 'reservation.reservationConfirmation', 'Reservation Confirmation ', '2025-10-15 14:29:34', '2025-10-25 08:08:31'),
('278', '0', 'eng', 'email', 'reservation.subject', 'New Reservation Received: ', '2025-10-15 14:29:34', '2025-10-25 08:08:31'),
('279', '0', 'eng', 'email', 'reservation.text1', 'A new reservation has been made.', '2025-10-15 14:29:34', '2025-10-25 08:08:31'),
('280', '0', 'eng', 'email', 'reservation.text2', 'Reservation Details:', '2025-10-15 14:29:34', '2025-10-25 08:08:31'),
('281', '0', 'eng', 'email', 'reservation.text3', 'Please prepare accordingly.', '2025-10-15 14:29:34', '2025-10-25 08:08:31'),
('282', '0', 'eng', 'email', 'reservation.text4', 'Your reservation has been submitted successfully.', '2025-10-15 14:29:34', '2025-10-25 08:08:31'),
('283', '0', 'eng', 'email', 'reservation.action', 'View Reservation', '2025-10-15 14:29:34', '2025-10-25 08:08:31'),
('284', '0', 'eng', 'email', 'newOrder.subject', 'New Order Received', '2025-10-15 14:29:34', '2025-10-25 08:08:31'),
('285', '0', 'eng', 'email', 'newOrder.text1', 'A new order has been placed. ', '2025-10-15 14:29:34', '2025-10-25 08:08:31'),
('286', '0', 'eng', 'email', 'newOrder.text2', 'Order Details:', '2025-10-15 14:29:34', '2025-10-25 08:08:31'),
('287', '0', 'eng', 'email', 'newOrder.text3', 'Order Items: ', '2025-10-15 14:29:34', '2025-10-25 08:08:31'),
('288', '0', 'eng', 'email', 'newOrder.action', 'View Order', '2025-10-15 14:29:34', '2025-10-25 08:08:31'),
('289', '0', 'eng', 'email', 'newOrder.text4', 'Please prepare the order accordingly.', '2025-10-15 14:29:34', '2025-10-25 08:08:31'),
('290', '0', 'eng', 'email', 'sendOrderBill.subject', 'We Appreciate Your Order! Receipt #:order_number from :site_name', '2025-10-15 14:29:34', '2025-10-25 08:08:31'),
('291', '0', 'eng', 'email', 'sendOrderBill.order', 'Order', '2025-10-15 14:29:34', '2025-10-25 08:08:31'),
('292', '0', 'eng', 'email', 'sendOrderBill.dear', 'Dear', '2025-10-15 14:29:34', '2025-10-25 08:08:31'),
('293', '0', 'eng', 'email', 'sendOrderBill.thankYouForDining', 'Thank you for dining with us at', '2025-10-15 14:29:34', '2025-10-25 08:08:31'),
('294', '0', 'eng', 'email', 'sendOrderBill.excitedToServe', 'It was our pleasure to serve you!', '2025-10-15 14:29:34', '2025-10-25 08:08:31'),
('295', '0', 'eng', 'email', 'sendOrderBill.orderSummary', 'Order Summary:', '2025-10-15 14:29:34', '2025-10-25 08:08:31'),
('296', '0', 'eng', 'email', 'sendOrderBill.itemName', 'Item Name', '2025-10-15 14:29:34', '2025-10-25 08:08:31'),
('297', '0', 'eng', 'email', 'sendOrderBill.quantity', 'Quantity', '2025-10-15 14:29:34', '2025-10-25 08:08:31'),
('298', '0', 'eng', 'email', 'sendOrderBill.price', 'Price', '2025-10-15 14:29:34', '2025-10-25 08:08:31'),
('299', '0', 'eng', 'email', 'sendOrderBill.subtotal', 'Subtotal', '2025-10-15 14:29:34', '2025-10-25 08:08:31'),
('300', '0', 'eng', 'email', 'sendOrderBill.total', 'Total', '2025-10-15 14:29:34', '2025-10-25 08:08:31'),
('301', '0', 'eng', 'email', 'sendOrderBill.satisfactionMessage', 'We hope you enjoy your meal! If you have any questions or feedback, please do not hesitate to contact us.', '2025-10-15 14:29:34', '2025-10-25 08:08:31'),
('302', '0', 'eng', 'email', 'sendOrderBill.status', 'Status', '2025-10-15 14:29:34', '2025-10-25 08:08:31'),
('303', '0', 'eng', 'email', 'sendOrderBill.branch', 'Branch', '2025-10-15 14:29:34', '2025-10-25 08:08:31'),
('304', '0', 'eng', 'email', 'sendOrderBill.orderType', 'Order Type', '2025-10-15 14:29:34', '2025-10-25 08:08:31'),
('305', '0', 'eng', 'email', 'sendOrderBill.downloadReceipt', 'Download Receipt PDF', '2025-10-15 14:29:34', '2025-10-25 08:08:31'),
('306', '0', 'eng', 'email', 'staffWelcome.subject', 'Welcome to ', '2025-10-15 14:29:34', '2025-10-25 08:08:31'),
('307', '0', 'eng', 'email', 'staffWelcome.text1', 'Your account is ready to go.', '2025-10-15 14:29:34', '2025-10-25 08:08:31'),
('308', '0', 'eng', 'email', 'staffWelcome.text2', 'Login Email: ', '2025-10-15 14:29:34', '2025-10-25 08:08:31'),
('309', '0', 'eng', 'email', 'staffWelcome.text3', 'Password: ', '2025-10-15 14:29:34', '2025-10-25 08:08:31'),
('310', '0', 'eng', 'email', 'staffWelcome.action', 'Click Here To Login', '2025-10-15 14:29:34', '2025-10-25 08:08:31'),
('311', '0', 'eng', 'email', 'emailVerification.subject', 'Email Verification Code', '2025-10-15 14:29:34', '2025-10-25 08:08:31'),
('312', '0', 'eng', 'email', 'emailVerification.text1', 'Your email verification code is: ', '2025-10-15 14:29:34', '2025-10-25 08:08:31'),
('313', '0', 'eng', 'email', 'trialLicenseExpPre.subject', 'License Expiration Notice', '2025-10-15 14:29:34', '2025-10-25 08:08:31'),
('314', '0', 'eng', 'email', 'trialLicenseExpPre.greeting', 'Hello :name!', '2025-10-15 14:29:34', '2025-10-25 08:08:31'),
('315', '0', 'eng', 'email', 'trialLicenseExpPre.line1', 'Your trial license is about to expire on **:date**.', '2025-10-15 14:29:34', '2025-10-25 08:08:31'),
('316', '0', 'eng', 'email', 'trialLicenseExpPre.line2', 'Please take the necessary actions to renew it.', '2025-10-15 14:29:34', '2025-10-25 08:08:31'),
('317', '0', 'eng', 'email', 'trialLicenseExpPre.action', 'Go to Dashboard', '2025-10-15 14:29:34', '2025-10-25 08:08:31'),
('318', '0', 'eng', 'email', 'trialLicenseExpPre.line3', 'Thank you for using our application!', '2025-10-15 14:29:34', '2025-10-25 08:08:31'),
('319', '0', 'eng', 'email', 'trialLicenseExp.subject', 'Your Trial License Has Expired', '2025-10-15 14:29:34', '2025-10-25 08:08:31'),
('320', '0', 'eng', 'email', 'trialLicenseExp.greeting', 'Hello :name!', '2025-10-15 14:29:34', '2025-10-25 08:08:31'),
('321', '0', 'eng', 'email', 'trialLicenseExp.line1', 'We wanted to let you know that your trial license has expired.', '2025-10-15 14:29:34', '2025-10-25 08:08:31'),
('322', '0', 'eng', 'email', 'trialLicenseExp.line2', 'Restaurant Name: :restaurant_name', '2025-10-15 14:29:34', '2025-10-25 08:08:31'),
('323', '0', 'eng', 'email', 'trialLicenseExp.action', 'Go to Dashboard', '2025-10-15 14:29:34', '2025-10-25 08:08:31'),
('324', '0', 'eng', 'email', 'subscriptionExpire.subject', 'Subscription Expiration Notice', '2025-10-15 14:29:34', '2025-10-25 08:08:31'),
('325', '0', 'eng', 'email', 'subscriptionExpire.greeting', 'Hello :name!', '2025-10-15 14:29:34', '2025-10-25 08:08:31'),
('326', '0', 'eng', 'email', 'subscriptionExpire.line1', 'We are writing to inform you that your subscription for :restaurant_name has expired.', '2025-10-15 14:29:34', '2025-10-25 08:08:31'),
('327', '0', 'eng', 'email', 'subscriptionExpire.line2', 'The subscription expired on :date.', '2025-10-15 14:29:34', '2025-10-25 08:08:31'),
('328', '0', 'eng', 'email', 'subscriptionExpire.action', 'Renew Subscription', '2025-10-15 14:29:34', '2025-10-25 08:08:31'),
('329', '0', 'eng', 'email', 'subscriptionExpire.line3', 'Thank you for using our application!', '2025-10-15 14:29:34', '2025-10-25 08:08:31'),
('330', '0', 'eng', 'email', 'restaurantUpdatedPlan.subject', 'Restaurant Plan Updated Successfully', '2025-10-15 14:29:34', '2025-10-25 08:08:31'),
('331', '0', 'eng', 'email', 'restaurantUpdatedPlan.greeting', 'Hello :name!', '2025-10-15 14:29:34', '2025-10-25 08:08:31'),
('332', '0', 'eng', 'email', 'restaurantUpdatedPlan.line1', 'A restaurant plan has been successfully updated.', '2025-10-15 14:29:34', '2025-10-25 08:08:31'),
('333', '0', 'eng', 'email', 'restaurantUpdatedPlan.line2', 'Here are the updated plan details:', '2025-10-15 14:29:34', '2025-10-25 08:08:31'),
('334', '0', 'eng', 'email', 'restaurantUpdatedPlan.action', 'View Dashboard', '2025-10-15 14:29:34', '2025-10-25 08:08:31'),
('335', '0', 'eng', 'email', 'restaurantUpdatedPlan.line4', 'Thank you for using our service!', '2025-10-15 14:29:34', '2025-10-25 08:08:31'),
('336', '0', 'eng', 'email', 'offlineRequestReview.subject', 'Request for Modification of Package - :site_name', '2025-10-15 14:29:34', '2025-10-25 08:08:31'),
('337', '0', 'eng', 'email', 'offlineRequestReview.greeting', 'Hello, :name!', '2025-10-15 14:29:34', '2025-10-25 08:08:31'),
('338', '0', 'eng', 'email', 'offlineRequestReview.line1', 'A request for an offline payment to change the package has been made.', '2025-10-15 14:29:34', '2025-10-25 08:08:31'),
('339', '0', 'eng', 'email', 'offlineRequestReview.line2', 'Restaurant name: **:restaurant_name**', '2025-10-15 14:29:34', '2025-10-25 08:08:31'),
('340', '0', 'eng', 'email', 'offlineRequestReview.line3', 'Package name: **:package_name**', '2025-10-15 14:29:34', '2025-10-25 08:08:31'),
('341', '0', 'eng', 'email', 'offlineRequestReview.line4', 'Package type: **:package_type**', '2025-10-15 14:29:34', '2025-10-25 08:08:31'),
('342', '0', 'eng', 'email', 'offlineRequestReview.line5', 'Please review the request and take the necessary action.', '2025-10-15 14:29:34', '2025-10-25 08:08:31'),
('343', '0', 'eng', 'email', 'offlineRequestReview.line6', 'Thank you for using our application!', '2025-10-15 14:29:34', '2025-10-25 08:08:31'),
('344', '0', 'eng', 'email', 'welcomeRestaurant.subject', 'Welcome to :site_name! Let\'s Start Simplifying Your Restaurant Operations! 🍽️', '2025-10-15 14:29:34', '2025-10-25 08:08:31'),
('345', '0', 'eng', 'email', 'welcomeRestaurant.greeting', 'Hello, :name!', '2025-10-15 14:29:34', '2025-10-25 08:08:31'),
('346', '0', 'eng', 'email', 'welcomeRestaurant.line1', 'Congratulations and welcome to :site_name! We\'re thrilled to have your restaurant join our platform.', '2025-10-15 14:29:34', '2025-10-25 08:08:31'),
('347', '0', 'eng', 'email', 'welcomeRestaurant.line2', 'What\'s next?', '2025-10-15 14:29:34', '2025-10-25 08:08:31'),
('348', '0', 'eng', 'email', 'welcomeRestaurant.line3', 'Set Up Your Menu: Add your menu items, categories, and pricing with ease', '2025-10-15 14:29:34', '2025-10-25 08:08:31'),
('349', '0', 'eng', 'email', 'welcomeRestaurant.line4', 'Create Your Profile: Share your restaurant\'s story, mission, and unique offerings', '2025-10-15 14:29:34', '2025-10-25 08:08:31'),
('350', '0', 'eng', 'email', 'welcomeRestaurant.line5', 'Connect with Customers: Use our social media integration to boost your online presence', '2025-10-15 14:29:34', '2025-10-25 08:08:31'),
('351', '0', 'eng', 'email', 'welcomeRestaurant.line6', 'Get Started Now: Start using :site_name today to streamline your operations and grow your business!', '2025-10-15 14:29:34', '2025-10-25 08:08:31'),
('352', '0', 'eng', 'email', 'welcomeRestaurant.line7', 'Thank you for choosing :site_name! We\'re excited to be part of your success story.', '2025-10-15 14:29:34', '2025-10-25 08:08:31'),
('353', '0', 'eng', 'email', 'welcomeRestaurant.line8', 'Your login email is: :email', '2025-10-15 14:29:34', '2025-10-25 08:08:31'),
('354', '0', 'eng', 'email', 'welcomeRestaurant.line9', 'Your password is: :password', '2025-10-15 14:29:34', '2025-10-25 08:08:31'),
('355', '0', 'eng', 'email', 'welcomeRestaurant.line10', 'Your login URL is: :login_url', '2025-10-15 14:29:34', '2025-10-25 08:08:31'),
('356', '0', 'eng', 'email', 'newRestaurantSignup.subject', 'New Restaurant Signup on :site_name! 🎉', '2025-10-15 14:29:34', '2025-10-25 08:08:31'),
('357', '0', 'eng', 'email', 'newRestaurantSignup.line1', 'We\'re excited to inform you that a new restaurant has just signed up for :site_name! 🎉', '2025-10-15 14:29:34', '2025-10-25 08:08:31'),
('358', '0', 'eng', 'email', 'newRestaurantSignup.line2', 'Restaurant Name: :restaurant_name', '2025-10-15 14:29:34', '2025-10-25 08:08:31'),
('359', '0', 'eng', 'email', 'testNotification.subject', 'SMTP Test Email', '2025-10-15 14:29:34', '2025-10-25 08:08:31'),
('360', '0', 'eng', 'email', 'testNotification.greeting', 'Hello!', '2025-10-15 14:29:34', '2025-10-25 08:08:31'),
('361', '0', 'eng', 'email', 'testNotification.line1', 'This is a test email to verify your SMTP settings.', '2025-10-15 14:29:34', '2025-10-25 08:08:31'),
('362', '0', 'eng', 'email', 'testNotification.line2', 'If you received this email, your SMTP settings are configured correctly.', '2025-10-15 14:29:34', '2025-10-25 08:08:31'),
('363', '0', 'eng', 'email', 'testNotification.line3', 'Thank you for using our application!', '2025-10-15 14:29:34', '2025-10-25 08:08:31'),
('364', '0', 'eng', 'errors', '325.title', 'Restaurant Not Found', '2025-10-15 14:29:34', '2025-10-25 08:08:19'),
('365', '0', 'eng', 'errors', '325.message', 'We couldn\'t find a restaurant associated with this URL. The restaurant may have been removed or the URL might be incorrect.', '2025-10-15 14:29:34', '2025-10-25 08:08:19'),
('366', '0', 'eng', 'errors', '325.suggestion', 'Please check the URL and try again, or use one of the options below to find what you\'re looking for.', '2025-10-15 14:29:34', '2025-10-25 08:08:19'),
('367', '0', 'eng', 'errors', '325.create_account', 'Create New Restaurant Account', '2025-10-15 14:29:34', '2025-10-25 08:08:19'),
('368', '0', 'eng', 'errors', '325.find_url', 'Find Your Restaurant URL', '2025-10-15 14:29:34', '2025-10-25 08:08:19'),
('369', '0', 'eng', 'errors', '325.need_help', 'Need help? Contact our support team', '2025-10-15 14:29:34', '2025-10-25 08:08:19'),
('370', '0', 'eng', 'landing', 'getStarted', 'Get Started', '2025-10-15 14:29:34', '2025-10-25 08:08:08'),
('371', '0', 'eng', 'landing', 'features', 'Features', '2025-10-15 14:29:34', '2025-10-25 08:08:08'),
('372', '0', 'eng', 'landing', 'pricing', 'Pricing', '2025-10-15 14:29:34', '2025-10-25 08:08:08'),
('373', '0', 'eng', 'landing', 'faq', 'FAQs', '2025-10-15 14:29:34', '2025-10-25 08:08:08'),
('374', '0', 'eng', 'landing', 'heroTitle', 'Restaurant POS software made simple!', '2025-10-15 14:29:34', '2025-10-25 08:08:08'),
('375', '0', 'eng', 'landing', 'heroSubTitle', 'Easily manage orders, menus, and tables in one place. Save time, reduce errors, and grow your business faster', '2025-10-15 14:29:34', '2025-10-25 08:08:08'),
('376', '0', 'eng', 'landing', 'getStartedFree', 'Get Started for Free', '2025-10-15 14:29:34', '2025-10-25 08:08:08'),
('377', '0', 'eng', 'landing', 'featureSection1', 'Take Control of Your Restaurant', '2025-10-15 14:29:34', '2025-10-25 08:08:08'),
('378', '0', 'eng', 'landing', 'featureTitle1', 'Streamline Order Management', '2025-10-15 14:29:34', '2025-10-25 08:08:08'),
('379', '0', 'eng', 'landing', 'featureDescription1', 'Never lose track of an order again. All your customer orders—from dine-in to takeout—are organized and easily accessible in one place. Speed up service and keep your kitchen running smoothly.', '2025-10-15 14:29:34', '2025-10-25 08:08:08'),
('380', '0', 'eng', 'landing', 'featureTitle2', 'Optimize Table Reservations', '2025-10-15 14:29:34', '2025-10-25 08:08:08'),
('381', '0', 'eng', 'landing', 'featureDescription2', 'Maximize seating efficiency with real-time table tracking and reservations. Reduce wait times and ensure no table sits empty during peak hours, improving customer experience and turnover.', '2025-10-15 14:29:34', '2025-10-25 08:08:08'),
('382', '0', 'eng', 'landing', 'featureTitle3', 'Effortless Menu Management', '2025-10-15 14:29:34', '2025-10-25 08:08:08'),
('383', '0', 'eng', 'landing', 'featureDescription3', 'Easily add, edit, or remove items from your menu on the go. Highlight specials, update prices, and keep everything in sync across all platforms, so your staff and customers always see the latest offerings.', '2025-10-15 14:29:34', '2025-10-25 08:08:08'),
('384', '0', 'eng', 'landing', 'featureSection2', 'Powerful Features Built to Elevate Your Restaurant Operations', '2025-10-15 14:29:34', '2025-10-25 08:08:08'),
('385', '0', 'eng', 'landing', 'iconFeature1', 'QR Code Menu', '2025-10-15 14:29:34', '2025-10-25 08:08:08'),
('386', '0', 'eng', 'landing', 'iconFeatureDesc1', 'Contactless Ordering Made Easy', '2025-10-15 14:29:34', '2025-10-25 08:08:08'),
('387', '0', 'eng', 'landing', 'iconFeature2', 'Payment Gateway Integration', '2025-10-15 14:29:34', '2025-10-25 08:08:08'),
('388', '0', 'eng', 'landing', 'iconFeatureDesc2', 'Fast, Secure, and Flexible Payments using Stripe and Razorpay', '2025-10-15 14:29:34', '2025-10-25 08:08:08'),
('389', '0', 'eng', 'landing', 'iconFeature3', 'Staff Management', '2025-10-15 14:29:34', '2025-10-25 08:08:08'),
('390', '0', 'eng', 'landing', 'iconFeatureDesc3', 'Separate login for every staff role with different permissions.', '2025-10-15 14:29:34', '2025-10-25 08:08:08'),
('391', '0', 'eng', 'landing', 'iconFeature4', 'POS (Point of Sale)', '2025-10-15 14:29:34', '2025-10-25 08:08:08'),
('392', '0', 'eng', 'landing', 'iconFeatureDesc4', 'Complete POS Integration', '2025-10-15 14:29:34', '2025-10-25 08:08:08'),
('393', '0', 'eng', 'landing', 'iconFeature5', 'Custom Floor Plans', '2025-10-15 14:29:34', '2025-10-25 08:08:08'),
('394', '0', 'eng', 'landing', 'iconFeatureDesc5', 'Design Your Restaurant\'s Layout', '2025-10-15 14:29:34', '2025-10-25 08:08:08'),
('395', '0', 'eng', 'landing', 'iconFeature6', 'Kitchen Order Tickets (KOT)', '2025-10-15 14:29:34', '2025-10-25 08:08:08'),
('396', '0', 'eng', 'landing', 'iconFeatureDesc6', 'Efficient Kitchen Workflow', '2025-10-15 14:29:34', '2025-10-25 08:08:08'),
('397', '0', 'eng', 'landing', 'iconFeature7', 'Bill Printing', '2025-10-15 14:29:34', '2025-10-25 08:08:08'),
('398', '0', 'eng', 'landing', 'iconFeatureDesc7', 'Quick and Accurate Billing', '2025-10-15 14:29:34', '2025-10-25 08:08:08'),
('399', '0', 'eng', 'landing', 'iconFeature8', 'Reports', '2025-10-15 14:29:34', '2025-10-25 08:08:08'),
('400', '0', 'eng', 'landing', 'iconFeatureDesc8', 'Data-Driven Decisions', '2025-10-15 14:29:34', '2025-10-25 08:08:08'),
('401', '0', 'eng', 'landing', 'testimonialSection1', 'What Restaurant Owners Are Saying', '2025-10-15 14:29:34', '2025-10-25 08:08:08'),
('402', '0', 'eng', 'landing', 'testimonial1', 'It has completely transformed how we operate. Managing orders, tables, and staff all from one platform has reduced our workload and made everything run more smoothly.', '2025-10-15 14:29:34', '2025-10-25 08:08:08'),
('403', '0', 'eng', 'landing', 'testimonialName1', 'John Martin', '2025-10-15 14:29:34', '2025-10-25 08:08:08'),
('404', '0', 'eng', 'landing', 'testimonialDesignation1', 'Owner of Riverbend Bistro', '2025-10-15 14:29:34', '2025-10-25 08:08:08'),
('405', '0', 'eng', 'landing', 'testimonial2', 'The QR Code menu and payment integration have made a huge difference for us, especially after the pandemic. Customers love the ease, and we’ve seen faster table turnover.', '2025-10-15 14:29:34', '2025-10-25 08:08:08'),
('406', '0', 'eng', 'landing', 'testimonialName2', 'Emily Thompson', '2025-10-15 14:29:34', '2025-10-25 08:08:08'),
('407', '0', 'eng', 'landing', 'testimonialDesignation2', 'Manager at Lakeside Grill', '2025-10-15 14:29:34', '2025-10-25 08:08:08'),
('408', '0', 'eng', 'landing', 'testimonial3', 'We\'re able to track every order in real time, keep our menu updated, and quickly manage payments. It\'s like having an extra set of hands in the restaurant.', '2025-10-15 14:29:34', '2025-10-25 08:08:08'),
('409', '0', 'eng', 'landing', 'testimonialName3', 'Michael Scott', '2025-10-15 14:29:34', '2025-10-25 08:08:08'),
('410', '0', 'eng', 'landing', 'testimonialDesignation3', 'Owner of Downtown Eats', '2025-10-15 14:29:34', '2025-10-25 08:08:08'),
('411', '0', 'eng', 'landing', 'pricingTitle1', 'Simple, Transparent Pricing', '2025-10-15 14:29:34', '2025-10-25 08:08:08'),
('412', '0', 'eng', 'landing', 'pricingSubTitle1', 'Get everything you need to manage your restaurant with one affordable plan.', '2025-10-15 14:29:34', '2025-10-25 08:08:08'),
('413', '0', 'eng', 'landing', 'pricingHeading', 'All-in-One Plan', '2025-10-15 14:29:34', '2025-10-25 08:08:08'),
('414', '0', 'eng', 'landing', 'pricingFeature1', 'Unlimited Orders & Reservations', '2025-10-15 14:29:34', '2025-10-25 08:08:08'),
('415', '0', 'eng', 'landing', 'pricingFeature2', 'Menu Management', '2025-10-15 14:29:34', '2025-10-25 08:08:08'),
('416', '0', 'eng', 'landing', 'pricingFeature3', 'QR Code Menu', '2025-10-15 14:29:34', '2025-10-25 08:08:08'),
('417', '0', 'eng', 'landing', 'pricingFeature4', 'Payment Gateway Integration', '2025-10-15 14:29:34', '2025-10-25 08:08:08'),
('418', '0', 'eng', 'landing', 'pricingFeature5', 'POS System', '2025-10-15 14:29:34', '2025-10-25 08:08:08'),
('419', '0', 'eng', 'landing', 'pricingFeature6', 'Custom Floor Plans', '2025-10-15 14:29:34', '2025-10-25 08:08:08'),
('420', '0', 'eng', 'landing', 'pricingFeature7', 'Staff Management', '2025-10-15 14:29:34', '2025-10-25 08:08:08'),
('421', '0', 'eng', 'landing', 'pricingFeature8', 'Kitchen Order Tickets (KOT)', '2025-10-15 14:29:34', '2025-10-25 08:08:08'),
('422', '0', 'eng', 'landing', 'pricingFeature9', 'Reports & Analytics', '2025-10-15 14:29:34', '2025-10-25 08:08:08'),
('423', '0', 'eng', 'landing', 'pricingFeature10', 'Customer Support', '2025-10-15 14:29:34', '2025-10-25 08:08:08'),
('424', '0', 'eng', 'landing', 'pricingFeature11', 'Multiple Branches', '2025-10-15 14:29:34', '2025-10-25 08:08:08'),
('425', '0', 'eng', 'landing', 'pricingFeature12', 'Export to Excel', '2025-10-15 14:29:34', '2025-10-25 08:08:08'),
('426', '0', 'eng', 'landing', 'pricingFeature13', 'Add Business Logo & Theme', '2025-10-15 14:29:34', '2025-10-25 08:08:08'),
('427', '0', 'eng', 'landing', 'pricingFeature14', 'Table Reservations', '2025-10-15 14:29:34', '2025-10-25 08:08:08'),
('428', '0', 'eng', 'landing', 'pricingFeature15', 'Payment Gateway Integration', '2025-10-15 14:29:34', '2025-10-25 08:08:08'),
('429', '0', 'eng', 'landing', 'faqTitle1', 'Your questions, answered', '2025-10-15 14:29:34', '2025-10-25 08:08:08'),
('430', '0', 'eng', 'landing', 'faqSubTitle1', 'Answers to the most frequently asked questions.', '2025-10-15 14:29:34', '2025-10-25 08:08:08'),
('431', '0', 'eng', 'landing', 'faqQues1', 'How can I contact customer support 1?', '2025-10-15 14:29:34', '2025-10-25 08:08:08'),
('432', '0', 'eng', 'landing', 'faqAns1', 'Our dedicated support team is available via email to assist you with any questions or technical issues.', '2025-10-15 14:29:34', '2025-10-25 08:08:08'),
('433', '0', 'eng', 'landing', 'faqQues2', 'How can I contact customer support?', '2025-10-15 14:29:34', '2025-10-25 08:08:08'),
('434', '0', 'eng', 'landing', 'faqAns2', 'Our dedicated support team is available via email to assist you with any questions or technical issues.', '2025-10-15 14:29:34', '2025-10-25 08:08:08'),
('435', '0', 'eng', 'landing', 'faqQues3', 'How can I contact customer support?', '2025-10-15 14:29:34', '2025-10-25 08:08:08'),
('436', '0', 'eng', 'landing', 'faqAns3', 'Our dedicated support team is available via email to assist you with any questions or technical issues.', '2025-10-15 14:29:34', '2025-10-25 08:08:08'),
('437', '0', 'eng', 'landing', 'faqQues4', 'How can I contact customer support?', '2025-10-15 14:29:34', '2025-10-25 08:08:08'),
('438', '0', 'eng', 'landing', 'faqAns4', 'Our dedicated support team is available via email to assist you with any questions or technical issues.', '2025-10-15 14:29:34', '2025-10-25 08:08:08'),
('439', '0', 'eng', 'landing', 'faqQues5', 'How can I contact customer support?', '2025-10-15 14:29:34', '2025-10-25 08:08:08'),
('440', '0', 'eng', 'landing', 'faqAns5', 'Our dedicated support team is available via email to assist you with any questions or technical issues.', '2025-10-15 14:29:34', '2025-10-25 08:08:08'),
('441', '0', 'eng', 'landing', 'faqQues6', 'How can I contact customer support?', '2025-10-15 14:29:34', '2025-10-25 08:08:08'),
('442', '0', 'eng', 'landing', 'faqAns6', 'Our dedicated support team is available via email to assist you with any questions or technical issues.', '2025-10-15 14:29:34', '2025-10-25 08:08:08'),
('443', '0', 'eng', 'landing', 'contactTitle', 'Contact', '2025-10-15 14:29:34', '2025-10-25 08:08:08'),
('444', '0', 'eng', 'landing', 'addressTitle', 'Our address', '2025-10-15 14:29:34', '2025-10-25 08:08:08'),
('445', '0', 'eng', 'landing', 'contactCompany', 'Bond Hobbs Inc', '2025-10-15 14:29:34', '2025-10-25 08:08:08'),
('446', '0', 'eng', 'landing', 'contactAddress', '957 Jamie Station, Lamontborough, SD 27319-9459', '2025-10-15 14:29:34', '2025-10-25 08:08:08'),
('447', '0', 'eng', 'landing', 'emailTitle', 'Our Email', '2025-10-15 14:29:34', '2025-10-25 08:08:08'),
('448', '0', 'eng', 'landing', 'contactEmail', 'support@example.com', '2025-10-15 14:29:34', '2025-10-25 08:08:08'),
('449', '0', 'eng', 'landing', 'rightsReserved', 'All Rights Reserved.', '2025-10-15 14:29:34', '2025-10-25 08:08:08'),
('450', '0', 'eng', 'landing', 'startTrial', 'Start :days Days Trial', '2025-10-15 14:29:34', '2025-10-25 08:08:08'),
('451', '0', 'eng', 'landing', 'callTitle', 'Call Us', '2025-10-15 14:29:34', '2025-10-25 08:08:08'),
('452', '0', 'eng', 'menu', 'dashboard', 'Dashboard', '2025-10-15 14:29:34', '2025-10-25 08:08:01'),
('453', '0', 'eng', 'menu', 'menu', 'Menu', '2025-10-15 14:29:34', '2025-10-25 08:08:01'),
('454', '0', 'eng', 'menu', 'menus', 'Menus', '2025-10-15 14:29:34', '2025-10-25 08:08:01'),
('455', '0', 'eng', 'menu', 'menuItem', 'Menu Items', '2025-10-15 14:29:34', '2025-10-25 08:08:01'),
('456', '0', 'eng', 'menu', 'profile', 'Profile', '2025-10-15 14:29:34', '2025-10-25 08:08:01'),
('457', '0', 'eng', 'menu', 'itemCategories', 'Item Categories', '2025-10-15 14:29:34', '2025-10-25 08:08:01'),
('458', '0', 'eng', 'menu', 'table', 'Table', '2025-10-15 14:29:34', '2025-10-25 08:08:01'),
('459', '0', 'eng', 'menu', 'areas', 'Areas', '2025-10-15 14:29:34', '2025-10-25 08:08:01'),
('460', '0', 'eng', 'menu', 'tables', 'Tables', '2025-10-15 14:29:34', '2025-10-25 08:08:01'),
('461', '0', 'eng', 'menu', 'orders', 'Orders', '2025-10-15 14:29:34', '2025-10-25 08:08:01'),
('462', '0', 'eng', 'menu', 'pos', 'POS', '2025-10-15 14:29:34', '2025-10-25 08:08:01'),
('463', '0', 'eng', 'menu', 'kot', 'KOT', '2025-10-15 14:29:34', '2025-10-25 08:08:01'),
('464', '0', 'eng', 'menu', 'myAccount', 'My Account', '2025-10-15 14:29:34', '2025-10-25 08:08:01'),
('465', '0', 'eng', 'menu', 'myOrders', 'My Orders', '2025-10-15 14:29:34', '2025-10-25 08:08:01'),
('466', '0', 'eng', 'menu', 'customers', 'Customers', '2025-10-15 14:29:34', '2025-10-25 08:08:01'),
('467', '0', 'eng', 'menu', 'newOrder', 'New Order', '2025-10-15 14:29:34', '2025-10-25 08:08:01'),
('468', '0', 'eng', 'menu', 'payments', 'Payments', '2025-10-15 14:29:34', '2025-10-25 08:08:01'),
('469', '0', 'eng', 'menu', 'billing', 'Billing', '2025-10-15 14:29:34', '2025-10-25 08:08:01'),
('470', '0', 'eng', 'menu', 'duePayments', 'Due Payments', '2025-10-15 14:29:34', '2025-10-25 08:08:01'),
('471', '0', 'eng', 'menu', 'qrCodes', 'QR Codes', '2025-10-15 14:29:34', '2025-10-25 08:08:01'),
('472', '0', 'eng', 'menu', 'reports', 'Reports', '2025-10-15 14:29:34', '2025-10-25 08:08:01'),
('473', '0', 'eng', 'menu', 'itemReport', 'Item Report', '2025-10-15 14:29:34', '2025-10-25 08:08:01'),
('474', '0', 'eng', 'menu', 'categoryReport', 'Category Report', '2025-10-15 14:29:34', '2025-10-25 08:08:01'),
('475', '0', 'eng', 'menu', 'salesReport', 'Sales Report', '2025-10-15 14:29:34', '2025-10-25 08:08:01'),
('476', '0', 'eng', 'menu', 'settings', 'Settings', '2025-10-15 14:29:34', '2025-10-25 08:08:01'),
('477', '0', 'eng', 'menu', 'signOut', 'Sign Out', '2025-10-15 14:29:34', '2025-10-25 08:08:01'),
('478', '0', 'eng', 'menu', 'appUpdate', 'App Update', '2025-10-15 14:29:34', '2025-10-25 08:08:01'),
('479', '0', 'eng', 'menu', 'home', 'Home', '2025-10-15 14:29:34', '2025-10-25 08:08:01'),
('480', '0', 'eng', 'menu', 'about', 'About', '2025-10-15 14:29:34', '2025-10-25 08:08:01'),
('481', '0', 'eng', 'menu', 'contact', 'Contact', '2025-10-15 14:29:34', '2025-10-25 08:08:01'),
('482', '0', 'eng', 'menu', 'staff', 'Staff', '2025-10-15 14:29:34', '2025-10-25 08:08:01'),
('483', '0', 'eng', 'menu', 'bookTable', 'Book a Table', '2025-10-15 14:29:34', '2025-10-25 08:08:01'),
('484', '0', 'eng', 'menu', 'myBookings', 'My Bookings', '2025-10-15 14:29:34', '2025-10-25 08:08:01'),
('485', '0', 'eng', 'menu', 'reservations', 'Reservations', '2025-10-15 14:29:34', '2025-10-25 08:08:01'),
('486', '0', 'eng', 'menu', 'customerSite', 'Customer Site', '2025-10-15 14:29:34', '2025-10-25 08:08:01'),
('487', '0', 'eng', 'menu', 'packages', 'Packages', '2025-10-15 14:29:34', '2025-10-25 08:08:01'),
('488', '0', 'eng', 'menu', 'offlineRequest', 'Offline Request', '2025-10-15 14:29:34', '2025-10-25 08:08:01'),
('489', '0', 'eng', 'menu', 'users', 'Users', '2025-10-15 14:29:34', '2025-10-25 08:08:01'),
('490', '0', 'eng', 'menu', 'deliveryExecutive', 'Delivery Executive', '2025-10-15 14:29:34', '2025-10-25 08:08:01'),
('491', '0', 'eng', 'menu', 'landingSites', 'Landing Site', '2025-10-15 14:29:34', '2025-10-25 08:08:01'),
('492', '0', 'eng', 'menu', 'waiterRequest', 'Waiter Requests', '2025-10-15 14:29:34', '2025-10-25 08:08:01'),
('493', '0', 'eng', 'menu', 'itemModifiers', 'Item Modifiers', '2025-10-15 14:29:34', '2025-10-25 08:08:01'),
('494', '0', 'eng', 'menu', 'modifierGroups', 'Modifier Groups', '2025-10-15 14:29:34', '2025-10-25 08:08:01'),
('495', '0', 'eng', 'menu', 'goBackToCustomModules', 'Go Back to Custom Modules', '2025-10-15 14:29:34', '2025-10-25 08:08:01'),
('496', '0', 'eng', 'menu', 'expenses', 'Expenses', '2025-10-15 14:29:34', '2025-10-25 08:08:01'),
('497', '0', 'eng', 'menu', 'vendor', 'Vendor', '2025-10-15 14:29:34', '2025-10-25 08:08:01'),
('498', '0', 'eng', 'menu', 'expenseReports', 'Expense Reports', '2025-10-15 14:29:34', '2025-10-25 08:08:01'),
('499', '0', 'eng', 'menu', 'expensesCategory', 'Expense Categories', '2025-10-15 14:29:34', '2025-10-25 08:08:01'),
('500', '0', 'eng', 'menu', 'openMainMenu', 'Open Main Menu', '2025-10-15 14:29:34', '2025-10-25 08:08:01'),
('501', '0', 'eng', 'menu', 'myAddresses', 'My Addresses', '2025-10-15 14:29:34', '2025-10-25 08:08:01'),
('502', '0', 'eng', 'menu', 'superadminPaymentSetting', 'Payment Settings', '2025-10-15 14:29:34', '2025-10-25 08:08:01'),
('503', '0', 'eng', 'menu', 'adminPaymentSetting', 'Restaurant Payment Settings', '2025-10-15 14:29:34', '2025-10-25 08:08:01'),
('504', '0', 'eng', 'menu', 'customerDisplay', 'Customer Display', '2025-10-15 14:29:34', '2025-10-25 08:08:01'),
('505', '0', 'eng', 'messages', 'menuAdded', 'Menu added successfully!', '2025-10-15 14:29:34', '2025-10-25 08:07:55'),
('506', '0', 'eng', 'messages', 'noMenuAdded', 'No menu added!', '2025-10-15 14:29:34', '2025-10-25 08:07:55'),
('507', '0', 'eng', 'messages', 'menuUpdated', 'Menu updated successfully!', '2025-10-15 14:29:34', '2025-10-25 08:07:55'),
('508', '0', 'eng', 'messages', 'menuDeleted', 'Menu deleted successfully!', '2025-10-15 14:29:34', '2025-10-25 08:07:55'),
('509', '0', 'eng', 'messages', 'categoryAdded', 'Item category added successfully!', '2025-10-15 14:29:34', '2025-10-25 08:07:55'),
('510', '0', 'eng', 'messages', 'categoryUpdated', 'Item category updated successfully!', '2025-10-15 14:29:34', '2025-10-25 08:07:55'),
('511', '0', 'eng', 'messages', 'menuItemAdded', 'Menu item added successfully!', '2025-10-15 14:29:34', '2025-10-25 08:07:55'),
('512', '0', 'eng', 'messages', 'menuItemUpdated', 'Menu item updated successfully!', '2025-10-15 14:29:34', '2025-10-25 08:07:55'),
('513', '0', 'eng', 'messages', 'menuItemDeleted', 'Menu item deleted successfully!', '2025-10-15 14:29:34', '2025-10-25 08:07:55'),
('514', '0', 'eng', 'messages', 'orderItemDeleted', 'Order item deleted successfully!', '2025-10-15 14:29:34', '2025-10-25 08:07:55'),
('515', '0', 'eng', 'messages', 'menuItemCategoryDeleted', 'Menu item category deleted successfully!', '2025-10-15 14:29:34', '2025-10-25 08:07:55'),
('516', '0', 'eng', 'messages', 'itemVariationDeleted', 'Item variation deleted successfully!', '2025-10-15 14:29:34', '2025-10-25 08:07:55'),
('517', '0', 'eng', 'messages', 'noItemAdded', 'No record found', '2025-10-15 14:29:34', '2025-10-25 08:07:55'),
('518', '0', 'eng', 'messages', 'noItemCategoryAdded', 'No item category added', '2025-10-15 14:29:34', '2025-10-25 08:07:55'),
('519', '0', 'eng', 'messages', 'noAreaAdded', 'No area is added.', '2025-10-15 14:29:34', '2025-10-25 08:07:55'),
('520', '0', 'eng', 'messages', 'areaAdded', 'Area added successfully!', '2025-10-15 14:29:34', '2025-10-25 08:07:55'),
('521', '0', 'eng', 'messages', 'areaUpdated', 'Area updated successfully!', '2025-10-15 14:29:34', '2025-10-25 08:07:55'),
('522', '0', 'eng', 'messages', 'areaDeleted', 'Area deleted successfully!', '2025-10-15 14:29:34', '2025-10-25 08:07:55'),
('523', '0', 'eng', 'messages', 'noTableadded', 'No table is added.', '2025-10-15 14:29:34', '2025-10-25 08:07:55'),
('524', '0', 'eng', 'messages', 'tableAdded', 'Table added successfully!', '2025-10-15 14:29:34', '2025-10-25 08:07:55'),
('525', '0', 'eng', 'messages', 'tableUpdated', 'Table updated successfully!', '2025-10-15 14:29:34', '2025-10-25 08:07:55'),
('526', '0', 'eng', 'messages', 'tableDeleted', 'Table deleted successfully!', '2025-10-15 14:29:34', '2025-10-25 08:07:55'),
('527', '0', 'eng', 'messages', 'setTableNo', 'You need to set the table number', '2025-10-15 14:29:34', '2025-10-25 08:07:55'),
('528', '0', 'eng', 'messages', 'enterPax', 'Enter the no of Pax.', '2025-10-15 14:29:34', '2025-10-25 08:07:55'),
('529', '0', 'eng', 'messages', 'selectWaiter', 'Select the waiter who took the order.', '2025-10-15 14:29:34', '2025-10-25 08:07:55'),
('530', '0', 'eng', 'messages', 'orderItemRequired', 'You need to add items to the order.', '2025-10-15 14:29:34', '2025-10-25 08:07:55'),
('531', '0', 'eng', 'messages', 'orderSaved', 'Order placed successfully.', '2025-10-15 14:29:34', '2025-10-25 08:07:55'),
('532', '0', 'eng', 'messages', 'kotGenerated', 'KOT Generated Successfully.', '2025-10-15 14:29:34', '2025-10-25 08:07:55'),
('533', '0', 'eng', 'messages', 'billedSuccess', 'Order Billed Successfully.', '2025-10-15 14:29:34', '2025-10-25 08:07:55'),
('534', '0', 'eng', 'messages', 'addCustomerDetails', 'Add customer details.', '2025-10-15 14:29:34', '2025-10-25 08:07:55'),
('535', '0', 'eng', 'messages', 'thankYouVisit', 'Thank you for your visit!', '2025-10-15 14:29:34', '2025-10-25 08:07:55'),
('536', '0', 'eng', 'messages', 'emailVerificationCode', 'Email verification code.', '2025-10-15 14:29:34', '2025-10-25 08:07:55'),
('537', '0', 'eng', 'messages', 'invalidVerificationCode', 'Invalid verification code.', '2025-10-15 14:29:34', '2025-10-25 08:07:55'),
('538', '0', 'eng', 'messages', 'verificationCodeSent', 'Verification Code Sent', '2025-10-15 14:29:34', '2025-10-25 08:07:55'),
('539', '0', 'eng', 'messages', 'customerDeleted', 'Customer deleted successfully!', '2025-10-15 14:29:34', '2025-10-25 08:07:55'),
('540', '0', 'eng', 'messages', 'noCustomerFound', 'No Customer Found', '2025-10-15 14:29:34', '2025-10-25 08:07:55'),
('541', '0', 'eng', 'messages', 'settingsUpdated', 'Settings updated successfully!', '2025-10-15 14:29:34', '2025-10-25 08:07:55'),
('542', '0', 'eng', 'messages', 'orderPlacedSuccess', 'Order placed successfully!', '2025-10-15 14:29:34', '2025-10-25 08:07:55'),
('543', '0', 'eng', 'messages', 'orderCanceled', 'Order canceled successfully!', '2025-10-15 14:29:34', '2025-10-25 08:07:55'),
('544', '0', 'eng', 'messages', 'noPaymentFound', 'No Payment Found', '2025-10-15 14:29:34', '2025-10-25 08:07:55'),
('545', '0', 'eng', 'messages', 'waitingTodayOrder', ' Waiting for today\'s first order &#x23F3;', '2025-10-15 14:29:34', '2025-10-25 08:07:55'),
('546', '0', 'eng', 'messages', 'updateAlert', 'Do not click update now button if the application is customized. Your changes will be lost.', '2025-10-15 14:29:34', '2025-10-25 08:07:55'),
('547', '0', 'eng', 'messages', 'updateBackupNotice', 'Take a backup of files and database before updating.', '2025-10-15 14:29:34', '2025-10-25 08:07:55'),
('548', '0', 'eng', 'messages', 'frontHeroHeading', 'Ready to Satisfy Your Cravings? Place Your Order Now!', '2025-10-15 14:29:34', '2025-10-25 08:07:55'),
('549', '0', 'eng', 'messages', 'profileUpdated', 'Profile Updated Successfully', '2025-10-15 14:29:34', '2025-10-25 08:07:55'),
('550', '0', 'eng', 'messages', 'cartEmpty', 'Your cart is empty 🙁', '2025-10-15 14:29:34', '2025-10-25 08:07:55'),
('551', '0', 'eng', 'messages', 'memberAdded', 'Member added successfully!', '2025-10-15 14:29:34', '2025-10-25 08:07:55'),
('552', '0', 'eng', 'messages', 'cannotEditOwnRole', 'You cannot change own role.', '2025-10-15 14:29:34', '2025-10-25 08:07:55'),
('553', '0', 'eng', 'messages', 'memberUpdated', 'Member updated successfully!', '2025-10-15 14:29:34', '2025-10-25 08:07:55'),
('554', '0', 'eng', 'messages', 'memberDeleted', 'Member deleted successfully!', '2025-10-15 14:29:34', '2025-10-25 08:07:55'),
('555', '0', 'eng', 'messages', 'currencyDeleted', 'Currency deleted successfully!', '2025-10-15 14:29:34', '2025-10-25 08:07:55'),
('556', '0', 'eng', 'messages', 'noCurrencyFound', 'No currency found.', '2025-10-15 14:29:34', '2025-10-25 08:07:55'),
('557', '0', 'eng', 'messages', 'noPhoneCodesFound', 'No phone codes found.', '2025-10-15 14:29:34', '2025-10-25 08:07:55'),
('558', '0', 'eng', 'messages', 'cannotDeleteDefaultCurrency', 'Cannot Delete Default Currency.', '2025-10-15 14:29:34', '2025-10-25 08:07:55'),
('559', '0', 'eng', 'messages', 'taxApplicableInfo', 'All taxes will be applicable on creating order.', '2025-10-15 14:29:34', '2025-10-25 08:07:55'),
('560', '0', 'eng', 'messages', 'taxDeleted', 'Tax deleted successfully.', '2025-10-15 14:29:34', '2025-10-25 08:07:55'),
('561', '0', 'eng', 'messages', 'chooseEndTimeLater', 'Choose and end time later than the start time.', '2025-10-15 14:29:34', '2025-10-25 08:07:55'),
('562', '0', 'eng', 'messages', 'frontReservationHeading', 'Book a Table and Savor the Experience.', '2025-10-15 14:29:34', '2025-10-25 08:07:55'),
('563', '0', 'eng', 'messages', 'selectBookingDetail', 'Select your booking details', '2025-10-15 14:29:34', '2025-10-25 08:07:55'),
('564', '0', 'eng', 'messages', 'selectTimeSlot', 'Select Time Slot', '2025-10-15 14:29:34', '2025-10-25 08:07:55'),
('565', '0', 'eng', 'messages', 'loginForReservation', 'Login to make reservation', '2025-10-15 14:29:34', '2025-10-25 08:07:55'),
('566', '0', 'eng', 'messages', 'reservationConfirmed', 'Your reservation is confirmed.', '2025-10-15 14:29:34', '2025-10-25 08:07:55'),
('567', '0', 'eng', 'messages', 'noTimeSlot', 'No time slot available. Choose a different date or meal time.', '2025-10-15 14:29:34', '2025-10-25 08:07:55'),
('568', '0', 'eng', 'messages', 'noTableReserved', 'No table is reserved.', '2025-10-15 14:29:34', '2025-10-25 08:07:55'),
('569', '0', 'eng', 'messages', 'smtpError', 'Your SMTP details are not correct. Please update to the correct one.<br><br>Proper SMTP configuration is essential for sending emails such as order confirmations, password resets, and notifications to customers and staff. Without correct SMTP settings, your restaurant management system cannot communicate via email.', '2025-10-15 14:29:34', '2025-10-25 08:07:55'),
('570', '0', 'eng', 'messages', 'newOrderReceived', 'New Order Received.', '2025-10-15 14:29:34', '2025-10-25 08:07:55'),
('571', '0', 'eng', 'messages', 'cannotDeleteCurrentBranch', 'Cannot delete current branch.', '2025-10-15 14:29:34', '2025-10-25 08:07:55'),
('572', '0', 'eng', 'messages', 'branchAdded', 'New branch added.', '2025-10-15 14:29:34', '2025-10-25 08:07:55'),
('573', '0', 'eng', 'messages', 'branchDeleted', 'Branch deleted successfully.', '2025-10-15 14:29:34', '2025-10-25 08:07:55'),
('574', '0', 'eng', 'messages', 'branchUpdated', 'Branch updated successfully.', '2025-10-15 14:29:34', '2025-10-25 08:07:55'),
('575', '0', 'eng', 'messages', 'licenseUpgraded', 'License upgraded successfully.', '2025-10-15 14:29:34', '2025-10-25 08:07:55'),
('576', '0', 'eng', 'messages', 'noRestaurantFound', 'No restaurant found.', '2025-10-15 14:29:34', '2025-10-25 08:07:55'),
('577', '0', 'eng', 'messages', 'restaurantUpdated', 'Restaurant updated successfully!', '2025-10-15 14:29:34', '2025-10-25 08:07:55'),
('578', '0', 'eng', 'messages', 'invalidStripePlan', 'Invalid Stripe Plan.', '2025-10-15 14:29:34', '2025-10-25 08:07:55'),
('579', '0', 'eng', 'messages', 'packageUpdated', 'Package updated successfully!', '2025-10-15 14:29:34', '2025-10-25 08:07:55'),
('580', '0', 'eng', 'messages', 'noPackageFound', 'No package found.', '2025-10-15 14:29:34', '2025-10-25 08:07:55'),
('581', '0', 'eng', 'messages', 'alreadyRequestPending', 'You have already raised a request.', '2025-10-15 14:29:34', '2025-10-25 08:07:55'),
('582', '0', 'eng', 'messages', 'packageAdded', 'Package added successfully!', '2025-10-15 14:29:34', '2025-10-25 08:07:55'),
('583', '0', 'eng', 'messages', 'packageDeleted', 'Package deleted successfully!', '2025-10-15 14:29:34', '2025-10-25 08:07:55'),
('584', '0', 'eng', 'messages', 'smtpRecommendation', 'Recommendation for SMTP ', '2025-10-15 14:29:34', '2025-10-25 08:07:55'),
('585', '0', 'eng', 'messages', 'noMemberFound', 'No member found.', '2025-10-15 14:29:34', '2025-10-25 08:07:55'),
('586', '0', 'eng', 'messages', 'noInvoiceFound', 'No invoice found.', '2025-10-15 14:29:34', '2025-10-25 08:07:55'),
('587', '0', 'eng', 'messages', 'loadingData', 'Loading Data...', '2025-10-15 14:29:34', '2025-10-25 08:07:55'),
('588', '0', 'eng', 'messages', 'gatewayNotAdded', 'Payment gateway credentials not added by superadmin', '2025-10-15 14:29:34', '2025-10-25 08:07:55'),
('589', '0', 'eng', 'messages', 'smtpSuccess', 'Your SMTP details are correct', '2025-10-15 14:29:34', '2025-10-25 08:07:55'),
('590', '0', 'eng', 'messages', 'packageRequired', 'Package ID is required.', '2025-10-15 14:29:34', '2025-10-25 08:07:55'),
('591', '0', 'eng', 'messages', 'packageNotFound', 'Package not found.', '2025-10-15 14:29:34', '2025-10-25 08:07:55'),
('592', '0', 'eng', 'messages', 'trialExpireOnRequired', 'Trial expiration date is required.', '2025-10-15 14:29:34', '2025-10-25 08:07:55'),
('593', '0', 'eng', 'messages', 'amountNumeric', 'The amount must be a number.', '2025-10-15 14:29:34', '2025-10-25 08:07:55'),
('594', '0', 'eng', 'messages', 'payDateRequired', 'Payment date is required.', '2025-10-15 14:29:34', '2025-10-25 08:07:55'),
('595', '0', 'eng', 'messages', 'nextPayDateRequired', 'Next payment date is required.', '2025-10-15 14:29:34', '2025-10-25 08:07:55'),
('596', '0', 'eng', 'messages', 'noOfflinePaymentMethodFound', 'No offline payment method found.', '2025-10-15 14:29:34', '2025-10-25 08:07:55'),
('597', '0', 'eng', 'messages', 'amountRequired', 'Amount is required.', '2025-10-15 14:29:34', '2025-10-25 08:07:55'),
('598', '0', 'eng', 'messages', 'licenceExpireRequired', 'License expiration date is required.', '2025-10-15 14:29:34', '2025-10-25 08:07:55'),
('599', '0', 'eng', 'messages', 'offlinePaymentMethodAdded', 'Offline payment method added successfully!', '2025-10-15 14:29:34', '2025-10-25 08:07:55'),
('600', '0', 'eng', 'messages', 'offlinePaymentMethodUpdated', 'Offline payment method updated successfully!', '2025-10-15 14:29:34', '2025-10-25 08:07:55'),
('601', '0', 'eng', 'messages', 'noOfflinePaymentRequestFound', 'No offline payment request found.', '2025-10-15 14:29:34', '2025-10-25 08:07:55'),
('602', '0', 'eng', 'messages', 'offlinePaymentMethodDeleted', 'Offline payment method deleted successfully!', '2025-10-15 14:29:34', '2025-10-25 08:07:55'),
('603', '0', 'eng', 'messages', 'reservationsDisabled', 'Reservations are currently disabled.', '2025-10-15 14:29:34', '2025-10-25 08:07:55'),
('604', '0', 'eng', 'messages', 'customerReservationsDisabled', 'Customer reservations are currently disabled.', '2025-10-15 14:29:34', '2025-10-25 08:07:55'),
('605', '0', 'eng', 'messages', 'minimumPartySizeRequired', 'Minimum reservation is for :size people.', '2025-10-15 14:29:34', '2025-10-25 08:07:55'),
('606', '0', 'eng', 'messages', 'minimumRequired', 'Min :size', '2025-10-15 14:29:34', '2025-10-25 08:07:55'),
('607', '0', 'eng', 'messages', 'disabledWhenMainReservationsOff', 'Disabled when main reservations are off', '2025-10-15 14:29:34', '2025-10-25 08:07:55'),
('608', '0', 'eng', 'messages', 'phoneCodeDetected', 'Phone code :code detected based on your location', '2025-10-15 14:29:34', '2025-10-25 08:07:55'),
('609', '0', 'eng', 'messages', 'offlinePaymentVerified', 'Offline payment verified successfully!', '2025-10-15 14:29:34', '2025-10-25 08:07:55'),
('610', '0', 'eng', 'messages', 'OfflinePlanChangeDeclined', 'Offline plan change request declined successfully.', '2025-10-15 14:29:34', '2025-10-25 08:07:55'),
('611', '0', 'eng', 'messages', 'planUpgraded', 'Plan upgraded successfully!', '2025-10-15 14:29:34', '2025-10-25 08:07:55'),
('612', '0', 'eng', 'messages', 'noPlanIdFound', 'No plan id found.', '2025-10-15 14:29:34', '2025-10-25 08:07:55'),
('613', '0', 'eng', 'messages', 'requestSubmittedSuccessfully', 'Request submitted successfully.', '2025-10-15 14:29:34', '2025-10-25 08:07:55'),
('614', '0', 'eng', 'messages', 'startShoppingNow', 'Add items to your cart!', '2025-10-15 14:29:34', '2025-10-25 08:07:55'),
('615', '0', 'eng', 'messages', 'smtpSecureEnabled', 'For Gmail SMTP configuration, please follow the following link ', '2025-10-15 14:29:34', '2025-10-25 08:07:55'),
('616', '0', 'eng', 'messages', 'testEmailSuccess', 'Email sent successfully!', '2025-10-15 14:29:34', '2025-10-25 08:07:55'),
('617', '0', 'eng', 'messages', 'testEmailError', 'Failed to send test email: :message', '2025-10-15 14:29:34', '2025-10-25 08:07:55'),
('618', '0', 'eng', 'messages', 'waiterRequestCompleted', 'Request completed successfully!', '2025-10-15 14:29:34', '2025-10-25 08:07:55'),
('619', '0', 'eng', 'messages', 'welcomeToUpgrade', 'Please upgrade your license to access premium features and enhance your restaurant management experience.', '2025-10-15 14:29:34', '2025-10-25 08:07:55'),
('620', '0', 'eng', 'messages', 'upgradeRequired', 'Upgrade Required.', '2025-10-15 14:29:34', '2025-10-25 08:07:55'),
('621', '0', 'eng', 'messages', 'noAdminFound', 'No Admin Found', '2025-10-15 14:29:34', '2025-10-25 08:07:55'),
('622', '0', 'eng', 'messages', 'statusUpdated', 'Status updated successfully!', '2025-10-15 14:29:34', '2025-10-25 08:07:55'),
('623', '0', 'eng', 'messages', 'invalidRequest', 'Invalid Request', '2025-10-15 14:29:34', '2025-10-25 08:07:55'),
('624', '0', 'eng', 'messages', 'packageIsUsed', 'Package is used by some restaurants. First change the package for those restaurants.', '2025-10-15 14:29:34', '2025-10-25 08:07:55'),
('625', '0', 'eng', 'messages', 'currencyCannotBeDeleted', 'Currency cannot be deleted', '2025-10-15 14:29:34', '2025-10-25 08:07:55'),
('626', '0', 'eng', 'messages', 'currencyIsUsedInPackages', 'Currency is used in some packages. First change the currency for those packages or delete the packages with this currency.', '2025-10-15 14:29:34', '2025-10-25 08:07:55'),
('627', '0', 'eng', 'messages', 'languageUpdated', 'Language updated successfully!', '2025-10-15 14:29:34', '2025-10-25 08:07:55'),
('628', '0', 'eng', 'messages', 'fileUploaded', 'File uploaded successfully!', '2025-10-15 14:29:34', '2025-10-25 08:07:55'),
('629', '0', 'eng', 'messages', 'noFilesAvailable', 'No files available', '2025-10-15 14:29:34', '2025-10-25 08:07:55'),
('630', '0', 'eng', 'messages', 'noFilesAvailableDescription', 'There are no files to display at the moment.', '2025-10-15 14:29:34', '2025-10-25 08:07:55'),
('631', '0', 'eng', 'messages', 'transferProgress', 'Transfer Progress', '2025-10-15 14:29:34', '2025-10-25 08:07:55'),
('632', '0', 'eng', 'messages', 'discountPercentError', 'The discount percentage cannot exceed 100%.', '2025-10-15 14:29:34', '2025-10-25 08:07:55'),
('633', '0', 'eng', 'messages', 'branchLimitReached', 'Branch limit reached, can\'t add more with the current package.', '2025-10-15 14:29:34', '2025-10-25 08:07:55'),
('634', '0', 'eng', 'messages', 'ModifierGroupAdded', 'Modifier Group added successfully!', '2025-10-15 14:29:34', '2025-10-25 08:07:55'),
('635', '0', 'eng', 'messages', 'noModifierGroupFound', 'No modifier group found.', '2025-10-15 14:29:34', '2025-10-25 08:07:55'),
('636', '0', 'eng', 'messages', 'itemModifierGroupAdded', 'Item Modifier Group added successfully!', '2025-10-15 14:29:34', '2025-10-25 08:07:55'),
('637', '0', 'eng', 'messages', 'itemModifierGroupUpdated', 'Item Modifier Group updated successfully!', '2025-10-15 14:29:34', '2025-10-25 08:07:55'),
('638', '0', 'eng', 'messages', 'itemModifierGroupDeleted', 'Item Modifier Group deleted successfully!', '2025-10-15 14:29:34', '2025-10-25 08:07:55'),
('639', '0', 'eng', 'messages', 'noItemModifierFound', 'No item modifier found.', '2025-10-15 14:29:34', '2025-10-25 08:07:55'),
('640', '0', 'eng', 'messages', 'ModifierGroupUpdated', 'Modifier Group updated successfully!', '2025-10-15 14:29:34', '2025-10-25 08:07:55'),
('641', '0', 'eng', 'messages', 'cronIsNotRunning', 'It appears that your cron job has not run in the last 48 hours. Please check to ensure that it is properly configured. This message will automatically disappear once the cron job is functioning correctly again', '2025-10-15 14:29:34', '2025-10-25 08:07:55'),
('642', '0', 'eng', 'messages', 'cronIsNotRunningOnboarding', 'Please check to ensure that it is properly configured. This message will automatically disappear once the cron job is functioning correctly again', '2025-10-15 14:29:34', '2025-10-25 08:07:55'),
('643', '0', 'eng', 'messages', 'cronJobSetting', 'Cron Job Setting', '2025-10-15 14:29:34', '2025-10-25 08:07:55'),
('644', '0', 'eng', 'messages', 'cronJobSettingDescription', 'Click here to view the cron job setting.', '2025-10-15 14:29:34', '2025-10-25 08:07:55'),
('645', '0', 'eng', 'messages', 'downloadFilefromCodecanyon', 'Download the zip file from codecanyon and upload it here. Only .zip file type is allowed for uploading.', '2025-10-15 14:29:34', '2025-10-25 08:07:55'),
('646', '0', 'eng', 'messages', 'sweetAlertTitle', 'Are you sure?', '2025-10-15 14:29:34', '2025-10-25 08:07:55'),
('647', '0', 'eng', 'messages', 'removeFileText', 'You will not be able to recover the deleted file!', '2025-10-15 14:29:34', '2025-10-25 08:07:55'),
('648', '0', 'eng', 'messages', 'confirmDelete', 'Yes, delete it!', '2025-10-15 14:29:34', '2025-10-25 08:07:55'),
('649', '0', 'eng', 'messages', 'deleteSuccess', 'Deleted successfully.', '2025-10-15 14:29:34', '2025-10-25 08:07:55'),
('650', '0', 'eng', 'messages', 'installingUpdateMessage', 'Installing...Please wait (This may take a few minutes.)', '2025-10-15 14:29:34', '2025-10-25 08:07:55'),
('651', '0', 'eng', 'messages', 'installedUpdateMessage', 'Installed successfully. Reload the page to see the changes.', '2025-10-15 14:29:34', '2025-10-25 08:07:55'),
('652', '0', 'eng', 'messages', 'customModuleInstalled', 'Module installed successfully. You will be redirected to the custom module page. Activate the module to use it.', '2025-10-15 14:29:34', '2025-10-25 08:07:55'),
('653', '0', 'eng', 'messages', 'noRecordFound', 'No record found', '2025-10-15 14:29:34', '2025-10-25 08:07:55'),
('654', '0', 'eng', 'messages', 'orderDeleted', 'Order deleted successfully!', '2025-10-15 14:29:34', '2025-10-25 08:07:55'),
('655', '0', 'eng', 'messages', 'CartAddPermissionDenied', 'Permission denied. Please contact the restaurant.', '2025-10-15 14:29:34', '2025-10-25 08:07:55'),
('656', '0', 'eng', 'messages', 'noExpensesAdded', 'No Expenses Found', '2025-10-15 14:29:34', '2025-10-25 08:07:55'),
('657', '0', 'eng', 'messages', 'expenseAdded', 'Expenses Added ', '2025-10-15 14:29:34', '2025-10-25 08:07:55'),
('658', '0', 'eng', 'messages', 'expenseUpdated', 'Expenses Updated ', '2025-10-15 14:29:34', '2025-10-25 08:07:55'),
('659', '0', 'eng', 'messages', 'showHidePurchaseCode', 'Show/Hide Purchase Code', '2025-10-15 14:29:34', '2025-10-25 08:07:55'),
('660', '0', 'eng', 'messages', 'changePurchaseCode', 'Change Purchase Code', '2025-10-15 14:29:34', '2025-10-25 08:07:55'),
('661', '0', 'eng', 'messages', 'restaurantDeleted', 'Restaurant deleted successfully!', '2025-10-15 14:29:34', '2025-10-25 08:07:55'),
('662', '0', 'eng', 'messages', 'deliveryExecutiveAssigned', 'Delivery executive assigned!', '2025-10-15 14:29:34', '2025-10-25 08:07:55'),
('663', '0', 'eng', 'messages', 'selectDeliveryExecutive', 'Please select a delivery executive.', '2025-10-15 14:29:34', '2025-10-25 08:07:55'),
('664', '0', 'eng', 'messages', 'vendorUpdated', 'Vendor Updated', '2025-10-15 14:29:34', '2025-10-25 08:07:55'),
('665', '0', 'eng', 'messages', 'expenseDeleted', 'Expense Deleted', '2025-10-15 14:29:34', '2025-10-25 08:07:55'),
('666', '0', 'eng', 'messages', 'vendorDeleted', 'Vendor Deleted', '2025-10-15 14:29:34', '2025-10-25 08:07:55'),
('667', '0', 'eng', 'messages', 'noVendorsAdded', 'No Vendors Found', '2025-10-15 14:29:34', '2025-10-25 08:07:55'),
('668', '0', 'eng', 'messages', 'moduleSettingsInstall', 'Install new modules to enhance your application\'s functionality', '2025-10-15 14:29:34', '2025-10-25 08:07:55'),
('669', '0', 'eng', 'messages', 'chargeDeleted', 'Charge deleted successfully!', '2025-10-15 14:29:34', '2025-10-25 08:07:55'),
('670', '0', 'eng', 'messages', 'addonDescription', 'This is an additional module that can be purchased separately.', '2025-10-15 14:29:34', '2025-10-25 08:07:55'),
('671', '0', 'eng', 'messages', 'noChargeFound', 'No charge found.', '2025-10-15 14:29:34', '2025-10-25 08:07:55'),
('672', '0', 'eng', 'messages', 'paymentQrCodeRequired', 'Payment QR Code is required.', '2025-10-15 14:29:34', '2025-10-25 08:07:55'),
('673', '0', 'eng', 'messages', 'noSubscriptionFound', 'No subscription found.', '2025-10-15 14:29:34', '2025-10-25 08:07:55'),
('674', '0', 'eng', 'messages', 'subscriptionCancelled', 'Subscription cancelled successfully!', '2025-10-15 14:29:34', '2025-10-25 08:07:55'),
('675', '0', 'eng', 'messages', 'subscriptionUpdated', 'Subscription updated successfully!', '2025-10-15 14:29:34', '2025-10-25 08:07:55'),
('676', '0', 'eng', 'messages', 'customerAdded', 'Customer added successfully!', '2025-10-15 14:29:34', '2025-10-25 08:07:55'),
('677', '0', 'eng', 'messages', 'customerAlreadyExists', 'Customer with email :email already exists.', '2025-10-15 14:29:34', '2025-10-25 08:07:55'),
('678', '0', 'eng', 'messages', 'customerImported', 'Customers imported successfully!', '2025-10-15 14:29:34', '2025-10-25 08:07:55'),
('679', '0', 'eng', 'messages', 'customerImportStarted', 'Customer import started successfully! The import is being processed in the background.', '2025-10-15 14:29:34', '2025-10-25 08:07:55'),
('680', '0', 'eng', 'messages', 'noFeatures', 'No additional features found.', '2025-10-15 14:29:34', '2025-10-25 08:07:55'),
('681', '0', 'eng', 'messages', 'paymentGatewayNotConfigured', 'Payment gateway not configured.', '2025-10-15 14:29:34', '2025-10-25 08:07:55'),
('682', '0', 'eng', 'messages', 'tipRemovedSuccessfully', 'Tip removed successfully', '2025-10-15 14:29:34', '2025-10-25 08:07:55'),
('683', '0', 'eng', 'messages', 'tipUpdatedSuccessfully', 'Tip updated successfully', '2025-10-15 14:29:34', '2025-10-25 08:07:55'),
('684', '0', 'eng', 'messages', 'tipAddedSuccessfully', 'Tip added successfully', '2025-10-15 14:29:34', '2025-10-25 08:07:55'),
('685', '0', 'eng', 'messages', 'paymentDoneSuccessfully', 'Payment done successfully', '2025-10-15 14:29:34', '2025-10-25 08:07:55'),
('686', '0', 'eng', 'messages', 'paymentFailed', 'Payment failed, please try again', '2025-10-15 14:29:34', '2025-10-25 08:07:55'),
('687', '0', 'eng', 'messages', 'invalidPaymentMethod', 'Invalid payment method', '2025-10-15 14:29:34', '2025-10-25 08:07:55'),
('688', '0', 'eng', 'messages', 'expenseCategoryDeleted', 'Expense category deleted successfully!', '2025-10-15 14:29:34', '2025-10-25 08:07:55'),
('689', '0', 'eng', 'messages', 'expenseCategoryAdded', 'Expense category added successfully!', '2025-10-15 14:29:34', '2025-10-25 08:07:55'),
('690', '0', 'eng', 'messages', 'expenseCategoryUpdated', 'Expense category updated successfully!', '2025-10-15 14:29:34', '2025-10-25 08:07:55'),
('691', '0', 'eng', 'messages', 'installAppInstruction', 'To install this web app on your phone: tap  ', '2025-10-15 14:29:34', '2025-10-25 08:07:55'),
('692', '0', 'eng', 'messages', 'addToHomeScreen', 'and then Add to Home Screen', '2025-10-15 14:29:34', '2025-10-25 08:07:55'),
('693', '0', 'eng', 'messages', 'confrmDeleteDyanamicMenu', 'Are you sure you want to delete this Custom Menu', '2025-10-15 14:29:34', '2025-10-25 08:07:55'),
('694', '0', 'eng', 'messages', 'noCustomMenu', 'No Custom Menu Found', '2025-10-15 14:29:34', '2025-10-25 08:07:55'),
('695', '0', 'eng', 'messages', 'menuUpdate', 'Menu updated successfully!', '2025-10-15 14:29:34', '2025-10-25 08:07:55'),
('696', '0', 'eng', 'messages', 'orderNotFound', 'Order not found', '2025-10-15 14:29:34', '2025-10-25 08:07:55'),
('697', '0', 'eng', 'messages', 'notHavePermission', 'Access denied. Please reload page and try again.', '2025-10-15 14:29:34', '2025-10-25 08:07:55'),
('698', '0', 'eng', 'messages', 'troubleClickingButton', 'If you\'re having trouble clicking the \":actionText\" button, copy and paste the URL below into your web browser:', '2025-10-15 14:29:34', '2025-10-25 08:07:55'),
('699', '0', 'eng', 'messages', 'resetPassword', 'Reset Password', '2025-10-15 14:29:34', '2025-10-25 08:07:55'),
('700', '0', 'eng', 'messages', 'accountRecoveryAuthMessage', 'Please confirm access to your account by entering the authentication code provided by your authenticator application.', '2025-10-15 14:29:34', '2025-10-25 08:07:55'),
('701', '0', 'eng', 'messages', 'accountRecoveryCode', 'Please confirm access to your account by entering one of your emergency recovery codes.', '2025-10-15 14:29:34', '2025-10-25 08:07:55'),
('702', '0', 'eng', 'messages', 'invalidFlutterwavePlan', 'Invalid Flutterwave plan ID.', '2025-10-15 14:29:34', '2025-10-25 08:07:55'),
('703', '0', 'eng', 'messages', 'flutterwavePlanNotFound', 'Flutterwave plan not found.', '2025-10-15 14:29:34', '2025-10-25 08:07:55'),
('704', '0', 'eng', 'messages', 'FlutterwavePaymentError', 'Flutterwave payment error: :message', '2025-10-15 14:29:34', '2025-10-25 08:07:55'),
('705', '0', 'eng', 'messages', 'transactionReferenceMissing', 'Transaction reference is missing.', '2025-10-15 14:29:34', '2025-10-25 08:07:55'),
('706', '0', 'eng', 'messages', 'invalidTransactionReference', 'Invalid transaction reference.', '2025-10-15 14:29:34', '2025-10-25 08:07:55'),
('707', '0', 'eng', 'messages', 'paymentVerificationFailed', 'Payment verification failed.', '2025-10-15 14:29:34', '2025-10-25 08:07:55'),
('708', '0', 'eng', 'messages', 'cannotUseSelfDomain', 'You cannot use your own domain as the landing site URL.', '2025-10-15 14:29:34', '2025-10-25 08:07:55'),
('709', '0', 'eng', 'messages', 'charactersShowingPerLine', 'How many characters showing per line in your paper, eg: in 80mm characters per line is 46', '2025-10-15 14:29:34', '2025-10-25 08:07:55'),
('710', '0', 'eng', 'messages', 'printerIPAddress', 'You may get Printer IP address from test print paper as per printer setting', '2025-10-15 14:29:34', '2025-10-25 08:07:55'),
('711', '0', 'eng', 'messages', 'printerPortAddress', 'In maximum case the Printer Port Address is 9100 but in case it is different please do a test print from your printer after turning it on, you will get the Printer Port Address in that test print paper', '2025-10-15 14:29:34', '2025-10-25 08:07:55'),
('712', '0', 'eng', 'messages', 'printerAdded', 'Printer added successfully!', '2025-10-15 14:29:34', '2025-10-25 08:07:55'),
('713', '0', 'eng', 'messages', 'printerUpdated', 'Printer updated successfully!', '2025-10-15 14:29:34', '2025-10-25 08:07:55'),
('714', '0', 'eng', 'messages', 'printerDeleted', 'Printer deleted successfully!', '2025-10-15 14:29:34', '2025-10-25 08:07:55'),
('715', '0', 'eng', 'messages', 'featureDeleted', 'Feature deleted successfully!', '2025-10-15 14:29:34', '2025-10-25 08:07:55'),
('716', '0', 'eng', 'messages', 'reviewDeleted', 'Review deleted successfully!', '2025-10-15 14:29:34', '2025-10-25 08:07:55'),
('717', '0', 'eng', 'messages', 'faqAdd', 'FAQ Add successfully!', '2025-10-15 14:29:34', '2025-10-25 08:07:55'),
('718', '0', 'eng', 'messages', 'faqUpdated', 'FAQ updated successfully!', '2025-10-15 14:29:34', '2025-10-25 08:07:55'),
('719', '0', 'eng', 'messages', 'faqDeleted', 'FAQ deleted successfully!', '2025-10-15 14:29:34', '2025-10-25 08:07:55'),
('720', '0', 'eng', 'messages', 'contactSetting', 'Contact setting updated successfully!', '2025-10-15 14:29:34', '2025-10-25 08:07:55'),
('721', '0', 'eng', 'messages', 'headerSetting', 'Heading updated successfully!', '2025-10-15 14:29:34', '2025-10-25 08:07:55'),
('722', '0', 'eng', 'messages', 'waiterUpdated', 'Waiter Updated successfully!', '2025-10-15 14:29:34', '2025-10-25 08:07:55'),
('723', '0', 'eng', 'messages', 'errorWantToCreateNewKot', 'To add an item, please create a new KOT by clicking the \"New KOT\" button.', '2025-10-15 14:29:34', '2025-10-25 08:07:55'),
('724', '0', 'eng', 'messages', 'noPrinterAdded', 'No printer added yet', '2025-10-15 14:29:34', '2025-10-25 08:07:55'),
('725', '0', 'eng', 'messages', 'kotConflict', 'The selected KOTs are already assigned to another printer. Please choose different KOTs.', '2025-10-15 14:29:34', '2025-10-25 08:07:55'),
('726', '0', 'eng', 'messages', 'orderConflict', 'The selected orders are already assigned to another printer. Please choose different orders.', '2025-10-15 14:29:34', '2025-10-25 08:07:55'),
('727', '0', 'eng', 'messages', 'invalidCoordinates', 'Invalid coordinates provided.', '2025-10-15 14:29:34', '2025-10-25 08:07:55'),
('728', '0', 'eng', 'messages', 'deliverySettingInvalid', 'Delivery settings are invalid. Please contact the branch.', '2025-10-15 14:29:34', '2025-10-25 08:07:55'),
('729', '0', 'eng', 'messages', 'outOfDeliveryRange', 'The delivery address is out of the delivery range.', '2025-10-15 14:29:34', '2025-10-25 08:07:55'),
('730', '0', 'eng', 'messages', 'loginRequired', 'Login required, Please login to continue.', '2025-10-15 14:29:34', '2025-10-25 08:07:55'),
('731', '0', 'eng', 'messages', 'addressUpdated', 'Address updated successfully!', '2025-10-15 14:29:34', '2025-10-25 08:07:55'),
('732', '0', 'eng', 'messages', 'addressAdded', 'Address added successfully!', '2025-10-15 14:29:34', '2025-10-25 08:07:55'),
('733', '0', 'eng', 'messages', 'addressDeleted', 'Address deleted successfully!', '2025-10-15 14:29:34', '2025-10-25 08:07:55'),
('734', '0', 'eng', 'messages', 'noBranchCoordinates', 'Delivery settings require branch coordinates. Please update your branch location first.', '2025-10-15 14:29:34', '2025-10-25 08:07:55'),
('735', '0', 'eng', 'messages', 'noReservationsFound', 'No reservations found.', '2025-10-15 14:29:34', '2025-10-25 08:07:55'),
('736', '0', 'eng', 'messages', 'paymentError', 'Payment failed. Please try again.', '2025-10-15 14:29:34', '2025-10-25 08:07:55'),
('737', '0', 'eng', 'messages', 'errorOccurred', 'An error occurred. Please try again later.', '2025-10-15 14:29:34', '2025-10-25 08:07:55'),
('738', '0', 'eng', 'messages', 'subscriptionStatusUpdate', 'Subscription status updated in our system. Please log in to your PayFast account to complete the cancellation.', '2025-10-15 14:29:34', '2025-10-25 08:07:55'),
('739', '0', 'eng', 'messages', 'noActiveKotPrinterConfigured', 'No active KOT printer configured.', '2025-10-15 14:29:34', '2025-10-25 08:07:55'),
('740', '0', 'eng', 'messages', 'defaultPrinterExists', 'Default printer already exists.', '2025-10-15 14:29:34', '2025-10-25 08:07:55'),
('741', '0', 'eng', 'messages', 'printerNotConnected', ' Printer Not Connected', '2025-10-15 14:29:34', '2025-10-25 08:07:55'),
('742', '0', 'eng', 'messages', 'sessionDriverTooltip', 'This option controls the session \"driver\" that will be used on requests. Database driver gives you more control. * Changing the driver will make you logout.', '2025-10-15 14:29:34', '2025-10-25 08:07:55'),
('743', '0', 'eng', 'messages', 'atLeastTwoStatusesRequired', 'At least two statuses are required.', '2025-10-15 14:29:34', '2025-10-25 08:07:55'),
('744', '0', 'eng', 'messages', 'paymentGatewaySettingsUpdated', 'Payment gateway settings updated successfully!', '2025-10-15 14:29:34', '2025-10-25 08:07:55'),
('745', '0', 'eng', 'messages', 'cannotDeleteDefaultPrinter', 'You Cannot Delete Default Printer', '2025-10-15 14:29:34', '2025-10-25 08:07:55'),
('746', '0', 'eng', 'messages', 'printerStatusUpdated', 'Printer status updated successfully!', '2025-10-15 14:29:34', '2025-10-25 08:07:55'),
('747', '0', 'eng', 'messages', 'cannotUpdateDefaultPrinterStatus', 'You cannot update the status of the default printer.', '2025-10-15 14:29:34', '2025-10-25 08:07:55'),
('748', '0', 'eng', 'messages', 'noBranchFound', 'No branch found. Please create a branch first.', '2025-10-15 14:29:34', '2025-10-25 08:07:55'),
('749', '0', 'eng', 'messages', 'planNotFound', 'Plan not found.', '2025-10-15 14:29:34', '2025-10-25 08:07:55'),
('750', '0', 'eng', 'messages', 'reasonDeleted', 'Reason deleted successfully.', '2025-10-15 14:29:34', '2025-10-25 08:07:55'),
('751', '0', 'eng', 'messages', 'reasonUpdated', 'Reason updated successfully!', '2025-10-15 14:29:34', '2025-10-25 08:07:55'),
('752', '0', 'eng', 'messages', 'reasonAdded', 'Reason added successfully!', '2025-10-15 14:29:34', '2025-10-25 08:07:55'),
('753', '0', 'eng', 'messages', 'cloneCategoriesRequired', 'Clone categories are required.', '2025-10-15 14:29:34', '2025-10-25 08:07:55'),
('754', '0', 'eng', 'messages', 'cloneMenuRequired', 'Clone menu is required.', '2025-10-15 14:29:34', '2025-10-25 08:07:55'),
('755', '0', 'eng', 'messages', 'cloneMenuItemRequired', 'Clone menu item is required.', '2025-10-15 14:29:34', '2025-10-25 08:07:55'),
('756', '0', 'eng', 'messages', 'noParkingManagementFound', 'No parking management found.', '2025-10-15 14:29:34', '2025-10-25 08:07:55'),
('757', '0', 'eng', 'messages', 'branchKeyReset', 'Branch key reset successfully!', '2025-10-15 14:29:34', '2025-10-25 08:07:55'),
('758', '0', 'eng', 'messages', 'roleCreatedSuccessfully', 'Role created successfully!', '2025-10-15 14:29:34', '2025-10-25 08:07:55'),
('759', '0', 'eng', 'messages', 'copyPermissionsFrom', 'Copy permissions from role (optional)', '2025-10-15 14:29:34', '2025-10-25 08:07:55'),
('760', '0', 'eng', 'messages', 'protectedRole', 'Default role can not be deleted.', '2025-10-15 14:29:34', '2025-10-25 08:07:55'),
('761', '0', 'eng', 'messages', 'roleCannotBeUpdated', 'This role cannot be updated.', '2025-10-15 14:29:34', '2025-10-25 08:07:55'),
('762', '0', 'eng', 'messages', 'roleNotFound', 'Role not found.', '2025-10-15 14:29:34', '2025-10-25 08:07:55'),
('763', '0', 'eng', 'messages', 'roleUpdatedSuccessfully', 'Role updated successfully.', '2025-10-15 14:29:34', '2025-10-25 08:07:55'),
('764', '0', 'eng', 'messages', 'errorUpdatingRole', 'Error updating role: ', '2025-10-15 14:29:34', '2025-10-25 08:07:55'),
('765', '0', 'eng', 'messages', 'errorCreatingRole', 'Error creating role: ', '2025-10-15 14:29:34', '2025-10-25 08:07:55'),
('766', '0', 'eng', 'messages', 'roleCannotBeDeleted', 'This role cannot be deleted.', '2025-10-15 14:29:34', '2025-10-25 08:07:55'),
('767', '0', 'eng', 'messages', 'roleDeletedAndUsersReassigned', 'Role deleted and users reassigned successfully.', '2025-10-15 14:29:34', '2025-10-25 08:07:55'),
('768', '0', 'eng', 'messages', 'errorDeletingRole', 'Error deleting role: ', '2025-10-15 14:29:34', '2025-10-25 08:07:55'),
('769', '0', 'eng', 'messages', 'orderTypeDeleted', 'Order type deleted successfully!', '2025-10-15 14:29:34', '2025-10-25 08:07:55'),
('770', '0', 'eng', 'messages', 'modifierGroupAlreadyAssociatedWithVariation', 'This modifier group is already associated with selected variation.', '2025-10-15 14:29:34', '2025-10-25 08:07:55'),
('771', '0', 'eng', 'messages', 'userDeleted', 'User deleted successfully!', '2025-10-15 14:29:34', '2025-10-25 08:07:55'),
('772', '0', 'eng', 'messages', 'userRoleUpdated', 'User role updated successfully!', '2025-10-15 14:29:34', '2025-10-25 08:07:55'),
('773', '0', 'eng', 'messages', 'noUserFound', 'No user found.', '2025-10-15 14:29:34', '2025-10-25 08:07:55'),
('774', '0', 'eng', 'messages', 'areYouSureDeleteUser', 'Are you sure you want to delete this user?', '2025-10-15 14:29:34', '2025-10-25 08:07:55'),
('775', '0', 'eng', 'messages', 'cannotDeleteOwnAccount', 'You cannot delete your own account.', '2025-10-15 14:29:34', '2025-10-25 08:07:55'),
('776', '0', 'eng', 'messages', 'superadminUserAdded', 'Superadmin user added successfully!', '2025-10-15 14:29:34', '2025-10-25 08:07:55'),
('777', '0', 'eng', 'messages', 'superadminUserUpdated', 'Superadmin user updated successfully!', '2025-10-15 14:29:34', '2025-10-25 08:07:55'),
('778', '0', 'eng', 'messages', 'noUserFoundWithThisEmailAddress', 'No user found with this email address.', '2025-10-15 14:29:34', '2025-10-25 08:07:55'),
('779', '0', 'eng', 'messages', 'otpSentToYourEmailAddress', 'OTP sent to your email address.', '2025-10-15 14:29:34', '2025-10-25 08:07:55'),
('780', '0', 'eng', 'messages', 'invalidOrExpiredOtp', 'Invalid or expired OTP.', '2025-10-15 14:29:34', '2025-10-25 08:07:55'),
('781', '0', 'eng', 'messages', 'userNotFound', 'User not found.', '2025-10-15 14:29:34', '2025-10-25 08:07:55'),
('782', '0', 'eng', 'messages', 'otpResentSuccessfully', 'OTP resent successfully.', '2025-10-15 14:29:34', '2025-10-25 08:07:55'),
('783', '0', 'eng', 'messages', 'otpSentToYourPhoneNumber', 'OTP sent to your email address and phone number: :phone', '2025-10-15 14:29:34', '2025-10-25 08:07:55'),
('784', '0', 'eng', 'messages', 'invalidLicenseDate', 'Invalid license date. Please check your purchase code.', '2025-10-15 14:29:34', '2025-10-25 08:07:55'),
('785', '0', 'eng', 'messages', 'cancelFailed', 'Cancelation failed', '2025-10-15 14:29:34', '2025-10-25 08:07:55'),
('786', '0', 'eng', 'messages', 'paymentSuccess', 'Payment successful', '2025-10-15 14:29:34', '2025-10-25 08:07:55'),
('787', '0', 'eng', 'messages', 'tableLockedByUser', 'This table is currently being handled by :user. Please try again later.', '2025-10-15 14:29:34', '2025-10-25 08:07:55'),
('788', '0', 'eng', 'messages', 'tableHandledByUser', 'Table :table is currently being handled by :user. Please select a different table.', '2025-10-15 14:29:34', '2025-10-25 08:07:55'),
('789', '0', 'eng', 'messages', 'tableLocked', 'Table :table is currently being handled by you.', '2025-10-15 14:29:34', '2025-10-25 08:07:55'),
('790', '0', 'eng', 'messages', 'tableLockFailed', 'Could not lock table. Try again or choose another table.', '2025-10-15 14:29:34', '2025-10-25 08:07:55'),
('791', '0', 'eng', 'messages', 'tableNotFound', 'Table not found.', '2025-10-15 14:29:34', '2025-10-25 08:07:55'),
('792', '0', 'eng', 'messages', 'tableUnlockedSuccess', 'Table :table unlocked.', '2025-10-15 14:29:34', '2025-10-25 08:07:55'),
('793', '0', 'eng', 'messages', 'tableUnlockFailed', 'Could not unlock table.', '2025-10-15 14:29:34', '2025-10-25 08:07:55'),
('794', '0', 'eng', 'modules', 'menu.addMenu', 'Add Menu', '2025-10-15 14:29:34', '2025-10-25 08:07:48'),
('795', '0', 'eng', 'modules', 'menu.menuName', 'Menu Name', '2025-10-15 14:29:34', '2025-10-25 08:07:48'),
('796', '0', 'eng', 'modules', 'menu.allMenus', 'Menus', '2025-10-15 14:29:34', '2025-10-25 08:07:48'),
('797', '0', 'eng', 'modules', 'menu.chooseMenu', 'Choose Menu', '2025-10-15 14:29:34', '2025-10-25 08:07:48'),
('798', '0', 'eng', 'modules', 'menu.allMenuItems', 'Menu Items', '2025-10-15 14:29:34', '2025-10-25 08:07:48'),
('799', '0', 'eng', 'modules', 'menu.menuNameHelp', 'Enter the menu name below to create a new menu.', '2025-10-15 14:29:34', '2025-10-25 08:07:48'),
('800', '0', 'eng', 'modules', 'menu.item', 'Item(s)', '2025-10-15 14:29:34', '2025-10-25 08:07:48'),
('801', '0', 'eng', 'modules', 'menu.addMenuItem', 'Add Menu Item', '2025-10-15 14:29:34', '2025-10-25 08:07:48'),
('802', '0', 'eng', 'modules', 'menu.editMenuItem', 'Edit Menu Item', '2025-10-15 14:29:34', '2025-10-25 08:07:48'),
('803', '0', 'eng', 'modules', 'menu.itemCategory', 'Item Category', '2025-10-15 14:29:34', '2025-10-25 08:07:48'),
('804', '0', 'eng', 'modules', 'menu.addItemCategory', 'Add Item Category', '2025-10-15 14:29:34', '2025-10-25 08:07:48'),
('805', '0', 'eng', 'modules', 'menu.typeVeg', 'Veg', '2025-10-15 14:29:34', '2025-10-25 08:07:48'),
('806', '0', 'eng', 'modules', 'menu.addItem', 'Add Item', '2025-10-15 14:29:34', '2025-10-25 08:07:48'),
('807', '0', 'eng', 'modules', 'menu.typeNonVeg', 'Non Veg', '2025-10-15 14:29:34', '2025-10-25 08:07:48'),
('808', '0', 'eng', 'modules', 'menu.typeEgg', 'Egg', '2025-10-15 14:29:34', '2025-10-25 08:07:48'),
('809', '0', 'eng', 'modules', 'menu.typeDrink', 'Drink', '2025-10-15 14:29:34', '2025-10-25 08:07:48'),
('810', '0', 'eng', 'modules', 'menu.typeOther', 'Other', '2025-10-15 14:29:34', '2025-10-25 08:07:48'),
('811', '0', 'eng', 'modules', 'menu.veg', 'Veg', '2025-10-15 14:29:34', '2025-10-25 08:07:48'),
('812', '0', 'eng', 'modules', 'menu.non-veg', 'Non Veg', '2025-10-15 14:29:34', '2025-10-25 08:07:48'),
('813', '0', 'eng', 'modules', 'menu.egg', 'Contains Egg', '2025-10-15 14:29:34', '2025-10-25 08:07:48'),
('814', '0', 'eng', 'modules', 'menu.itemImage', 'Item Image', '2025-10-15 14:29:34', '2025-10-25 08:07:48'),
('815', '0', 'eng', 'modules', 'menu.hasVariations', 'Has Variations', '2025-10-15 14:29:34', '2025-10-25 08:07:48'),
('816', '0', 'eng', 'modules', 'menu.variationName', 'Variation Name', '2025-10-15 14:29:34', '2025-10-25 08:07:48'),
('817', '0', 'eng', 'modules', 'menu.addVariations', 'Add Variations', '2025-10-15 14:29:34', '2025-10-25 08:07:48'),
('818', '0', 'eng', 'modules', 'menu.menuItemHelp', 'Fill in the details below to add a new menu item.', '2025-10-15 14:29:34', '2025-10-25 08:07:48'),
('819', '0', 'eng', 'modules', 'menu.itemName', 'Item Name', '2025-10-15 14:29:34', '2025-10-25 08:07:48'),
('820', '0', 'eng', 'modules', 'menu.itemDescription', 'Item Description', '2025-10-15 14:29:34', '2025-10-25 08:07:48'),
('821', '0', 'eng', 'modules', 'menu.categoryName', 'Item Category Name', '2025-10-15 14:29:34', '2025-10-25 08:07:48'),
('822', '0', 'eng', 'modules', 'menu.setPrice', 'Price', '2025-10-15 14:29:34', '2025-10-25 08:07:48'),
('823', '0', 'eng', 'modules', 'menu.showVariations', 'Show Variations', '2025-10-15 14:29:34', '2025-10-25 08:07:48'),
('824', '0', 'eng', 'modules', 'menu.itemVariations', 'Item Variations', '2025-10-15 14:29:34', '2025-10-25 08:07:48'),
('825', '0', 'eng', 'modules', 'menu.deleteMenuItem', 'Delete Menu Item', '2025-10-15 14:29:34', '2025-10-25 08:07:48'),
('826', '0', 'eng', 'modules', 'menu.deleteItemCategory', 'Delete Item Category', '2025-10-15 14:29:34', '2025-10-25 08:07:48'),
('827', '0', 'eng', 'modules', 'menu.deleteVariant', 'Delete Variant', '2025-10-15 14:29:34', '2025-10-25 08:07:48'),
('828', '0', 'eng', 'modules', 'menu.deleteMenu', 'Delete Menu', '2025-10-15 14:29:34', '2025-10-25 08:07:48'),
('829', '0', 'eng', 'modules', 'menu.deleteVariantMessage', 'Are you sure you want to delete the item variant?', '2025-10-15 14:29:34', '2025-10-25 08:07:48'),
('830', '0', 'eng', 'modules', 'menu.deleteMenuItemMessage', 'Are you sure you want to delete the menu item?', '2025-10-15 14:29:34', '2025-10-25 08:07:48'),
('831', '0', 'eng', 'modules', 'menu.deleteMenuMessage', 'Are you sure you want to delete the menu?', '2025-10-15 14:29:34', '2025-10-25 08:07:48'),
('832', '0', 'eng', 'modules', 'menu.deleteCategoryMessage', 'Are you sure you want to delete the item category?', '2025-10-15 14:29:34', '2025-10-25 08:07:48'),
('833', '0', 'eng', 'modules', 'menu.filterType', 'Filter by Type', '2025-10-15 14:29:34', '2025-10-25 08:07:48'),
('834', '0', 'eng', 'modules', 'menu.filterCategory', 'Filter by Category', '2025-10-15 14:29:34', '2025-10-25 08:07:48'),
('835', '0', 'eng', 'modules', 'menu.itemType', 'Item Type', '2025-10-15 14:29:34', '2025-10-25 08:07:48'),
('836', '0', 'eng', 'modules', 'menu.preparationTime', 'Preparation Time', '2025-10-15 14:29:34', '2025-10-25 08:07:48'),
('837', '0', 'eng', 'modules', 'menu.minutes', 'Minutes', '2025-10-15 14:29:34', '2025-10-25 08:07:48'),
('838', '0', 'eng', 'modules', 'menu.browseMenu', 'Browse Menu', '2025-10-15 14:29:34', '2025-10-25 08:07:48'),
('839', '0', 'eng', 'modules', 'menu.isAvailable', 'Is Available', '2025-10-15 14:29:34', '2025-10-25 08:07:48'),
('840', '0', 'eng', 'modules', 'menu.filterAvailability', 'Filter by Availability', '2025-10-15 14:29:34', '2025-10-25 08:07:48'),
('841', '0', 'eng', 'modules', 'menu.itemAvailability', 'Item Availability', '2025-10-15 14:29:34', '2025-10-25 08:07:48'),
('842', '0', 'eng', 'modules', 'menu.available', 'Available', '2025-10-15 14:29:34', '2025-10-25 08:07:48'),
('843', '0', 'eng', 'modules', 'menu.notAvailable', 'Not Available', '2025-10-15 14:29:34', '2025-10-25 08:07:48'),
('844', '0', 'eng', 'modules', 'menu.drink', 'Drink', '2025-10-15 14:29:34', '2025-10-25 08:07:48'),
('845', '0', 'eng', 'modules', 'menu.addCustomer', 'Add Customer', '2025-10-15 14:29:34', '2025-10-25 08:07:48'),
('846', '0', 'eng', 'modules', 'menu.translations', 'Translations', '2025-10-15 14:29:34', '2025-10-25 08:07:48'),
('847', '0', 'eng', 'modules', 'menu.notTranslated', 'Not Translated', '2025-10-15 14:29:34', '2025-10-25 08:07:48'),
('848', '0', 'eng', 'modules', 'menu.selectLanguage', 'Select Language', '2025-10-15 14:29:34', '2025-10-25 08:07:48'),
('849', '0', 'eng', 'modules', 'menu.showMore', 'Show More', '2025-10-15 14:29:34', '2025-10-25 08:07:48'),
('850', '0', 'eng', 'modules', 'menu.showLess', 'Show Less', '2025-10-15 14:29:34', '2025-10-25 08:07:48'),
('851', '0', 'eng', 'modules', 'menu.kitchenType', 'Kitchen Type', '2025-10-15 14:29:34', '2025-10-25 08:07:48'),
('852', '0', 'eng', 'modules', 'menu.SelectKitchenType', 'Select Kitchen Type', '2025-10-15 14:29:34', '2025-10-25 08:07:48'),
('853', '0', 'eng', 'modules', 'menu.showOnCustomerSite', 'Show on Customer Site', '2025-10-15 14:29:34', '2025-10-25 08:07:48'),
('854', '0', 'eng', 'modules', 'menu.sortManager', 'Menu Organizer', '2025-10-15 14:29:34', '2025-10-25 08:07:48'),
('855', '0', 'eng', 'modules', 'menu.sortMenuItems', 'Organize Menu Items', '2025-10-15 14:29:34', '2025-10-25 08:07:48'),
('856', '0', 'eng', 'modules', 'menu.sortManagerInfoMessage', 'Drag and drop to organize menus, items and categories. Click a menu or category to filter and focus your item list.', '2025-10-15 14:29:34', '2025-10-25 08:07:48'),
('857', '0', 'eng', 'modules', 'menu.taxInclusiveInfo', 'Price includes :percent% tax (:tax) on base amount :base.', '2025-10-15 14:29:34', '2025-10-25 08:07:48'),
('858', '0', 'eng', 'modules', 'menu.taxExclusiveInfo', 'Price excludes :percent% tax (:tax) on base amount :base.', '2025-10-15 14:29:34', '2025-10-25 08:07:48'),
('859', '0', 'eng', 'modules', 'menu.taxBreakdown', 'Tax Breakdown', '2025-10-15 14:29:34', '2025-10-25 08:07:48'),
('860', '0', 'eng', 'modules', 'menu.fromActualBreakdown', 'From Actual Breakdown', '2025-10-15 14:29:34', '2025-10-25 08:07:48'),
('861', '0', 'eng', 'modules', 'menu.basePrice', 'Base Price', '2025-10-15 14:29:34', '2025-10-25 08:07:48'),
('862', '0', 'eng', 'modules', 'menu.tax', 'Tax', '2025-10-15 14:29:34', '2025-10-25 08:07:48'),
('863', '0', 'eng', 'modules', 'menu.total', 'Total', '2025-10-15 14:29:34', '2025-10-25 08:07:48'),
('864', '0', 'eng', 'modules', 'menu.priceIncludesTax', 'This price includes tax (tax inclusive pricing)', '2025-10-15 14:29:34', '2025-10-25 08:07:48'),
('865', '0', 'eng', 'modules', 'menu.taxAddedToPrice', 'Tax will be added to this price (tax exclusive pricing)', '2025-10-15 14:29:34', '2025-10-25 08:07:48'),
('866', '0', 'eng', 'modules', 'menu.selectTaxes', 'Select Applicable Taxes', '2025-10-15 14:29:34', '2025-10-25 08:07:48'),
('867', '0', 'eng', 'modules', 'menu.inStock', 'In Stock', '2025-10-15 14:29:34', '2025-10-25 08:07:48'),
('868', '0', 'eng', 'modules', 'menu.typeHalal', 'Halal', '2025-10-15 14:29:34', '2025-10-25 08:07:48'),
('869', '0', 'eng', 'modules', 'menu.bulkUpload', 'Bulk Upload', '2025-10-15 14:29:34', '2025-10-25 08:07:48'),
('870', '0', 'eng', 'modules', 'menu.bulkUploadMenuItems', 'Bulk Upload Menu Items', '2025-10-15 14:29:34', '2025-10-25 08:07:48'),
('871', '0', 'eng', 'modules', 'menu.uploadFile', 'Upload File', '2025-10-15 14:29:34', '2025-10-25 08:07:48'),
('872', '0', 'eng', 'modules', 'menu.dragDropFile', 'Drag and drop your CSV or Excel file here, or click to browse', '2025-10-15 14:29:34', '2025-10-25 08:07:48'),
('873', '0', 'eng', 'modules', 'menu.chooseFile', 'Choose file', '2025-10-15 14:29:34', '2025-10-25 08:07:48'),
('874', '0', 'eng', 'modules', 'menu.selectKitchen', 'Select Kitchen', '2025-10-15 14:29:34', '2025-10-25 08:07:48'),
('875', '0', 'eng', 'modules', 'menu.selectKitchenDescription', 'Choose which kitchen these menu items will be assigned to:', '2025-10-15 14:29:34', '2025-10-25 08:07:48'),
('876', '0', 'eng', 'modules', 'menu.kitchenSelected', 'Kitchen Selected:', '2025-10-15 14:29:34', '2025-10-25 08:07:48'),
('877', '0', 'eng', 'modules', 'menu.startImport', 'Start Import', '2025-10-15 14:29:34', '2025-10-25 08:07:48'),
('878', '0', 'eng', 'modules', 'menu.startNewUpload', 'Start New Upload', '2025-10-15 14:29:34', '2025-10-25 08:07:48'),
('879', '0', 'eng', 'modules', 'menu.importInProgress', 'Import in Progress', '2025-10-15 14:29:34', '2025-10-25 08:07:48'),
('880', '0', 'eng', 'modules', 'menu.validatingFile', 'Validating file...', '2025-10-15 14:29:34', '2025-10-25 08:07:48'),
('881', '0', 'eng', 'modules', 'menu.processingData', 'Processing data...', '2025-10-15 14:29:34', '2025-10-25 08:07:48'),
('882', '0', 'eng', 'modules', 'menu.countingRows', 'Counting rows', '2025-10-15 14:29:34', '2025-10-25 08:07:48'),
('883', '0', 'eng', 'modules', 'menu.processingRow', 'Processing row', '2025-10-15 14:29:34', '2025-10-25 08:07:48'),
('884', '0', 'eng', 'modules', 'menu.importingData', 'Importing data', '2025-10-15 14:29:34', '2025-10-25 08:07:48'),
('885', '0', 'eng', 'modules', 'menu.finalizingImport', 'Finalizing import', '2025-10-15 14:29:34', '2025-10-25 08:07:48'),
('886', '0', 'eng', 'modules', 'menu.importCompleted', 'Import Completed', '2025-10-15 14:29:34', '2025-10-25 08:07:48'),
('887', '0', 'eng', 'modules', 'menu.importFailed', 'Import Failed', '2025-10-15 14:29:34', '2025-10-25 08:07:48'),
('888', '0', 'eng', 'modules', 'menu.importSummary', 'Import Summary', '2025-10-15 14:29:34', '2025-10-25 08:07:48'),
('889', '0', 'eng', 'modules', 'menu.totalRecords', 'Total Records', '2025-10-15 14:29:34', '2025-10-25 08:07:48'),
('890', '0', 'eng', 'modules', 'menu.successfulImports', 'Successful Imports', '2025-10-15 14:29:34', '2025-10-25 08:07:48'),
('891', '0', 'eng', 'modules', 'menu.failedImports', 'Failed Imports', '2025-10-15 14:29:34', '2025-10-25 08:07:48'),
('892', '0', 'eng', 'modules', 'menu.autoCreated', 'Auto-Created', '2025-10-15 14:29:34', '2025-10-25 08:07:48'),
('893', '0', 'eng', 'modules', 'menu.categoriesCreated', 'Categories Created', '2025-10-15 14:29:34', '2025-10-25 08:07:48'),
('894', '0', 'eng', 'modules', 'menu.menusCreated', 'Menus Created', '2025-10-15 14:29:34', '2025-10-25 08:07:48'),
('895', '0', 'eng', 'modules', 'menu.importErrors', 'Import Errors', '2025-10-15 14:29:34', '2025-10-25 08:07:48'),
('896', '0', 'eng', 'modules', 'menu.downloadSampleFile', 'Download Sample File', '2025-10-15 14:29:34', '2025-10-25 08:07:48'),
('897', '0', 'eng', 'modules', 'menu.requiredColumns', 'Required Columns', '2025-10-15 14:29:34', '2025-10-25 08:07:48'),
('898', '0', 'eng', 'modules', 'menu.requiredColumnsDescription', 'Your CSV file must include these columns:', '2025-10-15 14:29:34', '2025-10-25 08:07:48'),
('899', '0', 'eng', 'modules', 'menu.availableInSystem', 'Available in Your System', '2025-10-15 14:29:34', '2025-10-25 08:07:48'),
('900', '0', 'eng', 'modules', 'menu.availableInSystemDescription', 'Use these exact names in your CSV file, or create new ones - they will be auto-created if missing.', '2025-10-15 14:29:34', '2025-10-25 08:07:48'),
('901', '0', 'eng', 'modules', 'menu.categories', 'Categories', '2025-10-15 14:29:34', '2025-10-25 08:07:48'),
('902', '0', 'eng', 'modules', 'menu.menus', 'Menus', '2025-10-15 14:29:34', '2025-10-25 08:07:48'),
('903', '0', 'eng', 'modules', 'menu.kitchens', 'Kitchens', '2025-10-15 14:29:34', '2025-10-25 08:07:48'),
('904', '0', 'eng', 'modules', 'menu.importInstructions', 'Import Instructions', '2025-10-15 14:29:34', '2025-10-25 08:07:48'),
('905', '0', 'eng', 'modules', 'menu.importInstructionsDescription', 'Follow these steps to bulk import your menu items:', '2025-10-15 14:29:34', '2025-10-25 08:07:48'),
('906', '0', 'eng', 'modules', 'menu.step1', 'Step 1: Download the sample file to see the required format', '2025-10-15 14:29:34', '2025-10-25 08:07:48'),
('907', '0', 'eng', 'modules', 'menu.step2', 'Step 2: Fill in your menu item data using the sample as a guide', '2025-10-15 14:29:34', '2025-10-25 08:07:48'),
('908', '0', 'eng', 'modules', 'menu.step3', 'Step 3: Upload your completed file and select a kitchen', '2025-10-15 14:29:34', '2025-10-25 08:07:48'),
('909', '0', 'eng', 'modules', 'menu.step4', 'Step 4: Click \"Start Import\" to begin the process', '2025-10-15 14:29:34', '2025-10-25 08:07:48'),
('910', '0', 'eng', 'modules', 'menu.tryAgain', 'Try Again', '2025-10-15 14:29:34', '2025-10-25 08:07:48'),
('911', '0', 'eng', 'modules', 'menu.done', 'Done', '2025-10-15 14:29:34', '2025-10-25 08:07:48'),
('912', '0', 'eng', 'modules', 'menu.close', 'Close', '2025-10-15 14:29:34', '2025-10-25 08:07:48'),
('913', '0', 'eng', 'modules', 'menu.backToMenuItems', 'Back to Menu Items', '2025-10-15 14:29:34', '2025-10-25 08:07:48'),
('914', '0', 'eng', 'modules', 'menu.csvPreview', 'CSV Preview', '2025-10-15 14:29:34', '2025-10-25 08:07:48'),
('915', '0', 'eng', 'modules', 'menu.reviewAndMapColumns', 'Review your data and map CSV columns to database fields', '2025-10-15 14:29:34', '2025-10-25 08:07:48'),
('916', '0', 'eng', 'modules', 'menu.columnMapping', 'Column Mapping', '2025-10-15 14:29:34', '2025-10-25 08:07:48'),
('917', '0', 'eng', 'modules', 'menu.dataPreview', 'Data Preview', '2025-10-15 14:29:34', '2025-10-25 08:07:48'),
('918', '0', 'eng', 'modules', 'menu.type', 'Type', '2025-10-15 14:29:34', '2025-10-25 08:07:48'),
('919', '0', 'eng', 'modules', 'table.allAreas', 'All Areas', '2025-10-15 14:29:34', '2025-10-25 08:07:48'),
('920', '0', 'eng', 'modules', 'table.addArea', 'Add Area', '2025-10-15 14:29:34', '2025-10-25 08:07:48'),
('921', '0', 'eng', 'modules', 'table.editArea', 'Edit Area', '2025-10-15 14:29:34', '2025-10-25 08:07:48'),
('922', '0', 'eng', 'modules', 'table.areaName', 'Area Name', '2025-10-15 14:29:34', '2025-10-25 08:07:48'),
('923', '0', 'eng', 'modules', 'table.noOfTables', 'No Of Tables', '2025-10-15 14:29:34', '2025-10-25 08:07:48'),
('924', '0', 'eng', 'modules', 'table.deleteArea', 'Delete Area', '2025-10-15 14:29:34', '2025-10-25 08:07:48'),
('925', '0', 'eng', 'modules', 'table.deleteAreaMessage', 'Are you sure you want to delete the area?', '2025-10-15 14:29:34', '2025-10-25 08:07:48'),
('926', '0', 'eng', 'modules', 'table.seats', 'Seat(s)', '2025-10-15 14:29:34', '2025-10-25 08:07:48'),
('927', '0', 'eng', 'modules', 'table.addTable', 'Add Table', '2025-10-15 14:29:34', '2025-10-25 08:07:48'),
('928', '0', 'eng', 'modules', 'table.editTable', 'Edit Table', '2025-10-15 14:29:34', '2025-10-25 08:07:48'),
('929', '0', 'eng', 'modules', 'table.tableView', 'Table View', '2025-10-15 14:29:34', '2025-10-25 08:07:48'),
('930', '0', 'eng', 'modules', 'table.tableCode', 'Table Code', '2025-10-15 14:29:34', '2025-10-25 08:07:48'),
('931', '0', 'eng', 'modules', 'table.chooseArea', 'Choose Area', '2025-10-15 14:29:34', '2025-10-25 08:07:48'),
('932', '0', 'eng', 'modules', 'table.seatingCapacity', 'Seating Capacity', '2025-10-15 14:29:34', '2025-10-25 08:07:48'),
('933', '0', 'eng', 'modules', 'table.table', 'Table', '2025-10-15 14:29:34', '2025-10-25 08:07:48'),
('934', '0', 'eng', 'modules', 'table.available', 'Available', '2025-10-15 14:29:34', '2025-10-25 08:07:48'),
('935', '0', 'eng', 'modules', 'table.running', 'Running', '2025-10-15 14:29:34', '2025-10-25 08:07:48'),
('936', '0', 'eng', 'modules', 'table.reserved', 'Reserved', '2025-10-15 14:29:34', '2025-10-25 08:07:48'),
('937', '0', 'eng', 'modules', 'table.filterAvailable', 'Filter by Availability', '2025-10-15 14:29:34', '2025-10-25 08:07:48'),
('938', '0', 'eng', 'modules', 'table.availableTables', 'Available Tables', '2025-10-15 14:29:34', '2025-10-25 08:07:48'),
('939', '0', 'eng', 'modules', 'table.deleteTable', 'Delete Table?', '2025-10-15 14:29:34', '2025-10-25 08:07:48'),
('940', '0', 'eng', 'modules', 'table.deleteTableMessage', 'Are you sure you want to delete the table?', '2025-10-15 14:29:34', '2025-10-25 08:07:48'),
('941', '0', 'eng', 'modules', 'table.selectTable', 'Select Table', '2025-10-15 14:29:34', '2025-10-25 08:07:48'),
('942', '0', 'eng', 'modules', 'table.tableAvailability', 'Table Availability', '2025-10-15 14:29:34', '2025-10-25 08:07:48'),
('943', '0', 'eng', 'modules', 'table.generateQrCode', 'Generate QR Code', '2025-10-15 14:29:34', '2025-10-25 08:07:48'),
('944', '0', 'eng', 'modules', 'table.tableLockManager', 'Table Lock Manager', '2025-10-15 14:29:34', '2025-10-25 08:07:48'),
('945', '0', 'eng', 'modules', 'table.totalLocked', 'Total Locked', '2025-10-15 14:29:34', '2025-10-25 08:07:48'),
('946', '0', 'eng', 'modules', 'table.expiredLocks', 'Expired Locks', '2025-10-15 14:29:34', '2025-10-25 08:07:48'),
('947', '0', 'eng', 'modules', 'table.lockTimeout', 'Lock Timeout', '2025-10-15 14:29:34', '2025-10-25 08:07:48'),
('948', '0', 'eng', 'modules', 'table.cleanupExpiredLocks', 'Cleanup Expired Locks', '2025-10-15 14:29:34', '2025-10-25 08:07:48'),
('949', '0', 'eng', 'modules', 'table.currentlyLockedTables', 'Currently Locked Tables', '2025-10-15 14:29:34', '2025-10-25 08:07:48'),
('950', '0', 'eng', 'modules', 'table.noLockedTables', 'No tables are currently locked', '2025-10-15 14:29:34', '2025-10-25 08:07:48'),
('951', '0', 'eng', 'modules', 'table.lockedBy', 'Locked by', '2025-10-15 14:29:34', '2025-10-25 08:07:48'),
('952', '0', 'eng', 'modules', 'table.lockedAt', 'Locked at', '2025-10-15 14:29:34', '2025-10-25 08:07:48'),
('953', '0', 'eng', 'modules', 'table.area', 'Area', '2025-10-15 14:29:34', '2025-10-25 08:07:48'),
('954', '0', 'eng', 'modules', 'table.forceUnlock', 'Force Unlock', '2025-10-15 14:29:34', '2025-10-25 08:07:48'),
('955', '0', 'eng', 'modules', 'table.confirmForceUnlock', 'Are you sure you want to force unlock this table?', '2025-10-15 14:29:34', '2025-10-25 08:07:48'),
('956', '0', 'eng', 'modules', 'table.locked', 'Locked', '2025-10-15 14:29:34', '2025-10-25 08:07:48'),
('957', '0', 'eng', 'modules', 'table.lockedByYou', 'Locked by You', '2025-10-15 14:29:34', '2025-10-25 08:07:48'),
('958', '0', 'eng', 'modules', 'table.tableLocked', 'Table Locked', '2025-10-15 14:29:34', '2025-10-25 08:07:48'),
('959', '0', 'eng', 'modules', 'table.tableUnlocked', 'Table Unlocked', '2025-10-15 14:29:34', '2025-10-25 08:07:48'),
('960', '0', 'eng', 'modules', 'table.lockExpired', 'Lock Expired', '2025-10-15 14:29:34', '2025-10-25 08:07:48'),
('961', '0', 'eng', 'modules', 'table.lockTooltip', 'Hover for details', '2025-10-15 14:29:34', '2025-10-25 08:07:48'),
('962', '0', 'eng', 'modules', 'table.realTimeUpdates', 'Real-time Updates', '2025-10-15 14:29:34', '2025-10-25 08:07:48'),
('963', '0', 'eng', 'modules', 'table.refreshInterval', 'Refresh Interval', '2025-10-15 14:29:34', '2025-10-25 08:07:48'),
('964', '0', 'eng', 'modules', 'table.refresh', 'Refresh', '2025-10-15 14:29:34', '2025-10-25 08:07:48'),
('965', '0', 'eng', 'modules', 'order.date', 'Date', '2025-10-15 14:29:34', '2025-10-25 08:07:48'),
('966', '0', 'eng', 'modules', 'order.dateParts', 'Date Parts', '2025-10-15 14:29:34', '2025-10-25 08:07:48'),
('967', '0', 'eng', 'modules', 'order.showYear', 'Show Year', '2025-10-15 14:29:34', '2025-10-25 08:07:48'),
('968', '0', 'eng', 'modules', 'order.showMonth', 'Show Month', '2025-10-15 14:29:34', '2025-10-25 08:07:48'),
('969', '0', 'eng', 'modules', 'order.showDay', 'Show Day', '2025-10-15 14:29:34', '2025-10-25 08:07:48'),
('970', '0', 'eng', 'modules', 'order.showTime', 'Show Time', '2025-10-15 14:29:34', '2025-10-25 08:07:48'),
('971', '0', 'eng', 'modules', 'order.custom', 'Custom', '2025-10-15 14:29:34', '2025-10-25 08:07:48'),
('972', '0', 'eng', 'modules', 'order.qty', 'Qty', '2025-10-15 14:29:34', '2025-10-25 08:07:48'),
('973', '0', 'eng', 'modules', 'order.price', 'Price', '2025-10-15 14:29:34', '2025-10-25 08:07:48'),
('974', '0', 'eng', 'modules', 'order.amount', 'Amount', '2025-10-15 14:29:34', '2025-10-25 08:07:48'),
('975', '0', 'eng', 'modules', 'order.balanceReturn', 'Balance Returned', '2025-10-15 14:29:34', '2025-10-25 08:07:48'),
('976', '0', 'eng', 'modules', 'order.noOfPax', 'Pax', '2025-10-15 14:29:34', '2025-10-25 08:07:48'),
('977', '0', 'eng', 'modules', 'order.selectWaiter', 'Select Waiter', '2025-10-15 14:29:34', '2025-10-25 08:07:48'),
('978', '0', 'eng', 'modules', 'order.selectDeliveryExecutive', 'Select Delivery Executive', '2025-10-15 14:29:34', '2025-10-25 08:07:48'),
('979', '0', 'eng', 'modules', 'order.totalItem', 'Item(s)', '2025-10-15 14:29:34', '2025-10-25 08:07:48'),
('980', '0', 'eng', 'modules', 'order.subTotal', 'Sub Total', '2025-10-15 14:29:34', '2025-10-25 08:07:48'),
('981', '0', 'eng', 'modules', 'order.total', 'Total', '2025-10-15 14:29:34', '2025-10-25 08:07:48'),
('982', '0', 'eng', 'modules', 'order.totalOrder', 'Total Orders', '2025-10-15 14:29:34', '2025-10-25 08:07:48'),
('983', '0', 'eng', 'modules', 'order.orderNumber', 'Order', '2025-10-15 14:29:34', '2025-10-25 08:07:48'),
('984', '0', 'eng', 'modules', 'order.prefixType', 'Prefix Type', '2025-10-15 14:29:34', '2025-10-25 08:07:48'),
('985', '0', 'eng', 'modules', 'order.customPrefix', 'Custom Prefix', '2025-10-15 14:29:34', '2025-10-25 08:07:48'),
('986', '0', 'eng', 'modules', 'order.resetDaily', 'Reset Sequence Daily', '2025-10-15 14:29:34', '2025-10-25 08:07:48'),
('987', '0', 'eng', 'modules', 'order.resetDailyHelp', 'If enabled, the order number sequence will reset every day.', '2025-10-15 14:29:34', '2025-10-25 08:07:48'),
('988', '0', 'eng', 'modules', 'order.separator', 'Separator', '2025-10-15 14:29:34', '2025-10-25 08:07:48'),
('989', '0', 'eng', 'modules', 'order.digits', 'Number Digits', '2025-10-15 14:29:34', '2025-10-25 08:07:48'),
('990', '0', 'eng', 'modules', 'order.preview', 'Preview', '2025-10-15 14:29:34', '2025-10-25 08:07:48'),
('991', '0', 'eng', 'modules', 'order.previewHelp', 'This is a live preview of how your next order ID will be generated.', '2025-10-15 14:29:35', '2025-10-25 08:07:48'),
('992', '0', 'eng', 'modules', 'order.select', 'Select', '2025-10-15 14:29:35', '2025-10-25 08:07:48'),
('993', '0', 'eng', 'modules', 'order.setTable', 'Assign Table', '2025-10-15 14:29:35', '2025-10-25 08:07:48'),
('994', '0', 'eng', 'modules', 'order.changeTable', 'Change Table', '2025-10-15 14:29:35', '2025-10-25 08:07:48'),
('995', '0', 'eng', 'modules', 'order.kot', 'KOT', '2025-10-15 14:29:35', '2025-10-25 08:07:48'),
('996', '0', 'eng', 'modules', 'order.kotAndPrint', 'KOT & Print', '2025-10-15 14:29:35', '2025-10-25 08:07:48'),
('997', '0', 'eng', 'modules', 'order.print_kot', 'Print KOT', '2025-10-15 14:29:35', '2025-10-25 08:07:48'),
('998', '0', 'eng', 'modules', 'order.newKot', 'New KOT', '2025-10-15 14:29:35', '2025-10-25 08:07:48'),
('999', '0', 'eng', 'modules', 'order.bill', 'BILL', '2025-10-15 14:29:35', '2025-10-25 08:07:48'),
('1000', '0', 'eng', 'modules', 'order.draft', 'Waiting KOT', '2025-10-15 14:29:35', '2025-10-25 08:07:48');

INSERT INTO `ltm_translations` VALUES
('1001', '0', 'eng', 'modules', 'order.billed', 'Billed', '2025-10-15 14:29:35', '2025-10-25 08:07:48'),
('1002', '0', 'eng', 'modules', 'order.paid', 'Paid', '2025-10-15 14:29:35', '2025-10-25 08:07:48'),
('1003', '0', 'eng', 'modules', 'order.payment_due', 'Payment Due', '2025-10-15 14:29:35', '2025-10-25 08:07:48'),
('1004', '0', 'eng', 'modules', 'order.canceled', 'Canceled', '2025-10-15 14:29:35', '2025-10-25 08:07:48'),
('1005', '0', 'eng', 'modules', 'order.infodraft', 'Not sent to Kitchen', '2025-10-15 14:29:35', '2025-10-25 08:07:48'),
('1006', '0', 'eng', 'modules', 'order.infokot', 'Cooking Now', '2025-10-15 14:29:35', '2025-10-25 08:07:48'),
('1007', '0', 'eng', 'modules', 'order.infobilled', 'Waiting for Payment', '2025-10-15 14:29:35', '2025-10-25 08:07:48'),
('1008', '0', 'eng', 'modules', 'order.infopaid', 'Payment Done', '2025-10-15 14:29:35', '2025-10-25 08:07:48'),
('1009', '0', 'eng', 'modules', 'order.infopayment_due', 'Payment is Pending', '2025-10-15 14:29:35', '2025-10-25 08:07:48'),
('1010', '0', 'eng', 'modules', 'order.infocanceled', 'Order Canceled', '2025-10-15 14:29:35', '2025-10-25 08:07:48'),
('1011', '0', 'eng', 'modules', 'order.addCustomerDetails', 'Add Customer Details', '2025-10-15 14:29:35', '2025-10-25 08:07:48'),
('1012', '0', 'eng', 'modules', 'order.addPayment', 'Add Payment', '2025-10-15 14:29:35', '2025-10-25 08:07:48'),
('1013', '0', 'eng', 'modules', 'order.addItems', 'Add Items', '2025-10-15 14:29:35', '2025-10-25 08:07:48'),
('1014', '0', 'eng', 'modules', 'order.waiter', 'Waiter', '2025-10-15 14:29:35', '2025-10-25 08:07:48'),
('1015', '0', 'eng', 'modules', 'order.in_kitchen', 'In Kitchen', '2025-10-15 14:29:35', '2025-10-25 08:07:48'),
('1016', '0', 'eng', 'modules', 'order.start_cooking', 'Start Cooking', '2025-10-15 14:29:35', '2025-10-25 08:07:48'),
('1017', '0', 'eng', 'modules', 'order.food_ready', 'Food is Ready', '2025-10-15 14:29:35', '2025-10-25 08:07:48'),
('1018', '0', 'eng', 'modules', 'order.pending_confirmation', 'Pending Confirmation', '2025-10-15 14:29:35', '2025-10-25 08:07:48'),
('1019', '0', 'eng', 'modules', 'order.served', 'Food is Served', '2025-10-15 14:29:35', '2025-10-25 08:07:48'),
('1020', '0', 'eng', 'modules', 'order.addNote', 'Add Note', '2025-10-15 14:29:35', '2025-10-25 08:07:48'),
('1021', '0', 'eng', 'modules', 'order.orderNote', 'Order Note', '2025-10-15 14:29:35', '2025-10-25 08:07:48'),
('1022', '0', 'eng', 'modules', 'order.cancelKot', 'Cancel KOT', '2025-10-15 14:29:35', '2025-10-25 08:07:48'),
('1023', '0', 'eng', 'modules', 'order.cancelKotMessage', 'This will cancel the KOT.', '2025-10-15 14:29:35', '2025-10-25 08:07:48'),
('1024', '0', 'eng', 'modules', 'order.showOrder', 'Show Order', '2025-10-15 14:29:35', '2025-10-25 08:07:48'),
('1025', '0', 'eng', 'modules', 'order.cash', 'Cash', '2025-10-15 14:29:35', '2025-10-25 08:07:48'),
('1026', '0', 'eng', 'modules', 'order.card', 'Card', '2025-10-15 14:29:35', '2025-10-25 08:07:48'),
('1027', '0', 'eng', 'modules', 'order.upi', 'UPI', '2025-10-15 14:29:35', '2025-10-25 08:07:48'),
('1028', '0', 'eng', 'modules', 'order.due', 'Due', '2025-10-15 14:29:35', '2025-10-25 08:07:48'),
('1029', '0', 'eng', 'modules', 'order.other', 'Other', '2025-10-15 14:29:35', '2025-10-25 08:07:48'),
('1030', '0', 'eng', 'modules', 'order.payViaCash', 'Pay via Cash', '2025-10-15 14:29:35', '2025-10-25 08:07:48'),
('1031', '0', 'eng', 'modules', 'order.payViacard', 'Pay via Card', '2025-10-15 14:29:35', '2025-10-25 08:07:48'),
('1032', '0', 'eng', 'modules', 'order.payViaupi', 'Pay via UPI', '2025-10-15 14:29:35', '2025-10-25 08:07:48'),
('1033', '0', 'eng', 'modules', 'order.returnAmount', 'Amount to be returned', '2025-10-15 14:29:35', '2025-10-25 08:07:48'),
('1034', '0', 'eng', 'modules', 'order.payableAmount', 'Payable Amount', '2025-10-15 14:29:35', '2025-10-25 08:07:48'),
('1035', '0', 'eng', 'modules', 'order.dueAmount', 'Due Amount', '2025-10-15 14:29:35', '2025-10-25 08:07:48'),
('1036', '0', 'eng', 'modules', 'order.paymentMethod', 'Payment Method', '2025-10-15 14:29:35', '2025-10-25 08:07:48'),
('1037', '0', 'eng', 'modules', 'order.method', 'Method', '2025-10-15 14:29:35', '2025-10-25 08:07:48'),
('1038', '0', 'eng', 'modules', 'order.taxes', 'Taxes', '2025-10-15 14:29:35', '2025-10-25 08:07:48'),
('1039', '0', 'eng', 'modules', 'order.viewCart', 'View Cart', '2025-10-15 14:29:35', '2025-10-25 08:07:48'),
('1040', '0', 'eng', 'modules', 'order.placeOrder', 'Place Order', '2025-10-15 14:29:35', '2025-10-25 08:07:48'),
('1041', '0', 'eng', 'modules', 'order.myOrders', 'My Orders', '2025-10-15 14:29:35', '2025-10-25 08:07:48'),
('1042', '0', 'eng', 'modules', 'order.includeTax', 'Includes Taxes', '2025-10-15 14:29:35', '2025-10-25 08:07:48'),
('1043', '0', 'eng', 'modules', 'order.payNow', 'Pay Now', '2025-10-15 14:29:35', '2025-10-25 08:07:48'),
('1044', '0', 'eng', 'modules', 'order.payLater', 'Pay Later', '2025-10-15 14:29:35', '2025-10-25 08:07:48'),
('1045', '0', 'eng', 'modules', 'order.payViaQr', 'Pay via QR Code', '2025-10-15 14:29:35', '2025-10-25 08:07:48'),
('1046', '0', 'eng', 'modules', 'order.chooseGateway', 'Choose payment gateway', '2025-10-15 14:29:35', '2025-10-25 08:07:48'),
('1047', '0', 'eng', 'modules', 'order.razorpay', 'Razorpay', '2025-10-15 14:29:35', '2025-10-25 08:07:48'),
('1048', '0', 'eng', 'modules', 'order.stripe', 'Stripe', '2025-10-15 14:29:35', '2025-10-25 08:07:48'),
('1049', '0', 'eng', 'modules', 'order.offline', 'Offline', '2025-10-15 14:29:35', '2025-10-25 08:07:48'),
('1050', '0', 'eng', 'modules', 'order.flutterwave', 'Flutterwave', '2025-10-15 14:29:35', '2025-10-25 08:07:48'),
('1051', '0', 'eng', 'modules', 'order.xendit', 'Xendit', '2025-10-15 14:29:35', '2025-10-25 08:07:48'),
('1052', '0', 'eng', 'modules', 'order.transactionId', 'Transaction ID', '2025-10-15 14:29:35', '2025-10-25 08:07:48'),
('1053', '0', 'eng', 'modules', 'order.cancelOrder', 'Cancel Order', '2025-10-15 14:29:35', '2025-10-25 08:07:48'),
('1054', '0', 'eng', 'modules', 'order.cancelOrderMessage', 'This will cancel the order and delete any associated payments. Are you sure you want to proceed?', '2025-10-15 14:29:35', '2025-10-25 08:07:48'),
('1055', '0', 'eng', 'modules', 'order.activeOrder', 'Active Orders', '2025-10-15 14:29:35', '2025-10-25 08:07:48'),
('1056', '0', 'eng', 'modules', 'order.todayOrder', 'Today\'s Orders', '2025-10-15 14:29:35', '2025-10-25 08:07:48'),
('1057', '0', 'eng', 'modules', 'order.dine_in', 'Dine In', '2025-10-15 14:29:35', '2025-10-25 08:07:48'),
('1058', '0', 'eng', 'modules', 'order.delivery', 'Delivery', '2025-10-15 14:29:35', '2025-10-25 08:07:48'),
('1059', '0', 'eng', 'modules', 'order.pickup', 'Pickup', '2025-10-15 14:29:35', '2025-10-25 08:07:48'),
('1060', '0', 'eng', 'modules', 'order.pickupAt', 'Pickup At', '2025-10-15 14:29:35', '2025-10-25 08:07:48'),
('1061', '0', 'eng', 'modules', 'order.out_for_delivery', 'Out For Delivery', '2025-10-15 14:29:35', '2025-10-25 08:07:48'),
('1062', '0', 'eng', 'modules', 'order.infoout_for_delivery', 'Order is out for delivery', '2025-10-15 14:29:35', '2025-10-25 08:07:48'),
('1063', '0', 'eng', 'modules', 'order.delivered', 'Delivered', '2025-10-15 14:29:35', '2025-10-25 08:07:48'),
('1064', '0', 'eng', 'modules', 'order.infodelivered', 'Order is Delivered', '2025-10-15 14:29:35', '2025-10-25 08:07:48'),
('1065', '0', 'eng', 'modules', 'order.newOrder', 'New Order', '2025-10-15 14:29:35', '2025-10-25 08:07:48'),
('1066', '0', 'eng', 'modules', 'order.splitBill', 'Split Bill', '2025-10-15 14:29:35', '2025-10-25 08:07:48'),
('1067', '0', 'eng', 'modules', 'order.fullPayment', 'Full Payment', '2025-10-15 14:29:35', '2025-10-25 08:07:48'),
('1068', '0', 'eng', 'modules', 'order.splitByItems', 'Split by Items', '2025-10-15 14:29:35', '2025-10-25 08:07:48'),
('1069', '0', 'eng', 'modules', 'order.availableItems', 'Available Items', '2025-10-15 14:29:35', '2025-10-25 08:07:48'),
('1070', '0', 'eng', 'modules', 'order.clickToAdd', 'Click item to add to split', '2025-10-15 14:29:35', '2025-10-25 08:07:48'),
('1071', '0', 'eng', 'modules', 'order.itemsInSplit', 'Items in Split', '2025-10-15 14:29:35', '2025-10-25 08:07:48'),
('1072', '0', 'eng', 'modules', 'order.noItemsInSplit', 'No items added to this split yet', '2025-10-15 14:29:35', '2025-10-25 08:07:48'),
('1073', '0', 'eng', 'modules', 'order.newSplit', 'New Split', '2025-10-15 14:29:35', '2025-10-25 08:07:48'),
('1074', '0', 'eng', 'modules', 'order.changeMethod', 'Change Method', '2025-10-15 14:29:35', '2025-10-25 08:07:48'),
('1075', '0', 'eng', 'modules', 'order.equalSplit', 'Equal Split', '2025-10-15 14:29:35', '2025-10-25 08:07:48'),
('1076', '0', 'eng', 'modules', 'order.splitEqually', 'Split equally', '2025-10-15 14:29:35', '2025-10-25 08:07:48'),
('1077', '0', 'eng', 'modules', 'order.customSplit', 'Custom Split', '2025-10-15 14:29:35', '2025-10-25 08:07:48'),
('1078', '0', 'eng', 'modules', 'order.splitByAmount', 'Split by amount', '2025-10-15 14:29:35', '2025-10-25 08:07:48'),
('1079', '0', 'eng', 'modules', 'order.splitByDishes', 'Split by dishes', '2025-10-15 14:29:35', '2025-10-25 08:07:48'),
('1080', '0', 'eng', 'modules', 'order.base', 'Base', '2025-10-15 14:29:35', '2025-10-25 08:07:48'),
('1081', '0', 'eng', 'modules', 'order.tax', 'Tax', '2025-10-15 14:29:35', '2025-10-25 08:07:48'),
('1082', '0', 'eng', 'modules', 'order.payment', 'Payment', '2025-10-15 14:29:35', '2025-10-25 08:07:48'),
('1083', '0', 'eng', 'modules', 'order.orderHash', 'Order #', '2025-10-15 14:29:35', '2025-10-25 08:07:48'),
('1084', '0', 'eng', 'modules', 'order.totalBill', 'Total Bill', '2025-10-15 14:29:35', '2025-10-25 08:07:48'),
('1085', '0', 'eng', 'modules', 'order.amountPaid', 'Amount Paid', '2025-10-15 14:29:35', '2025-10-25 08:07:48'),
('1086', '0', 'eng', 'modules', 'order.splitAmount', 'Split Amount', '2025-10-15 14:29:35', '2025-10-25 08:07:48'),
('1087', '0', 'eng', 'modules', 'order.remaining', 'Remaining', '2025-10-15 14:29:35', '2025-10-25 08:07:48'),
('1088', '0', 'eng', 'modules', 'order.quantity', 'Quantity', '2025-10-15 14:29:35', '2025-10-25 08:07:48'),
('1089', '0', 'eng', 'modules', 'order.remove', 'Remove', '2025-10-15 14:29:35', '2025-10-25 08:07:48'),
('1090', '0', 'eng', 'modules', 'order.completePayment', 'Complete Payment', '2025-10-15 14:29:35', '2025-10-25 08:07:48'),
('1091', '0', 'eng', 'modules', 'order.createBillAndPrintReceipt', 'Bill & Print', '2025-10-15 14:29:35', '2025-10-25 08:07:48'),
('1092', '0', 'eng', 'modules', 'order.billAndPayment', 'Bill & Payment', '2025-10-15 14:29:35', '2025-10-25 08:07:48'),
('1093', '0', 'eng', 'modules', 'order.discount', 'Discount', '2025-10-15 14:29:35', '2025-10-25 08:07:48'),
('1094', '0', 'eng', 'modules', 'order.addDiscount', 'Add Discount', '2025-10-15 14:29:35', '2025-10-25 08:07:48'),
('1095', '0', 'eng', 'modules', 'order.discountType', 'Discount Type', '2025-10-15 14:29:35', '2025-10-25 08:07:48'),
('1096', '0', 'eng', 'modules', 'order.fixed', 'Fixed', '2025-10-15 14:29:35', '2025-10-25 08:07:48'),
('1097', '0', 'eng', 'modules', 'order.percent', 'Percent', '2025-10-15 14:29:35', '2025-10-25 08:07:48'),
('1098', '0', 'eng', 'modules', 'order.discountValue', 'Discount Value', '2025-10-15 14:29:35', '2025-10-25 08:07:48'),
('1099', '0', 'eng', 'modules', 'order.enterDiscountValue', 'Enter Discount Value', '2025-10-15 14:29:35', '2025-10-25 08:07:48'),
('1100', '0', 'eng', 'modules', 'order.calculatedDiscount', 'Calculated Discount', '2025-10-15 14:29:35', '2025-10-25 08:07:48'),
('1101', '0', 'eng', 'modules', 'order.noOrderType', 'Orders Disabled', '2025-10-15 14:29:35', '2025-10-25 08:07:48'),
('1102', '0', 'eng', 'modules', 'order.enableOrderType', 'You need to enable orders in settings to start taking orders', '2025-10-15 14:29:35', '2025-10-25 08:07:48'),
('1103', '0', 'eng', 'modules', 'order.enableOrderTypeButton', 'Enable Orders', '2025-10-15 14:29:35', '2025-10-25 08:07:48'),
('1104', '0', 'eng', 'modules', 'order.deleteOrder', 'Delete Order', '2025-10-15 14:29:35', '2025-10-25 08:07:48'),
('1105', '0', 'eng', 'modules', 'order.deleteOrderMessage', 'Are you sure you want to delete the order?', '2025-10-15 14:29:35', '2025-10-25 08:07:48'),
('1106', '0', 'eng', 'modules', 'order.deleteOrderItem', 'Delete Order Item', '2025-10-15 14:29:35', '2025-10-25 08:07:48'),
('1107', '0', 'eng', 'modules', 'order.deleteOrderItemMessage', 'Are you sure you want to delete this item from the order?', '2025-10-15 14:29:35', '2025-10-25 08:07:48'),
('1108', '0', 'eng', 'modules', 'order.deliveryExecutive', 'Delivery Executive', '2025-10-15 14:29:35', '2025-10-25 08:07:48'),
('1109', '0', 'eng', 'modules', 'order.selectOrderTypes', 'Select Order Types', '2025-10-15 14:29:35', '2025-10-25 08:07:48'),
('1110', '0', 'eng', 'modules', 'order.extraCharges', 'Charges', '2025-10-15 14:29:35', '2025-10-25 08:07:48'),
('1111', '0', 'eng', 'modules', 'order.orderItems', 'Order Items', '2025-10-15 14:29:35', '2025-10-25 08:07:48'),
('1112', '0', 'eng', 'modules', 'order.priceDetails', 'Price Details', '2025-10-15 14:29:35', '2025-10-25 08:07:48'),
('1113', '0', 'eng', 'modules', 'order.paymentInformation', 'Payment Information', '2025-10-15 14:29:35', '2025-10-25 08:07:48'),
('1114', '0', 'eng', 'modules', 'order.paymentPending', 'Payment Pending', '2025-10-15 14:29:35', '2025-10-25 08:07:48'),
('1115', '0', 'eng', 'modules', 'order.itemPaymentStatus', 'Item Payment Status', '2025-10-15 14:29:35', '2025-10-25 08:07:48'),
('1116', '0', 'eng', 'modules', 'order.addTip', 'Add Tip', '2025-10-15 14:29:35', '2025-10-25 08:07:48'),
('1117', '0', 'eng', 'modules', 'order.tipAdded', 'Tip Added', '2025-10-15 14:29:35', '2025-10-25 08:07:48'),
('1118', '0', 'eng', 'modules', 'order.tip', 'Tip', '2025-10-15 14:29:35', '2025-10-25 08:07:48'),
('1119', '0', 'eng', 'modules', 'order.totalExcludingTip', '(Excluding Tip)', '2025-10-15 14:29:35', '2025-10-25 08:07:48'),
('1120', '0', 'eng', 'modules', 'order.tipAmount', 'Tip Amount', '2025-10-15 14:29:35', '2025-10-25 08:07:48'),
('1121', '0', 'eng', 'modules', 'order.tipNote', 'Tip Note', '2025-10-15 14:29:35', '2025-10-25 08:07:48'),
('1122', '0', 'eng', 'modules', 'order.currentTotal', 'Current Total', '2025-10-15 14:29:35', '2025-10-25 08:07:48'),
('1123', '0', 'eng', 'modules', 'order.newTotal', 'New Total', '2025-10-15 14:29:35', '2025-10-25 08:07:48'),
('1124', '0', 'eng', 'modules', 'order.suggestedTip', 'Suggested Tip', '2025-10-15 14:29:35', '2025-10-25 08:07:48'),
('1125', '0', 'eng', 'modules', 'order.customAmount', 'Custom Amount', '2025-10-15 14:29:35', '2025-10-25 08:07:48'),
('1126', '0', 'eng', 'modules', 'order.continueOrder', 'Continue Ordering', '2025-10-15 14:29:35', '2025-10-25 08:07:48'),
('1127', '0', 'eng', 'modules', 'order.orderStatus', 'Set Order Status', '2025-10-15 14:29:35', '2025-10-25 08:07:48'),
('1128', '0', 'eng', 'modules', 'order.infoready', 'Food is Ready', '2025-10-15 14:29:35', '2025-10-25 08:07:48'),
('1129', '0', 'eng', 'modules', 'order.infodefault', 'Unknown Status', '2025-10-15 14:29:35', '2025-10-25 08:07:48'),
('1130', '0', 'eng', 'modules', 'order.selectStatus', 'Select Status', '2025-10-15 14:29:35', '2025-10-25 08:07:48'),
('1131', '0', 'eng', 'modules', 'order.Order Placed', 'Order Placed', '2025-10-15 14:29:35', '2025-10-25 08:07:48'),
('1132', '0', 'eng', 'modules', 'order.Order Confirmed', 'Order Confirmed', '2025-10-15 14:29:35', '2025-10-25 08:07:48'),
('1133', '0', 'eng', 'modules', 'order.Order Preparing', 'Order Preparing', '2025-10-15 14:29:35', '2025-10-25 08:07:48'),
('1134', '0', 'eng', 'modules', 'order.Order is Ready for Pickup', 'Order is Ready for Pickup', '2025-10-15 14:29:35', '2025-10-25 08:07:48'),
('1135', '0', 'eng', 'modules', 'order.Order is Out for Delivery', 'Order is Out for Delivery', '2025-10-15 14:29:35', '2025-10-25 08:07:48'),
('1136', '0', 'eng', 'modules', 'order.Order Served', 'Order Served', '2025-10-15 14:29:35', '2025-10-25 08:07:48'),
('1137', '0', 'eng', 'modules', 'order.Delivered', 'Delivered', '2025-10-15 14:29:35', '2025-10-25 08:07:48'),
('1138', '0', 'eng', 'modules', 'order.moveTo', 'Move to', '2025-10-15 14:29:35', '2025-10-25 08:07:48'),
('1139', '0', 'eng', 'modules', 'order.info_placed', 'Order Placed', '2025-10-15 14:29:35', '2025-10-25 08:07:48'),
('1140', '0', 'eng', 'modules', 'order.info_confirmed', 'Order Confirmed', '2025-10-15 14:29:35', '2025-10-25 08:07:48'),
('1141', '0', 'eng', 'modules', 'order.info_preparing', 'Order Preparing', '2025-10-15 14:29:35', '2025-10-25 08:07:48'),
('1142', '0', 'eng', 'modules', 'order.info_ready_for_pickup', 'Order is Ready for Pickup', '2025-10-15 14:29:35', '2025-10-25 08:07:48'),
('1143', '0', 'eng', 'modules', 'order.info_out_for_delivery', 'Order is Out for Delivery', '2025-10-15 14:29:35', '2025-10-25 08:07:48'),
('1144', '0', 'eng', 'modules', 'order.info_served', 'Order Served', '2025-10-15 14:29:35', '2025-10-25 08:07:48'),
('1145', '0', 'eng', 'modules', 'order.info_delivered', 'Delivered', '2025-10-15 14:29:35', '2025-10-25 08:07:48'),
('1146', '0', 'eng', 'modules', 'order.info_cancelled', 'Order Cancelled', '2025-10-15 14:29:35', '2025-10-25 08:07:48'),
('1147', '0', 'eng', 'modules', 'order.orderCancelledMessage', 'This Order is cancelled and cannot be modified', '2025-10-15 14:29:35', '2025-10-25 08:07:48'),
('1148', '0', 'eng', 'modules', 'order.others', 'Others', '2025-10-15 14:29:35', '2025-10-25 08:07:48'),
('1149', '0', 'eng', 'modules', 'order.pending_verification', 'Payment Verification', '2025-10-15 14:29:35', '2025-10-25 08:07:48'),
('1150', '0', 'eng', 'modules', 'order.pendingPaymentVerification', 'Payment Verification Pending', '2025-10-15 14:29:35', '2025-10-25 08:07:48'),
('1151', '0', 'eng', 'modules', 'order.confirmPayment', 'Confirm Payment', '2025-10-15 14:29:35', '2025-10-25 08:07:48'),
('1152', '0', 'eng', 'modules', 'order.reportUnpaid', 'Report Unpaid', '2025-10-15 14:29:35', '2025-10-25 08:07:48'),
('1153', '0', 'eng', 'modules', 'order.viewOnMap', 'View on Map', '2025-10-15 14:29:35', '2025-10-25 08:07:48'),
('1154', '0', 'eng', 'modules', 'order.estimatedDeliveryTime', 'Estimated Delivery Time', '2025-10-15 14:29:35', '2025-10-25 08:07:48'),
('1155', '0', 'eng', 'modules', 'order.deliveryFee', 'Delivery Fee', '2025-10-15 14:29:35', '2025-10-25 08:07:48'),
('1156', '0', 'eng', 'modules', 'order.kotTicket', 'KOT Ticket', '2025-10-15 14:29:35', '2025-10-25 08:07:48'),
('1157', '0', 'eng', 'modules', 'order.kitchenOrderTicket', 'Kitchen Order Ticket', '2025-10-15 14:29:35', '2025-10-25 08:07:48'),
('1158', '0', 'eng', 'modules', 'order.specialInstructions', 'Special Instructions', '2025-10-15 14:29:35', '2025-10-25 08:07:48'),
('1159', '0', 'eng', 'modules', 'order.order', 'Order', '2025-10-15 14:29:35', '2025-10-25 08:07:48'),
('1160', '0', 'eng', 'modules', 'order.paypal', 'PayPal', '2025-10-15 14:29:35', '2025-10-25 08:07:48'),
('1161', '0', 'eng', 'modules', 'order.updateCustomerDetails', 'Update Customer Details', '2025-10-15 14:29:35', '2025-10-25 08:07:48'),
('1162', '0', 'eng', 'modules', 'order.markAsReady', 'Mark Ready', '2025-10-15 14:29:35', '2025-10-25 08:07:48'),
('1163', '0', 'eng', 'modules', 'order.ready', 'Food is Ready', '2025-10-15 14:29:35', '2025-10-25 08:07:48'),
('1164', '0', 'eng', 'modules', 'order.undo', 'Undo', '2025-10-15 14:29:35', '2025-10-25 08:07:48'),
('1165', '0', 'eng', 'modules', 'order.itemReady', 'Item Ready', '2025-10-15 14:29:35', '2025-10-25 08:07:48'),
('1166', '0', 'eng', 'modules', 'order.itemCooking', 'Item Cooking', '2025-10-15 14:29:35', '2025-10-25 08:07:48'),
('1167', '0', 'eng', 'modules', 'order.payfast', 'PayFast', '2025-10-15 14:29:35', '2025-10-25 08:07:48'),
('1168', '0', 'eng', 'modules', 'order.all', 'All', '2025-10-15 14:29:35', '2025-10-25 08:07:48'),
('1169', '0', 'eng', 'modules', 'order.note', 'Note', '2025-10-15 14:29:35', '2025-10-25 08:07:48'),
('1170', '0', 'eng', 'modules', 'order.paymentDetails', 'Payment Details', '2025-10-15 14:29:35', '2025-10-25 08:07:48'),
('1171', '0', 'eng', 'modules', 'order.paystack', 'Paystack', '2025-10-15 14:29:35', '2025-10-25 08:07:48'),
('1172', '0', 'eng', 'modules', 'order.kotBillAndPayment', 'KOT, Bill & Payment', '2025-10-15 14:29:35', '2025-10-25 08:07:48'),
('1173', '0', 'eng', 'modules', 'order.cancelled', 'Cancelled', '2025-10-15 14:29:35', '2025-10-25 08:07:48'),
('1174', '0', 'eng', 'modules', 'order.prefixSettings', 'Prefix Settings', '2025-10-15 14:29:35', '2025-10-25 08:07:48'),
('1175', '0', 'eng', 'modules', 'order.orderSettingsHelp', 'Configure order settings to manage how orders are processed.', '2025-10-15 14:29:35', '2025-10-25 08:07:48'),
('1176', '0', 'eng', 'modules', 'order.totalTax', 'Total Tax', '2025-10-15 14:29:35', '2025-10-25 08:07:48'),
('1177', '0', 'eng', 'modules', 'order.itemTax', 'Item Tax', '2025-10-15 14:29:35', '2025-10-25 08:07:48'),
('1178', '0', 'eng', 'modules', 'order.itemTaxBreakdown', 'Item Tax Breakdown', '2025-10-15 14:29:35', '2025-10-25 08:07:48'),
('1179', '0', 'eng', 'modules', 'order.toggleTaxDetails', 'Toggle Tax Details', '2025-10-15 14:29:35', '2025-10-25 08:07:48'),
('1180', '0', 'eng', 'modules', 'order.increaseQuantity', 'Increase Quantity', '2025-10-15 14:29:35', '2025-10-25 08:07:48'),
('1181', '0', 'eng', 'modules', 'order.decreaseQuantity', 'Decrease Quantity', '2025-10-15 14:29:35', '2025-10-25 08:07:48'),
('1182', '0', 'eng', 'modules', 'order.thankYouMessage', 'Thank you for your order!', '2025-10-15 14:29:35', '2025-10-25 08:07:48'),
('1183', '0', 'eng', 'modules', 'order.pleaseProceedToPayment', 'Please proceed to payment.', '2025-10-15 14:29:35', '2025-10-25 08:07:48'),
('1184', '0', 'eng', 'modules', 'order.amountDue', 'Amount Due', '2025-10-15 14:29:35', '2025-10-25 08:07:48'),
('1185', '0', 'eng', 'modules', 'order.pleaseReviewOrder', 'Please review your order and proceed to payment.', '2025-10-15 14:29:35', '2025-10-25 08:07:48'),
('1186', '0', 'eng', 'modules', 'order.pickUpDateTime', 'Pickup Date & Time', '2025-10-15 14:29:35', '2025-10-25 08:07:48'),
('1187', '0', 'eng', 'modules', 'order.pickupDate', 'Pickup Date:', '2025-10-15 14:29:35', '2025-10-25 08:07:48'),
('1188', '0', 'eng', 'modules', 'order.orderDate', 'Order Date:', '2025-10-15 14:29:35', '2025-10-25 08:07:48'),
('1189', '0', 'eng', 'modules', 'order.selectPickupDateTime', 'Select Pickup Date - Time', '2025-10-15 14:29:35', '2025-10-25 08:07:48'),
('1190', '0', 'eng', 'modules', 'order.defineYourOwnPrefix', 'Define your own prefix.', '2025-10-15 14:29:35', '2025-10-25 08:07:48'),
('1191', '0', 'eng', 'modules', 'order.useTheCurrentDate', 'Use the current date.', '2025-10-15 14:29:35', '2025-10-25 08:07:48'),
('1192', '0', 'eng', 'modules', 'order.combineBranchIdWithDate', 'Combine branch ID with date.', '2025-10-15 14:29:35', '2025-10-25 08:07:48'),
('1193', '0', 'eng', 'modules', 'order.thisIsALivePreview', 'This is a live preview of how your next order ID will be generated.', '2025-10-15 14:29:35', '2025-10-25 08:07:48'),
('1194', '0', 'eng', 'modules', 'order.branchPrefix', 'Branch Prefix', '2025-10-15 14:29:35', '2025-10-25 08:07:48'),
('1195', '0', 'eng', 'modules', 'order.branchPrefixHelp', 'Prefix example: ODR, BR01, Taco Bell (TB). Use a short code to identify your orders.', '2025-10-15 14:29:35', '2025-10-25 08:07:48'),
('1196', '0', 'eng', 'modules', 'order.customPrefixFeatureDisabled', 'Custom prefix off. Using default (e.g. #23).', '2025-10-15 14:29:35', '2025-10-25 08:07:48'),
('1197', '0', 'eng', 'modules', 'order.enableOrderPrefix', 'Enable Order Prefix Settings', '2025-10-15 14:29:35', '2025-10-25 08:07:48'),
('1198', '0', 'eng', 'modules', 'order.enableOrderPrefixDescription', 'Enable this to use custom order number prefixes as per your settings. If disabled, the system will use default order numbering without any custom prefix.', '2025-10-15 14:29:35', '2025-10-25 08:07:48'),
('1199', '0', 'eng', 'modules', 'order.bank_transfer', 'Bank Transfer', '2025-10-15 14:29:35', '2025-10-25 08:07:48'),
('1200', '0', 'eng', 'modules', 'order.reservationConfirmation', 'Reservation Confirmation', '2025-10-15 14:29:35', '2025-10-25 08:07:48'),
('1201', '0', 'eng', 'modules', 'order.tableHasReservation', 'This table has an active reservation', '2025-10-15 14:29:35', '2025-10-25 08:07:48'),
('1202', '0', 'eng', 'modules', 'order.reservationFor', 'Reservation for', '2025-10-15 14:29:35', '2025-10-25 08:07:48'),
('1203', '0', 'eng', 'modules', 'order.reservationTime', 'Reservation time', '2025-10-15 14:29:35', '2025-10-25 08:07:48'),
('1204', '0', 'eng', 'modules', 'order.isThisSameCustomer', 'Is this the same customer who made the reservation?', '2025-10-15 14:29:35', '2025-10-25 08:07:48'),
('1205', '0', 'eng', 'modules', 'order.sameCustomer', 'Same Customer', '2025-10-15 14:29:35', '2025-10-25 08:07:48'),
('1206', '0', 'eng', 'modules', 'order.differentCustomer', 'Different Customer', '2025-10-15 14:29:35', '2025-10-25 08:07:48'),
('1207', '0', 'eng', 'modules', 'order.grandTotal', 'Grand Total', '2025-10-15 14:29:35', '2025-10-25 08:07:48'),
('1208', '0', 'eng', 'modules', 'order.splitTotal', 'Split Total', '2025-10-15 14:29:35', '2025-10-25 08:07:48'),
('1209', '0', 'eng', 'modules', 'order.remainingAmount', 'Remaining Amount', '2025-10-15 14:29:35', '2025-10-25 08:07:48'),
('1210', '0', 'eng', 'modules', 'order.amountPerSplit', 'Amount per split', '2025-10-15 14:29:35', '2025-10-25 08:07:48'),
('1211', '0', 'eng', 'modules', 'order.menuItemImageSettings', 'Menu Item Image Settings', '2025-10-15 14:29:35', '2025-10-25 08:07:48'),
('1212', '0', 'eng', 'modules', 'order.hideMenuItemImageOnPos', 'Hide Menu Item Image on POS', '2025-10-15 14:29:35', '2025-10-25 08:07:48'),
('1213', '0', 'eng', 'modules', 'order.hideMenuItemImageOnCustomerSite', 'Hide Menu Item Image on Customer Site', '2025-10-15 14:29:35', '2025-10-25 08:07:48'),
('1214', '0', 'eng', 'modules', 'order.hideMenuItemImageOnPosDescription', 'Hide the menu item image on the POS.', '2025-10-15 14:29:35', '2025-10-25 08:07:48'),
('1215', '0', 'eng', 'modules', 'order.hideMenuItemImageOnCustomerSiteDescription', 'Hide the menu item image on the customer site.', '2025-10-15 14:29:35', '2025-10-25 08:07:48'),
('1216', '0', 'eng', 'modules', 'order.paddle', 'Paddle', '2025-10-15 14:29:35', '2025-10-25 08:07:48'),
('1217', '0', 'eng', 'modules', 'order.tokenNumberSettings', 'Token Number Settings', '2025-10-15 14:29:35', '2025-10-25 08:07:48'),
('1218', '0', 'eng', 'modules', 'order.tokenNumberSettingsDescription', 'Enable token numbers for specific order types. Tokens reset daily and are unique per order type.', '2025-10-15 14:29:35', '2025-10-25 08:07:48'),
('1219', '0', 'eng', 'modules', 'order.tokenNumber', 'Token #', '2025-10-15 14:29:35', '2025-10-25 08:07:48'),
('1220', '0', 'eng', 'modules', 'order.customerOrderBoard', 'Customer Order Board', '2025-10-15 14:29:35', '2025-10-25 08:07:48'),
('1221', '0', 'eng', 'modules', 'order.preparing', 'Preparing', '2025-10-15 14:29:35', '2025-10-25 08:07:48'),
('1222', '0', 'eng', 'modules', 'order.readyForPickup', 'Ready for Pickup', '2025-10-15 14:29:35', '2025-10-25 08:07:48'),
('1223', '0', 'eng', 'modules', 'order.noOrders', 'Waiting for orders...', '2025-10-15 14:29:35', '2025-10-25 08:07:48'),
('1224', '0', 'eng', 'modules', 'customer.addCustomer', 'Add Customer', '2025-10-15 14:29:35', '2025-10-25 08:07:48'),
('1225', '0', 'eng', 'modules', 'customer.name', 'Customer Name', '2025-10-15 14:29:35', '2025-10-25 08:07:48'),
('1226', '0', 'eng', 'modules', 'customer.phone', 'Phone', '2025-10-15 14:29:35', '2025-10-25 08:07:48'),
('1227', '0', 'eng', 'modules', 'customer.email', 'Email Address', '2025-10-15 14:29:35', '2025-10-25 08:07:48'),
('1228', '0', 'eng', 'modules', 'customer.customerAddress', 'Customer Address', '2025-10-15 14:29:35', '2025-10-25 08:07:48'),
('1229', '0', 'eng', 'modules', 'customer.address', 'Address', '2025-10-15 14:29:35', '2025-10-25 08:07:48'),
('1230', '0', 'eng', 'modules', 'customer.enterName', 'Please enter your name', '2025-10-15 14:29:35', '2025-10-25 08:07:48'),
('1231', '0', 'eng', 'modules', 'customer.enterCustomerName', 'Please enter customer name', '2025-10-15 14:29:35', '2025-10-25 08:07:48'),
('1232', '0', 'eng', 'modules', 'customer.editCustomer', 'Edit Customer', '2025-10-15 14:29:35', '2025-10-25 08:07:48'),
('1233', '0', 'eng', 'modules', 'customer.deleteCustomer', 'Delete Customer', '2025-10-15 14:29:35', '2025-10-25 08:07:48'),
('1234', '0', 'eng', 'modules', 'customer.deleteWithOrder', 'Delete with their Orders', '2025-10-15 14:29:35', '2025-10-25 08:07:48'),
('1235', '0', 'eng', 'modules', 'customer.deleteCustomerMessage', 'Are you sure you want to delete the customer?', '2025-10-15 14:29:35', '2025-10-25 08:07:48'),
('1236', '0', 'eng', 'modules', 'customer.customer', 'Customer', '2025-10-15 14:29:35', '2025-10-25 08:07:48'),
('1237', '0', 'eng', 'modules', 'customer.importCustomer', 'Import Customer', '2025-10-15 14:29:35', '2025-10-25 08:07:48'),
('1238', '0', 'eng', 'modules', 'customer.totalAmountReceived', 'Total Amount Received', '2025-10-15 14:29:35', '2025-10-25 08:07:48'),
('1239', '0', 'eng', 'modules', 'customer.enterCustomerPhone', 'You can search and insert customer phone number here', '2025-10-15 14:29:35', '2025-10-25 08:07:48'),
('1240', '0', 'eng', 'modules', 'customer.searchOrCreate', 'Search existing customers or create a new one', '2025-10-15 14:29:35', '2025-10-25 08:07:48'),
('1241', '0', 'eng', 'modules', 'customer.searchCustomer', 'Search Customer', '2025-10-15 14:29:35', '2025-10-25 08:07:48'),
('1242', '0', 'eng', 'modules', 'customer.searchPlaceholder', 'Search by name, phone, or email...', '2025-10-15 14:29:35', '2025-10-25 08:07:48'),
('1243', '0', 'eng', 'modules', 'customer.foundCustomers', 'Found :count customer(s)', '2025-10-15 14:29:35', '2025-10-25 08:07:48'),
('1244', '0', 'eng', 'modules', 'customer.noCustomersFound', 'No customers found', '2025-10-15 14:29:35', '2025-10-25 08:07:48'),
('1245', '0', 'eng', 'modules', 'customer.noCustomersMatching', 'We couldn\'t find any customers matching \":query\"', '2025-10-15 14:29:35', '2025-10-25 08:07:48'),
('1246', '0', 'eng', 'modules', 'customer.createNewCustomer', 'Create New Customer', '2025-10-15 14:29:35', '2025-10-25 08:07:48'),
('1247', '0', 'eng', 'modules', 'customer.customerDetails', 'Customer Details', '2025-10-15 14:29:35', '2025-10-25 08:07:48'),
('1248', '0', 'eng', 'modules', 'customer.existingCustomer', 'Existing Customer', '2025-10-15 14:29:35', '2025-10-25 08:07:48'),
('1249', '0', 'eng', 'modules', 'customer.createNewInstead', 'Create New Instead', '2025-10-15 14:29:35', '2025-10-25 08:07:48'),
('1250', '0', 'eng', 'modules', 'customer.enterPhoneNumber', 'Enter phone number', '2025-10-15 14:29:35', '2025-10-25 08:07:48'),
('1251', '0', 'eng', 'modules', 'customer.enterEmailAddress', 'Enter email address', '2025-10-15 14:29:35', '2025-10-25 08:07:48'),
('1252', '0', 'eng', 'modules', 'customer.enterDeliveryAddress', 'Enter delivery address', '2025-10-15 14:29:35', '2025-10-25 08:07:48'),
('1253', '0', 'eng', 'modules', 'customer.walkin', 'Walkin', '2025-10-15 14:29:35', '2025-10-25 08:07:48'),
('1254', '0', 'eng', 'modules', 'settings.appSettings', 'App Settings', '2025-10-15 14:29:35', '2025-10-25 08:07:48'),
('1255', '0', 'eng', 'modules', 'settings.restaurantInformation', 'Restaurant Information', '2025-10-15 14:29:35', '2025-10-25 08:07:48'),
('1256', '0', 'eng', 'modules', 'settings.restaurantName', 'Restaurant Name', '2025-10-15 14:29:35', '2025-10-25 08:07:48'),
('1257', '0', 'eng', 'modules', 'settings.restaurantPhoneNumber', 'Restaurant Phone Number', '2025-10-15 14:29:35', '2025-10-25 08:07:48'),
('1258', '0', 'eng', 'modules', 'settings.restaurantEmailAddress', 'Restaurant Email Address', '2025-10-15 14:29:35', '2025-10-25 08:07:48'),
('1259', '0', 'eng', 'modules', 'settings.restaurantAddress', 'Restaurant Address', '2025-10-15 14:29:35', '2025-10-25 08:07:48'),
('1260', '0', 'eng', 'modules', 'settings.generalHelp', 'Enter the general information about your restaurant.', '2025-10-15 14:29:35', '2025-10-25 08:07:48'),
('1261', '0', 'eng', 'modules', 'settings.countryTimezone', 'Restaurant\'s Country, Timezone & Currency', '2025-10-15 14:29:35', '2025-10-25 08:07:48'),
('1262', '0', 'eng', 'modules', 'settings.restaurantCountry', 'Country', '2025-10-15 14:29:35', '2025-10-25 08:07:48'),
('1263', '0', 'eng', 'modules', 'settings.restaurantTimezone', 'Time Zone', '2025-10-15 14:29:35', '2025-10-25 08:07:48'),
('1264', '0', 'eng', 'modules', 'settings.timezone', 'Time Zone', '2025-10-15 14:29:35', '2025-10-25 08:07:48'),
('1265', '0', 'eng', 'modules', 'settings.selectTimezone', 'Select Timezone', '2025-10-15 14:29:35', '2025-10-25 08:07:48'),
('1266', '0', 'eng', 'modules', 'settings.showTax', 'Show Tax Id on Orders', '2025-10-15 14:29:35', '2025-10-25 08:07:48'),
('1267', '0', 'eng', 'modules', 'settings.addMore', 'Add More', '2025-10-15 14:29:35', '2025-10-25 08:07:48'),
('1268', '0', 'eng', 'modules', 'settings.addTax', 'Add Tax', '2025-10-15 14:29:35', '2025-10-25 08:07:48'),
('1269', '0', 'eng', 'modules', 'settings.restaurantCurrency', 'Currency', '2025-10-15 14:29:35', '2025-10-25 08:07:48'),
('1270', '0', 'eng', 'modules', 'settings.predefinedAmounts', 'Preset Amounts', '2025-10-15 14:29:35', '2025-10-25 08:07:48'),
('1271', '0', 'eng', 'modules', 'settings.editAmounts', 'Edit Amounts', '2025-10-15 14:29:35', '2025-10-25 08:07:48'),
('1272', '0', 'eng', 'modules', 'settings.editPredefinedAmounts', 'Edit Preset Amounts', '2025-10-15 14:29:35', '2025-10-25 08:07:48'),
('1273', '0', 'eng', 'modules', 'settings.enterAmount', 'Enter Amount', '2025-10-15 14:29:35', '2025-10-25 08:07:48'),
('1274', '0', 'eng', 'modules', 'settings.addAmount', 'Add Amount', '2025-10-15 14:29:35', '2025-10-25 08:07:48'),
('1275', '0', 'eng', 'modules', 'settings.themeColor', 'Theme Color', '2025-10-15 14:29:35', '2025-10-25 08:07:48'),
('1276', '0', 'eng', 'modules', 'settings.themeSettings', 'Theme Settings', '2025-10-15 14:29:35', '2025-10-25 08:07:48'),
('1277', '0', 'eng', 'modules', 'settings.restaurantLogo', 'Show Restaurant Logo', '2025-10-15 14:29:35', '2025-10-25 08:07:48'),
('1278', '0', 'eng', 'modules', 'settings.uploadLogo', 'Upload Logo', '2025-10-15 14:29:35', '2025-10-25 08:07:48'),
('1279', '0', 'eng', 'modules', 'settings.removeLogo', 'Remove Logo', '2025-10-15 14:29:35', '2025-10-25 08:07:48'),
('1280', '0', 'eng', 'modules', 'settings.paymentgatewaySettings', 'Payment Gateways', '2025-10-15 14:29:35', '2025-10-25 08:07:48'),
('1281', '0', 'eng', 'modules', 'settings.paymentHelp', 'Enter payment gateway credentials to receive order payments.', '2025-10-15 14:29:35', '2025-10-25 08:07:48'),
('1282', '0', 'eng', 'modules', 'settings.paymentHelpSuperadmin', 'Enter payment gateway credentials to receive subscription payments.', '2025-10-15 14:29:35', '2025-10-25 08:07:48'),
('1283', '0', 'eng', 'modules', 'settings.enableRazorpay', 'Enable Razorpay', '2025-10-15 14:29:35', '2025-10-25 08:07:48'),
('1284', '0', 'eng', 'modules', 'settings.enableStripe', 'Enable Stripe', '2025-10-15 14:29:35', '2025-10-25 08:07:48'),
('1285', '0', 'eng', 'modules', 'settings.enableFlutterwave', 'Enable Flutterwave', '2025-10-15 14:29:35', '2025-10-25 08:07:48'),
('1286', '0', 'eng', 'modules', 'settings.enablePaypal', 'Enable Paypal', '2025-10-15 14:29:35', '2025-10-25 08:07:48'),
('1287', '0', 'eng', 'modules', 'settings.enablePaystack', 'Enable Paystack', '2025-10-15 14:29:35', '2025-10-25 08:07:48'),
('1288', '0', 'eng', 'modules', 'settings.enableXendit', 'Enable Xendit', '2025-10-15 14:29:35', '2025-10-25 08:07:48'),
('1289', '0', 'eng', 'modules', 'settings.enableOfflinePayment', 'Pay Offline', '2025-10-15 14:29:35', '2025-10-25 08:07:48'),
('1290', '0', 'eng', 'modules', 'settings.enableQrPayment', 'Pay Via Qr Code', '2025-10-15 14:29:35', '2025-10-25 08:07:48'),
('1291', '0', 'eng', 'modules', 'settings.restaurantSettings', 'Restaurant Information', '2025-10-15 14:29:35', '2025-10-25 08:07:48'),
('1292', '0', 'eng', 'modules', 'settings.taxSettings', 'Taxes', '2025-10-15 14:29:35', '2025-10-25 08:07:48'),
('1293', '0', 'eng', 'modules', 'settings.currencySettings', 'Currencies', '2025-10-15 14:29:35', '2025-10-25 08:07:48'),
('1294', '0', 'eng', 'modules', 'settings.offline_payment_status', 'Enable Offline Payment', '2025-10-15 14:29:35', '2025-10-25 08:07:48'),
('1295', '0', 'eng', 'modules', 'settings.roleSettings', 'Staff Roles', '2025-10-15 14:29:35', '2025-10-25 08:07:48'),
('1296', '0', 'eng', 'modules', 'settings.reservationSettings', 'Reservation Settings', '2025-10-15 14:29:35', '2025-10-25 08:07:48'),
('1297', '0', 'eng', 'modules', 'settings.languageSettings', 'Language Settings', '2025-10-15 14:29:35', '2025-10-25 08:07:48'),
('1298', '0', 'eng', 'modules', 'settings.currencySymbol', 'Currency Symbol', '2025-10-15 14:29:35', '2025-10-25 08:07:48'),
('1299', '0', 'eng', 'modules', 'settings.currencyCode', 'Currency Code', '2025-10-15 14:29:35', '2025-10-25 08:07:48'),
('1300', '0', 'eng', 'modules', 'settings.editCurrency', 'Edit Currency', '2025-10-15 14:29:35', '2025-10-25 08:07:48'),
('1301', '0', 'eng', 'modules', 'settings.addCurrency', 'Add Currency', '2025-10-15 14:29:35', '2025-10-25 08:07:48'),
('1302', '0', 'eng', 'modules', 'settings.deleteCurrency', 'Delete Currency', '2025-10-15 14:29:35', '2025-10-25 08:07:48'),
('1303', '0', 'eng', 'modules', 'settings.deleteCurrencyMessage', 'Are you sure you want to delete the Currency?', '2025-10-15 14:29:35', '2025-10-25 08:07:48'),
('1304', '0', 'eng', 'modules', 'settings.deleteTaxMessage', 'Delete tax permanently', '2025-10-15 14:29:35', '2025-10-25 08:07:48'),
('1305', '0', 'eng', 'modules', 'settings.taxName', 'Tax Name', '2025-10-15 14:29:35', '2025-10-25 08:07:48'),
('1306', '0', 'eng', 'modules', 'settings.taxPercent', 'Tax Percent', '2025-10-15 14:29:35', '2025-10-25 08:07:48'),
('1307', '0', 'eng', 'modules', 'settings.taxId', 'Tax ID', '2025-10-15 14:29:35', '2025-10-25 08:07:48'),
('1308', '0', 'eng', 'modules', 'settings.deleteTax', 'Are you Sure, you want to delete this Tax?', '2025-10-15 14:29:35', '2025-10-25 08:07:48'),
('1309', '0', 'eng', 'modules', 'settings.editTax', 'Edit Tax', '2025-10-15 14:29:35', '2025-10-25 08:07:48'),
('1310', '0', 'eng', 'modules', 'settings.emailSettings', 'Email Settings', '2025-10-15 14:29:35', '2025-10-25 08:07:48'),
('1311', '0', 'eng', 'modules', 'settings.mailFromName', 'Mail From Name', '2025-10-15 14:29:35', '2025-10-25 08:07:48'),
('1312', '0', 'eng', 'modules', 'settings.mailFromEmail', 'Mail From Email', '2025-10-15 14:29:35', '2025-10-25 08:07:48'),
('1313', '0', 'eng', 'modules', 'settings.enableQueue', 'Enable Email Queue', '2025-10-15 14:29:35', '2025-10-25 08:07:48'),
('1314', '0', 'eng', 'modules', 'settings.mailDriver', 'Mail Driver', '2025-10-15 14:29:35', '2025-10-25 08:07:48'),
('1315', '0', 'eng', 'modules', 'settings.smtpHost', 'SMTP Host', '2025-10-15 14:29:35', '2025-10-25 08:07:48'),
('1316', '0', 'eng', 'modules', 'settings.smtpPort', 'SMTP Port', '2025-10-15 14:29:35', '2025-10-25 08:07:48'),
('1317', '0', 'eng', 'modules', 'settings.smtpEncryption', 'SMTP Mail Encryption', '2025-10-15 14:29:35', '2025-10-25 08:07:48'),
('1318', '0', 'eng', 'modules', 'settings.mailUsername', 'Mail Username', '2025-10-15 14:29:35', '2025-10-25 08:07:48'),
('1319', '0', 'eng', 'modules', 'settings.mailPassword', 'Mail Password', '2025-10-15 14:29:35', '2025-10-25 08:07:48'),
('1320', '0', 'eng', 'modules', 'settings.notificationSettings', 'Notification Settings', '2025-10-15 14:29:35', '2025-10-25 08:07:48'),
('1321', '0', 'eng', 'modules', 'settings.branchSettings', 'Branch Settings', '2025-10-15 14:29:35', '2025-10-25 08:07:48'),
('1322', '0', 'eng', 'modules', 'settings.addBranch', 'Add Branch', '2025-10-15 14:29:35', '2025-10-25 08:07:48'),
('1323', '0', 'eng', 'modules', 'settings.editBranch', 'Edit Branch', '2025-10-15 14:29:35', '2025-10-25 08:07:48'),
('1324', '0', 'eng', 'modules', 'settings.branchName', 'Branch Name', '2025-10-15 14:29:35', '2025-10-25 08:07:48'),
('1325', '0', 'eng', 'modules', 'settings.branchAddress', 'Branch Address', '2025-10-15 14:29:35', '2025-10-25 08:07:48'),
('1326', '0', 'eng', 'modules', 'settings.deleteBranch', 'Delete Branch', '2025-10-15 14:29:35', '2025-10-25 08:07:48'),
('1327', '0', 'eng', 'modules', 'settings.branches', 'Branches', '2025-10-15 14:29:35', '2025-10-25 08:07:48'),
('1328', '0', 'eng', 'modules', 'settings.deleteBranchMessage', 'Are you sure you want to delete the Branch? All the orders, staff members and payments related to this branch will be deleted.', '2025-10-15 14:29:35', '2025-10-25 08:07:48'),
('1329', '0', 'eng', 'modules', 'settings.upgradeLicense', 'Upgrade Plan', '2025-10-15 14:29:35', '2025-10-25 08:07:48'),
('1330', '0', 'eng', 'modules', 'settings.licenseType', 'License Type', '2025-10-15 14:29:35', '2025-10-25 08:07:48'),
('1331', '0', 'eng', 'modules', 'settings.upgradeLicenseInfo', 'Simple, transparent pricing with everything you need to run your restaurant smoothly.', '2025-10-15 14:29:35', '2025-10-25 08:07:48'),
('1332', '0', 'eng', 'modules', 'settings.pricing', 'Pricing', '2025-10-15 14:29:35', '2025-10-25 08:07:48'),
('1333', '0', 'eng', 'modules', 'settings.payNow', 'Pay Now', '2025-10-15 14:29:35', '2025-10-25 08:07:48'),
('1334', '0', 'eng', 'modules', 'settings.paymentSource', 'Payment Source', '2025-10-15 14:29:35', '2025-10-25 08:07:48'),
('1335', '0', 'eng', 'modules', 'settings.appName', 'App Name', '2025-10-15 14:29:35', '2025-10-25 08:07:48'),
('1336', '0', 'eng', 'modules', 'settings.paymentUpgradeHeading', 'Upgrade to Accept Payments Seamlessly', '2025-10-15 14:29:35', '2025-10-25 08:07:48'),
('1337', '0', 'eng', 'modules', 'settings.paymentUpgradeInfo', 'Take your restaurant\'s efficiency to the next level by integrating Payment Gateways. Upgrade now to offer your customers secure, fast, and convenient payment options like Stripe and Razorpay', '2025-10-15 14:29:35', '2025-10-25 08:07:48'),
('1338', '0', 'eng', 'modules', 'settings.themeUpgradeHeading', 'Upgrade for a Personalized Brand Experience', '2025-10-15 14:29:35', '2025-10-25 08:07:48'),
('1339', '0', 'eng', 'modules', 'settings.themeUpgradeInfo', 'Stand out with your unique brand identity! Upgrade now to customize your Theme Colors and add your Business Logo, creating a seamless experience that reflects your restaurant\'s personality.', '2025-10-15 14:29:35', '2025-10-25 08:07:48'),
('1340', '0', 'eng', 'modules', 'settings.manageTranslations', 'Manage Translations', '2025-10-15 14:29:35', '2025-10-25 08:07:48'),
('1341', '0', 'eng', 'modules', 'settings.customerLoginRequired', 'Customer need to login to place order?', '2025-10-15 14:29:35', '2025-10-25 08:07:48'),
('1342', '0', 'eng', 'modules', 'settings.customerName', 'Show Customer Name', '2025-10-15 14:29:35', '2025-10-25 08:07:48'),
('1343', '0', 'eng', 'modules', 'settings.customerAddress', 'Show Customer Address', '2025-10-15 14:29:35', '2025-10-25 08:07:48'),
('1344', '0', 'eng', 'modules', 'settings.tableNumber', 'Table no.', '2025-10-15 14:29:35', '2025-10-25 08:07:48'),
('1345', '0', 'eng', 'modules', 'settings.paymentQrCode', 'Show QR code    ', '2025-10-15 14:29:35', '2025-10-25 08:07:48'),
('1346', '0', 'eng', 'modules', 'settings.waiter', 'Show Waiter Name', '2025-10-15 14:29:35', '2025-10-25 08:07:48'),
('1347', '0', 'eng', 'modules', 'settings.totalGuest', 'Show Total guest', '2025-10-15 14:29:35', '2025-10-25 08:07:48'),
('1348', '0', 'eng', 'modules', 'settings.restaurantTax', 'Show Restaurant Tax', '2025-10-15 14:29:35', '2025-10-25 08:07:48'),
('1349', '0', 'eng', 'modules', 'settings.noTaxFound', 'No Tax Found', '2025-10-15 14:29:35', '2025-10-25 08:07:48'),
('1350', '0', 'eng', 'modules', 'settings.selectEnvironment', 'Select Environment', '2025-10-15 14:29:35', '2025-10-25 08:07:48'),
('1351', '0', 'eng', 'modules', 'settings.enablePushNotification', 'Enable Push Notifications', '2025-10-15 14:29:35', '2025-10-25 08:07:48'),
('1352', '0', 'eng', 'modules', 'settings.pushNotificationSettings', 'Push Notification Settings', '2025-10-15 14:29:35', '2025-10-25 08:07:48'),
('1353', '0', 'eng', 'modules', 'settings.aboutUsSettings', 'About Us', '2025-10-15 14:29:35', '2025-10-25 08:07:48'),
('1354', '0', 'eng', 'modules', 'settings.customerSiteSettings', 'Customer Site', '2025-10-15 14:29:35', '2025-10-25 08:07:48'),
('1355', '0', 'eng', 'modules', 'settings.receiptSetting', 'Receipt Settings', '2025-10-15 14:29:35', '2025-10-25 08:07:48'),
('1356', '0', 'eng', 'modules', 'settings.allowCustomerDeliveryOrders', 'Allow Customer to place Delivery Orders', '2025-10-15 14:29:35', '2025-10-25 08:07:48'),
('1357', '0', 'eng', 'modules', 'settings.allowCustomerOrders', 'Allow Customer to place Orders', '2025-10-15 14:29:35', '2025-10-25 08:07:48'),
('1358', '0', 'eng', 'modules', 'settings.allowCustomerPickupOrders', 'Allow Customer to place Pickup Orders', '2025-10-15 14:29:35', '2025-10-25 08:07:48'),
('1359', '0', 'eng', 'modules', 'settings.disableLandingSite', 'Disable Landing Site', '2025-10-15 14:29:35', '2025-10-25 08:07:48'),
('1360', '0', 'eng', 'modules', 'settings.disableLandingSiteHelp', 'Disable the landing site or set your custom landing site.', '2025-10-15 14:29:35', '2025-10-25 08:07:48'),
('1361', '0', 'eng', 'modules', 'settings.disableLandingSiteHelpDescription', 'When enabled, this will disable the front website and redirect all visitors directly to the login page.', '2025-10-15 14:29:35', '2025-10-25 08:07:48'),
('1362', '0', 'eng', 'modules', 'settings.landingSiteType', 'Landing Site Type', '2025-10-15 14:29:35', '2025-10-25 08:07:48'),
('1363', '0', 'eng', 'modules', 'settings.landingSiteUrl', 'Landing Site URL', '2025-10-15 14:29:35', '2025-10-25 08:07:48'),
('1364', '0', 'eng', 'modules', 'settings.theme', 'Theme', '2025-10-15 14:29:35', '2025-10-25 08:07:48'),
('1365', '0', 'eng', 'modules', 'settings.custom', 'Custom', '2025-10-15 14:29:35', '2025-10-25 08:07:48'),
('1366', '0', 'eng', 'modules', 'settings.billing', 'Billing', '2025-10-15 14:29:35', '2025-10-25 08:07:48'),
('1367', '0', 'eng', 'modules', 'settings.package', 'Package', '2025-10-15 14:29:35', '2025-10-25 08:07:48'),
('1368', '0', 'eng', 'modules', 'settings.isWaiterRequestEnabled', 'Enable Waiter Request', '2025-10-15 14:29:35', '2025-10-25 08:07:48'),
('1369', '0', 'eng', 'modules', 'settings.dineInOnlinePaymentRequired', 'Dine-in: Online payment required', '2025-10-15 14:29:35', '2025-10-25 08:07:48'),
('1370', '0', 'eng', 'modules', 'settings.deliveryOnlinePaymentRequired', 'Delivery: Online payment required', '2025-10-15 14:29:35', '2025-10-25 08:07:48'),
('1371', '0', 'eng', 'modules', 'settings.pickupOnlinePaymentRequired', 'Pickup: Online payment required', '2025-10-15 14:29:35', '2025-10-25 08:07:48'),
('1372', '0', 'eng', 'modules', 'settings.enablePaymentGateway', 'Please enable at least one payment gateway (e.g., Razorpay, Stripe, Flutterwave, PayPal, Paystack, Payfast, Xendit) to configure online payment options.', '2025-10-15 14:29:35', '2025-10-25 08:07:48'),
('1373', '0', 'eng', 'modules', 'settings.generalSettingsUseInfo', 'Enabling this allows only online payments via the active gateway. If disabled, both online and cash payments are accepted with an active gateway.', '2025-10-15 14:29:35', '2025-10-25 08:07:48'),
('1374', '0', 'eng', 'modules', 'settings.defaultReservationStatus', 'Default Table Reservation Status', '2025-10-15 14:29:35', '2025-10-25 08:07:48'),
('1375', '0', 'eng', 'modules', 'settings.reservationStatusConfirmed', 'Confirmed', '2025-10-15 14:29:35', '2025-10-25 08:07:48'),
('1376', '0', 'eng', 'modules', 'settings.reservationStatusCheckedIn', 'Checked In', '2025-10-15 14:29:35', '2025-10-25 08:07:48'),
('1377', '0', 'eng', 'modules', 'settings.reservationStatusCancelled', 'Cancelled', '2025-10-15 14:29:35', '2025-10-25 08:07:48'),
('1378', '0', 'eng', 'modules', 'settings.reservationStatusPending', 'Pending', '2025-10-15 14:29:35', '2025-10-25 08:07:48'),
('1379', '0', 'eng', 'modules', 'settings.reservationStatusNoShow', 'No Show', '2025-10-15 14:29:35', '2025-10-25 08:07:48'),
('1380', '0', 'eng', 'modules', 'settings.receipt', 'receipt Setting', '2025-10-15 14:29:35', '2025-10-25 08:07:48'),
('1381', '0', 'eng', 'modules', 'settings.facebook_link', 'Facebook Link', '2025-10-15 14:29:35', '2025-10-25 08:07:48'),
('1382', '0', 'eng', 'modules', 'settings.instagram_link', 'Instagram Link', '2025-10-15 14:29:35', '2025-10-25 08:07:48'),
('1383', '0', 'eng', 'modules', 'settings.twitter_link', 'Twitter Link', '2025-10-15 14:29:35', '2025-10-25 08:07:48'),
('1384', '0', 'eng', 'modules', 'settings.yelp_link', 'Yelp Link', '2025-10-15 14:29:35', '2025-10-25 08:07:48'),
('1385', '0', 'eng', 'modules', 'settings.tableRequiredDineIn', 'Table Required for Dine-In', '2025-10-15 14:29:35', '2025-10-25 08:07:48'),
('1386', '0', 'eng', 'modules', 'settings.allowDineIn', 'Allow Dine-In', '2025-10-15 14:29:35', '2025-10-25 08:07:48'),
('1387', '0', 'eng', 'modules', 'settings.defaultLanguage', 'Default Language', '2025-10-15 14:29:35', '2025-10-25 08:07:48'),
('1388', '0', 'eng', 'modules', 'settings.defaultCurrency', 'Default Currency', '2025-10-15 14:29:35', '2025-10-25 08:07:48'),
('1389', '0', 'eng', 'modules', 'settings.storageSettings', 'Storage Settings', '2025-10-15 14:29:35', '2025-10-25 08:07:48'),
('1390', '0', 'eng', 'modules', 'settings.selectStorage', 'Select Storage', '2025-10-15 14:29:35', '2025-10-25 08:07:48'),
('1391', '0', 'eng', 'modules', 'settings.localStorageNote', 'Local storage is the default storage option. It stores files on the server\'s local disk.', '2025-10-15 14:29:35', '2025-10-25 08:07:48'),
('1392', '0', 'eng', 'modules', 'settings.storageSuggestion', '<b>Recommendation:</b> Consider using <a href=\"https://digitalocean.pxf.io/froiden\" class=\"underline\" target=\"_blank\">DigitalOcean Spaces</a>, <a href=\"https://aws.amazon.com/s3\" class=\"underline\" target=\"_blank\">AWS S3</a>, <a href=\"https://wasabi.com\" class=\"underline\" target=\"_blank\">Wasabi</a> or <a href=\"https://min.io/\" class=\"underline\" target=\"_blank\">MinIO</a> Storage for an additional layer of security', '2025-10-15 14:29:35', '2025-10-25 08:07:48'),
('1393', '0', 'eng', 'modules', 'settings.digitaloceanAccessKey', 'DigitalOcean Access Key', '2025-10-15 14:29:35', '2025-10-25 08:07:48'),
('1394', '0', 'eng', 'modules', 'settings.digitaloceanSecretKey', 'DigitalOcean Secret Key', '2025-10-15 14:29:35', '2025-10-25 08:07:48'),
('1395', '0', 'eng', 'modules', 'settings.digitaloceanBucket', 'DigitalOcean Bucket', '2025-10-15 14:29:35', '2025-10-25 08:07:48'),
('1396', '0', 'eng', 'modules', 'settings.digitaloceanRegion', 'DigitalOcean Region', '2025-10-15 14:29:35', '2025-10-25 08:07:48'),
('1397', '0', 'eng', 'modules', 'settings.minioAccessKey', 'Minio Access Key', '2025-10-15 14:29:35', '2025-10-25 08:07:48'),
('1398', '0', 'eng', 'modules', 'settings.minioSecretKey', 'Minio Secret Key', '2025-10-15 14:29:35', '2025-10-25 08:07:48'),
('1399', '0', 'eng', 'modules', 'settings.minioBucket', 'Minio Bucket', '2025-10-15 14:29:35', '2025-10-25 08:07:48'),
('1400', '0', 'eng', 'modules', 'settings.minioRegion', 'Minio Region', '2025-10-15 14:29:35', '2025-10-25 08:07:48'),
('1401', '0', 'eng', 'modules', 'settings.minioEndpoint', 'Minio Endpoint', '2025-10-15 14:29:35', '2025-10-25 08:07:48'),
('1402', '0', 'eng', 'modules', 'settings.wasabiAccessKey', 'Wasabi Access Key', '2025-10-15 14:29:35', '2025-10-25 08:07:48'),
('1403', '0', 'eng', 'modules', 'settings.wasabiSecretKey', 'Wasabi Secret Key', '2025-10-15 14:29:35', '2025-10-25 08:07:48'),
('1404', '0', 'eng', 'modules', 'settings.wasabiBucket', 'Wasabi Bucket', '2025-10-15 14:29:35', '2025-10-25 08:07:48'),
('1405', '0', 'eng', 'modules', 'settings.wasabiRegion', 'Wasabi Region', '2025-10-15 14:29:35', '2025-10-25 08:07:48'),
('1406', '0', 'eng', 'modules', 'settings.awsAccessKey', 'AWS Key ID', '2025-10-15 14:29:35', '2025-10-25 08:07:48'),
('1407', '0', 'eng', 'modules', 'settings.awsSecretKey', 'AWS Access Key', '2025-10-15 14:29:35', '2025-10-25 08:07:48'),
('1408', '0', 'eng', 'modules', 'settings.awsBucket', 'AWS Bucket', '2025-10-15 14:29:35', '2025-10-25 08:07:48'),
('1409', '0', 'eng', 'modules', 'settings.awsRegion', 'AWS Region', '2025-10-15 14:29:35', '2025-10-25 08:07:48'),
('1410', '0', 'eng', 'modules', 'settings.testStorage', 'Test Storage', '2025-10-15 14:29:35', '2025-10-25 08:07:48'),
('1411', '0', 'eng', 'modules', 'settings.testStorageFile', 'Upload file to test if it gets uploaded to bucket', '2025-10-15 14:29:35', '2025-10-25 08:07:48'),
('1412', '0', 'eng', 'modules', 'settings.moveFilesToCloud', 'Move Files to Cloud', '2025-10-15 14:29:35', '2025-10-25 08:07:48'),
('1413', '0', 'eng', 'modules', 'settings.local', 'Local', '2025-10-15 14:29:35', '2025-10-25 08:07:48'),
('1414', '0', 'eng', 'modules', 'settings.digitalocean', 'DigitalOcean', '2025-10-15 14:29:35', '2025-10-25 08:07:48'),
('1415', '0', 'eng', 'modules', 'settings.aws_s3', 'AWS S3', '2025-10-15 14:29:35', '2025-10-25 08:07:48'),
('1416', '0', 'eng', 'modules', 'settings.wasabi', 'Wasabi', '2025-10-15 14:29:35', '2025-10-25 08:07:48'),
('1417', '0', 'eng', 'modules', 'settings.minio', 'MinIO', '2025-10-15 14:29:35', '2025-10-25 08:07:48'),
('1418', '0', 'eng', 'modules', 'settings.currencyFormat', 'Currency Format', '2025-10-15 14:29:35', '2025-10-25 08:07:48'),
('1419', '0', 'eng', 'modules', 'settings.currencyPosition', 'Currency Position', '2025-10-15 14:29:35', '2025-10-25 08:07:48'),
('1420', '0', 'eng', 'modules', 'settings.thousandSeparator', 'Thousand Separator', '2025-10-15 14:29:35', '2025-10-25 08:07:48'),
('1421', '0', 'eng', 'modules', 'settings.decimalSeparator', 'Decimal Separator', '2025-10-15 14:29:35', '2025-10-25 08:07:48'),
('1422', '0', 'eng', 'modules', 'settings.numberOfdecimals', 'Number of Decimals', '2025-10-15 14:29:35', '2025-10-25 08:07:48'),
('1423', '0', 'eng', 'modules', 'settings.left', 'Left', '2025-10-15 14:29:35', '2025-10-25 08:07:48'),
('1424', '0', 'eng', 'modules', 'settings.right', 'Right', '2025-10-15 14:29:35', '2025-10-25 08:07:48'),
('1425', '0', 'eng', 'modules', 'settings.leftWithSpace', 'Left with Space', '2025-10-15 14:29:35', '2025-10-25 08:07:48'),
('1426', '0', 'eng', 'modules', 'settings.rightWithSpace', 'Right with Space', '2025-10-15 14:29:35', '2025-10-25 08:07:48'),
('1427', '0', 'eng', 'modules', 'settings.showLogoText', 'Show Restaurant Name with Logo', '2025-10-15 14:29:35', '2025-10-25 08:07:48'),
('1428', '0', 'eng', 'modules', 'settings.socialMediaLinks', 'Social Media Links', '2025-10-15 14:29:35', '2025-10-25 08:07:48'),
('1429', '0', 'eng', 'modules', 'settings.facebook', 'Facebook', '2025-10-15 14:29:35', '2025-10-25 08:07:48'),
('1430', '0', 'eng', 'modules', 'settings.instagram', 'Instagram', '2025-10-15 14:29:35', '2025-10-25 08:07:48'),
('1431', '0', 'eng', 'modules', 'settings.twitter', 'Twitter', '2025-10-15 14:29:35', '2025-10-25 08:07:48'),
('1432', '0', 'eng', 'modules', 'settings.facebookPlaceHolder', 'Enter your Facebook URL', '2025-10-15 14:29:35', '2025-10-25 08:07:48'),
('1433', '0', 'eng', 'modules', 'settings.instagramPlaceHolder', 'Enter your Instagram URL', '2025-10-15 14:29:35', '2025-10-25 08:07:48'),
('1434', '0', 'eng', 'modules', 'settings.twitterPlaceHolder', 'Enter your Twitter URL', '2025-10-15 14:29:35', '2025-10-25 08:07:48'),
('1435', '0', 'eng', 'modules', 'settings.tableRequiredDineInDescription', 'Enable this to require customers to select a table for dine-in orders.', '2025-10-15 14:29:35', '2025-10-25 08:07:48'),
('1436', '0', 'eng', 'modules', 'settings.defaultReservationStatusDescription', 'Select the default status for new reservations.', '2025-10-15 14:29:35', '2025-10-25 08:07:48'),
('1437', '0', 'eng', 'modules', 'settings.allowCustomerPickupOrdersDescription', 'Enable this to allow customers to place pickup orders.', '2025-10-15 14:29:35', '2025-10-25 08:07:48'),
('1438', '0', 'eng', 'modules', 'settings.allowCustomerDeliveryOrdersDescription', 'Enable this to allow customers to place delivery orders.', '2025-10-15 14:29:35', '2025-10-25 08:07:48'),
('1439', '0', 'eng', 'modules', 'settings.allowCustomerDineInOrdersDescription', 'Enable this to allow customers to place dine-in orders.', '2025-10-15 14:29:35', '2025-10-25 08:07:48'),
('1440', '0', 'eng', 'modules', 'settings.allowCustomerOrdersDescription', 'Enable this to allow customers to place orders.', '2025-10-15 14:29:35', '2025-10-25 08:07:48'),
('1441', '0', 'eng', 'modules', 'settings.allowDineInDescription', 'Enable this to allow dine-in orders.', '2025-10-15 14:29:35', '2025-10-25 08:07:48'),
('1442', '0', 'eng', 'modules', 'settings.customerLoginRequiredDescription', 'Enable this to require customers to login before placing orders.', '2025-10-15 14:29:35', '2025-10-25 08:07:48'),
('1443', '0', 'eng', 'modules', 'settings.isWaiterRequestEnabledDescription', 'Enable this to allow customers to call waiters for service.', '2025-10-15 14:29:35', '2025-10-25 08:07:48'),
('1444', '0', 'eng', 'modules', 'settings.orderSettings', 'Order Settings', '2025-10-15 14:29:35', '2025-10-25 08:07:48'),
('1445', '0', 'eng', 'modules', 'settings.orderSettingsDescription', 'Configure settings related to customer orders.', '2025-10-15 14:29:35', '2025-10-25 08:07:48'),
('1446', '0', 'eng', 'modules', 'settings.dineInSettings', 'Dine-in Settings', '2025-10-15 14:29:35', '2025-10-25 08:07:48'),
('1447', '0', 'eng', 'modules', 'settings.customerSiteSettingsDescription', 'Configure settings related to the customer site.', '2025-10-15 14:29:35', '2025-10-25 08:07:48'),
('1448', '0', 'eng', 'modules', 'settings.qrCodeImage', 'Upload QR Code Image', '2025-10-15 14:29:35', '2025-10-25 08:07:48'),
('1449', '0', 'eng', 'modules', 'settings.qrCodeRequirements', 'Upload a QR code image for payment. The image should be a clear, high-quality image of the QR code.', '2025-10-15 14:29:35', '2025-10-25 08:07:48'),
('1450', '0', 'eng', 'modules', 'settings.qrPaymentDescription', 'Enable this to allow customers to pay via QR code.', '2025-10-15 14:29:35', '2025-10-25 08:07:48'),
('1451', '0', 'eng', 'modules', 'settings.uploadQrCode', 'Upload QR Code', '2025-10-15 14:29:35', '2025-10-25 08:07:48'),
('1452', '0', 'eng', 'modules', 'settings.logoDescription', 'Upload a logo for your restaurant.', '2025-10-15 14:29:35', '2025-10-25 08:07:48'),
('1453', '0', 'eng', 'modules', 'settings.showLogoTextDescription', 'Enable this to show the restaurant name with the logo.', '2025-10-15 14:29:35', '2025-10-25 08:07:48'),
('1454', '0', 'eng', 'modules', 'settings.customerInformation', 'Customer Information', '2025-10-15 14:29:35', '2025-10-25 08:07:48'),
('1455', '0', 'eng', 'modules', 'settings.receiptPreview', 'Receipt Preview', '2025-10-15 14:29:35', '2025-10-25 08:07:48'),
('1456', '0', 'eng', 'modules', 'settings.previewReceipt', 'Preview Receipt', '2025-10-15 14:29:35', '2025-10-25 08:07:48'),
('1457', '0', 'eng', 'modules', 'settings.orderDetails', 'Order Details', '2025-10-15 14:29:35', '2025-10-25 08:07:48'),
('1458', '0', 'eng', 'modules', 'settings.cronJobSetting', 'Cron Job Setting', '2025-10-15 14:29:35', '2025-10-25 08:07:48'),
('1459', '0', 'eng', 'modules', 'settings.customModules', 'Custom Modules', '2025-10-15 14:29:35', '2025-10-25 08:07:48'),
('1460', '0', 'eng', 'modules', 'settings.installCustomModule', 'Install Custom Module', '2025-10-15 14:29:35', '2025-10-25 08:07:48'),
('1461', '0', 'eng', 'modules', 'settings.enablePayViaCash', 'Pay Via Cash', '2025-10-15 14:29:35', '2025-10-25 08:07:48'),
('1462', '0', 'eng', 'modules', 'settings.seo', 'SEO', '2025-10-15 14:29:35', '2025-10-25 08:07:48'),
('1463', '0', 'eng', 'modules', 'settings.metaKeyword', 'Meta Keyword', '2025-10-15 14:29:35', '2025-10-25 08:07:48'),
('1464', '0', 'eng', 'modules', 'settings.metaDescription', 'Meta Description', '2025-10-15 14:29:35', '2025-10-25 08:07:48'),
('1465', '0', 'eng', 'modules', 'settings.offlinePaymentDescription', 'Enable this to allow customers to pay via offline payment methods.', '2025-10-15 14:29:35', '2025-10-25 08:07:48'),
('1466', '0', 'eng', 'modules', 'settings.offlinePaymentDetailsDescription', 'Enable this to allow customers to pay via offline payment methods.', '2025-10-15 14:29:35', '2025-10-25 08:07:48'),
('1467', '0', 'eng', 'modules', 'settings.offlinePaymentDetails', 'Offline Payment Details', '2025-10-15 14:29:35', '2025-10-25 08:07:48'),
('1468', '0', 'eng', 'modules', 'settings.cashPaymentDescription', 'Enable this to allow customers to pay via cash payment methods.', '2025-10-15 14:29:35', '2025-10-25 08:07:48'),
('1469', '0', 'eng', 'modules', 'settings.restaurantRequiresApproval', 'Restaurant Requires Approval', '2025-10-15 14:29:35', '2025-10-25 08:07:48'),
('1470', '0', 'eng', 'modules', 'settings.restaurantRequiresApprovalInfo', 'Enable this to require admin approval for new restaurant registrations.', '2025-10-15 14:29:35', '2025-10-25 08:07:48'),
('1471', '0', 'eng', 'modules', 'settings.themeColorDescription', 'Select the theme color for your restaurant.', '2025-10-15 14:29:35', '2025-10-25 08:07:48'),
('1472', '0', 'eng', 'modules', 'settings.upload_fav_icon_android_chrome_192', 'Upload Favicon for Android Chrome (192x192)px', '2025-10-15 14:29:35', '2025-10-25 08:07:48'),
('1473', '0', 'eng', 'modules', 'settings.upload_fav_icon_android_chrome_512', 'Upload Favicon for Android Chrome (512x512)px', '2025-10-15 14:29:35', '2025-10-25 08:07:48'),
('1474', '0', 'eng', 'modules', 'settings.upload_fav_icon_apple_touch_icon', 'Upload Favicon for Apple Touch Icon', '2025-10-15 14:29:35', '2025-10-25 08:07:48'),
('1475', '0', 'eng', 'modules', 'settings.upload_favicon_16', 'Upload Favicon (16x16)px', '2025-10-15 14:29:35', '2025-10-25 08:07:48'),
('1476', '0', 'eng', 'modules', 'settings.upload_favicon_32', 'Upload Favicon (32x32)px', '2025-10-15 14:29:35', '2025-10-25 08:07:48'),
('1477', '0', 'eng', 'modules', 'settings.favicon', 'Upload Favicon', '2025-10-15 14:29:35', '2025-10-25 08:07:48'),
('1478', '0', 'eng', 'modules', 'settings.editCharge', 'Edit Charge', '2025-10-15 14:29:35', '2025-10-25 08:07:48'),
('1479', '0', 'eng', 'modules', 'settings.addCharge', 'Add Charge', '2025-10-15 14:29:35', '2025-10-25 08:07:48'),
('1480', '0', 'eng', 'modules', 'settings.chargeName', 'Charge Name', '2025-10-15 14:29:35', '2025-10-25 08:07:48'),
('1481', '0', 'eng', 'modules', 'settings.chargeType', 'Type', '2025-10-15 14:29:35', '2025-10-25 08:07:48'),
('1482', '0', 'eng', 'modules', 'settings.percent', 'Percent', '2025-10-15 14:29:35', '2025-10-25 08:07:48'),
('1483', '0', 'eng', 'modules', 'settings.fixed', 'Fixed', '2025-10-15 14:29:35', '2025-10-25 08:07:48'),
('1484', '0', 'eng', 'modules', 'settings.rate', 'Rate', '2025-10-15 14:29:35', '2025-10-25 08:07:48'),
('1485', '0', 'eng', 'modules', 'settings.orderType', 'Order Type', '2025-10-15 14:29:35', '2025-10-25 08:07:48'),
('1486', '0', 'eng', 'modules', 'settings.deleteCharge', 'Delete Charge', '2025-10-15 14:29:35', '2025-10-25 08:07:48'),
('1487', '0', 'eng', 'modules', 'settings.deleteChargeMessage', 'Are you sure you want to delete the charge?', '2025-10-15 14:29:35', '2025-10-25 08:07:48'),
('1488', '0', 'eng', 'modules', 'settings.hideTodayOrders', 'Hide Today\'s Orders', '2025-10-15 14:29:35', '2025-10-25 08:07:48'),
('1489', '0', 'eng', 'modules', 'settings.hideNewReservation', 'Hide New Reservation', '2025-10-15 14:29:35', '2025-10-25 08:07:48'),
('1490', '0', 'eng', 'modules', 'settings.hideNewWaiterRequest', 'Hide New Waiter Request', '2025-10-15 14:29:35', '2025-10-25 08:07:48'),
('1491', '0', 'eng', 'modules', 'settings.hideTopNav', 'Hide Top Navigation', '2025-10-15 14:29:35', '2025-10-25 08:07:48'),
('1492', '0', 'eng', 'modules', 'settings.hideTodayOrdersDescription', 'Enable this to hide today\'s orders widget from top navigation.', '2025-10-15 14:29:35', '2025-10-25 08:07:48'),
('1493', '0', 'eng', 'modules', 'settings.hideNewReservationDescription', 'Enable this to hide new reservation widget from top navigation.', '2025-10-15 14:29:35', '2025-10-25 08:07:48'),
('1494', '0', 'eng', 'modules', 'settings.hideNewWaiterRequestDescription', 'Enable this to hide new waiter request widget from top navigation.', '2025-10-15 14:29:35', '2025-10-25 08:07:48'),
('1495', '0', 'eng', 'modules', 'settings.charges', 'Additional Charges', '2025-10-15 14:29:35', '2025-10-25 08:07:48'),
('1496', '0', 'eng', 'modules', 'settings.onDesktop', 'On Desktop', '2025-10-15 14:29:35', '2025-10-25 08:07:48'),
('1497', '0', 'eng', 'modules', 'settings.onMobile', 'On Mobile', '2025-10-15 14:29:35', '2025-10-25 08:07:48'),
('1498', '0', 'eng', 'modules', 'settings.openViaQrCode', 'Only When Open via QR Code', '2025-10-15 14:29:35', '2025-10-25 08:07:48'),
('1499', '0', 'eng', 'modules', 'settings.callWaiterSettings', 'Call Waiter Settings', '2025-10-15 14:29:35', '2025-10-25 08:07:48'),
('1500', '0', 'eng', 'modules', 'settings.onDesktopDescription', 'Enable this to allow customers to call waiters on desktop.', '2025-10-15 14:29:35', '2025-10-25 08:07:48'),
('1501', '0', 'eng', 'modules', 'settings.onMobileDescription', 'Enable this to allow customers to call waiters on mobile.', '2025-10-15 14:29:35', '2025-10-25 08:07:48'),
('1502', '0', 'eng', 'modules', 'settings.openViaQrCodeDescription', 'Enable this to allow customers to call waiters only when they open the app via QR code.', '2025-10-15 14:29:35', '2025-10-25 08:07:48'),
('1503', '0', 'eng', 'modules', 'settings.favicons', 'Favicons', '2025-10-15 14:29:35', '2025-10-25 08:07:48'),
('1504', '0', 'eng', 'modules', 'settings.faviconsDescription', 'Upload a favicon for your site.', '2025-10-15 14:29:35', '2025-10-25 08:07:48'),
('1505', '0', 'eng', 'modules', 'settings.generateFavicon', 'Generate Favicon', '2025-10-15 14:29:35', '2025-10-25 08:07:48'),
('1506', '0', 'eng', 'modules', 'settings.siteWebManifest', 'Site Web Manifest', '2025-10-15 14:29:35', '2025-10-25 08:07:48'),
('1507', '0', 'eng', 'modules', 'settings.paymentDetails', 'Payment Details', '2025-10-15 14:29:35', '2025-10-25 08:07:48'),
('1508', '0', 'eng', 'modules', 'settings.paymentQrImage', 'Payment QR Image', '2025-10-15 14:29:35', '2025-10-25 08:07:48'),
('1509', '0', 'eng', 'modules', 'settings.uploadPaymentQrCode', 'Upload Payment QR Code', '2025-10-15 14:29:35', '2025-10-25 08:07:48'),
('1510', '0', 'eng', 'modules', 'settings.showPaymetQrCode', 'Show Payment QR Code', '2025-10-15 14:29:35', '2025-10-25 08:07:48'),
('1511', '0', 'eng', 'modules', 'settings.payFromYourPhone', 'PAY FROM YOUR PHONE', '2025-10-15 14:29:35', '2025-10-25 08:07:48'),
('1512', '0', 'eng', 'modules', 'settings.scanQrCode', 'Scan the QR code to pay Your Bill ', '2025-10-15 14:29:35', '2025-10-25 08:07:48'),
('1513', '0', 'eng', 'modules', 'settings.isChargeEnabled', 'Apply Charge', '2025-10-15 14:29:35', '2025-10-25 08:07:48'),
('1514', '0', 'eng', 'modules', 'settings.isChargeEnabledDescription', 'Check to enable this charge.', '2025-10-15 14:29:35', '2025-10-25 08:07:48'),
('1515', '0', 'eng', 'modules', 'settings.enableTipShop', 'Enable Tip Customer Site', '2025-10-15 14:29:35', '2025-10-25 08:07:48'),
('1516', '0', 'eng', 'modules', 'settings.enableTipShopDescription', 'Enable this to allow customers to add tips to their orders.', '2025-10-15 14:29:35', '2025-10-25 08:07:48'),
('1517', '0', 'eng', 'modules', 'settings.enableTipPos', 'Enable Tip POS', '2025-10-15 14:29:35', '2025-10-25 08:07:48'),
('1518', '0', 'eng', 'modules', 'settings.enableTipPosDescription', 'Enable this to allow adding tips to their orders in POS.', '2025-10-15 14:29:35', '2025-10-25 08:07:48'),
('1519', '0', 'eng', 'modules', 'settings.pwaSettings', 'PWA Settings', '2025-10-15 14:29:35', '2025-10-25 08:07:48'),
('1520', '0', 'eng', 'modules', 'settings.enbalePwaApp', 'Enable PWA App', '2025-10-15 14:29:35', '2025-10-25 08:07:48'),
('1521', '0', 'eng', 'modules', 'settings.enablePwadescription', 'Enable this to allow customers to install your app on their devices.', '2025-10-15 14:29:35', '2025-10-25 08:07:48'),
('1522', '0', 'eng', 'modules', 'settings.metaTitle', 'Meta Title', '2025-10-15 14:29:35', '2025-10-25 08:07:48'),
('1523', '0', 'eng', 'modules', 'settings.addMoreWebPage', 'Add More Web Page', '2025-10-15 14:29:35', '2025-10-25 08:07:48'),
('1524', '0', 'eng', 'modules', 'settings.addMoreWebPageHelp', 'Add a Dynamic web page to your site.', '2025-10-15 14:29:35', '2025-10-25 08:07:48'),
('1525', '0', 'eng', 'modules', 'settings.menuName', 'Menu Name', '2025-10-15 14:29:35', '2025-10-25 08:07:48'),
('1526', '0', 'eng', 'modules', 'settings.menuSlug', 'Menu Slug', '2025-10-15 14:29:35', '2025-10-25 08:07:48'),
('1527', '0', 'eng', 'modules', 'settings.menuContent', 'Menu Content', '2025-10-15 14:29:35', '2025-10-25 08:07:48'),
('1528', '0', 'eng', 'modules', 'settings.showMoreWebPage', 'Show More Web Page', '2025-10-15 14:29:35', '2025-10-25 08:07:48'),
('1529', '0', 'eng', 'modules', 'settings.addDyanamicMenu', 'Add Dynamic Menu', '2025-10-15 14:29:35', '2025-10-25 08:07:48'),
('1530', '0', 'eng', 'modules', 'settings.deleteDyanamicMenu', 'Delete Dynamic Menu', '2025-10-15 14:29:35', '2025-10-25 08:07:48'),
('1531', '0', 'eng', 'modules', 'settings.editDynamicMenu', 'Edit Dynamic Menu', '2025-10-15 14:29:35', '2025-10-25 08:07:48'),
('1532', '0', 'eng', 'modules', 'settings.addDynamicMenu', 'Add Dynamic Menu', '2025-10-15 14:29:35', '2025-10-25 08:07:48'),
('1533', '0', 'eng', 'modules', 'settings.isActive', 'Active', '2025-10-15 14:29:35', '2025-10-25 08:07:48'),
('1534', '0', 'eng', 'modules', 'settings.showPaymentDetails', 'Show Payment Details', '2025-10-15 14:29:35', '2025-10-25 08:07:48'),
('1535', '0', 'eng', 'modules', 'settings.autoConfirmOrders', 'Auto Confirm Order Status', '2025-10-15 14:29:35', '2025-10-25 08:07:48'),
('1536', '0', 'eng', 'modules', 'settings.autoConfirmOrdersDescription', 'Enable this to automatically confirm orders status and send to KOT.', '2025-10-15 14:29:35', '2025-10-25 08:07:48'),
('1537', '0', 'eng', 'modules', 'settings.printerSetting', 'Printer Settings', '2025-10-15 14:29:35', '2025-10-25 08:07:48'),
('1538', '0', 'eng', 'modules', 'settings.printerSettingDescription', 'Configure printer settings for your restaurant.', '2025-10-15 14:29:35', '2025-10-25 08:07:48'),
('1539', '0', 'eng', 'modules', 'settings.addPrinter', 'Add Printer', '2025-10-15 14:29:35', '2025-10-25 08:07:48'),
('1540', '0', 'eng', 'modules', 'settings.editPrinter', 'Edit Printer', '2025-10-15 14:29:35', '2025-10-25 08:07:48'),
('1541', '0', 'eng', 'modules', 'settings.deletePrinter', 'Delete Printer', '2025-10-15 14:29:35', '2025-10-25 08:07:48'),
('1542', '0', 'eng', 'modules', 'settings.printerName', 'Printer Name', '2025-10-15 14:29:35', '2025-10-25 08:07:48'),
('1543', '0', 'eng', 'modules', 'settings.printerType', 'Printer Type', '2025-10-15 14:29:35', '2025-10-25 08:07:48'),
('1544', '0', 'eng', 'modules', 'settings.printerStatus', 'Printer Status', '2025-10-15 14:29:35', '2025-10-25 08:07:48'),
('1545', '0', 'eng', 'modules', 'settings.headerPage', 'Header Page', '2025-10-15 14:29:35', '2025-10-25 08:07:48'),
('1546', '0', 'eng', 'modules', 'settings.headerTitle', 'Header Title', '2025-10-15 14:29:35', '2025-10-25 08:07:48'),
('1547', '0', 'eng', 'modules', 'settings.headerDescription', 'Header Description', '2025-10-15 14:29:35', '2025-10-25 08:07:48'),
('1548', '0', 'eng', 'modules', 'settings.headerImage', 'Header Image', '2025-10-15 14:29:35', '2025-10-25 08:07:48'),
('1549', '0', 'eng', 'modules', 'settings.preview', 'Preview', '2025-10-15 14:29:35', '2025-10-25 08:07:48'),
('1550', '0', 'eng', 'modules', 'settings.featureWithImage', 'Feature With Image', '2025-10-15 14:29:35', '2025-10-25 08:07:48'),
('1551', '0', 'eng', 'modules', 'settings.addFeature', 'Add Feature', '2025-10-15 14:29:35', '2025-10-25 08:07:48'),
('1552', '0', 'eng', 'modules', 'settings.editFeature', 'Edit Feature', '2025-10-15 14:29:35', '2025-10-25 08:07:48'),
('1553', '0', 'eng', 'modules', 'settings.deleteFeature', 'Delete Feature', '2025-10-15 14:29:35', '2025-10-25 08:07:48'),
('1554', '0', 'eng', 'modules', 'settings.featureTitle', 'Feature Title', '2025-10-15 14:29:35', '2025-10-25 08:07:48'),
('1555', '0', 'eng', 'modules', 'settings.featureDescription', 'Feature Description', '2025-10-15 14:29:35', '2025-10-25 08:07:48'),
('1556', '0', 'eng', 'modules', 'settings.featureImage', 'Feature Image', '2025-10-15 14:29:35', '2025-10-25 08:07:48'),
('1557', '0', 'eng', 'modules', 'settings.lanuage', 'Language', '2025-10-15 14:29:35', '2025-10-25 08:07:48'),
('1558', '0', 'eng', 'modules', 'settings.selectLanguage', 'Select Language', '2025-10-15 14:29:35', '2025-10-25 08:07:48'),
('1559', '0', 'eng', 'modules', 'settings.feature', 'Feature', '2025-10-15 14:29:35', '2025-10-25 08:07:48'),
('1560', '0', 'eng', 'modules', 'settings.featureIcon', 'Feature Icon', '2025-10-15 14:29:35', '2025-10-25 08:07:48'),
('1561', '0', 'eng', 'modules', 'settings.featureHeading', 'Feature Heading', '2025-10-15 14:29:35', '2025-10-25 08:07:48'),
('1562', '0', 'eng', 'modules', 'settings.addFeatureWithicon', 'Add Feature With Icon', '2025-10-15 14:29:35', '2025-10-25 08:07:48'),
('1563', '0', 'eng', 'modules', 'settings.editFeatureWithicon', 'Edit Feature With Icon', '2025-10-15 14:29:35', '2025-10-25 08:07:48'),
('1564', '0', 'eng', 'modules', 'settings.language', 'Language', '2025-10-15 14:29:35', '2025-10-25 08:07:48'),
('1565', '0', 'eng', 'modules', 'settings.featureWithIcon', 'Feature With Icon', '2025-10-15 14:29:35', '2025-10-25 08:07:48'),
('1566', '0', 'eng', 'modules', 'settings.reviewSetting', 'Review setting', '2025-10-15 14:29:35', '2025-10-25 08:07:48'),
('1567', '0', 'eng', 'modules', 'settings.addReview', 'Add Review', '2025-10-15 14:29:35', '2025-10-25 08:07:48'),
('1568', '0', 'eng', 'modules', 'settings.editReview', 'Edit Review', '2025-10-15 14:29:35', '2025-10-25 08:07:48'),
('1569', '0', 'eng', 'modules', 'settings.deleteReview', 'Delete Review', '2025-10-15 14:29:35', '2025-10-25 08:07:48'),
('1570', '0', 'eng', 'modules', 'settings.reviewerName', 'Reviewer Name', '2025-10-15 14:29:35', '2025-10-25 08:07:48'),
('1571', '0', 'eng', 'modules', 'settings.reviewerDesignation', 'Reviewer Designation', '2025-10-15 14:29:35', '2025-10-25 08:07:48'),
('1572', '0', 'eng', 'modules', 'settings.reviews', 'Reviews', '2025-10-15 14:29:35', '2025-10-25 08:07:48'),
('1573', '0', 'eng', 'modules', 'settings.noReviews', 'No Reviews', '2025-10-15 14:29:35', '2025-10-25 08:07:48'),
('1574', '0', 'eng', 'modules', 'settings.faqSetting', 'FAQ setting', '2025-10-15 14:29:35', '2025-10-25 08:07:48'),
('1575', '0', 'eng', 'modules', 'settings.addFaq', 'Add FAQ', '2025-10-15 14:29:35', '2025-10-25 08:07:48'),
('1576', '0', 'eng', 'modules', 'settings.editFaq', 'Edit FAQ', '2025-10-15 14:29:35', '2025-10-25 08:07:48'),
('1577', '0', 'eng', 'modules', 'settings.deleteFaq', 'Delete FAQ', '2025-10-15 14:29:35', '2025-10-25 08:07:48'),
('1578', '0', 'eng', 'modules', 'settings.title', 'Title', '2025-10-15 14:29:35', '2025-10-25 08:07:48'),
('1579', '0', 'eng', 'modules', 'settings.description', 'Description', '2025-10-15 14:29:35', '2025-10-25 08:07:48'),
('1580', '0', 'eng', 'modules', 'settings.question', 'Question', '2025-10-15 14:29:35', '2025-10-25 08:07:48'),
('1581', '0', 'eng', 'modules', 'settings.answer', 'Answer', '2025-10-15 14:29:35', '2025-10-25 08:07:48'),
('1582', '0', 'eng', 'modules', 'settings.contactSetting', 'Contact setting', '2025-10-15 14:29:35', '2025-10-25 08:07:48'),
('1583', '0', 'eng', 'modules', 'settings.contact', 'Contact', '2025-10-15 14:29:35', '2025-10-25 08:07:48'),
('1584', '0', 'eng', 'modules', 'settings.contactCompany', 'Contact Company', '2025-10-15 14:29:35', '2025-10-25 08:07:48'),
('1585', '0', 'eng', 'modules', 'settings.contactImage', 'Contact Image', '2025-10-15 14:29:35', '2025-10-25 08:07:48'),
('1586', '0', 'eng', 'modules', 'settings.addContact', 'Add Contact', '2025-10-15 14:29:35', '2025-10-25 08:07:48'),
('1587', '0', 'eng', 'modules', 'settings.editContact', 'Edit Contact', '2025-10-15 14:29:35', '2025-10-25 08:07:48'),
('1588', '0', 'eng', 'modules', 'settings.deleteContact', 'Delete Contact', '2025-10-15 14:29:35', '2025-10-25 08:07:48'),
('1589', '0', 'eng', 'modules', 'settings.contactName', 'Contact Name', '2025-10-15 14:29:35', '2025-10-25 08:07:48'),
('1590', '0', 'eng', 'modules', 'settings.email', 'Email', '2025-10-15 14:29:35', '2025-10-25 08:07:48'),
('1591', '0', 'eng', 'modules', 'settings.address', 'Address', '2025-10-15 14:29:35', '2025-10-25 08:07:48'),
('1592', '0', 'eng', 'modules', 'settings.footerSetting', 'Footer setting', '2025-10-15 14:29:35', '2025-10-25 08:07:48'),
('1593', '0', 'eng', 'modules', 'settings.footerCopyrightText', 'Footer Copyright Text', '2025-10-15 14:29:35', '2025-10-25 08:07:48'),
('1594', '0', 'eng', 'modules', 'settings.addFeatureWithIcon', 'Add Feature With Icon', '2025-10-15 14:29:35', '2025-10-25 08:07:48'),
('1595', '0', 'eng', 'modules', 'settings.faq', 'FAQ', '2025-10-15 14:29:35', '2025-10-25 08:07:48'),
('1596', '0', 'eng', 'modules', 'settings.noFaq', 'No FAQ', '2025-10-15 14:29:35', '2025-10-25 08:07:48'),
('1597', '0', 'eng', 'modules', 'settings.priceSetting', 'Price setting', '2025-10-15 14:29:35', '2025-10-25 08:07:48'),
('1598', '0', 'eng', 'modules', 'settings.priceTitle', 'Price Title', '2025-10-15 14:29:35', '2025-10-25 08:07:48'),
('1599', '0', 'eng', 'modules', 'settings.priceDescription', 'Price Description', '2025-10-15 14:29:35', '2025-10-25 08:07:48'),
('1600', '0', 'eng', 'modules', 'settings.staticLandingPage', 'Static Landing Page', '2025-10-15 14:29:35', '2025-10-25 08:07:48'),
('1601', '0', 'eng', 'modules', 'settings.dynamicLandingPage', 'Dynamic Landing Page', '2025-10-15 14:29:35', '2025-10-25 08:07:48'),
('1602', '0', 'eng', 'modules', 'settings.flutterwaveSettings', 'Flutterwave Settings', '2025-10-15 14:29:35', '2025-10-25 08:07:48'),
('1603', '0', 'eng', 'modules', 'settings.flutterwaveKey', 'Flutterwave Key', '2025-10-15 14:29:35', '2025-10-25 08:07:48'),
('1604', '0', 'eng', 'modules', 'settings.flutterwaveSecret', 'Flutterwave Secret', '2025-10-15 14:29:35', '2025-10-25 08:07:48'),
('1605', '0', 'eng', 'modules', 'settings.flutterwaveEncryptionKey', 'Flutterwave Encryption Key', '2025-10-15 14:29:35', '2025-10-25 08:07:48'),
('1606', '0', 'eng', 'modules', 'settings.flutterwaveWebhookHash', 'Flutterwave Webhook Secret Hash', '2025-10-15 14:29:35', '2025-10-25 08:07:48'),
('1607', '0', 'eng', 'modules', 'settings.testFlutterwaveKey', 'Test Flutterwave Key', '2025-10-15 14:29:35', '2025-10-25 08:07:48'),
('1608', '0', 'eng', 'modules', 'settings.testFlutterwaveSecret', 'Test Flutterwave Secret', '2025-10-15 14:29:35', '2025-10-25 08:07:48'),
('1609', '0', 'eng', 'modules', 'settings.testFlutterwaveEncryptionKey', 'Test Flutterwave Encryption Key', '2025-10-15 14:29:35', '2025-10-25 08:07:48'),
('1610', '0', 'eng', 'modules', 'settings.testFlutterwaveWebhookHash', 'Test Flutterwave Webhook Secret Hash', '2025-10-15 14:29:35', '2025-10-25 08:07:48'),
('1611', '0', 'eng', 'modules', 'settings.webhookUrl', 'Webhook URL', '2025-10-15 14:29:35', '2025-10-25 08:07:48'),
('1612', '0', 'eng', 'modules', 'settings.copyWebhookUrl', 'Copy', '2025-10-15 14:29:35', '2025-10-25 08:07:48'),
('1613', '0', 'eng', 'modules', 'settings.copied', 'Copied!', '2025-10-15 14:29:35', '2025-10-25 08:07:48'),
('1614', '0', 'eng', 'modules', 'settings.save', 'Save', '2025-10-15 14:29:35', '2025-10-25 08:07:48'),
('1615', '0', 'eng', 'modules', 'settings.razorpayKey', 'Razorpay KEY', '2025-10-15 14:29:35', '2025-10-25 08:07:48'),
('1616', '0', 'eng', 'modules', 'settings.razorpaySecret', 'Razorpay SECRET', '2025-10-15 14:29:35', '2025-10-25 08:07:48'),
('1617', '0', 'eng', 'modules', 'settings.razorpayWebhookKey', 'Razorpay Webhook Key', '2025-10-15 14:29:35', '2025-10-25 08:07:48'),
('1618', '0', 'eng', 'modules', 'settings.testRazorpayKey', 'Test Razorpay KEY', '2025-10-15 14:29:35', '2025-10-25 08:07:48'),
('1619', '0', 'eng', 'modules', 'settings.testRazorpaySecret', 'Test Razorpay SECRET', '2025-10-15 14:29:35', '2025-10-25 08:07:48'),
('1620', '0', 'eng', 'modules', 'settings.testRazorpayWebhookKey', 'Test Razorpay Webhook Key', '2025-10-15 14:29:35', '2025-10-25 08:07:48'),
('1621', '0', 'eng', 'modules', 'settings.stripeKey', 'Stripe KEY', '2025-10-15 14:29:35', '2025-10-25 08:07:48'),
('1622', '0', 'eng', 'modules', 'settings.stripeSecret', 'Stripe SECRET', '2025-10-15 14:29:35', '2025-10-25 08:07:48'),
('1623', '0', 'eng', 'modules', 'settings.stripeWebhookKey', 'Stripe Webhook Key', '2025-10-15 14:29:35', '2025-10-25 08:07:48'),
('1624', '0', 'eng', 'modules', 'settings.getStripeCredentials', 'Get Stripe Credentials', '2025-10-15 14:29:35', '2025-10-25 08:07:48'),
('1625', '0', 'eng', 'modules', 'settings.getStripeTestCredentials', 'Get Stripe Test Credentials', '2025-10-15 14:29:35', '2025-10-25 08:07:48'),
('1626', '0', 'eng', 'modules', 'settings.testStripeKey', 'Test Stripe KEY', '2025-10-15 14:29:35', '2025-10-25 08:07:48'),
('1627', '0', 'eng', 'modules', 'settings.testStripeSecret', 'Test Stripe SECRET', '2025-10-15 14:29:35', '2025-10-25 08:07:48'),
('1628', '0', 'eng', 'modules', 'settings.testStripeWebhookKey', 'Test Stripe Webhook Key', '2025-10-15 14:29:35', '2025-10-25 08:07:48'),
('1629', '0', 'eng', 'modules', 'settings.flutterwavePublicKey', 'Flutterwave Public Key', '2025-10-15 14:29:35', '2025-10-25 08:07:48'),
('1630', '0', 'eng', 'modules', 'settings.flutterwaveSecretKey', 'Flutterwave Secret Key', '2025-10-15 14:29:35', '2025-10-25 08:07:48'),
('1631', '0', 'eng', 'modules', 'settings.deliverySettings', 'Delivery Settings', '2025-10-15 14:29:35', '2025-10-25 08:07:48'),
('1632', '0', 'eng', 'modules', 'settings.getGoogleMapApiKeyHelp', 'To get a Google Maps API key, you need to create a project in the Google Cloud Console and enable the Maps JavaScript API.', '2025-10-15 14:29:35', '2025-10-25 08:07:48'),
('1633', '0', 'eng', 'modules', 'settings.learnMore', 'Learn more', '2025-10-15 14:29:35', '2025-10-25 08:07:48'),
('1634', '0', 'eng', 'modules', 'settings.enablePayPal', 'Enable PayPal', '2025-10-15 14:29:35', '2025-10-25 08:07:48'),
('1635', '0', 'eng', 'modules', 'settings.enablePayfast', 'Enable Payfast', '2025-10-15 14:29:35', '2025-10-25 08:07:48'),
('1636', '0', 'eng', 'modules', 'settings.branchPhone', 'Branch Phone ', '2025-10-15 14:29:35', '2025-10-25 08:07:48'),
('1637', '0', 'eng', 'modules', 'settings.sessionDriver', 'Session Driver', '2025-10-15 14:29:35', '2025-10-25 08:07:48'),
('1638', '0', 'eng', 'modules', 'settings.sessionDriverFile', 'File', '2025-10-15 14:29:35', '2025-10-25 08:07:48'),
('1639', '0', 'eng', 'modules', 'settings.sessionDriverDatabase', 'Database', '2025-10-15 14:29:35', '2025-10-25 08:07:48'),
('1640', '0', 'eng', 'modules', 'settings.paypalSandboxClientId', 'PayPal Sandbox Client ID', '2025-10-15 14:29:35', '2025-10-25 08:07:48'),
('1641', '0', 'eng', 'modules', 'settings.paypalSandboxSecret', 'PayPal Sandbox Secret', '2025-10-15 14:29:35', '2025-10-25 08:07:48'),
('1642', '0', 'eng', 'modules', 'settings.paypalLiveClientId', 'PayPal Live Client ID', '2025-10-15 14:29:35', '2025-10-25 08:07:48'),
('1643', '0', 'eng', 'modules', 'settings.paypalLiveSecret', 'PayPal Live Secret', '2025-10-15 14:29:35', '2025-10-25 08:07:48'),
('1644', '0', 'eng', 'modules', 'settings.xenditTestPublicKey', 'Xendit Test Public Key', '2025-10-15 14:29:35', '2025-10-25 08:07:48'),
('1645', '0', 'eng', 'modules', 'settings.xenditTestSecretKey', 'Xendit Test Secret Key', '2025-10-15 14:29:35', '2025-10-25 08:07:48'),
('1646', '0', 'eng', 'modules', 'settings.xenditLivePublicKey', 'Xendit Live Public Key', '2025-10-15 14:29:35', '2025-10-25 08:07:48'),
('1647', '0', 'eng', 'modules', 'settings.xenditLiveSecretKey', 'Xendit Live Secret Key', '2025-10-15 14:29:35', '2025-10-25 08:07:48'),
('1648', '0', 'eng', 'modules', 'settings.xenditTestWebhookToken', 'Xendit Test Webhook Token', '2025-10-15 14:29:35', '2025-10-25 08:07:48'),
('1649', '0', 'eng', 'modules', 'settings.xenditLiveWebhookToken', 'Xendit Live Webhook Token', '2025-10-15 14:29:35', '2025-10-25 08:07:48'),
('1650', '0', 'eng', 'modules', 'settings.kotSettings', 'KOT Settings', '2025-10-15 14:29:35', '2025-10-25 08:07:48'),
('1651', '0', 'eng', 'modules', 'settings.kotStatusesPending', 'Pending', '2025-10-15 14:29:35', '2025-10-25 08:07:48'),
('1652', '0', 'eng', 'modules', 'settings.kotStatusesCooking', 'Cooking', '2025-10-15 14:29:35', '2025-10-25 08:07:48'),
('1653', '0', 'eng', 'modules', 'settings.enableItemLevelStatus', 'Enable Item Level Status', '2025-10-15 14:29:35', '2025-10-25 08:07:48'),
('1654', '0', 'eng', 'modules', 'settings.enableItemLevelStatusDescription', 'Enable this to allow statuses to be set at the item level.', '2025-10-15 14:29:35', '2025-10-25 08:07:48'),
('1655', '0', 'eng', 'modules', 'settings.defaultKotStatus', 'Default KOT Status', '2025-10-15 14:29:35', '2025-10-25 08:07:48'),
('1656', '0', 'eng', 'modules', 'settings.defaultKotStatusDescription', 'Set the default status for the KOT.', '2025-10-15 14:29:35', '2025-10-25 08:07:48'),
('1657', '0', 'eng', 'modules', 'settings.kotStatusesPendingDescription', 'Initial status when KOT is created and waiting to be processed', '2025-10-15 14:29:35', '2025-10-25 08:07:48'),
('1658', '0', 'eng', 'modules', 'settings.kotStatusesCookingDescription', 'Status when kitchen staff is preparing the order', '2025-10-15 14:29:35', '2025-10-25 08:07:48'),
('1659', '0', 'eng', 'modules', 'settings.kotStatusesReadyDescription', 'Status when the order is completed and ready for serving', '2025-10-15 14:29:35', '2025-10-25 08:07:48'),
('1660', '0', 'eng', 'modules', 'settings.kotStatusesServedDescription', 'Status when the order is served to the customer', '2025-10-15 14:29:35', '2025-10-25 08:07:48'),
('1661', '0', 'eng', 'modules', 'settings.kotStatusesCancelledDescription', 'Status when the order is cancelled', '2025-10-15 14:29:35', '2025-10-25 08:07:48'),
('1662', '0', 'eng', 'modules', 'settings.cloneOptions', 'Clone Options', '2025-10-15 14:29:35', '2025-10-25 08:07:48'),
('1663', '0', 'eng', 'modules', 'settings.getDatafrom', 'Import Data from', '2025-10-15 14:29:35', '2025-10-25 08:07:48'),
('1664', '0', 'eng', 'modules', 'settings.menu', 'Menu', '2025-10-15 14:29:35', '2025-10-25 08:07:48'),
('1665', '0', 'eng', 'modules', 'settings.ItemCategories', 'Item Categories', '2025-10-15 14:29:35', '2025-10-25 08:07:48'),
('1666', '0', 'eng', 'modules', 'settings.menuItems', 'Menu Items', '2025-10-15 14:29:35', '2025-10-25 08:07:48'),
('1667', '0', 'eng', 'modules', 'settings.cloneSettings', 'Clone Settings', '2025-10-15 14:29:35', '2025-10-25 08:07:48'),
('1668', '0', 'eng', 'modules', 'settings.phone', 'Phone', '2025-10-15 14:29:35', '2025-10-25 08:07:48'),
('1669', '0', 'eng', 'modules', 'settings.selectPhoneCode', 'Select Phone Code', '2025-10-15 14:29:35', '2025-10-25 08:07:48'),
('1670', '0', 'eng', 'modules', 'settings.searchPhoneCode', 'Search phone code...', '2025-10-15 14:29:35', '2025-10-25 08:07:48'),
('1671', '0', 'eng', 'modules', 'settings.adminSettings', 'Enable payment gateways to show in restaurant panel', '2025-10-15 14:29:35', '2025-10-25 08:07:48'),
('1672', '0', 'eng', 'modules', 'settings.allowCustomOrderTypeOptions', 'Allow Custom Order Type Options', '2025-10-15 14:29:35', '2025-10-25 08:07:48'),
('1673', '0', 'eng', 'modules', 'settings.allowCustomOrderTypeOptionsDescription', 'Enable this to allow customers to select custom order type options.', '2025-10-15 14:29:35', '2025-10-25 08:07:48'),
('1674', '0', 'eng', 'modules', 'settings.customOrderTypes', 'Custom Order Types', '2025-10-15 14:29:35', '2025-10-25 08:07:48'),
('1675', '0', 'eng', 'modules', 'settings.customOrderTypesDescription', 'Manage custom order types that customers can choose from.', '2025-10-15 14:29:35', '2025-10-25 08:07:48'),
('1676', '0', 'eng', 'modules', 'settings.addFirstDeliveryType', 'Add First Delivery Type', '2025-10-15 14:29:35', '2025-10-25 08:07:48'),
('1677', '0', 'eng', 'modules', 'settings.deleteDeliveryType', 'Delete Delivery Type', '2025-10-15 14:29:35', '2025-10-25 08:07:48'),
('1678', '0', 'eng', 'modules', 'settings.deleteDeliveryTypeConfirm', 'Are you sure you want to delete this delivery type?', '2025-10-15 14:29:35', '2025-10-25 08:07:48'),
('1679', '0', 'eng', 'modules', 'settings.deleteOrderType', 'Delete Order Type', '2025-10-15 14:29:35', '2025-10-25 08:07:48'),
('1680', '0', 'eng', 'modules', 'settings.deleteOrderTypeConfirm', 'Are you sure you want to delete this order type?', '2025-10-15 14:29:35', '2025-10-25 08:07:48'),
('1681', '0', 'eng', 'modules', 'settings.noOrderTypesFound', 'Enable custom order type options to add order types.', '2025-10-15 14:29:35', '2025-10-25 08:07:48'),
('1682', '0', 'eng', 'modules', 'settings.orderTypeName', 'Order Type Name', '2025-10-15 14:29:35', '2025-10-25 08:07:48'),
('1683', '0', 'eng', 'modules', 'settings.enterOrderTypeName', 'Enter Order Type Name', '2025-10-15 14:29:35', '2025-10-25 08:07:48'),
('1684', '0', 'eng', 'modules', 'settings.orderTypeDescription', 'Order Type Description', '2025-10-15 14:29:35', '2025-10-25 08:07:48'),
('1685', '0', 'eng', 'modules', 'settings.dineIn', 'Dine In', '2025-10-15 14:29:35', '2025-10-25 08:07:48'),
('1686', '0', 'eng', 'modules', 'settings.cannotDeleteDefaultOrderType', 'Default order types cannot be deleted.', '2025-10-15 14:29:35', '2025-10-25 08:07:48'),
('1687', '0', 'eng', 'modules', 'settings.pickup', 'Pickup', '2025-10-15 14:29:35', '2025-10-25 08:07:48'),
('1688', '0', 'eng', 'modules', 'settings.delivery', 'Delivery', '2025-10-15 14:29:35', '2025-10-25 08:07:48'),
('1689', '0', 'eng', 'modules', 'settings.isDelivery', 'Is Delivery', '2025-10-15 14:29:35', '2025-10-25 08:07:48'),
('1690', '0', 'eng', 'modules', 'settings.defaultOrderTypeWarning', 'This is a default order type and cannot be modified.', '2025-10-15 14:29:35', '2025-10-25 08:07:48'),
('1691', '0', 'eng', 'modules', 'settings.cannotModifyDefaultOrderType', 'Cannot modify default order type.', '2025-10-15 14:29:35', '2025-10-25 08:07:48'),
('1692', '0', 'eng', 'modules', 'settings.cannotModifyDefaultOrderTypeName', 'Cannot modify default order type name.', '2025-10-15 14:29:35', '2025-10-25 08:07:48'),
('1693', '0', 'eng', 'modules', 'settings.orderTypeNameRequired', 'Order type name is required.', '2025-10-15 14:29:35', '2025-10-25 08:07:48'),
('1694', '0', 'eng', 'modules', 'settings.orderTypeRequired', 'Order type is required.', '2025-10-15 14:29:35', '2025-10-25 08:07:48'),
('1695', '0', 'eng', 'modules', 'settings.invalidOrderType', 'Invalid order type selected.', '2025-10-15 14:29:35', '2025-10-25 08:07:48'),
('1696', '0', 'eng', 'modules', 'settings.enabled', 'Enabled', '2025-10-15 14:29:35', '2025-10-25 08:07:48'),
('1697', '0', 'eng', 'modules', 'settings.kotCancelReasons', 'Cancel Reasons', '2025-10-15 14:29:35', '2025-10-25 08:07:48'),
('1698', '0', 'eng', 'modules', 'settings.addKotCancelReason', 'Add Cancel Reason', '2025-10-15 14:29:35', '2025-10-25 08:07:48'),
('1699', '0', 'eng', 'modules', 'settings.reason', 'Reason', '2025-10-15 14:29:35', '2025-10-25 08:07:48'),
('1700', '0', 'eng', 'modules', 'settings.enterCancelReason', 'Additional Comment (Optional)', '2025-10-15 14:29:35', '2025-10-25 08:07:48'),
('1701', '0', 'eng', 'modules', 'settings.cancelSettings', 'Cancellation Reasons', '2025-10-15 14:29:35', '2025-10-25 08:07:48'),
('1702', '0', 'eng', 'modules', 'settings.cancellationTypes', 'Cancellation Types', '2025-10-15 14:29:35', '2025-10-25 08:07:48'),
('1703', '0', 'eng', 'modules', 'settings.deleteCancelReasonWarning', 'Are you sure you want to delete this cancellation reason?', '2025-10-15 14:29:35', '2025-10-25 08:07:48'),
('1704', '0', 'eng', 'modules', 'settings.deleteReason', 'Delete Reason', '2025-10-15 14:29:35', '2025-10-25 08:07:48'),
('1705', '0', 'eng', 'modules', 'settings.editKotCancelReason', 'Edit Cancel Reason', '2025-10-15 14:29:35', '2025-10-25 08:07:48'),
('1706', '0', 'eng', 'modules', 'settings.default', 'Default', '2025-10-15 14:29:35', '2025-10-25 08:07:48'),
('1707', '0', 'eng', 'modules', 'settings.select', 'Select', '2025-10-15 14:29:35', '2025-10-25 08:07:48'),
('1708', '0', 'eng', 'modules', 'settings.selectCancelReason', 'Select Cancel Reason', '2025-10-15 14:29:35', '2025-10-25 08:07:48'),
('1709', '0', 'eng', 'modules', 'settings.cancelReasonRequired', 'Please select a cancellation reason or provide a custom reason.', '2025-10-15 14:29:35', '2025-10-25 08:07:48'),
('1710', '0', 'eng', 'modules', 'settings.deliveryType', 'Delivery Type', '2025-10-15 14:29:35', '2025-10-25 08:07:48'),
('1711', '0', 'eng', 'modules', 'settings.enterDeliveryTypeName', 'Enter Delivery Type Name', '2025-10-15 14:29:35', '2025-10-25 08:07:48'),
('1712', '0', 'eng', 'modules', 'settings.deliveryTypeDescription', 'Delivery Type Description', '2025-10-15 14:29:35', '2025-10-25 08:07:48'),
('1713', '0', 'eng', 'modules', 'settings.enterDeliveryTypeDescription', 'Enter Delivery Type Description', '2025-10-15 14:29:35', '2025-10-25 08:07:48'),
('1714', '0', 'eng', 'modules', 'settings.deliveryTypeEnabled', 'Delivery Type Enabled', '2025-10-15 14:29:35', '2025-10-25 08:07:48'),
('1715', '0', 'eng', 'modules', 'settings.enterDeliveryTypeEnabled', 'Enter Delivery Type Enabled', '2025-10-15 14:29:35', '2025-10-25 08:07:48'),
('1716', '0', 'eng', 'modules', 'settings.deliveryTypeName', 'Delivery Type Name', '2025-10-15 14:29:35', '2025-10-25 08:07:48'),
('1717', '0', 'eng', 'modules', 'settings.customOrderType', 'Custom Order Type', '2025-10-15 14:29:35', '2025-10-25 08:07:48'),
('1718', '0', 'eng', 'modules', 'settings.phoneNumber', 'Phone Number', '2025-10-15 14:29:35', '2025-10-25 08:07:48'),
('1719', '0', 'eng', 'modules', 'settings.customerSiteLanguage', 'Customer Site Language', '2025-10-15 14:29:35', '2025-10-25 08:07:48'),
('1720', '0', 'eng', 'modules', 'settings.pickupDaysRange', 'Pickup Days Range', '2025-10-15 14:29:35', '2025-10-25 08:07:48'),
('1721', '0', 'eng', 'modules', 'settings.showOrderType', 'Show Order Type', '2025-10-15 14:29:35', '2025-10-25 08:07:48'),
('1722', '0', 'eng', 'modules', 'settings.taxMode', 'Tax Mode', '2025-10-15 14:29:35', '2025-10-25 08:07:48'),
('1723', '0', 'eng', 'modules', 'settings.taxModeOrder', 'Order-Level Tax', '2025-10-15 14:29:35', '2025-10-25 08:07:48'),
('1724', '0', 'eng', 'modules', 'settings.taxModeOrderHelp', 'Apply tax on the total order amount.', '2025-10-15 14:29:35', '2025-10-25 08:07:48'),
('1725', '0', 'eng', 'modules', 'settings.taxModeItem', 'Item-Level Tax', '2025-10-15 14:29:35', '2025-10-25 08:07:48'),
('1726', '0', 'eng', 'modules', 'settings.taxModeItemHelp', 'Apply different tax rates to each item.', '2025-10-15 14:29:35', '2025-10-25 08:07:48'),
('1727', '0', 'eng', 'modules', 'settings.defaultItemTaxType', 'Item Tax Type', '2025-10-15 14:29:35', '2025-10-25 08:07:48'),
('1728', '0', 'eng', 'modules', 'settings.taxInclusive', 'Inclusive Tax', '2025-10-15 14:29:35', '2025-10-25 08:07:48'),
('1729', '0', 'eng', 'modules', 'settings.taxExclusive', 'Exclusive Tax', '2025-10-15 14:29:35', '2025-10-25 08:07:48'),
('1730', '0', 'eng', 'modules', 'settings.taxInclusiveHelp', 'If enabled, item prices include tax. Otherwise, tax is added at checkout.', '2025-10-15 14:29:35', '2025-10-25 08:07:48'),
('1731', '0', 'eng', 'modules', 'settings.taxSettingsDescription', 'Manage how taxes are applied to orders and items.', '2025-10-15 14:29:35', '2025-10-25 08:07:48'),
('1732', '0', 'eng', 'modules', 'settings.taxSetting', 'Tax Settings', '2025-10-15 14:29:35', '2025-10-25 08:07:48'),
('1733', '0', 'eng', 'modules', 'settings.taxTable', 'All Taxes', '2025-10-15 14:29:35', '2025-10-25 08:07:48'),
('1734', '0', 'eng', 'modules', 'settings.orderSetting', 'Order Settings', '2025-10-15 14:29:35', '2025-10-25 08:07:48'),
('1735', '0', 'eng', 'modules', 'settings.orderSettingsHelp', 'Configure order settings to manage how orders are processed.', '2025-10-15 14:29:35', '2025-10-25 08:07:48'),
('1736', '0', 'eng', 'modules', 'settings.assignAllTaxesToItems', 'Assign all taxes to items', '2025-10-15 14:29:35', '2025-10-25 08:07:48'),
('1737', '0', 'eng', 'modules', 'settings.assignAllTaxesToItemsDescription', 'Note: If enabled, taxes will be applied to items that do not already have any. Items with existing taxes will remain unchanged.', '2025-10-15 14:29:35', '2025-10-25 08:07:48'),
('1738', '0', 'eng', 'modules', 'settings.showVeg', 'Show Veg', '2025-10-15 14:29:35', '2025-10-25 08:07:48'),
('1739', '0', 'eng', 'modules', 'settings.showVegDescription', 'Show veg items in the menu.', '2025-10-15 14:29:35', '2025-10-25 08:07:48'),
('1740', '0', 'eng', 'modules', 'settings.showHalal', 'Show Halal', '2025-10-15 14:29:35', '2025-10-25 08:07:48'),
('1741', '0', 'eng', 'modules', 'settings.showHalalDescription', 'Show halal items in the menu.', '2025-10-15 14:29:35', '2025-10-25 08:07:48'),
('1742', '0', 'eng', 'modules', 'settings.customizeHeader', 'Customize Header', '2025-10-15 14:29:35', '2025-10-25 08:07:48'),
('1743', '0', 'eng', 'modules', 'settings.headerCustomization', 'Header Customization', '2025-10-15 14:29:35', '2025-10-25 08:07:48'),
('1744', '0', 'eng', 'modules', 'settings.headerType', 'Header Type', '2025-10-15 14:29:35', '2025-10-25 08:07:48'),
('1745', '0', 'eng', 'modules', 'settings.headerTypeDescription', 'Choose whether to display text or images in the cart page header.', '2025-10-15 14:29:35', '2025-10-25 08:07:48'),
('1746', '0', 'eng', 'modules', 'settings.textHeader', 'Text Header', '2025-10-15 14:29:35', '2025-10-25 08:07:48'),
('1747', '0', 'eng', 'modules', 'settings.imageHeader', 'Image Header', '2025-10-15 14:29:35', '2025-10-25 08:07:48'),
('1748', '0', 'eng', 'modules', 'settings.headerText', 'Header Text', '2025-10-15 14:29:35', '2025-10-25 08:07:48'),
('1749', '0', 'eng', 'modules', 'settings.headerTextDescription', 'Enter the text to display in the cart page header.', '2025-10-15 14:29:35', '2025-10-25 08:07:48'),
('1750', '0', 'eng', 'modules', 'settings.headerImages', 'Header Images', '2025-10-15 14:29:35', '2025-10-25 08:07:48'),
('1751', '0', 'eng', 'modules', 'settings.headerImagesDescription', 'Upload multiple images to create a slider in the cart page header.', '2025-10-15 14:29:35', '2025-10-25 08:07:48'),
('1752', '0', 'eng', 'modules', 'settings.existingImages', 'Existing Images', '2025-10-15 14:29:35', '2025-10-25 08:07:48'),
('1753', '0', 'eng', 'modules', 'settings.noPhoneCodesFound', 'No phone codes found', '2025-10-15 14:29:35', '2025-10-25 08:07:48'),
('1754', '0', 'eng', 'modules', 'settings.superAdminPhoneNumber', 'Super Admin Phone Number', '2025-10-15 14:29:35', '2025-10-25 08:07:48'),
('1755', '0', 'eng', 'modules', 'settings.tableSettings', 'Table Settings', '2025-10-15 14:29:35', '2025-10-25 08:07:48'),
('1756', '0', 'eng', 'modules', 'settings.tableLockTimeoutMinutes', 'Table Lock Timeout (Minutes)', '2025-10-15 14:29:35', '2025-10-25 08:07:48'),
('1757', '0', 'eng', 'modules', 'settings.tableLockTimeoutMinutesDescription', 'Set how long a table remains locked when a staff member is working on it.', '2025-10-15 14:29:35', '2025-10-25 08:07:48'),
('1758', '0', 'eng', 'modules', 'settings.privacyPolicyLink', 'Legal Consent Page Link (Privacy Policy)', '2025-10-15 14:29:35', '2025-10-25 08:07:48'),
('1759', '0', 'eng', 'modules', 'settings.privacyPolicyLinkHelp', 'Enter the URL to your legal consent page. This will be used for legal compliance and user consent.', '2025-10-15 14:29:35', '2025-10-25 08:07:48'),
('1760', '0', 'eng', 'modules', 'settings.showPrivacyConsentCheckbox', 'Legal Consent Checkbox', '2025-10-15 14:29:35', '2025-10-25 08:07:48'),
('1761', '0', 'eng', 'modules', 'settings.showPrivacyConsentCheckboxHelp', 'Enable this to show a legal consent checkbox on the signup page. When enabled, you must provide a legal link.', '2025-10-15 14:29:35', '2025-10-25 08:07:48'),
('1762', '0', 'eng', 'modules', 'delivery.useDifferentLocation', 'Use Different Location', '2025-10-15 14:29:35', '2025-10-25 08:07:48'),
('1763', '0', 'eng', 'modules', 'delivery.deliverySettings', 'Delivery Settings', '2025-10-15 14:29:35', '2025-10-25 08:07:48'),
('1764', '0', 'eng', 'modules', 'delivery.enableDelivery', 'Enable Delivery', '2025-10-15 14:29:35', '2025-10-25 08:07:48'),
('1765', '0', 'eng', 'modules', 'delivery.maxRadius', 'Maximum Delivery Radius', '2025-10-15 14:29:35', '2025-10-25 08:07:48'),
('1766', '0', 'eng', 'modules', 'delivery.kilometers', 'Kilometers (km)', '2025-10-15 14:29:35', '2025-10-25 08:07:48'),
('1767', '0', 'eng', 'modules', 'delivery.miles', 'Miles (mi)', '2025-10-15 14:29:35', '2025-10-25 08:07:48'),
('1768', '0', 'eng', 'modules', 'delivery.feeCalculationMethod', 'Fee Calculation Method', '2025-10-15 14:29:35', '2025-10-25 08:07:48'),
('1769', '0', 'eng', 'modules', 'delivery.fixedFee', 'Fixed Fee', '2025-10-15 14:29:35', '2025-10-25 08:07:48'),
('1770', '0', 'eng', 'modules', 'delivery.feePerDistance', 'Fee per :unit', '2025-10-15 14:29:35', '2025-10-25 08:07:48'),
('1771', '0', 'eng', 'modules', 'delivery.distanceTiers', 'Distance Tiers', '2025-10-15 14:29:35', '2025-10-25 08:07:48'),
('1772', '0', 'eng', 'modules', 'delivery.distanceTiersDescription', 'Set different fees for different distance ranges', '2025-10-15 14:29:35', '2025-10-25 08:07:48'),
('1773', '0', 'eng', 'modules', 'delivery.minDistance', 'Min Distance (:unit)', '2025-10-15 14:29:35', '2025-10-25 08:07:48'),
('1774', '0', 'eng', 'modules', 'delivery.maxDistance', 'Max Distance (:unit)', '2025-10-15 14:29:35', '2025-10-25 08:07:48'),
('1775', '0', 'eng', 'modules', 'delivery.fee', 'Fee', '2025-10-15 14:29:35', '2025-10-25 08:07:48'),
('1776', '0', 'eng', 'modules', 'delivery.addTier', 'Add Tier', '2025-10-15 14:29:35', '2025-10-25 08:07:48'),
('1777', '0', 'eng', 'modules', 'delivery.freeDeliveryOptions', 'Free Delivery Options', '2025-10-15 14:29:35', '2025-10-25 08:07:48'),
('1778', '0', 'eng', 'modules', 'delivery.freeDeliveryOverAmount', 'Free Delivery Over Amount', '2025-10-15 14:29:35', '2025-10-25 08:07:48'),
('1779', '0', 'eng', 'modules', 'delivery.freeDeliveryWithinRadius', 'Free Delivery Within Radius', '2025-10-15 14:29:35', '2025-10-25 08:07:48'),
('1780', '0', 'eng', 'modules', 'delivery.leaveEmptyToDisable', 'Leave empty to disable this option', '2025-10-15 14:29:35', '2025-10-25 08:07:48'),
('1781', '0', 'eng', 'modules', 'delivery.deliverySchedule', 'Delivery Schedule', '2025-10-15 14:29:35', '2025-10-25 08:07:48'),
('1782', '0', 'eng', 'modules', 'delivery.deliveryHoursStart', 'Delivery Hours Start', '2025-10-15 14:29:35', '2025-10-25 08:07:48'),
('1783', '0', 'eng', 'modules', 'delivery.deliveryHoursEnd', 'Delivery Hours End', '2025-10-15 14:29:35', '2025-10-25 08:07:48'),
('1784', '0', 'eng', 'modules', 'delivery.leave247Delivery', 'Leave both fields empty or 00:00 for 24/7 delivery', '2025-10-15 14:29:35', '2025-10-25 08:07:48'),
('1785', '0', 'eng', 'modules', 'delivery.deliveryTimeEstimate', 'Delivery Time Estimation', '2025-10-15 14:29:35', '2025-10-25 08:07:48'),
('1786', '0', 'eng', 'modules', 'delivery.avgPrepTime', 'Average Preparation Time', '2025-10-15 14:29:35', '2025-10-25 08:07:48'),
('1787', '0', 'eng', 'modules', 'delivery.avgDeliverySpeed', 'Average Speed of Delivery Rider', '2025-10-15 14:29:35', '2025-10-25 08:07:48'),
('1788', '0', 'eng', 'modules', 'delivery.minutes', 'Minutes', '2025-10-15 14:29:35', '2025-10-25 08:07:48'),
('1789', '0', 'eng', 'modules', 'delivery.feeDetails', 'Fee Details', '2025-10-15 14:29:35', '2025-10-25 08:07:48'),
('1790', '0', 'eng', 'modules', 'delivery.distanceUnit', 'Distance Unit', '2025-10-15 14:29:35', '2025-10-25 08:07:48'),
('1791', '0', 'eng', 'modules', 'delivery.mapApiKey', 'Google Map API Key', '2025-10-15 14:29:35', '2025-10-25 08:07:48'),
('1792', '0', 'eng', 'modules', 'delivery.privacyPolicyLink', 'Privacy Policy Link', '2025-10-15 14:29:35', '2025-10-25 08:07:48'),
('1793', '0', 'eng', 'modules', 'delivery.branchLat', 'Branch Latitude', '2025-10-15 14:29:35', '2025-10-25 08:07:48'),
('1794', '0', 'eng', 'modules', 'delivery.branchLng', 'Branch Longitude', '2025-10-15 14:29:35', '2025-10-25 08:07:48'),
('1795', '0', 'eng', 'modules', 'delivery.addNewAddress', 'Add New Address', '2025-10-15 14:29:35', '2025-10-25 08:07:48'),
('1796', '0', 'eng', 'modules', 'delivery.editAddress', 'Edit Address', '2025-10-15 14:29:35', '2025-10-25 08:07:48'),
('1797', '0', 'eng', 'modules', 'delivery.addressLabel', 'Address Label (e.g. Home, Office)', '2025-10-15 14:29:35', '2025-10-25 08:07:48'),
('1798', '0', 'eng', 'modules', 'delivery.addressLabelPlaceholder', 'Home, Office, etc.', '2025-10-15 14:29:35', '2025-10-25 08:07:48'),
('1799', '0', 'eng', 'modules', 'delivery.searchLocation', 'Search for your location', '2025-10-15 14:29:35', '2025-10-25 08:07:48'),
('1800', '0', 'eng', 'modules', 'delivery.searchLocationPlaceholder', 'Enter your address or location', '2025-10-15 14:29:35', '2025-10-25 08:07:48'),
('1801', '0', 'eng', 'modules', 'delivery.fullAddress', 'Complete Address', '2025-10-15 14:29:35', '2025-10-25 08:07:48'),
('1802', '0', 'eng', 'modules', 'delivery.fullAddressPlaceholder', 'Enter apartment, floor, landmark, etc.', '2025-10-15 14:29:35', '2025-10-25 08:07:48'),
('1803', '0', 'eng', 'modules', 'delivery.noAddressesFound', 'No addresses found', '2025-10-15 14:29:35', '2025-10-25 08:07:48'),
('1804', '0', 'eng', 'modules', 'delivery.addAddressDescription', 'Add your delivery addresses to make ordering faster', '2025-10-15 14:29:35', '2025-10-25 08:07:48'),
('1805', '0', 'eng', 'modules', 'delivery.saveAddress', 'Save Address', '2025-10-15 14:29:35', '2025-10-25 08:07:48'),
('1806', '0', 'eng', 'modules', 'delivery.updateAddress', 'Update Address', '2025-10-15 14:29:35', '2025-10-25 08:07:48'),
('1807', '0', 'eng', 'modules', 'delivery.confirmDeleteAddress', 'Are you sure you want to delete this address?', '2025-10-15 14:29:35', '2025-10-25 08:07:48'),
('1808', '0', 'eng', 'modules', 'delivery.confirmDeleteAddressDescription', 'This action cannot be undone.', '2025-10-15 14:29:35', '2025-10-25 08:07:48'),
('1809', '0', 'eng', 'modules', 'delivery.pleaseSelectLocation', 'Please select a location on the map', '2025-10-15 14:29:35', '2025-10-25 08:07:48'),
('1810', '0', 'eng', 'modules', 'delivery.autoDetectMyLocation', 'Detect My Location', '2025-10-15 14:29:35', '2025-10-25 08:07:48'),
('1811', '0', 'eng', 'modules', 'delivery.selectDeliveryLocation', 'Select Delivery Location', '2025-10-15 14:29:35', '2025-10-25 08:07:48'),
('1812', '0', 'eng', 'modules', 'delivery.selectLocationDescription', 'Choose a saved address or add a new delivery location', '2025-10-15 14:29:35', '2025-10-25 08:07:48'),
('1813', '0', 'eng', 'modules', 'delivery.useSavedAddress', 'Use Saved Address', '2025-10-15 14:29:35', '2025-10-25 08:07:48'),
('1814', '0', 'eng', 'modules', 'delivery.addNewLocation', 'Add New Location', '2025-10-15 14:29:35', '2025-10-25 08:07:48'),
('1815', '0', 'eng', 'modules', 'delivery.confirmLocation', 'Confirm Location', '2025-10-15 14:29:35', '2025-10-25 08:07:48'),
('1816', '0', 'eng', 'modules', 'delivery.locationOutOfRange', 'Location is out of delivery range', '2025-10-15 14:29:35', '2025-10-25 08:07:48'),
('1817', '0', 'eng', 'modules', 'delivery.deliveryAreaMap', 'Delivery Area Map', '2025-10-15 14:29:35', '2025-10-25 08:07:48'),
('1818', '0', 'eng', 'modules', 'delivery.showDeliveryArea', 'Show Delivery Area', '2025-10-15 14:29:35', '2025-10-25 08:07:48'),
('1819', '0', 'eng', 'modules', 'delivery.hideDeliveryArea', 'Hide Delivery Area', '2025-10-15 14:29:35', '2025-10-25 08:07:48'),
('1820', '0', 'eng', 'modules', 'delivery.orderWillBeDeliveredHere', 'Your order will be delivered here', '2025-10-15 14:29:35', '2025-10-25 08:07:48'),
('1821', '0', 'eng', 'modules', 'delivery.placePinAccurately', 'Place the pin accurately on the map', '2025-10-15 14:29:35', '2025-10-25 08:07:48'),
('1822', '0', 'eng', 'modules', 'delivery.detectLocation', 'Detect My Location', '2025-10-15 14:29:35', '2025-10-25 08:07:48'),
('1823', '0', 'eng', 'modules', 'delivery.savedAddresses', 'Saved Addresses', '2025-10-15 14:29:35', '2025-10-25 08:07:48'),
('1824', '0', 'eng', 'modules', 'delivery.noSavedAddresses', 'No saved addresses found', '2025-10-15 14:29:35', '2025-10-25 08:07:48'),
('1825', '0', 'eng', 'modules', 'delivery.addressDetails', 'Address Details', '2025-10-15 14:29:35', '2025-10-25 08:07:48'),
('1826', '0', 'eng', 'modules', 'delivery.showDeliveryRange', 'Show Delivery Range', '2025-10-15 14:29:35', '2025-10-25 08:07:48'),
('1827', '0', 'eng', 'modules', 'delivery.hideDeliveryRange', 'Hide Delivery Range', '2025-10-15 14:29:35', '2025-10-25 08:07:48'),
('1828', '0', 'eng', 'modules', 'delivery.dragMarkerToAdjust', 'Place the pin accurately on the map', '2025-10-15 14:29:35', '2025-10-25 08:07:48'),
('1829', '0', 'eng', 'modules', 'delivery.deliveryLocation', 'Order will be delivered here', '2025-10-15 14:29:35', '2025-10-25 08:07:48'),
('1830', '0', 'eng', 'modules', 'delivery.deliveryFee', 'Delivery Fee', '2025-10-15 14:29:35', '2025-10-25 08:07:48'),
('1831', '0', 'eng', 'modules', 'delivery.maxRadiusAutoSet', 'Max Radius will be set automatically.', '2025-10-15 14:29:35', '2025-10-25 08:07:48'),
('1832', '0', 'eng', 'modules', 'delivery.shopLocation', 'The restaurant location', '2025-10-15 14:29:35', '2025-10-25 08:07:48'),
('1833', '0', 'eng', 'modules', 'delivery.orderQualifiesForFreeDelivery', 'Your order qualifies for free delivery', '2025-10-15 14:29:35', '2025-10-25 08:07:48'),
('1834', '0', 'eng', 'modules', 'delivery.freeDelivery', 'Free Delivery', '2025-10-15 14:29:35', '2025-10-25 08:07:48'),
('1835', '0', 'eng', 'modules', 'delivery.changeDeliveryAddress', 'Change Delivery Address', '2025-10-15 14:29:35', '2025-10-25 08:07:48'),
('1836', '0', 'eng', 'modules', 'delivery.deliveryAddress', 'Delivery Address', '2025-10-15 14:29:35', '2025-10-25 08:07:48'),
('1837', '0', 'eng', 'modules', 'delivery.useCurrentLocation', 'Use Current Location', '2025-10-15 14:29:35', '2025-10-25 08:07:48'),
('1838', '0', 'eng', 'modules', 'delivery.deliveryNotAvailable', 'Delivery is not available at the moment. Please connect with the restaurant directly for assistance.', '2025-10-15 14:29:35', '2025-10-25 08:07:48'),
('1839', '0', 'eng', 'modules', 'delivery.deliveryHours', 'Delivery Hours', '2025-10-15 14:29:35', '2025-10-25 08:07:48'),
('1840', '0', 'eng', 'modules', 'delivery.nextDeliveryAt', 'Next delivery available at :time', '2025-10-15 14:29:35', '2025-10-25 08:07:48'),
('1841', '0', 'eng', 'modules', 'delivery.deliveryScheduleStart', 'Delivery Start Time', '2025-10-15 14:29:35', '2025-10-25 08:07:48'),
('1842', '0', 'eng', 'modules', 'delivery.deliveryScheduleEnd', 'Delivery End Time', '2025-10-15 14:29:35', '2025-10-25 08:07:48'),
('1843', '0', 'eng', 'modules', 'delivery.locationPermissionDenied', 'Location permission denied. Please enable location access and try again.', '2025-10-15 14:29:35', '2025-10-25 08:07:48'),
('1844', '0', 'eng', 'modules', 'delivery.outsideDeliveryHours', 'Delivery service available from :start to :end (:timezone). Please order during these hours.', '2025-10-15 14:29:35', '2025-10-25 08:07:48'),
('1845', '0', 'eng', 'modules', 'delivery.currentlyOutsideHours', 'Currently outside delivery hours', '2025-10-15 14:29:35', '2025-10-25 08:07:48'),
('1846', '0', 'eng', 'modules', 'delivery.24hDelivery', '24/7 Delivery Available', '2025-10-15 14:29:35', '2025-10-25 08:07:48'),
('1847', '0', 'eng', 'modules', 'delivery.deliveryTimeEstimation', 'Estimated delivery time: :time minutes', '2025-10-15 14:29:35', '2025-10-25 08:07:48'),
('1848', '0', 'eng', 'modules', 'delivery.estimatedTimeUnavailable', 'Estimated time unavailable. Please contact the restaurant for more details.', '2025-10-15 14:29:35', '2025-10-25 08:07:48'),
('1849', '0', 'eng', 'modules', 'delivery.additionalEtaBufferTime', 'Additional Time Buffer', '2025-10-15 14:29:35', '2025-10-25 08:07:48'),
('1850', '0', 'eng', 'modules', 'delivery.additionalEtaBufferTimeDescription', 'Add optional buffer time (in minutes) to cover possible delays. Default is 0 if not specified.', '2025-10-15 14:29:35', '2025-10-25 08:07:48'),
('1851', '0', 'eng', 'modules', 'dashboard.todayOrderCount', 'Today\'s Orders', '2025-10-15 14:29:35', '2025-10-25 08:07:48'),
('1852', '0', 'eng', 'modules', 'dashboard.todayEarnings', 'Today\'s Earnings', '2025-10-15 14:29:35', '2025-10-25 08:07:48'),
('1853', '0', 'eng', 'modules', 'dashboard.sinceYesterday', 'Since yesterday', '2025-10-15 14:29:35', '2025-10-25 08:07:48'),
('1854', '0', 'eng', 'modules', 'dashboard.todayStats', 'Statistics', '2025-10-15 14:29:35', '2025-10-25 08:07:48'),
('1855', '0', 'eng', 'modules', 'dashboard.todayCustomerCount', 'Today\'s Customer', '2025-10-15 14:29:35', '2025-10-25 08:07:48'),
('1856', '0', 'eng', 'modules', 'dashboard.averageDailyEarning', 'Average Daily Earnings', '2025-10-15 14:29:35', '2025-10-25 08:07:48'),
('1857', '0', 'eng', 'modules', 'dashboard.sincePreviousMonth', 'Since Previous Month', '2025-10-15 14:29:35', '2025-10-25 08:07:48'),
('1858', '0', 'eng', 'modules', 'dashboard.earnings', 'Earnings', '2025-10-15 14:29:35', '2025-10-25 08:07:48'),
('1859', '0', 'eng', 'modules', 'dashboard.salesThisMonth', 'Sales This Month', '2025-10-15 14:29:35', '2025-10-25 08:07:48'),
('1860', '0', 'eng', 'modules', 'dashboard.topTables', 'Top Selling Tables', '2025-10-15 14:29:35', '2025-10-25 08:07:48'),
('1861', '0', 'eng', 'modules', 'dashboard.topDish', 'Top Selling Dish', '2025-10-15 14:29:35', '2025-10-25 08:07:48'),
('1862', '0', 'eng', 'modules', 'dashboard.todayRestaurantCount', 'Today\'s Restaurant Count', '2025-10-15 14:29:35', '2025-10-25 08:07:48'),
('1863', '0', 'eng', 'modules', 'dashboard.totalRestaurantCount', 'Total Restaurant Count', '2025-10-15 14:29:35', '2025-10-25 08:07:48'),
('1864', '0', 'eng', 'modules', 'dashboard.totalFreeRestaurantCount', 'Total Free Restaurant Count', '2025-10-15 14:29:35', '2025-10-25 08:07:48'),
('1865', '0', 'eng', 'modules', 'dashboard.totalPaidRestaurantCount', 'Total Paid Restaurant Count', '2025-10-15 14:29:35', '2025-10-25 08:07:48'),
('1866', '0', 'eng', 'modules', 'dashboard.verificationPendingInfo', 'Your restaurant is pending verification. Please wait for admin approval.', '2025-10-15 14:29:35', '2025-10-25 08:07:48'),
('1867', '0', 'eng', 'modules', 'dashboard.verificationPending', 'Verification Pending', '2025-10-15 14:29:35', '2025-10-25 08:07:48'),
('1868', '0', 'eng', 'modules', 'dashboard.verificationPendingDescription', 'Restaurant is waiting for approval', '2025-10-15 14:29:35', '2025-10-25 08:07:48'),
('1869', '0', 'eng', 'modules', 'dashboard.verificationRejectedInfo', 'Your restaurant verification has been rejected. Please contact admin for more details.', '2025-10-15 14:29:35', '2025-10-25 08:07:48'),
('1870', '0', 'eng', 'modules', 'dashboard.approvalStatus', 'Approval Status', '2025-10-15 14:29:35', '2025-10-25 08:07:48'),
('1871', '0', 'eng', 'modules', 'dashboard.onboarding', 'Onboarding', '2025-10-15 14:29:35', '2025-10-25 08:07:48'),
('1872', '0', 'eng', 'modules', 'dashboard.onboardingDescription', 'Complete these steps to set up your application properly before using it.', '2025-10-15 14:29:35', '2025-10-25 08:07:48'),
('1873', '0', 'eng', 'modules', 'dashboard.installation', 'Installation', '2025-10-15 14:29:35', '2025-10-25 08:07:48'),
('1874', '0', 'eng', 'modules', 'dashboard.installationCompleted', 'The application has been successfully installed.', '2025-10-15 14:29:35', '2025-10-25 08:07:48'),
('1875', '0', 'eng', 'modules', 'dashboard.smtpConfiguration', 'SMTP Configuration', '2025-10-15 14:29:35', '2025-10-25 08:07:48'),
('1876', '0', 'eng', 'modules', 'dashboard.smtpConfigurationDescription', 'Configure your email settings to ensure all email notifications work properly.', '2025-10-15 14:29:35', '2025-10-25 08:07:48'),
('1877', '0', 'eng', 'modules', 'dashboard.cronJobConfiguration', 'CRON Job Configuration', '2025-10-15 14:29:35', '2025-10-25 08:07:48'),
('1878', '0', 'eng', 'modules', 'dashboard.cronJobConfigurationDescription', 'Set up CRON jobs to ensure automated tasks run correctly.', '2025-10-15 14:29:35', '2025-10-25 08:07:48'),
('1879', '0', 'eng', 'modules', 'dashboard.applicationNameChange', 'Application Name Change', '2025-10-15 14:29:35', '2025-10-25 08:07:48'),
('1880', '0', 'eng', 'modules', 'dashboard.applicationNameChangeDescription', 'Customize your application name to match your brand.', '2025-10-15 14:29:35', '2025-10-25 08:07:48'),
('1881', '0', 'eng', 'modules', 'dashboard.platformRevenueThisMonth', 'Platform Revenue This Month', '2025-10-15 14:29:35', '2025-10-25 08:07:48'),
('1882', '0', 'eng', 'modules', 'dashboard.platformRevenue', 'Platform Revenue', '2025-10-15 14:29:35', '2025-10-25 08:07:48'),
('1883', '0', 'eng', 'modules', 'dashboard.topPerformingRestaurants', 'Top Performing Restaurants', '2025-10-15 14:29:35', '2025-10-25 08:07:48'),
('1884', '0', 'eng', 'modules', 'dashboard.orders', 'Orders', '2025-10-15 14:29:35', '2025-10-25 08:07:48'),
('1885', '0', 'eng', 'modules', 'dashboard.newThisMonth', 'New This Month', '2025-10-15 14:29:35', '2025-10-25 08:07:48'),
('1886', '0', 'eng', 'modules', 'dashboard.growthRate', 'Growth Rate', '2025-10-15 14:29:35', '2025-10-25 08:07:48'),
('1887', '0', 'eng', 'modules', 'dashboard.newRestaurants', 'New Restaurants', '2025-10-15 14:29:35', '2025-10-25 08:07:48'),
('1888', '0', 'eng', 'modules', 'dashboard.recentRestaurants', 'Recent Restaurants', '2025-10-15 14:29:35', '2025-10-25 08:07:48'),
('1889', '0', 'eng', 'modules', 'dashboard.active', 'Active', '2025-10-15 14:29:35', '2025-10-25 08:07:48'),
('1890', '0', 'eng', 'modules', 'dashboard.inactive', 'Inactive', '2025-10-15 14:29:35', '2025-10-25 08:07:48'),
('1891', '0', 'eng', 'modules', 'dashboard.total', 'Total', '2025-10-15 14:29:35', '2025-10-25 08:07:48'),
('1892', '0', 'eng', 'modules', 'dashboard.platformOverview', 'Platform Overview', '2025-10-15 14:29:35', '2025-10-25 08:07:48'),
('1893', '0', 'eng', 'modules', 'dashboard.comprehensivePlatformMetrics', 'Comprehensive platform metrics and insights', '2025-10-15 14:29:35', '2025-10-25 08:07:48'),
('1894', '0', 'eng', 'modules', 'dashboard.totalRevenue', 'Total Revenue', '2025-10-15 14:29:35', '2025-10-25 08:07:48'),
('1895', '0', 'eng', 'modules', 'dashboard.totalOrders', 'Total Orders', '2025-10-15 14:29:35', '2025-10-25 08:07:48'),
('1896', '0', 'eng', 'modules', 'dashboard.totalCustomers', 'Total Customers', '2025-10-15 14:29:35', '2025-10-25 08:07:48'),
('1897', '0', 'eng', 'modules', 'dashboard.totalUsers', 'Total Users', '2025-10-15 14:29:35', '2025-10-25 08:07:48'),
('1898', '0', 'eng', 'modules', 'dashboard.totalRestaurants', 'Total Restaurants', '2025-10-15 14:29:35', '2025-10-25 08:07:48'),
('1899', '0', 'eng', 'modules', 'dashboard.todayActivity', 'Today\'s Activity', '2025-10-15 14:29:35', '2025-10-25 08:07:48'),
('1900', '0', 'eng', 'modules', 'dashboard.revenue', 'Revenue', '2025-10-15 14:29:35', '2025-10-25 08:07:48'),
('1901', '0', 'eng', 'modules', 'dashboard.monthlyGrowth', 'Monthly Growth', '2025-10-15 14:29:35', '2025-10-25 08:07:48'),
('1902', '0', 'eng', 'modules', 'dashboard.restaurantStatus', 'Restaurant Status', '2025-10-15 14:29:35', '2025-10-25 08:07:48'),
('1903', '0', 'eng', 'modules', 'dashboard.recentActivity', 'Recent Activity', '2025-10-15 14:29:35', '2025-10-25 08:07:48'),
('1904', '0', 'eng', 'modules', 'dashboard.latestPlatformActivities', 'Latest platform activities and updates', '2025-10-15 14:29:35', '2025-10-25 08:07:48'),
('1905', '0', 'eng', 'modules', 'dashboard.recentOrders', 'Recent Orders', '2025-10-15 14:29:35', '2025-10-25 08:07:48'),
('1906', '0', 'eng', 'modules', 'dashboard.recentPayments', 'Recent Payments', '2025-10-15 14:29:35', '2025-10-25 08:07:48'),
('1907', '0', 'eng', 'modules', 'dashboard.topPayingRestaurants', 'Top Paying Restaurants', '2025-10-15 14:29:35', '2025-10-25 08:07:48'),
('1908', '0', 'eng', 'modules', 'dashboard.payments', 'Payments', '2025-10-15 14:29:35', '2025-10-25 08:07:48'),
('1909', '0', 'eng', 'modules', 'dashboard.totalSubscriptions', 'Total Subscriptions', '2025-10-15 14:29:35', '2025-10-25 08:07:48'),
('1910', '0', 'eng', 'modules', 'dashboard.activeSubscriptions', 'Active Subscriptions', '2025-10-15 14:29:35', '2025-10-25 08:07:48'),
('1911', '0', 'eng', 'modules', 'dashboard.trialSubscriptions', 'Trial Subscriptions', '2025-10-15 14:29:35', '2025-10-25 08:07:48'),
('1912', '0', 'eng', 'modules', 'dashboard.expiredSubscriptions', 'Expired Subscriptions', '2025-10-15 14:29:35', '2025-10-25 08:07:48'),
('1913', '0', 'eng', 'modules', 'dashboard.inactiveSubscriptions', 'Inactive Subscriptions', '2025-10-15 14:29:35', '2025-10-25 08:07:48'),
('1914', '0', 'eng', 'modules', 'dashboard.subscriptionStatus', 'Subscription Status', '2025-10-15 14:29:35', '2025-10-25 08:07:48'),
('1915', '0', 'eng', 'modules', 'dashboard.trial', 'Trial', '2025-10-15 14:29:35', '2025-10-25 08:07:48'),
('1916', '0', 'eng', 'modules', 'dashboard.expired', 'Expired', '2025-10-15 14:29:35', '2025-10-25 08:07:48'),
('1917', '0', 'eng', 'modules', 'dashboard.subscriptionUpdates', 'Subscription Updates', '2025-10-15 14:29:35', '2025-10-25 08:07:48'),
('1918', '0', 'eng', 'modules', 'dashboard.newUsers', 'New Users', '2025-10-15 14:29:35', '2025-10-25 08:07:48'),
('1919', '0', 'eng', 'modules', 'update.systemDetails', 'System Details', '2025-10-15 14:29:35', '2025-10-25 08:07:48'),
('1920', '0', 'eng', 'modules', 'update.updateTitle', 'Update To New Version', '2025-10-15 14:29:35', '2025-10-25 08:07:48'),
('1921', '0', 'eng', 'modules', 'update.updateDatabase', 'Update Database', '2025-10-15 14:29:35', '2025-10-25 08:07:48'),
('1922', '0', 'eng', 'modules', 'update.fileReplaceAlert', 'To update the TableTrack to the new version check documentation for the instructions.', '2025-10-15 14:29:35', '2025-10-25 08:07:48'),
('1923', '0', 'eng', 'modules', 'update.updateDatabaseButton', 'Click to update database', '2025-10-15 14:29:35', '2025-10-25 08:07:48'),
('1924', '0', 'eng', 'modules', 'update.newUpdate', 'New update available', '2025-10-15 14:29:35', '2025-10-25 08:07:48'),
('1925', '0', 'eng', 'modules', 'update.updateNow', 'Update Now', '2025-10-15 14:29:35', '2025-10-25 08:07:48'),
('1926', '0', 'eng', 'modules', 'update.updateAlternate', 'If the <b>Update Now</b> button does not work then follow the <b> <a href=\"https://froiden.freshdesk.com/support/solutions/articles/43000554421-update-application-manually\" target=\"_blank\">Manual update</a></b> instructions as mentioned in the documentation.', '2025-10-15 14:29:35', '2025-10-25 08:07:48'),
('1927', '0', 'eng', 'modules', 'update.updateManual', 'Update Alternate Method', '2025-10-15 14:29:35', '2025-10-25 08:07:48'),
('1928', '0', 'eng', 'modules', 'update.updateFiles', 'Update Files', '2025-10-15 14:29:35', '2025-10-25 08:07:48'),
('1929', '0', 'eng', 'modules', 'update.install', 'Install', '2025-10-15 14:29:35', '2025-10-25 08:07:48'),
('1930', '0', 'eng', 'modules', 'update.downloadUpdateFile', 'Download Update File', '2025-10-15 14:29:35', '2025-10-25 08:07:48'),
('1931', '0', 'eng', 'modules', 'update.moduleFile', 'Once the zip file is uploaded, you will see a list of modules available for installation or update. To proceed with the installation or update, simply click on the \"install\" button for the respective module. Please note that after clicking the \"install\" button, you will be logged out. Once the installation is complete, you will be able to see the module on the module list. You can activate or deactivate the module from the list at any time.', '2025-10-15 14:29:35', '2025-10-25 08:07:48'),
('1932', '0', 'eng', 'modules', 'update.customModules', 'Custom Modules', '2025-10-15 14:29:35', '2025-10-25 08:07:48'),
('1933', '0', 'eng', 'modules', 'update.customModulesDescription', 'Custom modules are additional features that can be added to your restaurant. They are installed as separate modules and can be activated or deactivated at any time.', '2025-10-15 14:29:35', '2025-10-25 08:07:48'),
('1934', '0', 'eng', 'modules', 'update.customModulesList', 'Custom Modules List', '2025-10-15 14:29:35', '2025-10-25 08:07:48'),
('1935', '0', 'eng', 'modules', 'update.installCustomModule', 'Install Custom Module', '2025-10-15 14:29:35', '2025-10-25 08:07:48'),
('1936', '0', 'eng', 'modules', 'update.uploadModule', 'Upload Module', '2025-10-15 14:29:35', '2025-10-25 08:07:48'),
('1937', '0', 'eng', 'modules', 'update.downloadFilefromCodecanyon', 'Download file from Codecanyon', '2025-10-15 14:29:35', '2025-10-25 08:07:48'),
('1938', '0', 'eng', 'modules', 'update.moduleFileItem', 'Module File Item', '2025-10-15 14:29:35', '2025-10-25 08:07:48'),
('1939', '0', 'eng', 'modules', 'update.moduleFileItemDescription', 'Module File Item Description', '2025-10-15 14:29:35', '2025-10-25 08:07:48'),
('1940', '0', 'eng', 'modules', 'staff.addStaff', 'Add Member', '2025-10-15 14:29:35', '2025-10-25 08:07:48'),
('1941', '0', 'eng', 'modules', 'staff.name', 'Member Name', '2025-10-15 14:29:35', '2025-10-25 08:07:48'),
('1942', '0', 'eng', 'modules', 'staff.email', 'Email Address', '2025-10-15 14:29:35', '2025-10-25 08:07:48'),
('1943', '0', 'eng', 'modules', 'staff.enterName', 'Please enter your name', '2025-10-15 14:29:35', '2025-10-25 08:07:48'),
('1944', '0', 'eng', 'modules', 'staff.editMember', 'Edit Member', '2025-10-15 14:29:35', '2025-10-25 08:07:48'),
('1945', '0', 'eng', 'modules', 'staff.deleteMember', 'Delete Member', '2025-10-15 14:29:35', '2025-10-25 08:07:48'),
('1946', '0', 'eng', 'modules', 'staff.deleteMemberMessage', 'Are you sure you want to delete the member?', '2025-10-15 14:29:35', '2025-10-25 08:07:48'),
('1947', '0', 'eng', 'modules', 'staff.photo', 'Photo', '2025-10-15 14:29:35', '2025-10-25 08:07:48'),
('1948', '0', 'eng', 'modules', 'staff.addExecutive', 'Add Executive', '2025-10-15 14:29:35', '2025-10-25 08:07:48'),
('1949', '0', 'eng', 'modules', 'staff.available', 'Available', '2025-10-15 14:29:35', '2025-10-25 08:07:48'),
('1950', '0', 'eng', 'modules', 'staff.on_delivery', 'On Delivery', '2025-10-15 14:29:35', '2025-10-25 08:07:48'),
('1951', '0', 'eng', 'modules', 'staff.inactive', 'Inactive', '2025-10-15 14:29:35', '2025-10-25 08:07:48'),
('1952', '0', 'eng', 'modules', 'staff.editExecutive', 'Edit Executive', '2025-10-15 14:29:35', '2025-10-25 08:07:48'),
('1953', '0', 'eng', 'modules', 'staff.password', 'Password', '2025-10-15 14:29:35', '2025-10-25 08:07:48'),
('1954', '0', 'eng', 'modules', 'staff.Branch Head', 'Branch Head', '2025-10-15 14:29:35', '2025-10-25 08:07:48'),
('1955', '0', 'eng', 'modules', 'staff.Waiter', 'Waiter', '2025-10-15 14:29:35', '2025-10-25 08:07:48'),
('1956', '0', 'eng', 'modules', 'staff.Chef', 'Chef', '2025-10-15 14:29:35', '2025-10-25 08:07:48'),
('1957', '0', 'eng', 'modules', 'staff.Admin', 'Admin', '2025-10-15 14:29:35', '2025-10-25 08:07:48'),
('1958', '0', 'eng', 'modules', 'staff.Super Admin', 'Super Admin', '2025-10-15 14:29:35', '2025-10-25 08:07:48'),
('1959', '0', 'eng', 'modules', 'staff.passwordUpdateNote', 'Leave blank to keep the current password.', '2025-10-15 14:29:35', '2025-10-25 08:07:48'),
('1960', '0', 'eng', 'modules', 'reservation.slotType', 'Slot Type', '2025-10-15 14:29:35', '2025-10-25 08:07:48'),
('1961', '0', 'eng', 'modules', 'reservation.timeStart', 'Start Time', '2025-10-15 14:29:35', '2025-10-25 08:07:48'),
('1962', '0', 'eng', 'modules', 'reservation.timeEnd', 'End Time', '2025-10-15 14:29:35', '2025-10-25 08:07:48'),
('1963', '0', 'eng', 'modules', 'reservation.timeSlotDifference', 'Time Slot Difference', '2025-10-15 14:29:35', '2025-10-25 08:07:48'),
('1964', '0', 'eng', 'modules', 'reservation.available', 'Available', '2025-10-15 14:29:35', '2025-10-25 08:07:48'),
('1965', '0', 'eng', 'modules', 'reservation.unavailable', 'Unavailable', '2025-10-15 14:29:35', '2025-10-25 08:07:48'),
('1966', '0', 'eng', 'modules', 'reservation.maxGuests', 'Maximum Guests', '2025-10-15 14:29:35', '2025-10-25 08:07:48'),
('1967', '0', 'eng', 'modules', 'reservation.guests', 'Guests', '2025-10-15 14:29:35', '2025-10-25 08:07:48'),
('1968', '0', 'eng', 'modules', 'reservation.Lunch', 'Lunch', '2025-10-15 14:29:35', '2025-10-25 08:07:48'),
