INSERT INTO `ltm_translations` VALUES
('2001', '1', 'eng', 'modules', 'notifications.order_received_info', 'Restaurant admin will receive an email when a new order is placed by the customer.', '2025-10-15 14:29:35', '2025-10-15 14:29:35'),
('2002', '1', 'eng', 'modules', 'notifications.reservation_confirmed', 'Reservation Confirmation', '2025-10-15 14:29:35', '2025-10-15 14:29:35'),
('2003', '1', 'eng', 'modules', 'notifications.reservation_confirmed_info', 'Customer will receive an email after making the reservation.', '2025-10-15 14:29:35', '2025-10-15 14:29:35'),
('2004', '1', 'eng', 'modules', 'notifications.new_reservation', 'New Reservation Received', '2025-10-15 14:29:35', '2025-10-15 14:29:35'),
('2005', '1', 'eng', 'modules', 'notifications.new_reservation_info', 'Restaurant admin will receive an email when a new reservation is made by the customer.', '2025-10-15 14:29:35', '2025-10-15 14:29:35'),
('2006', '1', 'eng', 'modules', 'notifications.order_bill_sent', 'Order Bill', '2025-10-15 14:29:35', '2025-10-15 14:29:35'),
('2007', '1', 'eng', 'modules', 'notifications.order_bill_sent_info', 'Customer will receive the order bill via email.', '2025-10-15 14:29:35', '2025-10-15 14:29:35'),
('2008', '1', 'eng', 'modules', 'notifications.staff_welcome', 'Staff Welcome Email', '2025-10-15 14:29:35', '2025-10-15 14:29:35'),
('2009', '1', 'eng', 'modules', 'notifications.staff_welcome_info', 'Staff Member will welcome email when you add a new staff member.', '2025-10-15 14:29:35', '2025-10-15 14:29:35'),
('2010', '1', 'eng', 'modules', 'notifications.send_otp', 'Send OTP', '2025-10-15 14:29:35', '2025-10-15 14:29:35'),
('2011', '1', 'eng', 'modules', 'notifications.send_otp_info', 'Customer will receive an OTP to login to the restaurant.', '2025-10-15 14:29:35', '2025-10-15 14:29:35'),
('2012', '1', 'eng', 'modules', 'onboarding.completeSteps', 'Complete following steps to get started', '2025-10-15 14:29:35', '2025-10-15 14:29:35'),
('2013', '1', 'eng', 'modules', 'onboarding.markComplete', 'Mark Complete', '2025-10-15 14:29:35', '2025-10-15 14:29:35'),
('2014', '1', 'eng', 'modules', 'onboarding.addBranchHeading', 'Add Branch Information', '2025-10-15 14:29:36', '2025-10-15 14:29:36'),
('2015', '1', 'eng', 'modules', 'onboarding.addBranchInfo', 'Provide the essential details of your restaurant branch.', '2025-10-15 14:29:36', '2025-10-15 14:29:36'),
('2016', '1', 'eng', 'modules', 'onboarding.addAreaHeading', 'Set Up Your Restaurant Areas', '2025-10-15 14:29:36', '2025-10-15 14:29:36'),
('2017', '1', 'eng', 'modules', 'onboarding.addAreaInfo', 'Create distinct areas like dining rooms, patios, or bars to organize your tables.', '2025-10-15 14:29:36', '2025-10-15 14:29:36'),
('2018', '1', 'eng', 'modules', 'onboarding.addTableHeading', 'Add a Table to the Area', '2025-10-15 14:29:36', '2025-10-15 14:29:36'),
('2019', '1', 'eng', 'modules', 'onboarding.addTableInfo', 'Assign and name the tables in each area for easy tracking during reservations and orders.', '2025-10-15 14:29:36', '2025-10-15 14:29:36'),
('2020', '1', 'eng', 'modules', 'onboarding.addMenuHeading', 'Build Your Menu', '2025-10-15 14:29:36', '2025-10-15 14:29:36'),
('2021', '1', 'eng', 'modules', 'onboarding.addMenuInfo', 'Let\'s build your menu! First add a name to your menu like Drinks, Breakfast etc.', '2025-10-15 14:29:36', '2025-10-15 14:29:36'),
('2022', '1', 'eng', 'modules', 'onboarding.addMenuItemHeading', 'Add Items to Your Menu', '2025-10-15 14:29:36', '2025-10-15 14:29:36'),
('2023', '1', 'eng', 'modules', 'onboarding.addMenuItemInfo', 'Add individual dishes with their descriptions and prices to complete your menu.', '2025-10-15 14:29:36', '2025-10-15 14:29:36'),
('2024', '1', 'eng', 'modules', 'onboarding.addOrderHeading', 'Test Your Order Process', '2025-10-15 14:29:36', '2025-10-15 14:29:36'),
('2025', '1', 'eng', 'modules', 'onboarding.addOrderInfo', 'Make sure everything works by placing a test order for your setup.', '2025-10-15 14:29:36', '2025-10-15 14:29:36'),
('2026', '1', 'eng', 'modules', 'restaurant.addRestaurant', 'Add Restaurant', '2025-10-15 14:29:36', '2025-10-15 14:29:36'),
('2027', '1', 'eng', 'modules', 'restaurant.name', 'Restaurant Name', '2025-10-15 14:29:36', '2025-10-15 14:29:36'),
('2028', '1', 'eng', 'modules', 'restaurant.email', 'Email Address', '2025-10-15 14:29:36', '2025-10-15 14:29:36'),
('2029', '1', 'eng', 'modules', 'restaurant.address', 'Address', '2025-10-15 14:29:36', '2025-10-15 14:29:36'),
('2030', '1', 'eng', 'modules', 'restaurant.editRestaurant', 'Edit Restaurant', '2025-10-15 14:29:36', '2025-10-15 14:29:36'),
('2031', '1', 'eng', 'modules', 'restaurant.deleteRestaurant', 'Delete Restaurant', '2025-10-15 14:29:36', '2025-10-15 14:29:36'),
('2032', '1', 'eng', 'modules', 'restaurant.deleteRestaurantMessage', 'Are you sure you want to delete the restaurant?', '2025-10-15 14:29:36', '2025-10-15 14:29:36'),
('2033', '1', 'eng', 'modules', 'restaurant.logo', 'Logo', '2025-10-15 14:29:36', '2025-10-15 14:29:36'),
('2034', '1', 'eng', 'modules', 'restaurant.phone', 'Phone', '2025-10-15 14:29:36', '2025-10-15 14:29:36'),
('2035', '1', 'eng', 'modules', 'restaurant.restaurantDetails', 'Restaurant Details', '2025-10-15 14:29:36', '2025-10-15 14:29:36'),
('2036', '1', 'eng', 'modules', 'restaurant.restaurantBranchDetails', 'Add Restaurant Branch Details', '2025-10-15 14:29:36', '2025-10-15 14:29:36'),
('2037', '1', 'eng', 'modules', 'restaurant.changePassword', 'Change Password', '2025-10-15 14:29:36', '2025-10-15 14:29:36'),
('2038', '1', 'eng', 'modules', 'restaurant.firstAdmin', 'First Admin', '2025-10-15 14:29:36', '2025-10-15 14:29:36'),
('2039', '1', 'eng', 'modules', 'restaurant.nextBranchDetails', 'Next: Branch Details', '2025-10-15 14:29:36', '2025-10-15 14:29:36'),
('2040', '1', 'eng', 'modules', 'restaurant.updatePackage', 'Update Package', '2025-10-15 14:29:36', '2025-10-15 14:29:36'),
('2041', '1', 'eng', 'modules', 'restaurant.needApproval', 'Need Approval', '2025-10-15 14:29:36', '2025-10-15 14:29:36'),
('2042', '1', 'eng', 'modules', 'restaurant.resetFilter', 'Reset Filter', '2025-10-15 14:29:36', '2025-10-15 14:29:36'),
('2043', '1', 'eng', 'modules', 'restaurant.rejectionReason', 'Rejection Reason', '2025-10-15 14:29:36', '2025-10-15 14:29:36'),
('2044', '1', 'eng', 'modules', 'restaurant.currentPackage', 'Current Package', '2025-10-15 14:29:36', '2025-10-15 14:29:36'),
('2045', '1', 'eng', 'modules', 'restaurant.rejectionReasonPlaceholder', 'Provide a reason for rejection', '2025-10-15 14:29:36', '2025-10-15 14:29:36'),
('2046', '1', 'eng', 'modules', 'package.packageName', 'Package Name', '2025-10-15 14:29:36', '2025-10-15 14:29:36'),
('2047', '1', 'eng', 'modules', 'package.description', 'Description', '2025-10-15 14:29:36', '2025-10-15 14:29:36'),
('2048', '1', 'eng', 'modules', 'package.monthlyPrice', 'Monthly Plan Price', '2025-10-15 14:29:36', '2025-10-15 14:29:36'),
('2049', '1', 'eng', 'modules', 'package.annualPrice', 'Annual Plan Price', '2025-10-15 14:29:36', '2025-10-15 14:29:36'),
('2050', '1', 'eng', 'modules', 'package.annually', 'Annually', '2025-10-15 14:29:36', '2025-10-15 14:29:36'),
('2051', '1', 'eng', 'modules', 'package.monthly', 'Monthly', '2025-10-15 14:29:36', '2025-10-15 14:29:36'),
('2052', '1', 'eng', 'modules', 'package.trialDays', 'Trial Days', '2025-10-15 14:29:36', '2025-10-15 14:29:36'),
('2053', '1', 'eng', 'modules', 'package.trialStatus', 'Trial Status', '2025-10-15 14:29:36', '2025-10-15 14:29:36'),
('2054', '1', 'eng', 'modules', 'package.NotificationBeforeDays', 'Notification Before Days', '2025-10-15 14:29:36', '2025-10-15 14:29:36'),
('2055', '1', 'eng', 'modules', 'package.trialMessage', 'Trial Message', '2025-10-15 14:29:36', '2025-10-15 14:29:36'),
('2056', '1', 'eng', 'modules', 'package.lifetimePrice', 'Lifetime Price', '2025-10-15 14:29:36', '2025-10-15 14:29:36'),
('2057', '1', 'eng', 'modules', 'package.packagePrice', 'Package Price', '2025-10-15 14:29:36', '2025-10-15 14:29:36'),
('2058', '1', 'eng', 'modules', 'package.selectBillingCycle', 'Select Billing Cycle', '2025-10-15 14:29:36', '2025-10-15 14:29:36'),
('2059', '1', 'eng', 'modules', 'package.packageType', 'Package Type', '2025-10-15 14:29:36', '2025-10-15 14:29:36'),
('2060', '1', 'eng', 'modules', 'package.annual', 'Annual', '2025-10-15 14:29:36', '2025-10-15 14:29:36'),
('2061', '1', 'eng', 'modules', 'package.free', 'Free', '2025-10-15 14:29:36', '2025-10-15 14:29:36'),
('2062', '1', 'eng', 'modules', 'package.default', 'Default', '2025-10-15 14:29:36', '2025-10-15 14:29:36'),
('2063', '1', 'eng', 'modules', 'package.private', 'Private', '2025-10-15 14:29:36', '2025-10-15 14:29:36'),
('2064', '1', 'eng', 'modules', 'package.trial', 'Trial', '2025-10-15 14:29:36', '2025-10-15 14:29:36'),
('2065', '1', 'eng', 'modules', 'package.lifetime', 'Lifetime', '2025-10-15 14:29:36', '2025-10-15 14:29:36'),
('2066', '1', 'eng', 'modules', 'package.moduleInPackage', 'Modules in Package', '2025-10-15 14:29:36', '2025-10-15 14:29:36'),
('2067', '1', 'eng', 'modules', 'package.daysLeftTrial', 'days left on trial', '2025-10-15 14:29:36', '2025-10-15 14:29:36'),
('2068', '1', 'eng', 'modules', 'package.trialExpired', 'Trial expired', '2025-10-15 14:29:36', '2025-10-15 14:29:36'),
('2069', '1', 'eng', 'modules', 'package.selectPackage', 'Select Package', '2025-10-15 14:29:36', '2025-10-15 14:29:36'),
('2070', '1', 'eng', 'modules', 'package.normal', 'Normal', '2025-10-15 14:29:36', '2025-10-15 14:29:36'),
('2071', '1', 'eng', 'modules', 'package.addPackage', 'Add Package', '2025-10-15 14:29:36', '2025-10-15 14:29:36'),
('2072', '1', 'eng', 'modules', 'package.editPackage', 'Edit Package', '2025-10-15 14:29:36', '2025-10-15 14:29:36'),
('2073', '1', 'eng', 'modules', 'package.freePlan', 'Free Plan', '2025-10-15 14:29:36', '2025-10-15 14:29:36'),
('2074', '1', 'eng', 'modules', 'package.recommended', 'Recommended', '2025-10-15 14:29:36', '2025-10-15 14:29:36'),
('2075', '1', 'eng', 'modules', 'package.trialPackage', 'Trial Package', '2025-10-15 14:29:36', '2025-10-15 14:29:36'),
('2076', '1', 'eng', 'modules', 'package.monthlyRazorpayId', 'Monthly Razorpay Id', '2025-10-15 14:29:36', '2025-10-15 14:29:36'),
('2077', '1', 'eng', 'modules', 'package.annualRazorpayId', 'Annual Razorpay Id', '2025-10-15 14:29:36', '2025-10-15 14:29:36'),
('2078', '1', 'eng', 'modules', 'package.lifetimeRazorpayId', 'Lifetime Razorpay Id', '2025-10-15 14:29:36', '2025-10-15 14:29:36'),
('2079', '1', 'eng', 'modules', 'package.lifetimeStripeId', 'Lifetime Stripe Id', '2025-10-15 14:29:36', '2025-10-15 14:29:36'),
('2080', '1', 'eng', 'modules', 'package.monthlyStripeId', 'Monthly Stripe Id', '2025-10-15 14:29:36', '2025-10-15 14:29:36'),
('2081', '1', 'eng', 'modules', 'package.annualStripeId', 'Annual Stripe Id', '2025-10-15 14:29:36', '2025-10-15 14:29:36'),
('2082', '1', 'eng', 'modules', 'package.selectAdditionalFeature', 'Select Additional Feature', '2025-10-15 14:29:36', '2025-10-15 14:29:36'),
('2083', '1', 'eng', 'modules', 'package.trialPackageDetails', 'If this package is active, then the restaurant which registers for the first time goes to this package.', '2025-10-15 14:29:36', '2025-10-15 14:29:36'),
('2084', '1', 'eng', 'modules', 'package.defaultPackage', 'Default Package', '2025-10-15 14:29:36', '2025-10-15 14:29:36'),
('2085', '1', 'eng', 'modules', 'package.defaultPackageDetails', 'When the trial package expires, the restaurant goes back to this plan.', '2025-10-15 14:29:36', '2025-10-15 14:29:36'),
('2086', '1', 'eng', 'modules', 'package.defaultPackageDetails2', 'When the restaurant fails the payment of an upgraded package, the restaurant goes back to this plan.', '2025-10-15 14:29:36', '2025-10-15 14:29:36'),
('2087', '1', 'eng', 'modules', 'package.thisPackageCannotBeDeleted', 'This package cannot be deleted', '2025-10-15 14:29:36', '2025-10-15 14:29:36'),
('2088', '1', 'eng', 'modules', 'package.planExpire', 'Plan Expires On', '2025-10-15 14:29:36', '2025-10-15 14:29:36'),
('2089', '1', 'eng', 'modules', 'package.trialPeriod', 'Trial Period', '2025-10-15 14:29:36', '2025-10-15 14:29:36'),
('2090', '1', 'eng', 'modules', 'package.days', 'Day(s)', '2025-10-15 14:29:36', '2025-10-15 14:29:36'),
('2091', '1', 'eng', 'modules', 'package.paidPlan', 'Paid Plan', '2025-10-15 14:29:36', '2025-10-15 14:29:36'),
('2092', '1', 'eng', 'modules', 'package.choosePackageType', 'Choose Package Type', '2025-10-15 14:29:36', '2025-10-15 14:29:36'),
('2093', '1', 'eng', 'modules', 'package.monthlyPlan', 'Monthly Plan', '2025-10-15 14:29:36', '2025-10-15 14:29:36'),
('2094', '1', 'eng', 'modules', 'package.choseFreePlan', 'Choose Free Plan', '2025-10-15 14:29:36', '2025-10-15 14:29:36'),
('2095', '1', 'eng', 'modules', 'package.currentPlan', 'Current Plan', '2025-10-15 14:29:36', '2025-10-15 14:29:36'),
('2096', '1', 'eng', 'modules', 'package.chooseDefaultPlan', 'Choose Default Plan', '2025-10-15 14:29:36', '2025-10-15 14:29:36'),
('2097', '1', 'eng', 'modules', 'package.active', 'Active', '2025-10-15 14:29:36', '2025-10-15 14:29:36'),
('2098', '1', 'eng', 'modules', 'package.inactive', 'Inactive', '2025-10-15 14:29:36', '2025-10-15 14:29:36'),
('2099', '1', 'eng', 'modules', 'package.annualPlan', 'Annual Plan', '2025-10-15 14:29:36', '2025-10-15 14:29:36'),
('2100', '1', 'eng', 'modules', 'package.isPrivate', 'Make Private', '2025-10-15 14:29:36', '2025-10-15 14:29:36'),
('2101', '1', 'eng', 'modules', 'package.selectModules', 'Select Modules for this package', '2025-10-15 14:29:36', '2025-10-15 14:29:36'),
('2102', '1', 'eng', 'modules', 'package.selectAll', 'Select All', '2025-10-15 14:29:36', '2025-10-15 14:29:36'),
('2103', '1', 'eng', 'modules', 'package.deletePackage', 'Delete Package', '2025-10-15 14:29:36', '2025-10-15 14:29:36'),
('2104', '1', 'eng', 'modules', 'package.deletePackageMessage', 'Are you sure you want to delete the package?', '2025-10-15 14:29:36', '2025-10-15 14:29:36'),
('2105', '1', 'eng', 'modules', 'package.isRecommended', 'Mark as Recommended', '2025-10-15 14:29:36', '2025-10-15 14:29:36'),
('2106', '1', 'eng', 'modules', 'package.restaurantCurrentPackage', 'Restaurant\'s Current Package', '2025-10-15 14:29:36', '2025-10-15 14:29:36'),
('2107', '1', 'eng', 'modules', 'package.updatePackage', 'Update Package', '2025-10-15 14:29:36', '2025-10-15 14:29:36'),
('2108', '1', 'eng', 'modules', 'package.packageDetails', 'Package Details', '2025-10-15 14:29:36', '2025-10-15 14:29:36'),
('2109', '1', 'eng', 'modules', 'package.transactionId', 'Transaction ID', '2025-10-15 14:29:36', '2025-10-15 14:29:36'),
('2110', '1', 'eng', 'modules', 'package.paymentGateway', 'Payment Gateway', '2025-10-15 14:29:36', '2025-10-15 14:29:36'),
('2111', '1', 'eng', 'modules', 'package.choosePlan', 'Choose Plan', '2025-10-15 14:29:36', '2025-10-15 14:29:36'),
('2112', '1', 'eng', 'modules', 'package.noPaymentOptionEnable', 'No payment options are enabled.', '2025-10-15 14:29:36', '2025-10-15 14:29:36'),
('2113', '1', 'eng', 'modules', 'package.choosePaymentMethod', 'Choose Payment Method', '2025-10-15 14:29:36', '2025-10-15 14:29:36'),
('2114', '1', 'eng', 'modules', 'package.amount', 'Amount', '2025-10-15 14:29:36', '2025-10-15 14:29:36'),
('2115', '1', 'eng', 'modules', 'package.paymentBy', 'Payment By', '2025-10-15 14:29:36', '2025-10-15 14:29:36'),
('2116', '1', 'eng', 'modules', 'package.created', 'Created', '2025-10-15 14:29:36', '2025-10-15 14:29:36'),
('2117', '1', 'eng', 'modules', 'package.status', 'Status', '2025-10-15 14:29:36', '2025-10-15 14:29:36'),
('2118', '1', 'eng', 'modules', 'package.receipt', 'Receipt', '2025-10-15 14:29:36', '2025-10-15 14:29:36'),
('2119', '1', 'eng', 'modules', 'package.paymentDate', 'Payment Date', '2025-10-15 14:29:36', '2025-10-15 14:29:36'),
('2120', '1', 'eng', 'modules', 'package.payOnline', 'Pay Online', '2025-10-15 14:29:36', '2025-10-15 14:29:36'),
('2121', '1', 'eng', 'modules', 'package.billingCycle', 'Billing Cycle', '2025-10-15 14:29:36', '2025-10-15 14:29:36'),
('2122', '1', 'eng', 'modules', 'package.payOffline', 'Pay Offline', '2025-10-15 14:29:36', '2025-10-15 14:29:36'),
('2123', '1', 'eng', 'modules', 'package.purchaseHistory', 'Purchase History', '2025-10-15 14:29:36', '2025-10-15 14:29:36'),
('2124', '1', 'eng', 'modules', 'package.offlineRequest', 'Offline Request', '2025-10-15 14:29:36', '2025-10-15 14:29:36'),
('2125', '1', 'eng', 'modules', 'package.planDetails', 'Plan Details', '2025-10-15 14:29:36', '2025-10-15 14:29:36'),
('2126', '1', 'eng', 'modules', 'package.offlineUploadFile', 'Please attach a file of your offline payment receipt', '2025-10-15 14:29:36', '2025-10-15 14:29:36'),
('2127', '1', 'eng', 'modules', 'package.offlineDescriptionPlaceholder', 'Provide details of your offline payment', '2025-10-15 14:29:36', '2025-10-15 14:29:36'),
('2128', '1', 'eng', 'modules', 'package.remark', 'Remark', '2025-10-15 14:29:36', '2025-10-15 14:29:36'),
('2129', '1', 'eng', 'modules', 'package.trialExpireOn', 'Trial Expires On', '2025-10-15 14:29:36', '2025-10-15 14:29:36'),
('2130', '1', 'eng', 'modules', 'package.selectDate', 'Select Date', '2025-10-15 14:29:36', '2025-10-15 14:29:36'),
('2131', '1', 'eng', 'modules', 'package.nextPaymentDate', 'Next Payment Date', '2025-10-15 14:29:36', '2025-10-15 14:29:36'),
('2132', '1', 'eng', 'modules', 'package.licenceExpiresOn', 'License Expires On', '2025-10-15 14:29:36', '2025-10-15 14:29:36'),
('2133', '1', 'eng', 'modules', 'package.defaultPlan', 'Your default plan.', '2025-10-15 14:29:36', '2025-10-15 14:29:36'),
('2134', '1', 'eng', 'modules', 'package.payOnce', 'Pay One Time', '2025-10-15 14:29:36', '2025-10-15 14:29:36'),
('2135', '1', 'eng', 'modules', 'package.payMonthly', 'Pay Monthly', '2025-10-15 14:29:36', '2025-10-15 14:29:36'),
('2136', '1', 'eng', 'modules', 'package.payAnnually', 'Pay Annually', '2025-10-15 14:29:36', '2025-10-15 14:29:36'),
('2137', '1', 'eng', 'modules', 'package.branchLimit', 'Branch Limit', '2025-10-15 14:29:36', '2025-10-15 14:29:36'),
('2138', '1', 'eng', 'modules', 'package.branchLimitInfo', 'The restaurant can create a specified number of branches. Enter -1 for unlimited branches.', '2025-10-15 14:29:36', '2025-10-15 14:29:36'),
('2139', '1', 'eng', 'modules', 'package.licenseExpiresOn', 'License Expires On', '2025-10-15 14:29:36', '2025-10-15 14:29:36'),
('2140', '1', 'eng', 'modules', 'package.additionalFeatures', 'Additional Features', '2025-10-15 14:29:36', '2025-10-15 14:29:36'),
('2141', '1', 'eng', 'modules', 'package.noAdditionalFeatures', 'No additional features available.', '2025-10-15 14:29:36', '2025-10-15 14:29:36'),
('2142', '1', 'eng', 'modules', 'package.currency', 'Currency', '2025-10-15 14:29:36', '2025-10-15 14:29:36'),
('2143', '1', 'eng', 'modules', 'package.chooseCurrency', 'Choose Currency', '2025-10-15 14:29:36', '2025-10-15 14:29:36'),
('2144', '1', 'eng', 'modules', 'package.monthlyFlutterwaveId', 'Monthly Flutterwave Id', '2025-10-15 14:29:36', '2025-10-15 14:29:36'),
('2145', '1', 'eng', 'modules', 'package.annualFlutterwaveId', 'Annual Flutterwave Id', '2025-10-15 14:29:36', '2025-10-15 14:29:36'),
('2146', '1', 'eng', 'modules', 'package.monthlyPaypalId', 'Monthly Paypal Id', '2025-10-15 14:29:36', '2025-10-15 14:29:36'),
('2147', '1', 'eng', 'modules', 'package.annualPaypalId', 'Annual Paypal Id', '2025-10-15 14:29:36', '2025-10-15 14:29:36'),
('2148', '1', 'eng', 'modules', 'package.monthlyPaystackId', 'Monthly Paystack Id', '2025-10-15 14:29:36', '2025-10-15 14:29:36'),
('2149', '1', 'eng', 'modules', 'package.annualPaystackId', 'Annual Paystack Id', '2025-10-15 14:29:36', '2025-10-15 14:29:36'),
('2150', '1', 'eng', 'modules', 'billing.name', 'Name', '2025-10-15 14:29:36', '2025-10-15 14:29:36'),
('2151', '1', 'eng', 'modules', 'billing.description', 'Description', '2025-10-15 14:29:36', '2025-10-15 14:29:36'),
('2152', '1', 'eng', 'modules', 'billing.deleteOfflinePaymentMethod', 'Delete Offline Payment Method', '2025-10-15 14:29:36', '2025-10-15 14:29:36'),
('2153', '1', 'eng', 'modules', 'billing.askDeleteOfflinePaymentMethod', 'Are you sure you want to delete the offline payment method?', '2025-10-15 14:29:36', '2025-10-15 14:29:36'),
('2154', '1', 'eng', 'modules', 'billing.offlinePaymentMethodDeleted', 'Offline Payment Method Deleted', '2025-10-15 14:29:36', '2025-10-15 14:29:36'),
('2155', '1', 'eng', 'modules', 'billing.addPaymentMethod', 'Add Payment Method', '2025-10-15 14:29:36', '2025-10-15 14:29:36'),
('2156', '1', 'eng', 'modules', 'billing.razorpay', 'Razorpay', '2025-10-15 14:29:36', '2025-10-15 14:29:36'),
('2157', '1', 'eng', 'modules', 'billing.stripe', 'Stripe', '2025-10-15 14:29:36', '2025-10-15 14:29:36'),
('2158', '1', 'eng', 'modules', 'billing.flutterwave', 'Flutterwave', '2025-10-15 14:29:36', '2025-10-15 14:29:36'),
('2159', '1', 'eng', 'modules', 'billing.offline', 'Offline Payment', '2025-10-15 14:29:36', '2025-10-15 14:29:36'),
('2160', '1', 'eng', 'modules', 'billing.qr_code', 'QR Code Payment', '2025-10-15 14:29:36', '2025-10-15 14:29:36'),
('2161', '1', 'eng', 'modules', 'billing.paypal', 'Paypal', '2025-10-15 14:29:36', '2025-10-15 14:29:36'),
('2162', '1', 'eng', 'modules', 'billing.viewPaymentMethod', 'View Payment Method', '2025-10-15 14:29:36', '2025-10-15 14:29:36'),
('2163', '1', 'eng', 'modules', 'billing.offlinePaymentMethod', 'Offline Payment Method', '2025-10-15 14:29:36', '2025-10-15 14:29:36'),
('2164', '1', 'eng', 'modules', 'billing.restaurant', 'Restaurant Name', '2025-10-15 14:29:36', '2025-10-15 14:29:36'),
('2165', '1', 'eng', 'modules', 'billing.paymentDate', 'Payment Date', '2025-10-15 14:29:36', '2025-10-15 14:29:36'),
('2166', '1', 'eng', 'modules', 'billing.packageDetails', 'Package Details', '2025-10-15 14:29:36', '2025-10-15 14:29:36'),
('2167', '1', 'eng', 'modules', 'billing.transactionId', 'Transaction ID', '2025-10-15 14:29:36', '2025-10-15 14:29:36'),
('2168', '1', 'eng', 'modules', 'billing.paymentGateway', 'Payment Gateway', '2025-10-15 14:29:36', '2025-10-15 14:29:36'),
('2169', '1', 'eng', 'modules', 'billing.choosePlan', 'Choose Plan', '2025-10-15 14:29:36', '2025-10-15 14:29:36'),
('2170', '1', 'eng', 'modules', 'billing.noPaymentOptionEnable', 'No payment options are enabled.', '2025-10-15 14:29:36', '2025-10-15 14:29:36'),
('2171', '1', 'eng', 'modules', 'billing.choosePaymentMethod', 'Choose Payment Method', '2025-10-15 14:29:36', '2025-10-15 14:29:36'),
('2172', '1', 'eng', 'modules', 'billing.amount', 'Amount', '2025-10-15 14:29:36', '2025-10-15 14:29:36'),
('2173', '1', 'eng', 'modules', 'billing.package', 'Package', '2025-10-15 14:29:36', '2025-10-15 14:29:36'),
('2174', '1', 'eng', 'modules', 'billing.paymentBy', 'Payment By', '2025-10-15 14:29:36', '2025-10-15 14:29:36'),
('2175', '1', 'eng', 'modules', 'billing.paymentDone', 'Payment Done', '2025-10-15 14:29:36', '2025-10-15 14:29:36'),
('2176', '1', 'eng', 'modules', 'billing.created', 'Created', '2025-10-15 14:29:36', '2025-10-15 14:29:36'),
('2177', '1', 'eng', 'modules', 'billing.status', 'Status', '2025-10-15 14:29:36', '2025-10-15 14:29:36'),
('2178', '1', 'eng', 'modules', 'billing.receipt', 'Receipt', '2025-10-15 14:29:36', '2025-10-15 14:29:36'),
('2179', '1', 'eng', 'modules', 'billing.payOnline', 'Pay Online', '2025-10-15 14:29:36', '2025-10-15 14:29:36'),
('2180', '1', 'eng', 'modules', 'billing.billingCycle', 'Billing Cycle', '2025-10-15 14:29:36', '2025-10-15 14:29:36'),
('2181', '1', 'eng', 'modules', 'billing.paybyQr', 'Pay by QR Code', '2025-10-15 14:29:36', '2025-10-15 14:29:36'),
('2182', '1', 'eng', 'modules', 'billing.accountDetails', 'Account Details :', '2025-10-15 14:29:36', '2025-10-15 14:29:36'),
('2183', '1', 'eng', 'modules', 'billing.showOtherPaymentOption', 'Show Other Payment Option', '2025-10-15 14:29:36', '2025-10-15 14:29:36'),
('2184', '1', 'eng', 'modules', 'billing.bankTransfer', 'Bank Transfer', '2025-10-15 14:29:36', '2025-10-15 14:29:36'),
('2185', '1', 'eng', 'modules', 'billing.payOffline', 'Pay Offline', '2025-10-15 14:29:36', '2025-10-15 14:29:36'),
('2186', '1', 'eng', 'modules', 'billing.purchaseHistory', 'Purchase History', '2025-10-15 14:29:36', '2025-10-15 14:29:36'),
('2187', '1', 'eng', 'modules', 'billing.offlineRequest', 'Offline Request', '2025-10-15 14:29:36', '2025-10-15 14:29:36'),
('2188', '1', 'eng', 'modules', 'billing.generalSettings', 'General Settings', '2025-10-15 14:29:36', '2025-10-15 14:29:36'),
('2189', '1', 'eng', 'modules', 'billing.planDetails', 'Plan Details', '2025-10-15 14:29:36', '2025-10-15 14:29:36'),
('2190', '1', 'eng', 'modules', 'billing.currentPlan', 'Current Plan Name', '2025-10-15 14:29:36', '2025-10-15 14:29:36'),
('2191', '1', 'eng', 'modules', 'billing.daysLeft', ':count Days Left', '2025-10-15 14:29:36', '2025-10-15 14:29:36'),
('2192', '1', 'eng', 'modules', 'billing.licenseExpireOn', 'License Expire On', '2025-10-15 14:29:36', '2025-10-15 14:29:36'),
('2193', '1', 'eng', 'modules', 'billing.noPlanAssigned', 'No Plan Assigned', '2025-10-15 14:29:36', '2025-10-15 14:29:36'),
('2194', '1', 'eng', 'modules', 'billing.expired', 'Expired', '2025-10-15 14:29:36', '2025-10-15 14:29:36'),
('2195', '1', 'eng', 'modules', 'billing.currentPlanType', 'Current Plan Type', '2025-10-15 14:29:36', '2025-10-15 14:29:36'),
('2196', '1', 'eng', 'modules', 'billing.offlineUploadFile', 'Please attach a file of your offline payment receipt', '2025-10-15 14:29:36', '2025-10-15 14:29:36'),
('2197', '1', 'eng', 'modules', 'billing.offlineDescriptionPlaceholder', 'Provide details of your offline payment', '2025-10-15 14:29:36', '2025-10-15 14:29:36'),
('2198', '1', 'eng', 'modules', 'billing.nextPaymentDate', 'Next Payment Date', '2025-10-15 14:29:36', '2025-10-15 14:29:36'),
('2199', '1', 'eng', 'modules', 'billing.remark', 'Remark', '2025-10-15 14:29:36', '2025-10-15 14:29:36'),
('2200', '1', 'eng', 'modules', 'billing.monthly', 'Monthly', '2025-10-15 14:29:36', '2025-10-15 14:29:36'),
('2201', '1', 'eng', 'modules', 'billing.annually', 'Annually', '2025-10-15 14:29:36', '2025-10-15 14:29:36'),
('2202', '1', 'eng', 'modules', 'billing.lifetimeAccess', 'Lifetime Access', '2025-10-15 14:29:36', '2025-10-15 14:29:36'),
('2203', '1', 'eng', 'modules', 'billing.billed', 'Billed', '2025-10-15 14:29:36', '2025-10-15 14:29:36'),
('2204', '1', 'eng', 'modules', 'billing.free', 'Free', '2025-10-15 14:29:36', '2025-10-15 14:29:36'),
('2205', '1', 'eng', 'modules', 'billing.billedTo', 'Billed To', '2025-10-15 14:29:36', '2025-10-15 14:29:36'),
('2206', '1', 'eng', 'modules', 'billing.paid', 'Paid', '2025-10-15 14:29:36', '2025-10-15 14:29:36'),
('2207', '1', 'eng', 'modules', 'billing.total', 'Total', '2025-10-15 14:29:36', '2025-10-15 14:29:36'),
('2208', '1', 'eng', 'modules', 'billing.paidVia', 'Paid Via', '2025-10-15 14:29:36', '2025-10-15 14:29:36'),
('2209', '1', 'eng', 'modules', 'billing.acceptOfflineRequest', 'Accept Offline Request', '2025-10-15 14:29:36', '2025-10-15 14:29:36'),
('2210', '1', 'eng', 'modules', 'billing.rejectOfflineRequest', 'Reject Offline Request', '2025-10-15 14:29:36', '2025-10-15 14:29:36'),
('2211', '1', 'eng', 'modules', 'billing.pickYourPlan', 'Pick Your Plan', '2025-10-15 14:29:36', '2025-10-15 14:29:36'),
('2212', '1', 'eng', 'modules', 'billing.noPaymentMethodSelected', 'No payment method selected.', '2025-10-15 14:29:36', '2025-10-15 14:29:36'),
('2213', '1', 'eng', 'modules', 'billing.cancelImmediately', 'Cancel Immediately', '2025-10-15 14:29:36', '2025-10-15 14:29:36'),
('2214', '1', 'eng', 'modules', 'billing.endOfBillingCycle', 'End of Billing Cycle', '2025-10-15 14:29:36', '2025-10-15 14:29:36'),
('2215', '1', 'eng', 'modules', 'billing.expiringToday', 'Expiring Today', '2025-10-15 14:29:36', '2025-10-15 14:29:36'),
('2216', '1', 'eng', 'modules', 'billing.paymentReceipt', 'Payment Receipt', '2025-10-15 14:29:36', '2025-10-15 14:29:36'),
('2217', '1', 'eng', 'modules', 'billing.trial', 'Trial', '2025-10-15 14:29:36', '2025-10-15 14:29:36'),
('2218', '1', 'eng', 'modules', 'billing.default', 'Default', '2025-10-15 14:29:36', '2025-10-15 14:29:36'),
('2219', '1', 'eng', 'modules', 'billing.standard', 'Standard', '2025-10-15 14:29:36', '2025-10-15 14:29:36'),
('2220', '1', 'eng', 'modules', 'billing.lifetime', 'Lifetime', '2025-10-15 14:29:36', '2025-10-15 14:29:36'),
('2221', '1', 'eng', 'modules', 'billing.annual', 'Annual', '2025-10-15 14:29:36', '2025-10-15 14:29:36'),
('2222', '1', 'eng', 'modules', 'billing.payfast', 'PayFast', '2025-10-15 14:29:36', '2025-10-15 14:29:36'),
('2223', '1', 'eng', 'modules', 'billing.payfastLiveId', 'Payfast Live ID', '2025-10-15 14:29:36', '2025-10-15 14:29:36'),
('2224', '1', 'eng', 'modules', 'billing.payfastLiveKey', 'Payfast Live KEY', '2025-10-15 14:29:36', '2025-10-15 14:29:36'),
('2225', '1', 'eng', 'modules', 'billing.payfastLivePassphrase', 'Payfast Live Passphrase', '2025-10-15 14:29:36', '2025-10-15 14:29:36'),
('2226', '1', 'eng', 'modules', 'billing.payfastTestId', 'Test Payfast ID', '2025-10-15 14:29:36', '2025-10-15 14:29:36'),
('2227', '1', 'eng', 'modules', 'billing.payfastTestKey', 'Test Payfast KEY', '2025-10-15 14:29:36', '2025-10-15 14:29:36'),
('2228', '1', 'eng', 'modules', 'billing.payfastTestPassphrase', 'Test Payfast Passphrase', '2025-10-15 14:29:36', '2025-10-15 14:29:36'),
('2229', '1', 'eng', 'modules', 'billing.paystack', 'Paystack', '2025-10-15 14:29:36', '2025-10-15 14:29:36'),
('2230', '1', 'eng', 'modules', 'billing.popular', 'Popular', '2025-10-15 14:29:36', '2025-10-15 14:29:36'),
('2231', '1', 'eng', 'modules', 'billing.xendit', 'Xendit', '2025-10-15 14:29:36', '2025-10-15 14:29:36'),
('2232', '1', 'eng', 'modules', 'language.languageCode', 'Language Code', '2025-10-15 14:29:36', '2025-10-15 14:29:36'),
('2233', '1', 'eng', 'modules', 'language.languageName', 'Language Name', '2025-10-15 14:29:36', '2025-10-15 14:29:36'),
('2234', '1', 'eng', 'modules', 'language.active', 'Active', '2025-10-15 14:29:36', '2025-10-15 14:29:36'),
('2235', '1', 'eng', 'modules', 'language.rtl', 'RTL', '2025-10-15 14:29:36', '2025-10-15 14:29:36'),
('2236', '1', 'eng', 'modules', 'language.addLanguage', 'Add Language', '2025-10-15 14:29:36', '2025-10-15 14:29:36'),
('2237', '1', 'eng', 'modules', 'language.flagCode', 'Flag Code', '2025-10-15 14:29:36', '2025-10-15 14:29:36'),
('2238', '1', 'eng', 'modules', 'language.flagCodeHelp', 'Click here to get the flag code', '2025-10-15 14:29:36', '2025-10-15 14:29:36'),
('2239', '1', 'eng', 'modules', 'language.editLanguage', 'Edit Language', '2025-10-15 14:29:36', '2025-10-15 14:29:36'),
('2240', '1', 'eng', 'modules', 'language.deleteLanguage', 'Delete Language', '2025-10-15 14:29:36', '2025-10-15 14:29:36'),
('2241', '1', 'eng', 'modules', 'language.deleteLanguageMessage', 'Are you sure you want to delete the language?', '2025-10-15 14:29:36', '2025-10-15 14:29:36'),
('2242', '1', 'eng', 'modules', 'language.defaultLanguage', 'Default Language', '2025-10-15 14:29:36', '2025-10-15 14:29:36'),
('2243', '1', 'eng', 'modules', 'language.modifyDefaultLanguage', 'To modify the default language, please navigate to the', '2025-10-15 14:29:36', '2025-10-15 14:29:36'),
('2244', '1', 'eng', 'modules', 'language.currentLanguageDefault', 'The current language is set as the default.', '2025-10-15 14:29:36', '2025-10-15 14:29:36'),
('2245', '1', 'eng', 'modules', 'waiterRequest.markCompleted', 'Mark Attended', '2025-10-15 14:29:36', '2025-10-15 14:29:36'),
('2246', '1', 'eng', 'modules', 'waiterRequest.doItLater', 'Do it Later', '2025-10-15 14:29:36', '2025-10-15 14:29:36'),
('2247', '1', 'eng', 'modules', 'waiterRequest.activeWaiterRequests', 'Active Waiter Requests', '2025-10-15 14:29:36', '2025-10-15 14:29:36'),
('2248', '1', 'eng', 'modules', 'waiterRequest.newWaiterRequests', 'New Waiter Request', '2025-10-15 14:29:36', '2025-10-15 14:29:36'),
('2249', '1', 'eng', 'modules', 'waiterRequest.newWaiterRequestForTable', 'New Waiter Request for Table - :name', '2025-10-15 14:29:36', '2025-10-15 14:29:36'),
('2250', '1', 'eng', 'modules', 'waiterRequest.activeWaiterRequestsCount', 'Active Waiter Requests', '2025-10-15 14:29:36', '2025-10-15 14:29:36'),
('2251', '1', 'eng', 'modules', 'waiterRequest.noWaiterRequest', 'No waiter request found in this area.', '2025-10-15 14:29:36', '2025-10-15 14:29:36'),
('2252', '1', 'eng', 'modules', 'profile.profileInfo', 'Profile Information', '2025-10-15 14:29:36', '2025-10-15 14:29:36'),
('2253', '1', 'eng', 'modules', 'profile.updateProfileInfo', 'Update your account\'s profile information and email address.', '2025-10-15 14:29:36', '2025-10-15 14:29:36'),
('2254', '1', 'eng', 'modules', 'profile.photo', 'Photo', '2025-10-15 14:29:36', '2025-10-15 14:29:36'),
('2255', '1', 'eng', 'modules', 'profile.selectNewPhoto', 'Select A New Photo', '2025-10-15 14:29:36', '2025-10-15 14:29:36'),
('2256', '1', 'eng', 'modules', 'profile.removePhoto', 'Remove Photo', '2025-10-15 14:29:36', '2025-10-15 14:29:36'),
('2257', '1', 'eng', 'modules', 'profile.name', 'Name', '2025-10-15 14:29:36', '2025-10-15 14:29:36'),
('2258', '1', 'eng', 'modules', 'profile.currentPassword', 'Current Password', '2025-10-15 14:29:36', '2025-10-15 14:29:36'),
('2259', '1', 'eng', 'modules', 'profile.newPassword', 'New Password', '2025-10-15 14:29:36', '2025-10-15 14:29:36'),
('2260', '1', 'eng', 'modules', 'profile.confirmPassword', 'Confirm Password', '2025-10-15 14:29:36', '2025-10-15 14:29:36'),
('2261', '1', 'eng', 'modules', 'profile.ensureAccountSecure', 'Ensure your account is using a long, random password to stay secure.', '2025-10-15 14:29:36', '2025-10-15 14:29:36'),
('2262', '1', 'eng', 'modules', 'profile.updatePassword', 'Update Password', '2025-10-15 14:29:36', '2025-10-15 14:29:36'),
('2263', '1', 'eng', 'modules', 'profile.twoFactorAuth', 'Two Factor Authentication', '2025-10-15 14:29:36', '2025-10-15 14:29:36'),
('2264', '1', 'eng', 'modules', 'profile.addSecurity', 'Add additional security to your account using two factor authentication.', '2025-10-15 14:29:36', '2025-10-15 14:29:36'),
('2265', '1', 'eng', 'modules', 'profile.finishEnablingTwoFactorAuth', 'Finish enabling two factor authentication.', '2025-10-15 14:29:36', '2025-10-15 14:29:36'),
('2266', '1', 'eng', 'modules', 'profile.notEnabledTwoFactorAuth', 'You have not enabled two factor authentication.', '2025-10-15 14:29:36', '2025-10-15 14:29:36'),
('2267', '1', 'eng', 'modules', 'profile.enabledTwoFactorAuth', 'You have enabled two factor authentication.', '2025-10-15 14:29:36', '2025-10-15 14:29:36'),
('2268', '1', 'eng', 'modules', 'profile.twoFactorAuthMessage', 'When two factor authentication is enabled, you will be prompted for a secure, random token during authentication. You may retrieve this token from your phone\'s Google Authenticator application.', '2025-10-15 14:29:36', '2025-10-15 14:29:36'),
('2269', '1', 'eng', 'modules', 'profile.finishEnablingTwoFactorAuthMessage', 'To finish enabling two factor authentication, scan the following QR code using your phone\'s authenticator application or enter the setup key and provide the generated OTP code.', '2025-10-15 14:29:36', '2025-10-15 14:29:36'),
('2270', '1', 'eng', 'modules', 'profile.setupKey', 'Setup Key', '2025-10-15 14:29:36', '2025-10-15 14:29:36'),
('2271', '1', 'eng', 'modules', 'profile.recoveryCodesMessage', 'Store these recovery codes in a secure password manager. They can be used to recover access to your account if your two factor authentication device is lost.', '2025-10-15 14:29:36', '2025-10-15 14:29:36'),
('2272', '1', 'eng', 'modules', 'profile.regenerateRecoveryCodes', 'Regenerate Recovery Codes', '2025-10-15 14:29:36', '2025-10-15 14:29:36'),
('2273', '1', 'eng', 'modules', 'profile.showRecoveryCodes', 'Show Recovery Codes', '2025-10-15 14:29:36', '2025-10-15 14:29:36'),
('2274', '1', 'eng', 'modules', 'profile.deleteAccount', 'Delete Account', '2025-10-15 14:29:36', '2025-10-15 14:29:36'),
('2275', '1', 'eng', 'modules', 'profile.permanentlyDeleteAccount', 'Permanently delete your account.', '2025-10-15 14:29:36', '2025-10-15 14:29:36'),
('2276', '1', 'eng', 'modules', 'profile.permanentlyDeleteAccountMessage', 'Once your account is deleted, all of its resources and data will be permanently deleted. Before deleting your account, please download any data or information that you wish to retain.', '2025-10-15 14:29:36', '2025-10-15 14:29:36'),
('2277', '1', 'eng', 'modules', 'profile.areYouSureDeleteAccount', 'Are you sure you want to delete your account? Once your account is deleted, all of its resources and data will be permanently deleted. Please enter your password to confirm you would like to permanently delete your account.', '2025-10-15 14:29:36', '2025-10-15 14:29:36'),
('2278', '1', 'eng', 'modules', 'profile.password', 'Password', '2025-10-15 14:29:36', '2025-10-15 14:29:36'),
('2279', '1', 'eng', 'modules', 'profile.browserSessions', 'Browser Sessions', '2025-10-15 14:29:36', '2025-10-15 14:29:36'),
('2280', '1', 'eng', 'modules', 'profile.browserSessionsDescription', 'Manage and log out your active sessions on other browsers and devices.', '2025-10-15 14:29:36', '2025-10-15 14:29:36'),
('2281', '1', 'eng', 'modules', 'profile.browserSessionsContent', 'If necessary, you may log out of all of your other browser sessions across all of your devices. Some of your recent sessions are listed below; however, this list may not be exhaustive. If you feel your account has been compromised, you should also update your password.', '2025-10-15 14:29:36', '2025-10-15 14:29:36'),
('2282', '1', 'eng', 'modules', 'profile.unknown', 'Unknown', '2025-10-15 14:29:36', '2025-10-15 14:29:36'),
('2283', '1', 'eng', 'modules', 'profile.thisDevice', 'This Device', '2025-10-15 14:29:36', '2025-10-15 14:29:36'),
('2284', '1', 'eng', 'modules', 'profile.lastActive', 'Last Active', '2025-10-15 14:29:36', '2025-10-15 14:29:36'),
('2285', '1', 'eng', 'modules', 'profile.logOutOtherBrowserSessions', 'Log Out Other Browser Sessions', '2025-10-15 14:29:36', '2025-10-15 14:29:36'),
('2286', '1', 'eng', 'modules', 'profile.done', 'Done.', '2025-10-15 14:29:36', '2025-10-15 14:29:36'),
('2287', '1', 'eng', 'modules', 'profile.confirmLogoutContent', 'Please enter your password to confirm you would like to log out of your other browser sessions across all of your devices.', '2025-10-15 14:29:36', '2025-10-15 14:29:36'),
('2288', '1', 'eng', 'modules', 'profile.passwordConfirmationContent', 'For your security, please confirm your password to continue.', '2025-10-15 14:29:36', '2025-10-15 14:29:36'),
('2289', '1', 'eng', 'modules', 'profile.confirm', 'Confirm', '2025-10-15 14:29:36', '2025-10-15 14:29:36'),
('2290', '1', 'eng', 'modules', 'profile.code', 'Code', '2025-10-15 14:29:36', '2025-10-15 14:29:36'),
('2291', '1', 'eng', 'modules', 'profile.recoveryCode', 'Recovery Code', '2025-10-15 14:29:36', '2025-10-15 14:29:36'),
('2292', '1', 'eng', 'modules', 'profile.useRecoveryCode', 'Use a recovery code', '2025-10-15 14:29:36', '2025-10-15 14:29:36'),
('2293', '1', 'eng', 'modules', 'profile.useAuthCode', 'Use an authentication code', '2025-10-15 14:29:36', '2025-10-15 14:29:36'),
('2294', '1', 'eng', 'modules', 'profile.login', 'Log In', '2025-10-15 14:29:36', '2025-10-15 14:29:36'),
('2295', '1', 'eng', 'modules', 'expenses.title', 'Expenses', '2025-10-15 14:29:36', '2025-10-15 14:29:36'),
('2296', '1', 'eng', 'modules', 'expenses.amount', 'Amount', '2025-10-15 14:29:36', '2025-10-15 14:29:36'),
('2297', '1', 'eng', 'modules', 'expenses.category', 'Category', '2025-10-15 14:29:36', '2025-10-15 14:29:36'),
('2298', '1', 'eng', 'modules', 'expenses.vendor', 'Vendor', '2025-10-15 14:29:36', '2025-10-15 14:29:36'),
('2299', '1', 'eng', 'modules', 'expenses.expenseDate', 'Expense Date', '2025-10-15 14:29:36', '2025-10-15 14:29:36'),
('2300', '1', 'eng', 'modules', 'expenses.paymentDate', 'Payment Date', '2025-10-15 14:29:36', '2025-10-15 14:29:36'),
('2301', '1', 'eng', 'modules', 'expenses.paymentDueDate', 'Due Date', '2025-10-15 14:29:36', '2025-10-15 14:29:36'),
('2302', '1', 'eng', 'modules', 'expenses.paymentMethod', 'Payment Method', '2025-10-15 14:29:36', '2025-10-15 14:29:36'),
('2303', '1', 'eng', 'modules', 'expenses.paymentStatus', 'Payment Status', '2025-10-15 14:29:36', '2025-10-15 14:29:36'),
('2304', '1', 'eng', 'modules', 'expenses.description', 'Description', '2025-10-15 14:29:36', '2025-10-15 14:29:36'),
('2305', '1', 'eng', 'modules', 'expenses.receipt', 'Receipt', '2025-10-15 14:29:36', '2025-10-15 14:29:36'),
('2306', '1', 'eng', 'modules', 'expenses.addExpense', 'Add Expense', '2025-10-15 14:29:36', '2025-10-15 14:29:36'),
('2307', '1', 'eng', 'modules', 'expenses.editExpense', 'Edit Expense', '2025-10-15 14:29:36', '2025-10-15 14:29:36'),
('2308', '1', 'eng', 'modules', 'expenses.deleteExpense', 'Delete Expense', '2025-10-15 14:29:36', '2025-10-15 14:29:36'),
('2309', '1', 'eng', 'modules', 'expenses.selectCategory', 'Select Category', '2025-10-15 14:29:36', '2025-10-15 14:29:36'),
('2310', '1', 'eng', 'modules', 'expenses.selectVendor', 'Select Vendor', '2025-10-15 14:29:36', '2025-10-15 14:29:36'),
('2311', '1', 'eng', 'modules', 'expenses.pending', 'Pending', '2025-10-15 14:29:36', '2025-10-15 14:29:36'),
('2312', '1', 'eng', 'modules', 'expenses.paid', 'Paid', '2025-10-15 14:29:36', '2025-10-15 14:29:36'),
('2313', '1', 'eng', 'modules', 'expenses.addCategory', 'Add Category', '2025-10-15 14:29:36', '2025-10-15 14:29:36'),
('2314', '1', 'eng', 'modules', 'expenses.addVendor', 'Add Vendor', '2025-10-15 14:29:36', '2025-10-15 14:29:36'),
('2315', '1', 'eng', 'modules', 'expenses.expenses', 'Expenses', '2025-10-15 14:29:36', '2025-10-15 14:29:36'),
('2316', '1', 'eng', 'modules', 'expenses.filterExpenseCategory', 'Filter by Expense Category', '2025-10-15 14:29:36', '2025-10-15 14:29:36'),
('2317', '1', 'eng', 'modules', 'expenses.filterPaymentMethod', 'Filter by Payment Method', '2025-10-15 14:29:36', '2025-10-15 14:29:36'),
('2318', '1', 'eng', 'modules', 'expenses.expensesCategory', 'Expenses Category', '2025-10-15 14:29:36', '2025-10-15 14:29:36'),
('2319', '1', 'eng', 'modules', 'expenses.expensesPaymentMethod', 'Payment Method', '2025-10-15 14:29:36', '2025-10-15 14:29:36'),
('2320', '1', 'eng', 'modules', 'expenses.filterVendor', 'Filter by Vendor', '2025-10-15 14:29:36', '2025-10-15 14:29:36'),
('2321', '1', 'eng', 'modules', 'expenses.expensesVendor', 'Vendor', '2025-10-15 14:29:36', '2025-10-15 14:29:36'),
('2322', '1', 'eng', 'modules', 'expenses.filterDateRange', 'Filter by Date Range', '2025-10-15 14:29:36', '2025-10-15 14:29:36'),
('2323', '1', 'eng', 'modules', 'expenses.expensesDateRange', 'Date Range', '2025-10-15 14:29:36', '2025-10-15 14:29:36'),
('2324', '1', 'eng', 'modules', 'expenses.startDate', 'Start Date', '2025-10-15 14:29:36', '2025-10-15 14:29:36'),
('2325', '1', 'eng', 'modules', 'expenses.endDate', 'End Date', '2025-10-15 14:29:36', '2025-10-15 14:29:36'),
('2326', '1', 'eng', 'modules', 'expenses.deleteExpensesMessage', 'Are you sure you want to delete the expense?', '2025-10-15 14:29:36', '2025-10-15 14:29:36'),
('2327', '1', 'eng', 'modules', 'expenses.total_amount_spent', 'Total Amount Spent', '2025-10-15 14:29:36', '2025-10-15 14:29:36'),
('2328', '1', 'eng', 'modules', 'expenses.no_of_transaction', 'Number of Transaction', '2025-10-15 14:29:36', '2025-10-15 14:29:36'),
('2329', '1', 'eng', 'modules', 'expenses.total_expense', 'Total Expense', '2025-10-15 14:29:36', '2025-10-15 14:29:36'),
('2330', '1', 'eng', 'modules', 'expenses.percentage_of_total', 'Percentage of Total', '2025-10-15 14:29:36', '2025-10-15 14:29:36'),
('2331', '1', 'eng', 'modules', 'expenses.addExpenseCategory', 'Add Expense Category', '2025-10-15 14:29:36', '2025-10-15 14:29:36'),
('2332', '1', 'eng', 'modules', 'expenses.receiptPreview', 'Receipt Preview', '2025-10-15 14:29:36', '2025-10-15 14:29:36'),
('2333', '1', 'eng', 'modules', 'expenses.expenseDetails', 'Expense Details', '2025-10-15 14:29:36', '2025-10-15 14:29:36'),
('2334', '1', 'eng', 'modules', 'expenses.expenseTitle', 'Expense Title', '2025-10-15 14:29:36', '2025-10-15 14:29:36'),
('2335', '1', 'eng', 'modules', 'expenses.expenseCategory', 'Expense Category', '2025-10-15 14:29:36', '2025-10-15 14:29:36'),
('2336', '1', 'eng', 'modules', 'expenses.expenseAmount', 'Expense Amount', '2025-10-15 14:29:36', '2025-10-15 14:29:36'),
('2337', '1', 'eng', 'modules', 'expenses.expenseDescription', 'Expense Description', '2025-10-15 14:29:36', '2025-10-15 14:29:36'),
('2338', '1', 'eng', 'modules', 'expenses.totalPaymentDue', 'Total Payment Due', '2025-10-15 14:29:36', '2025-10-15 14:29:36'),
('2339', '1', 'eng', 'modules', 'expenses.lastDueDate', 'Last Due Date', '2025-10-15 14:29:36', '2025-10-15 14:29:36'),
('2340', '1', 'eng', 'modules', 'expenses.status.paid', 'Paid', '2025-10-15 14:29:36', '2025-10-15 14:29:36'),
('2341', '1', 'eng', 'modules', 'expenses.status.pending', 'Pending', '2025-10-15 14:29:36', '2025-10-15 14:29:36'),
('2342', '1', 'eng', 'modules', 'expenses.status.approved', 'Approved', '2025-10-15 14:29:36', '2025-10-15 14:29:36'),
('2343', '1', 'eng', 'modules', 'expenses.status.rejected', 'Rejected', '2025-10-15 14:29:36', '2025-10-15 14:29:36'),
('2344', '1', 'eng', 'modules', 'expenses.methods.cash', 'Cash', '2025-10-15 14:29:36', '2025-10-15 14:29:36'),
('2345', '1', 'eng', 'modules', 'expenses.methods.bank_transfer', 'Bank Transfer', '2025-10-15 14:29:36', '2025-10-15 14:29:36'),
('2346', '1', 'eng', 'modules', 'expenses.methods.credit_card', 'Credit Card', '2025-10-15 14:29:36', '2025-10-15 14:29:36'),
('2347', '1', 'eng', 'modules', 'expenses.methods.debit_card', 'Debit Card', '2025-10-15 14:29:36', '2025-10-15 14:29:36'),
('2348', '1', 'eng', 'modules', 'expenses.methods.check', 'Cheque', '2025-10-15 14:29:36', '2025-10-15 14:29:36'),
('2349', '1', 'eng', 'modules', 'expenses.methods.digital_wallet', 'Digital Wallet', '2025-10-15 14:29:36', '2025-10-15 14:29:36'),
('2350', '1', 'eng', 'modules', 'expenses.reports.outstandingPaymentReport', 'Outstanding Payment Report', '2025-10-15 14:29:36', '2025-10-15 14:29:36'),
('2351', '1', 'eng', 'modules', 'expenses.reports.vendorWiseExpensePaymentReport', 'Vendor Wise Expense Payment Report', '2025-10-15 14:29:36', '2025-10-15 14:29:36'),
('2352', '1', 'eng', 'modules', 'expenses.reports.expenseSummaryReport', 'Expense Summary Report', '2025-10-15 14:29:36', '2025-10-15 14:29:36'),
('2353', '1', 'eng', 'modules', 'expenses.reports.NoReportsFound', 'No reports Found', '2025-10-15 14:29:36', '2025-10-15 14:29:36'),
('2354', '1', 'eng', 'modules', 'expenses.reports.description', 'Description', '2025-10-15 14:29:36', '2025-10-15 14:29:36'),
('2355', '1', 'eng', 'modules', 'expenses.noReceiptAvailable', 'No receipt available.', '2025-10-15 14:29:36', '2025-10-15 14:29:36'),
('2356', '1', 'eng', 'modules', 'expenses.editExpenseCategory', 'Edit Expense Category', '2025-10-15 14:29:36', '2025-10-15 14:29:36'),
('2357', '1', 'eng', 'modules', 'vendors.vendorName', 'Vendor Name', '2025-10-15 14:29:36', '2025-10-15 14:29:36'),
('2358', '1', 'eng', 'modules', 'vendors.vendors', 'Vendors', '2025-10-15 14:29:36', '2025-10-15 14:29:36'),
('2359', '1', 'eng', 'modules', 'vendors.addVendor', 'Add Vendor', '2025-10-15 14:29:36', '2025-10-15 14:29:36'),
('2360', '1', 'eng', 'modules', 'vendors.editVendor', 'Edit Vendor', '2025-10-15 14:29:36', '2025-10-15 14:29:36'),
('2361', '1', 'eng', 'modules', 'vendors.deleteVendor', 'Delete Vendor', '2025-10-15 14:29:36', '2025-10-15 14:29:36'),
('2362', '1', 'eng', 'modules', 'vendors.id', 'Id', '2025-10-15 14:29:36', '2025-10-15 14:29:36'),
('2363', '1', 'eng', 'modules', 'vendors.name', 'Name', '2025-10-15 14:29:36', '2025-10-15 14:29:36'),
('2364', '1', 'eng', 'modules', 'vendors.email', 'Email', '2025-10-15 14:29:36', '2025-10-15 14:29:36'),
('2365', '1', 'eng', 'modules', 'vendors.phone', 'Phone', '2025-10-15 14:29:36', '2025-10-15 14:29:36'),
('2366', '1', 'eng', 'modules', 'vendors.address', 'Address', '2025-10-15 14:29:36', '2025-10-15 14:29:36'),
('2367', '1', 'eng', 'modules', 'vendors.contactPerson', 'Contact Person', '2025-10-15 14:29:36', '2025-10-15 14:29:36'),
('2368', '1', 'eng', 'modules', 'vendors.actions', 'Actions', '2025-10-15 14:29:36', '2025-10-15 14:29:36'),
('2369', '1', 'eng', 'modules', 'vendors.deleteVendorMessage', 'Are you sure you want to delete Vendor ?', '2025-10-15 14:29:36', '2025-10-15 14:29:36'),
('2370', '1', 'eng', 'modules', 'modifier.menuItems', 'Menu Items', '2025-10-15 14:29:36', '2025-10-15 14:29:36'),
('2371', '1', 'eng', 'modules', 'modifier.menuCategories', 'Menu Categories', '2025-10-15 14:29:36', '2025-10-15 14:29:36'),
('2372', '1', 'eng', 'modules', 'modifier.addItemModifier', 'Add Item Modifier', '2025-10-15 14:29:36', '2025-10-15 14:29:36'),
('2373', '1', 'eng', 'modules', 'modifier.editItemModifier', 'Edit Item Modifier', '2025-10-15 14:29:36', '2025-10-15 14:29:36'),
('2374', '1', 'eng', 'modules', 'modifier.isRequired', 'Is Required', '2025-10-15 14:29:36', '2025-10-15 14:29:36'),
('2375', '1', 'eng', 'modules', 'modifier.sortOrder', 'Sort Order', '2025-10-15 14:29:36', '2025-10-15 14:29:36'),
('2376', '1', 'eng', 'modules', 'modifier.addModifierGroup', 'Add Modifier Group', '2025-10-15 14:29:36', '2025-10-15 14:29:36'),
('2377', '1', 'eng', 'modules', 'modifier.menuItemName', 'Menu Item Name', '2025-10-15 14:29:36', '2025-10-15 14:29:36'),
('2378', '1', 'eng', 'modules', 'modifier.modifierName', 'Modifier Name', '2025-10-15 14:29:36', '2025-10-15 14:29:36'),
('2379', '1', 'eng', 'modules', 'modifier.modifierDescription', 'Modifier Description', '2025-10-15 14:29:36', '2025-10-15 14:29:36'),
('2380', '1', 'eng', 'modules', 'modifier.modifierPrice', 'Modifier Price', '2025-10-15 14:29:36', '2025-10-15 14:29:36'),
('2381', '1', 'eng', 'modules', 'modifier.modifierType', 'Modifier Type', '2025-10-15 14:29:36', '2025-10-15 14:29:36'),
('2382', '1', 'eng', 'modules', 'modifier.chooseModifierType', 'Choose Modifier Type', '2025-10-15 14:29:36', '2025-10-15 14:29:36'),
('2383', '1', 'eng', 'modules', 'modifier.modifierCategory', 'Modifier Category', '2025-10-15 14:29:36', '2025-10-15 14:29:36'),
('2384', '1', 'eng', 'modules', 'modifier.addModifierCategory', 'Add Modifier Category', '2025-10-15 14:29:36', '2025-10-15 14:29:36'),
('2385', '1', 'eng', 'modules', 'modifier.editModifierCategory', 'Edit Modifier Category', '2025-10-15 14:29:36', '2025-10-15 14:29:36'),
('2386', '1', 'eng', 'modules', 'modifier.deleteModifierCategory', 'Delete Modifier Category', '2025-10-15 14:29:36', '2025-10-15 14:29:36'),
('2387', '1', 'eng', 'modules', 'modifier.modifierCategoryName', 'Modifier Category Name', '2025-10-15 14:29:36', '2025-10-15 14:29:36'),
('2388', '1', 'eng', 'modules', 'modifier.modifierCategoryDescription', 'Modifier Category Description', '2025-10-15 14:29:36', '2025-10-15 14:29:36'),
('2389', '1', 'eng', 'modules', 'modifier.deleteModifierMessage', 'Are you sure you want to delete the modifier?', '2025-10-15 14:29:36', '2025-10-15 14:29:36'),
('2390', '1', 'eng', 'modules', 'modifier.deleteModifierCategoryMessage', 'Are you sure you want to delete the modifier category?', '2025-10-15 14:29:36', '2025-10-15 14:29:36'),
('2391', '1', 'eng', 'modules', 'modifier.modifierHelp', 'Fill in the details below to add a new modifier.', '2025-10-15 14:29:36', '2025-10-15 14:29:36'),
('2392', '1', 'eng', 'modules', 'modifier.modifierCategoryHelp', 'Fill in the details below to add a new modifier category.', '2025-10-15 14:29:36', '2025-10-15 14:29:36'),
('2393', '1', 'eng', 'modules', 'modifier.deleteModifierGroup', 'Delete Modifier Group', '2025-10-15 14:29:36', '2025-10-15 14:29:36'),
('2394', '1', 'eng', 'modules', 'modifier.deleteModifierGroupMessage', 'Are you sure you want to delete the modifier group?', '2025-10-15 14:29:36', '2025-10-15 14:29:36'),
('2395', '1', 'eng', 'modules', 'modifier.updateItemModifier', 'Update Item Modifier', '2025-10-15 14:29:36', '2025-10-15 14:29:36'),
('2396', '1', 'eng', 'modules', 'modifier.deleteItemModifier', 'Delete Item Modifier', '2025-10-15 14:29:36', '2025-10-15 14:29:36'),
('2397', '1', 'eng', 'modules', 'modifier.deleteItemModifierMessage', 'Are you sure you want to delete the item modifier?', '2025-10-15 14:29:36', '2025-10-15 14:29:36'),
('2398', '1', 'eng', 'modules', 'modifier.updateModifierGroup', 'Update Modifier Group', '2025-10-15 14:29:36', '2025-10-15 14:29:36'),
('2399', '1', 'eng', 'modules', 'modifier.editModifierGroup', 'Edit Modifier Group', '2025-10-15 14:29:36', '2025-10-15 14:29:36'),
('2400', '1', 'eng', 'modules', 'modifier.addModifierOption', 'Add Modifier Option', '2025-10-15 14:29:36', '2025-10-15 14:29:36'),
('2401', '1', 'eng', 'modules', 'modifier.modifierGroup', 'Modifier Group', '2025-10-15 14:29:36', '2025-10-15 14:29:36'),
('2402', '1', 'eng', 'modules', 'modifier.options', 'Options', '2025-10-15 14:29:36', '2025-10-15 14:29:36'),
('2403', '1', 'eng', 'modules', 'modifier.name', 'name', '2025-10-15 14:29:36', '2025-10-15 14:29:36'),
('2404', '1', 'eng', 'modules', 'modifier.description', 'Description', '2025-10-15 14:29:36', '2025-10-15 14:29:36'),
('2405', '1', 'eng', 'modules', 'modifier.isAvailable', 'Is Available', '2025-10-15 14:29:36', '2025-10-15 14:29:36'),
('2406', '1', 'eng', 'modules', 'modifier.selectMenuItem', 'Select Menu Item', '2025-10-15 14:29:36', '2025-10-15 14:29:36'),
('2407', '1', 'eng', 'modules', 'modifier.modifierOptions', 'Modifier Options', '2025-10-15 14:29:36', '2025-10-15 14:29:36'),
('2408', '1', 'eng', 'modules', 'modifier.price', 'Price', '2025-10-15 14:29:36', '2025-10-15 14:29:36'),
('2409', '1', 'eng', 'modules', 'modifier.locations', 'Locations', '2025-10-15 14:29:36', '2025-10-15 14:29:36'),
('2410', '1', 'eng', 'modules', 'modifier.addOn', 'Add Modifiers', '2025-10-15 14:29:36', '2025-10-15 14:29:36'),
('2411', '1', 'eng', 'modules', 'modifier.optionName', 'Option Name', '2025-10-15 14:29:36', '2025-10-15 14:29:36'),
('2412', '1', 'eng', 'modules', 'modifier.groupName', 'Group Name', '2025-10-15 14:29:36', '2025-10-15 14:29:36'),
('2413', '1', 'eng', 'modules', 'modifier.required', 'Required', '2025-10-15 14:29:36', '2025-10-15 14:29:36'),
('2414', '1', 'eng', 'modules', 'modifier.optional', 'Optional', '2025-10-15 14:29:36', '2025-10-15 14:29:36'),
('2415', '1', 'eng', 'modules', 'modifier.itemModifiers', 'Item Modifiers', '2025-10-15 14:29:36', '2025-10-15 14:29:36'),
('2416', '1', 'eng', 'modules', 'modifier.noMenuItemsFound', 'No menu item found.', '2025-10-15 14:29:36', '2025-10-15 14:29:36'),
('2417', '1', 'eng', 'modules', 'modifier.allowMultipleSelection', 'Allow Multiple Selection', '2025-10-15 14:29:36', '2025-10-15 14:29:36'),
('2418', '1', 'eng', 'modules', 'modifier.allowMultipleSelectionDescription', 'Allow users to select multiple options', '2025-10-15 14:29:36', '2025-10-15 14:29:36'),
('2419', '1', 'eng', 'modules', 'modifier.selectModifierGroup', 'Select Modifier Group', '2025-10-15 14:29:36', '2025-10-15 14:29:36'),
('2420', '1', 'eng', 'modules', 'modifier.variations', 'Variations', '2025-10-15 14:29:36', '2025-10-15 14:29:36'),
('2421', '1', 'eng', 'modules', 'modifier.addOption', 'Add Option', '2025-10-15 14:29:36', '2025-10-15 14:29:36'),
('2422', '1', 'eng', 'modules', 'modifier.variationOptions', 'Variation Options', '2025-10-15 14:29:36', '2025-10-15 14:29:36'),
('2423', '1', 'eng', 'modules', 'modifier.selectMenuItemsHelpText', 'Select menu items to which this modifier group should be applied', '2025-10-15 14:29:36', '2025-10-15 14:29:36'),
('2424', '1', 'eng', 'modules', 'modifier.showTranslations', 'Show Translations', '2025-10-15 14:29:36', '2025-10-15 14:29:36'),
('2425', '1', 'eng', 'modules', 'modifier.selectVariation', 'Select Variation', '2025-10-15 14:29:36', '2025-10-15 14:29:36'),
('2426', '1', 'eng', 'modules', 'modifier.applyToBaseItem', 'Apply To Base Item', '2025-10-15 14:29:36', '2025-10-15 14:29:36'),
('2427', '1', 'eng', 'modules', 'modifier.variationDescription', 'Select Variation to which this modifier group should be applied', '2025-10-15 14:29:36', '2025-10-15 14:29:36'),
('2428', '1', 'eng', 'modules', 'report.totalSales', 'Total Sales', '2025-10-15 14:29:36', '2025-10-15 14:29:36'),
('2429', '1', 'eng', 'modules', 'report.orders', 'Orders', '2025-10-15 14:29:36', '2025-10-15 14:29:36'),
('2430', '1', 'eng', 'modules', 'report.cashPayments', 'Cash Payments', '2025-10-15 14:29:36', '2025-10-15 14:29:36'),
('2431', '1', 'eng', 'modules', 'report.digitalPayments', 'Digital Payments', '2025-10-15 14:29:36', '2025-10-15 14:29:36'),
('2432', '1', 'eng', 'modules', 'report.averageOrderValue', 'Average Order Value', '2025-10-15 14:29:36', '2025-10-15 14:29:36'),
('2433', '1', 'eng', 'modules', 'report.totalRevenue', 'Total Revenue', '2025-10-15 14:29:36', '2025-10-15 14:29:36'),
('2434', '1', 'eng', 'modules', 'report.imSales', 'Item Sales', '2025-10-15 14:29:36', '2025-10-15 14:29:36'),
('2435', '1', 'eng', 'modules', 'report.quantitySold', 'Quantity Sold', '2025-10-15 14:29:36', '2025-10-15 14:29:36'),
('2436', '1', 'eng', 'modules', 'report.topSellingItems', 'Top Selling Items', '2025-10-15 14:29:36', '2025-10-15 14:29:36'),
('2437', '1', 'eng', 'modules', 'report.sellingPrice', 'Selling Price', '2025-10-15 14:29:36', '2025-10-15 14:29:36'),
('2438', '1', 'eng', 'modules', 'report.salesByCategory', 'Sales By Category', '2025-10-15 14:29:36', '2025-10-15 14:29:36'),
('2439', '1', 'eng', 'modules', 'report.salesByPaymentMethod', 'Sales By Payment Method', '2025-10-15 14:29:36', '2025-10-15 14:29:36'),
('2440', '1', 'eng', 'modules', 'report.orderType', 'Order Type', '2025-10-15 14:29:36', '2025-10-15 14:29:36'),
('2441', '1', 'eng', 'modules', 'report.salesByTime', 'Sales By Time', '2025-10-15 14:29:36', '2025-10-15 14:29:36'),
('2442', '1', 'eng', 'modules', 'report.salesByDay', 'Sales By Day', '2025-10-15 14:29:36', '2025-10-15 14:29:36'),
('2443', '1', 'eng', 'modules', 'report.salesByMonth', 'Sales By Month', '2025-10-15 14:29:36', '2025-10-15 14:29:36'),
('2444', '1', 'eng', 'modules', 'report.salesByYear', 'Sales By Year', '2025-10-15 14:29:36', '2025-10-15 14:29:36'),
('2445', '1', 'eng', 'modules', 'report.totalTaxes', 'Total Taxes', '2025-10-15 14:29:36', '2025-10-15 14:29:36'),
('2446', '1', 'eng', 'modules', 'report.totalDiscounts', 'Total Discounts', '2025-10-15 14:29:36', '2025-10-15 14:29:36'),
('2447', '1', 'eng', 'modules', 'report.averageItems', 'Average Items Per Order', '2025-10-15 14:29:36', '2025-10-15 14:29:36'),
('2448', '1', 'eng', 'modules', 'report.grossSales', 'Gross Sales', '2025-10-15 14:29:36', '2025-10-15 14:29:36'),
('2449', '1', 'eng', 'modules', 'report.netSales', 'Net Sales', '2025-10-15 14:29:36', '2025-10-15 14:29:36'),
('2450', '1', 'eng', 'modules', 'report.totalRefunds', 'Total Refunds', '2025-10-15 14:29:36', '2025-10-15 14:29:36'),
('2451', '1', 'eng', 'modules', 'report.pendingPayments', 'Pending Payments', '2025-10-15 14:29:36', '2025-10-15 14:29:36'),
('2452', '1', 'eng', 'modules', 'report.canceledOrders', 'Canceled Orders', '2025-10-15 14:29:36', '2025-10-15 14:29:36'),
('2453', '1', 'eng', 'modules', 'report.totalOrders', 'Total Orders', '2025-10-15 14:29:36', '2025-10-15 14:29:36'),
('2454', '1', 'eng', 'modules', 'report.totalQuantitySold', 'Total Quantity Sold', '2025-10-15 14:29:36', '2025-10-15 14:29:36'),
('2455', '1', 'eng', 'modules', 'report.sumOfTotalRevenue', 'Sum of Total Revenue', '2025-10-15 14:29:36', '2025-10-15 14:29:36'),
('2456', '1', 'eng', 'modules', 'report.totalCharges', 'Total Charges', '2025-10-15 14:29:36', '2025-10-15 14:29:36'),
('2457', '1', 'eng', 'modules', 'report.itemReportMessage', 'View detailed sales and performance of items', '2025-10-15 14:29:36', '2025-10-15 14:29:36'),
('2458', '1', 'eng', 'modules', 'report.salesReportMessage', 'Check and track your restaurant\'s earnings', '2025-10-15 14:29:36', '2025-10-15 14:29:36'),
('2459', '1', 'eng', 'modules', 'report.categoryReportMessage', 'See sales by category to understand performance', '2025-10-15 14:29:36', '2025-10-15 14:29:36'),
('2460', '1', 'eng', 'modules', 'report.printLogMessage', 'View print job history and status from :startDate to :endDate', '2025-10-15 14:29:36', '2025-10-15 14:29:36'),
('2461', '1', 'eng', 'modules', 'report.totalPrintJobs', 'Total Print Jobs', '2025-10-15 14:29:36', '2025-10-15 14:29:36'),
('2462', '1', 'eng', 'modules', 'report.pendingJobs', 'Pending Jobs', '2025-10-15 14:29:36', '2025-10-15 14:29:36'),
('2463', '1', 'eng', 'modules', 'report.completedJobs', 'Completed Jobs', '2025-10-15 14:29:36', '2025-10-15 14:29:36'),
('2464', '1', 'eng', 'modules', 'report.failedJobs', 'Failed Jobs', '2025-10-15 14:29:36', '2025-10-15 14:29:36'),
('2465', '1', 'eng', 'modules', 'report.printerStatistics', 'Printer Statistics', '2025-10-15 14:29:36', '2025-10-15 14:29:36'),
('2466', '1', 'eng', 'modules', 'report.printJobDetails', 'Print Job Details', '2025-10-15 14:29:36', '2025-10-15 14:29:36'),
('2467', '1', 'eng', 'modules', 'report.basicInformation', 'Basic Information', '2025-10-15 14:29:36', '2025-10-15 14:29:36'),
('2468', '1', 'eng', 'modules', 'report.printContent', 'Print Content', '2025-10-15 14:29:36', '2025-10-15 14:29:36'),
('2469', '1', 'eng', 'modules', 'report.noContentAvailable', 'No content available', '2025-10-15 14:29:36', '2025-10-15 14:29:36'),
('2470', '1', 'eng', 'modules', 'report.retryPrint', 'Retry Print', '2025-10-15 14:29:36', '2025-10-15 14:29:36'),
('2471', '1', 'eng', 'modules', 'report.printJobNotFound', 'Print Job Not Found', '2025-10-15 14:29:36', '2025-10-15 14:29:36'),
('2472', '1', 'eng', 'modules', 'report.printJobNotFoundMessage', 'The requested print job could not be found or you do not have permission to view it.', '2025-10-15 14:29:36', '2025-10-15 14:29:36'),
('2473', '1', 'eng', 'modules', 'report.paymentMethods', 'Payment Methods', '2025-10-15 14:29:36', '2025-10-15 14:29:36'),
('2474', '1', 'eng', 'modules', 'report.traditionalPayments', 'Traditional Payments', '2025-10-15 14:29:36', '2025-10-15 14:29:36'),
('2475', '1', 'eng', 'modules', 'report.paymentGateways', 'Payment Gateways', '2025-10-15 14:29:36', '2025-10-15 14:29:36'),
('2476', '1', 'eng', 'modules', 'report.additionalAmounts', 'Additional Amounts', '2025-10-15 14:29:36', '2025-10-15 14:29:36'),
('2477', '1', 'eng', 'modules', 'report.salesDataFor', 'Sales Data For', '2025-10-15 14:29:36', '2025-10-15 14:29:36'),
('2478', '1', 'eng', 'modules', 'report.timePeriod', 'Time Period', '2025-10-15 14:29:36', '2025-10-15 14:29:36'),
('2479', '1', 'eng', 'modules', 'report.timePeriodEachDay', 'Time Period Each Day', '2025-10-15 14:29:36', '2025-10-15 14:29:36'),
('2480', '1', 'eng', 'modules', 'report.salesDataFrom', 'Sales Data From', '2025-10-15 14:29:36', '2025-10-15 14:29:36'),
('2481', '1', 'eng', 'modules', 'report.salesDataTo', 'Sales Data To', '2025-10-15 14:29:36', '2025-10-15 14:29:36'),
('2482', '1', 'eng', 'modules', 'report.timePeriodEachMonth', 'Time Period Each Month', '2025-10-15 14:29:36', '2025-10-15 14:29:36'),
('2483', '1', 'eng', 'modules', 'report.timePeriodEachYear', 'Time Period Each Year', '2025-10-15 14:29:36', '2025-10-15 14:29:36'),
('2484', '1', 'eng', 'modules', 'report.taxDetails', 'Tax Details', '2025-10-15 14:29:36', '2025-10-15 14:29:36'),
('2485', '1', 'eng', 'modules', 'report.taxMode', 'Tax Mode', '2025-10-15 14:29:36', '2025-10-15 14:29:36'),
('2486', '1', 'eng', 'modules', 'report.totalTaxCollection', 'Total Tax Collection', '2025-10-15 14:29:36', '2025-10-15 14:29:36'),
('2487', '1', 'eng', 'modules', 'report.activeTaxes', 'Active Taxes', '2025-10-15 14:29:36', '2025-10-15 14:29:36'),
('2488', '1', 'eng', 'modules', 'report.mode', 'Mode', '2025-10-15 14:29:36', '2025-10-15 14:29:36'),
('2489', '1', 'eng', 'modules', 'report.taxBreakdownFor', 'Tax Breakdown For', '2025-10-15 14:29:36', '2025-10-15 14:29:36'),
('2490', '1', 'eng', 'modules', 'report.itemLevelTaxBreakdown', 'Item Level Tax Breakdown', '2025-10-15 14:29:36', '2025-10-15 14:29:36'),
('2491', '1', 'eng', 'modules', 'report.orderLevelTaxBreakdown', 'Order Level Tax Breakdown', '2025-10-15 14:29:36', '2025-10-15 14:29:36'),
('2492', '1', 'eng', 'modules', 'report.fromActualBreakdown', 'From Actual Breakdown', '2025-10-15 14:29:36', '2025-10-15 14:29:36'),
('2493', '1', 'eng', 'modules', 'report.taxBreakdown', 'Tax Breakdown', '2025-10-15 14:29:36', '2025-10-15 14:29:36'),
('2494', '1', 'eng', 'modules', 'report.taxRate', 'Tax Rate', '2025-10-15 14:29:36', '2025-10-15 14:29:36'),
('2495', '1', 'eng', 'modules', 'report.taxAmount', 'Tax Amount', '2025-10-15 14:29:36', '2025-10-15 14:29:36'),
('2496', '1', 'eng', 'modules', 'report.taxPercentage', 'Tax Percentage', '2025-10-15 14:29:36', '2025-10-15 14:29:36'),
('2497', '1', 'eng', 'modules', 'report.ordersWithTax', 'Orders with Tax', '2025-10-15 14:29:36', '2025-10-15 14:29:36'),
('2498', '1', 'eng', 'modules', 'report.viewTaxDetails', 'View Tax Details', '2025-10-15 14:29:36', '2025-10-15 14:29:36'),
('2499', '1', 'eng', 'modules', 'report.viewItemTaxBreakdown', 'View Item Tax Breakdown', '2025-10-15 14:29:36', '2025-10-15 14:29:36'),
('2500', '1', 'eng', 'modules', 'report.totalTaxAmount', 'Total Tax Amount', '2025-10-15 14:29:36', '2025-10-15 14:29:36'),
('2501', '1', 'eng', 'modules', 'report.outstandingPayments', 'Outstanding Payments', '2025-10-15 14:29:36', '2025-10-15 14:29:36'),
('2502', '1', 'eng', 'modules', 'report.outstandingOrders', 'Outstanding Orders', '2025-10-15 14:29:36', '2025-10-15 14:29:36'),
('2503', '1', 'eng', 'modules', 'report.averageOutstanding', 'Average Outstanding', '2025-10-15 14:29:36', '2025-10-15 14:29:36'),
('2504', '1', 'eng', 'modules', 'kot.kitchen_order_ticket', 'KITCHEN ORDER TICKET', '2025-10-15 14:29:36', '2025-10-15 14:29:36'),
('2505', '1', 'eng', 'modules', 'kot.order_number', 'Order # :number', '2025-10-15 14:29:36', '2025-10-15 14:29:36'),
('2506', '1', 'eng', 'modules', 'kot.kot_number', 'KOT # :number', '2025-10-15 14:29:36', '2025-10-15 14:29:36'),
('2507', '1', 'eng', 'modules', 'kot.date', 'Date: :date', '2025-10-15 14:29:36', '2025-10-15 14:29:36'),
('2508', '1', 'eng', 'modules', 'kot.time', 'Time: :time', '2025-10-15 14:29:36', '2025-10-15 14:29:36'),
('2509', '1', 'eng', 'modules', 'kot.item', 'Item', '2025-10-15 14:29:36', '2025-10-15 14:29:36'),
('2510', '1', 'eng', 'modules', 'kot.qty', 'Qty', '2025-10-15 14:29:36', '2025-10-15 14:29:36'),
('2511', '1', 'eng', 'modules', 'kot.special_instructions', 'Special Instructions:', '2025-10-15 14:29:36', '2025-10-15 14:29:36'),
('2512', '1', 'eng', 'modules', 'kot.print_success', 'Printed Successfully!', '2025-10-15 14:29:36', '2025-10-15 14:29:36'),
('2513', '1', 'eng', 'modules', 'kot.print_failed', 'Print Failed! :error', '2025-10-15 14:29:36', '2025-10-15 14:29:36'),
('2514', '1', 'eng', 'modules', 'printerSetting.browserPopupPrint', 'Browser Popup Print', '2025-10-15 14:29:36', '2025-10-15 14:29:36'),
('2515', '1', 'eng', 'modules', 'printerSetting.directPrint', 'Direct Print', '2025-10-15 14:29:36', '2025-10-15 14:29:36'),
('2516', '1', 'eng', 'modules', 'printerSetting.title', 'Title (To identify printer easily)', '2025-10-15 14:29:36', '2025-10-15 14:29:36'),
('2517', '1', 'eng', 'modules', 'printerSetting.printChoice', 'Printing Choice', '2025-10-15 14:29:36', '2025-10-15 14:29:36'),
('2518', '1', 'eng', 'modules', 'printerSetting.printFormat', 'Print Format', '2025-10-15 14:29:36', '2025-10-15 14:29:36'),
('2519', '1', 'eng', 'modules', 'printerSetting.noAutoKotPrint', 'No Auto KOT Print', '2025-10-15 14:29:36', '2025-10-15 14:29:36'),
('2520', '1', 'eng', 'modules', 'printerSetting.thermal56mm', 'Thermal 56mm', '2025-10-15 14:29:36', '2025-10-15 14:29:36'),
('2521', '1', 'eng', 'modules', 'printerSetting.thermal80mm', 'Thermal 80mm', '2025-10-15 14:29:36', '2025-10-15 14:29:36'),
('2522', '1', 'eng', 'modules', 'printerSetting.invoiceQrCode', 'Invoice QR Code', '2025-10-15 14:29:36', '2025-10-15 14:29:36'),
('2523', '1', 'eng', 'modules', 'printerSetting.disable', 'Disable', '2025-10-15 14:29:36', '2025-10-15 14:29:36'),
('2524', '1', 'eng', 'modules', 'printerSetting.regularQrCode', 'Regular QR Code', '2025-10-15 14:29:36', '2025-10-15 14:29:36'),
('2525', '1', 'eng', 'modules', 'printerSetting.printerType', 'Printer Type', '2025-10-15 14:29:36', '2025-10-15 14:29:36'),
('2526', '1', 'eng', 'modules', 'printerSetting.networkPrinter', 'Network Printer', '2025-10-15 14:29:36', '2025-10-15 14:29:36'),
('2527', '1', 'eng', 'modules', 'printerSetting.usbPrinter', 'USB Printer', '2025-10-15 14:29:36', '2025-10-15 14:29:36'),
('2528', '1', 'eng', 'modules', 'printerSetting.charactersPerLine', 'Characters Per Line', '2025-10-15 14:29:36', '2025-10-15 14:29:36'),
('2529', '1', 'eng', 'modules', 'printerSetting.printerIPAddress', 'Printer IP Address', '2025-10-15 14:29:36', '2025-10-15 14:29:36'),
('2530', '1', 'eng', 'modules', 'printerSetting.printerPortAddress', 'Printer Port Address', '2025-10-15 14:29:36', '2025-10-15 14:29:36'),
('2531', '1', 'eng', 'modules', 'printerSetting.shareName', 'Printer Name', '2025-10-15 14:29:36', '2025-10-15 14:29:36'),
('2532', '1', 'eng', 'modules', 'printerSetting.openCashDrawerWhenPrintingInvoice', 'Open Cash Drawer When Printing Invoice', '2025-10-15 14:29:36', '2025-10-15 14:29:36'),
('2533', '1', 'eng', 'modules', 'printerSetting.yes', 'Yes', '2025-10-15 14:29:36', '2025-10-15 14:29:36'),
('2534', '1', 'eng', 'modules', 'printerSetting.no', 'No', '2025-10-15 14:29:36', '2025-10-15 14:29:36'),
('2535', '1', 'eng', 'modules', 'printerSetting.ipv4Address', 'IPv4 Address', '2025-10-15 14:29:36', '2025-10-15 14:29:36'),
('2536', '1', 'eng', 'modules', 'printerSetting.thermalPrinter', 'Thermal Printer', '2025-10-15 14:29:36', '2025-10-15 14:29:36'),
('2537', '1', 'eng', 'modules', 'printerSetting.nonThermalPrinter', 'Non Thermal Printer', '2025-10-15 14:29:36', '2025-10-15 14:29:36'),
('2538', '1', 'eng', 'modules', 'printerSetting.name', 'Printer Name', '2025-10-15 14:29:36', '2025-10-15 14:29:36'),
('2539', '1', 'eng', 'modules', 'printerSetting.printingChoice', 'Printing Choice', '2025-10-15 14:29:36', '2025-10-15 14:29:36'),
('2540', '1', 'eng', 'modules', 'printerSetting.ipAddress', 'IP Address', '2025-10-15 14:29:36', '2025-10-15 14:29:36'),
('2541', '1', 'eng', 'modules', 'printerSetting.port', 'Port', '2025-10-15 14:29:36', '2025-10-15 14:29:36'),
('2542', '1', 'eng', 'modules', 'printerSetting.action', 'Actions', '2025-10-15 14:29:36', '2025-10-15 14:29:36'),
('2543', '1', 'eng', 'modules', 'printerSetting.deletePritnerConfirm', 'Are you sure you want to delete this printer?', '2025-10-15 14:29:36', '2025-10-15 14:29:36'),
('2544', '1', 'eng', 'modules', 'printerSetting.deletePrinter', 'Delete Printer', '2025-10-15 14:29:36', '2025-10-15 14:29:36'),
('2545', '1', 'eng', 'modules', 'printerSetting.isThermal', 'Is Thermal', '2025-10-15 14:29:36', '2025-10-15 14:29:36'),
('2546', '1', 'eng', 'modules', 'printerSetting.printer_offline', 'Printer is offline', '2025-10-15 14:29:36', '2025-10-15 14:29:36'),
('2547', '1', 'eng', 'modules', 'printerSetting.printer_online', 'Printer is online', '2025-10-15 14:29:36', '2025-10-15 14:29:36'),
('2548', '1', 'eng', 'modules', 'printerSetting.printer_not_found', 'Printer not found', '2025-10-15 14:29:36', '2025-10-15 14:29:36'),
('2549', '1', 'eng', 'modules', 'printerSetting.kotSelection', 'Select Kitchen', '2025-10-15 14:29:36', '2025-10-15 14:29:36'),
('2550', '1', 'eng', 'modules', 'printerSetting.orderSelection', 'Select Pos Terminal', '2025-10-15 14:29:36', '2025-10-15 14:29:36'),
('2551', '1', 'eng', 'modules', 'printerSetting.selectedKitchens', 'Selected Kitchens', '2025-10-15 14:29:36', '2025-10-15 14:29:36'),
('2552', '1', 'eng', 'modules', 'printerSetting.selectedPosTerminal', 'Selected Pos Terminal', '2025-10-15 14:29:36', '2025-10-15 14:29:36'),
('2553', '1', 'eng', 'modules', 'printerSetting.addPrinter', 'Add Printer', '2025-10-15 14:29:36', '2025-10-15 14:29:36'),
('2554', '1', 'eng', 'modules', 'printerSetting.isDefault', 'Is Default', '2025-10-15 14:29:36', '2025-10-15 14:29:36'),
('2555', '1', 'eng', 'modules', 'printerSetting.paymentGateways', 'Payment Gateways', '2025-10-15 14:29:36', '2025-10-15 14:29:36'),
('2556', '1', 'eng', 'modules', 'printerSetting.additionalAmounts', 'Additional Amounts', '2025-10-15 14:29:36', '2025-10-15 14:29:36'),
('2557', '1', 'eng', 'modules', 'printerSetting.network', 'Network', '2025-10-15 14:29:36', '2025-10-15 14:29:36'),
('2558', '1', 'eng', 'modules', 'printerSetting.windows', 'Windows', '2025-10-15 14:29:36', '2025-10-15 14:29:36'),
('2559', '1', 'eng', 'modules', 'printerSetting.kitchens', 'Kitchens', '2025-10-15 14:29:36', '2025-10-15 14:29:36'),
('2560', '1', 'eng', 'modules', 'printerSetting.orders', 'Orders', '2025-10-15 14:29:36', '2025-10-15 14:29:36'),
('2561', '1', 'eng', 'modules', 'printerSetting.default', 'Default', '2025-10-15 14:29:36', '2025-10-15 14:29:36'),
('2562', '1', 'eng', 'modules', 'printerSetting.select', 'Select', '2025-10-15 14:29:36', '2025-10-15 14:29:36'),
('2563', '1', 'eng', 'modules', 'printerSetting.isActive', 'Is Active', '2025-10-15 14:29:36', '2025-10-15 14:29:36'),
('2564', '1', 'eng', 'modules', 'printerSetting.thermal112mm', 'Thermal 112mm', '2025-10-15 14:29:36', '2025-10-15 14:29:36'),
('2565', '1', 'eng', 'modules', 'printerSetting.traditionalPayments', 'Traditional Payments', '2025-10-15 14:29:36', '2025-10-15 14:29:36'),
('2566', '1', 'eng', 'modules', 'printerSetting.salesDataFor', 'Data for', '2025-10-15 14:29:36', '2025-10-15 14:29:36'),
('2567', '1', 'eng', 'modules', 'printerSetting.timePeriod', 'Time period:', '2025-10-15 14:29:36', '2025-10-15 14:29:36'),
('2568', '1', 'eng', 'modules', 'printerSetting.salesDataFrom', 'Data from', '2025-10-15 14:29:36', '2025-10-15 14:29:36'),
('2569', '1', 'eng', 'modules', 'printerSetting.timePeriodEachDay', 'Time period each day:', '2025-10-15 14:29:36', '2025-10-15 14:29:36'),
('2570', '1', 'eng', 'modules', 'printerSetting.connected', 'Connected', '2025-10-15 14:29:36', '2025-10-15 14:29:36'),
('2571', '1', 'eng', 'modules', 'printerSetting.disconnected', 'Disconnected', '2025-10-15 14:29:36', '2025-10-15 14:29:36'),
('2572', '1', 'eng', 'modules', 'printerSetting.desktopAppConnection', 'Desktop App Connection', '2025-10-15 14:29:36', '2025-10-15 14:29:36'),
('2573', '1', 'eng', 'modules', 'printerSetting.domainUrl', 'Domain URL', '2025-10-15 14:29:36', '2025-10-15 14:29:36'),
('2574', '1', 'eng', 'modules', 'printerSetting.branchKey', 'API Key', '2025-10-15 14:29:36', '2025-10-15 14:29:36'),
('2575', '1', 'eng', 'modules', 'printerSetting.instructions', 'Instructions', '2025-10-15 14:29:36', '2025-10-15 14:29:36'),
('2576', '1', 'eng', 'modules', 'printerSetting.instruction1', 'Download and install the desktop app on your computer', '2025-10-15 14:29:36', '2025-10-15 14:29:36'),
('2577', '1', 'eng', 'modules', 'printerSetting.instruction2', 'Open the desktop app and go to settings', '2025-10-15 14:29:36', '2025-10-15 14:29:36'),
('2578', '1', 'eng', 'modules', 'printerSetting.instruction3', 'Enter the Domain URL and Branch Key shown above', '2025-10-15 14:29:36', '2025-10-15 14:29:36'),
('2579', '1', 'eng', 'modules', 'printerSetting.instruction4', 'Click connect to establish the connection', '2025-10-15 14:29:36', '2025-10-15 14:29:36'),
('2580', '1', 'eng', 'modules', 'printerSetting.assigned', 'Assigned', '2025-10-15 14:29:36', '2025-10-15 14:29:36'),
('2581', '1', 'eng', 'modules', 'printerSetting.idle', 'Idle', '2025-10-15 14:29:36', '2025-10-15 14:29:36'),
('2582', '1', 'eng', 'modules', 'printerSetting.selectIdleKitchens', 'Select only idle (unassigned) kitchens to assign to this printer', '2025-10-15 14:29:36', '2025-10-15 14:29:36'),
('2583', '1', 'eng', 'modules', 'printerSetting.selectIdlePosTerminals', 'Select only idle (unassigned) POS terminals to assign to this printer', '2025-10-15 14:29:36', '2025-10-15 14:29:36'),
('2584', '1', 'eng', 'modules', 'printerSetting.currentlyAssigned', 'Currently Assigned', '2025-10-15 14:29:36', '2025-10-15 14:29:36'),
('2585', '1', 'eng', 'modules', 'printerSetting.selectKitchensForPrinter', 'Select kitchens to assign to this printer (currently assigned ones are pre-selected)', '2025-10-15 14:29:36', '2025-10-15 14:29:36'),
('2586', '1', 'eng', 'modules', 'printerSetting.selectPosTerminalsForPrinter', 'Select POS terminals to assign to this printer (currently assigned ones are pre-selected)', '2025-10-15 14:29:36', '2025-10-15 14:29:36'),
('2587', '1', 'eng', 'modules', 'printerSetting.shareNameDescription', 'Please enter the exact printer name showing on your Desktop', '2025-10-15 14:29:36', '2025-10-15 14:29:36'),
('2588', '1', 'eng', 'modules', 'printerSetting.details', 'Details', '2025-10-15 14:29:36', '2025-10-15 14:29:36'),
('2589', '1', 'eng', 'modules', 'printerSetting.downloadDesktopApp', 'Download Desktop App', '2025-10-15 14:29:36', '2025-10-15 14:29:36'),
('2590', '1', 'eng', 'modules', 'printerSetting.downloadNow', 'Download Now', '2025-10-15 14:29:36', '2025-10-15 14:29:36'),
('2591', '1', 'eng', 'modules', 'printerSetting.desktopAppRequired', 'Desktop App Required', '2025-10-15 14:29:36', '2025-10-15 14:29:36'),
('2592', '1', 'eng', 'modules', 'printerSetting.directPrintDesktopAppNote', 'For direct printing to work, you need to have the desktop app running in the background on your computer. The desktop app acts as a bridge between your web application and the physical printer.', '2025-10-15 14:29:36', '2025-10-15 14:29:36'),
('2593', '1', 'eng', 'modules', 'printerSetting.downloadDesktopAppWindows', 'Download the desktop app for Windows to enable direct printing', '2025-10-15 14:29:36', '2025-10-15 14:29:36'),
('2594', '1', 'eng', 'modules', 'printerSetting.downloadDesktopAppMac', 'Download the desktop app for macOS to enable direct printing', '2025-10-15 14:29:36', '2025-10-15 14:29:36'),
('2595', '1', 'eng', 'modules', 'printerSetting.downloadForWindows', 'Download for Windows', '2025-10-15 14:29:36', '2025-10-15 14:29:36'),
('2596', '1', 'eng', 'modules', 'printerSetting.downloadForMac', 'Download for macOS', '2025-10-15 14:29:36', '2025-10-15 14:29:36'),
('2597', '1', 'eng', 'modules', 'moduleLicenseStatus.moduleLicenseStatus', 'Module License Status', '2025-10-15 14:29:36', '2025-10-15 14:29:36'),
('2598', '1', 'eng', 'modules', 'moduleLicenseStatus.licensed', 'Licensed', '2025-10-15 14:29:36', '2025-10-15 14:29:36'),
('2599', '1', 'eng', 'modules', 'moduleLicenseStatus.verificationRequired', 'Verification Required', '2025-10-15 14:29:36', '2025-10-15 14:29:36'),
('2600', '1', 'eng', 'modules', 'moduleLicenseStatus.notActivated', 'Not Activated', '2025-10-15 14:29:36', '2025-10-15 14:29:36'),
('2601', '1', 'eng', 'modules', 'moduleLicenseStatus.supportExpired', 'Support Expired', '2025-10-15 14:29:36', '2025-10-15 14:29:36'),
('2602', '1', 'eng', 'modules', 'moduleLicenseStatus.supportUntil', 'Support Until', '2025-10-15 14:29:36', '2025-10-15 14:29:36'),
('2603', '1', 'eng', 'modules', 'moduleLicenseStatus.supportExpiredMessage', 'Support expired on', '2025-10-15 14:29:36', '2025-10-15 14:29:36'),
('2604', '1', 'eng', 'modules', 'moduleLicenseStatus.supportUntilMessage', 'Support until', '2025-10-15 14:29:36', '2025-10-15 14:29:36'),
('2605', '1', 'eng', 'pagination', 'previous', '&laquo; Previous', '2025-10-15 14:29:36', '2025-10-15 14:29:36'),
('2606', '1', 'eng', 'pagination', 'next', 'Next &raquo;', '2025-10-15 14:29:36', '2025-10-15 14:29:36'),
('2607', '1', 'eng', 'passwords', 'reset', 'Your password has been reset.', '2025-10-15 14:29:36', '2025-10-15 14:29:36'),
('2608', '1', 'eng', 'passwords', 'sent', 'We have emailed your password reset link.', '2025-10-15 14:29:36', '2025-10-15 14:29:36'),
('2609', '1', 'eng', 'passwords', 'throttled', 'Please wait before retrying.', '2025-10-15 14:29:36', '2025-10-15 14:29:36'),
('2610', '1', 'eng', 'passwords', 'token', 'This password reset token is invalid.', '2025-10-15 14:29:36', '2025-10-15 14:29:36'),
('2611', '1', 'eng', 'passwords', 'user', 'We can\'t find a user with that email address.', '2025-10-15 14:29:36', '2025-10-15 14:29:36'),
('2612', '1', 'eng', 'passwords', 'reset_subject', 'Reset Password Notification - :app_name', '2025-10-15 14:29:36', '2025-10-15 14:29:36'),
('2613', '1', 'eng', 'passwords', 'reset_line1', 'You are receiving this email because we received a password reset request for your account.', '2025-10-15 14:29:36', '2025-10-15 14:29:36'),
('2614', '1', 'eng', 'passwords', 'reset_line2', 'Click the button below to reset your password:', '2025-10-15 14:29:36', '2025-10-15 14:29:36'),
('2615', '1', 'eng', 'passwords', 'reset_action', 'Reset Password', '2025-10-15 14:29:36', '2025-10-15 14:29:36'),
('2616', '1', 'eng', 'passwords', 'reset_line3', 'This password reset link will expire in :count minutes.', '2025-10-15 14:29:36', '2025-10-15 14:29:36'),
('2617', '1', 'eng', 'passwords', 'reset_line4', 'If you did not request a password reset, no further action is required.', '2025-10-15 14:29:36', '2025-10-15 14:29:36'),
('2618', '1', 'eng', 'permissions', 'permissions.Create Menu', 'Create Menu', '2025-10-15 14:29:36', '2025-10-15 14:29:36'),
('2619', '1', 'eng', 'permissions', 'permissions.Show Menu', 'Show Menu', '2025-10-15 14:29:36', '2025-10-15 14:29:36'),
('2620', '1', 'eng', 'permissions', 'permissions.Update Menu', 'Update Menu', '2025-10-15 14:29:36', '2025-10-15 14:29:36'),
('2621', '1', 'eng', 'permissions', 'permissions.Delete Menu', 'Delete Menu', '2025-10-15 14:29:36', '2025-10-15 14:29:36'),
('2622', '1', 'eng', 'permissions', 'permissions.Create Menu Item', 'Create Menu Item', '2025-10-15 14:29:36', '2025-10-15 14:29:36'),
('2623', '1', 'eng', 'permissions', 'permissions.Show Menu Item', 'Show Menu Item', '2025-10-15 14:29:36', '2025-10-15 14:29:36'),
('2624', '1', 'eng', 'permissions', 'permissions.Update Menu Item', 'Update Menu Item', '2025-10-15 14:29:36', '2025-10-15 14:29:36'),
('2625', '1', 'eng', 'permissions', 'permissions.Delete Menu Item', 'Delete Menu Item', '2025-10-15 14:29:36', '2025-10-15 14:29:36'),
('2626', '1', 'eng', 'permissions', 'permissions.Create Item Category', 'Create Item Category', '2025-10-15 14:29:36', '2025-10-15 14:29:36'),
('2627', '1', 'eng', 'permissions', 'permissions.Show Item Category', 'Show Item Category', '2025-10-15 14:29:36', '2025-10-15 14:29:36'),
('2628', '1', 'eng', 'permissions', 'permissions.Update Item Category', 'Update Item Category', '2025-10-15 14:29:36', '2025-10-15 14:29:36'),
('2629', '1', 'eng', 'permissions', 'permissions.Delete Item Category', 'Delete Item Category', '2025-10-15 14:29:36', '2025-10-15 14:29:36'),
('2630', '1', 'eng', 'permissions', 'permissions.Create Area', 'Create Area', '2025-10-15 14:29:36', '2025-10-15 14:29:36'),
('2631', '1', 'eng', 'permissions', 'permissions.Show Area', 'Show Area', '2025-10-15 14:29:36', '2025-10-15 14:29:36'),
('2632', '1', 'eng', 'permissions', 'permissions.Update Area', 'Update Area', '2025-10-15 14:29:36', '2025-10-15 14:29:36'),
('2633', '1', 'eng', 'permissions', 'permissions.Delete Area', 'Delete Area', '2025-10-15 14:29:36', '2025-10-15 14:29:36'),
('2634', '1', 'eng', 'permissions', 'permissions.Create Table', 'Create Table', '2025-10-15 14:29:36', '2025-10-15 14:29:36'),
('2635', '1', 'eng', 'permissions', 'permissions.Show Table', 'Show Table', '2025-10-15 14:29:36', '2025-10-15 14:29:36'),
('2636', '1', 'eng', 'permissions', 'permissions.Update Table', 'Update Table', '2025-10-15 14:29:36', '2025-10-15 14:29:36'),
('2637', '1', 'eng', 'permissions', 'permissions.Delete Table', 'Delete Table', '2025-10-15 14:29:36', '2025-10-15 14:29:36'),
('2638', '1', 'eng', 'permissions', 'permissions.Create Reservation', 'Create Reservation', '2025-10-15 14:29:36', '2025-10-15 14:29:36'),
('2639', '1', 'eng', 'permissions', 'permissions.Show Reservation', 'Show Reservation', '2025-10-15 14:29:36', '2025-10-15 14:29:36'),
('2640', '1', 'eng', 'permissions', 'permissions.Update Reservation', 'Update Reservation', '2025-10-15 14:29:36', '2025-10-15 14:29:36'),
('2641', '1', 'eng', 'permissions', 'permissions.Delete Reservation', 'Delete Reservation', '2025-10-15 14:29:36', '2025-10-15 14:29:36'),
('2642', '1', 'eng', 'permissions', 'permissions.Manage KOT', 'Manage KOT', '2025-10-15 14:29:36', '2025-10-15 14:29:36'),
('2643', '1', 'eng', 'permissions', 'permissions.Create Order', 'Create Order', '2025-10-15 14:29:36', '2025-10-15 14:29:36'),
('2644', '1', 'eng', 'permissions', 'permissions.Show Order', 'Show Order', '2025-10-15 14:29:36', '2025-10-15 14:29:36'),
('2645', '1', 'eng', 'permissions', 'permissions.Update Order', 'Update Order', '2025-10-15 14:29:36', '2025-10-15 14:29:36'),
('2646', '1', 'eng', 'permissions', 'permissions.Delete Order', 'Delete Order', '2025-10-15 14:29:36', '2025-10-15 14:29:36'),
('2647', '1', 'eng', 'permissions', 'permissions.Create Customer', 'Create Customer', '2025-10-15 14:29:36', '2025-10-15 14:29:36'),
('2648', '1', 'eng', 'permissions', 'permissions.Show Customer', 'Show Customer', '2025-10-15 14:29:36', '2025-10-15 14:29:36'),
('2649', '1', 'eng', 'permissions', 'permissions.Update Customer', 'Update Customer', '2025-10-15 14:29:36', '2025-10-15 14:29:36'),
('2650', '1', 'eng', 'permissions', 'permissions.Delete Customer', 'Delete Customer', '2025-10-15 14:29:36', '2025-10-15 14:29:36'),
('2651', '1', 'eng', 'permissions', 'permissions.Create Staff Member', 'Create Staff Member', '2025-10-15 14:29:36', '2025-10-15 14:29:36'),
('2652', '1', 'eng', 'permissions', 'permissions.Show Staff Member', 'Show Staff Member', '2025-10-15 14:29:36', '2025-10-15 14:29:36'),
('2653', '1', 'eng', 'permissions', 'permissions.Update Staff Member', 'Update Staff Member', '2025-10-15 14:29:36', '2025-10-15 14:29:36'),
('2654', '1', 'eng', 'permissions', 'permissions.Delete Staff Member', 'Delete Staff Member', '2025-10-15 14:29:36', '2025-10-15 14:29:36'),
('2655', '1', 'eng', 'permissions', 'permissions.Create Delivery Executive', 'Create Delivery Executive', '2025-10-15 14:29:36', '2025-10-15 14:29:36'),
('2656', '1', 'eng', 'permissions', 'permissions.Show Delivery Executive', 'Show Delivery Executive', '2025-10-15 14:29:36', '2025-10-15 14:29:36'),
('2657', '1', 'eng', 'permissions', 'permissions.Update Delivery Executive', 'Update Delivery Executive', '2025-10-15 14:29:36', '2025-10-15 14:29:36'),
('2658', '1', 'eng', 'permissions', 'permissions.Delete Delivery Executive', 'Delete Delivery Executive', '2025-10-15 14:29:36', '2025-10-15 14:29:36'),
('2659', '1', 'eng', 'permissions', 'permissions.Show Payments', 'Show Payments', '2025-10-15 14:29:36', '2025-10-15 14:29:36'),
('2660', '1', 'eng', 'permissions', 'permissions.Show Reports', 'Show Reports', '2025-10-15 14:29:36', '2025-10-15 14:29:36'),
('2661', '1', 'eng', 'permissions', 'permissions.Manage Settings', 'Manage Settings', '2025-10-15 14:29:36', '2025-10-15 14:29:36'),
('2662', '1', 'eng', 'permissions', 'permissions.Manage Waiter Request', 'Manage Waiter Request', '2025-10-15 14:29:36', '2025-10-15 14:29:36'),
('2663', '1', 'eng', 'permissions', 'permissions.Create Expense', 'Create Expenses', '2025-10-15 14:29:36', '2025-10-15 14:29:36'),
('2664', '1', 'eng', 'permissions', 'permissions.Show Expense', 'Show Expenses', '2025-10-15 14:29:36', '2025-10-15 14:29:36'),
('2665', '1', 'eng', 'permissions', 'permissions.Update Expense', 'Update Expenses', '2025-10-15 14:29:36', '2025-10-15 14:29:36'),
('2666', '1', 'eng', 'permissions', 'permissions.Delete Expense', 'Delete Expenses', '2025-10-15 14:29:36', '2025-10-15 14:29:36'),
('2667', '1', 'eng', 'permissions', 'permissions.Create Vendor', 'Create Vendor', '2025-10-15 14:29:36', '2025-10-15 14:29:36'),
('2668', '1', 'eng', 'permissions', 'permissions.Show Vendor', 'Show Vendor', '2025-10-15 14:29:36', '2025-10-15 14:29:36'),
('2669', '1', 'eng', 'permissions', 'permissions.Update Vendor', 'Update Vendor', '2025-10-15 14:29:36', '2025-10-15 14:29:36'),
('2670', '1', 'eng', 'permissions', 'permissions.Delete Vendor', 'Delete Vendor', '2025-10-15 14:29:36', '2025-10-15 14:29:36'),
('2671', '1', 'eng', 'permissions', 'permissions.Create Inventory Item', 'Create Inventory Item', '2025-10-15 14:29:36', '2025-10-15 14:29:36'),
('2672', '1', 'eng', 'permissions', 'permissions.Show Inventory Item', 'Show Inventory Item', '2025-10-15 14:29:36', '2025-10-15 14:29:36'),
('2673', '1', 'eng', 'permissions', 'permissions.Update Inventory Item', 'Update Inventory Item', '2025-10-15 14:29:36', '2025-10-15 14:29:36'),
('2674', '1', 'eng', 'permissions', 'permissions.Delete Inventory Item', 'Delete Inventory Item', '2025-10-15 14:29:36', '2025-10-15 14:29:36'),
('2675', '1', 'eng', 'permissions', 'permissions.Create Inventory Movement', 'Create Inventory Movement', '2025-10-15 14:29:36', '2025-10-15 14:29:36'),
('2676', '1', 'eng', 'permissions', 'permissions.Show Inventory Movement', 'Show Inventory Movement', '2025-10-15 14:29:36', '2025-10-15 14:29:36'),
('2677', '1', 'eng', 'permissions', 'permissions.Update Inventory Movement', 'Update Inventory Movement', '2025-10-15 14:29:36', '2025-10-15 14:29:36'),
('2678', '1', 'eng', 'permissions', 'permissions.Delete Inventory Movement', 'Delete Inventory Movement', '2025-10-15 14:29:36', '2025-10-15 14:29:36'),
('2679', '1', 'eng', 'permissions', 'permissions.Create Unit', 'Create Unit', '2025-10-15 14:29:36', '2025-10-15 14:29:36'),
('2680', '1', 'eng', 'permissions', 'permissions.Show Unit', 'Show Unit', '2025-10-15 14:29:36', '2025-10-15 14:29:36'),
('2681', '1', 'eng', 'permissions', 'permissions.Update Unit', 'Update Unit', '2025-10-15 14:29:36', '2025-10-15 14:29:36'),
('2682', '1', 'eng', 'permissions', 'permissions.Delete Unit', 'Delete Unit', '2025-10-15 14:29:36', '2025-10-15 14:29:36'),
('2683', '1', 'eng', 'permissions', 'permissions.Create Recipe', 'Create Recipe', '2025-10-15 14:29:36', '2025-10-15 14:29:36'),
('2684', '1', 'eng', 'permissions', 'permissions.Show Recipe', 'Show Recipe', '2025-10-15 14:29:36', '2025-10-15 14:29:36'),
('2685', '1', 'eng', 'permissions', 'permissions.Update Recipe', 'Update Recipe', '2025-10-15 14:29:36', '2025-10-15 14:29:36'),
('2686', '1', 'eng', 'permissions', 'permissions.Delete Recipe', 'Delete Recipe', '2025-10-15 14:29:36', '2025-10-15 14:29:36'),
('2687', '1', 'eng', 'permissions', 'permissions.Create Purchase Order', 'Create Purchase Order', '2025-10-15 14:29:36', '2025-10-15 14:29:36'),
('2688', '1', 'eng', 'permissions', 'permissions.Show Purchase Order', 'Show Purchase Order', '2025-10-15 14:29:36', '2025-10-15 14:29:36'),
('2689', '1', 'eng', 'permissions', 'permissions.Update Purchase Order', 'Update Purchase Order', '2025-10-15 14:29:36', '2025-10-15 14:29:36'),
('2690', '1', 'eng', 'permissions', 'permissions.Delete Purchase Order', 'Delete Purchase Order', '2025-10-15 14:29:36', '2025-10-15 14:29:36'),
('2691', '1', 'eng', 'permissions', 'permissions.Show Report', 'Show Report', '2025-10-15 14:29:36', '2025-10-15 14:29:36'),
('2692', '1', 'eng', 'permissions', 'permissions.Update Settings', 'Update Settings', '2025-10-15 14:29:36', '2025-10-15 14:29:36'),
('2693', '1', 'eng', 'permissions', 'permissions.Show Inventory Stock', 'Show Inventory Stock', '2025-10-15 14:29:36', '2025-10-15 14:29:36'),
('2694', '1', 'eng', 'permissions', 'permissions.Show Inventory Report', 'Show Inventory Report', '2025-10-15 14:29:36', '2025-10-15 14:29:36'),
('2695', '1', 'eng', 'permissions', 'permissions.Update Inventory Settings', 'Update Inventory Settings', '2025-10-15 14:29:36', '2025-10-15 14:29:36'),
('2696', '1', 'eng', 'permissions', 'permissions.Show Supplier', 'Show Supplier', '2025-10-15 14:29:36', '2025-10-15 14:29:36'),
('2697', '1', 'eng', 'permissions', 'permissions.Create Supplier', 'Create Supplier', '2025-10-15 14:29:36', '2025-10-15 14:29:36'),
('2698', '1', 'eng', 'permissions', 'permissions.Update Supplier', 'Update Supplier', '2025-10-15 14:29:36', '2025-10-15 14:29:36'),
('2699', '1', 'eng', 'permissions', 'permissions.Delete Supplier', 'Delete Supplier', '2025-10-15 14:29:36', '2025-10-15 14:29:36'),
('2700', '1', 'eng', 'permissions', 'permissions.Create Expense Category', 'Create Expense Category', '2025-10-15 14:29:36', '2025-10-15 14:29:36'),
('2701', '1', 'eng', 'permissions', 'permissions.Show Expense Category', 'Show Expense Category', '2025-10-15 14:29:36', '2025-10-15 14:29:36'),
('2702', '1', 'eng', 'permissions', 'permissions.Update Expense Category', 'Update Expense Category', '2025-10-15 14:29:36', '2025-10-15 14:29:36'),
('2703', '1', 'eng', 'permissions', 'permissions.Delete Expense Category', 'Delete Expense Category', '2025-10-15 14:29:36', '2025-10-15 14:29:36'),
('2704', '1', 'eng', 'permissions', 'permissions.Show Kitchen Place', 'Show Kitchen Place', '2025-10-15 14:29:36', '2025-10-15 14:29:36'),
('2705', '1', 'eng', 'permissions', 'permissions.Create Kitchen Place', 'Create Kitchen Place', '2025-10-15 14:29:36', '2025-10-15 14:29:36'),
('2706', '1', 'eng', 'permissions', 'permissions.Update Kitchen Place', 'Update Kitchen Place', '2025-10-15 14:29:36', '2025-10-15 14:29:36'),
('2707', '1', 'eng', 'permissions', 'permissions.Delete Kitchen Place', 'Delete Kitchen Place', '2025-10-15 14:29:36', '2025-10-15 14:29:36'),
('2708', '1', 'eng', 'permissions', 'permissions.Update Sms Settings', 'Update Sms Settings', '2025-10-15 14:29:36', '2025-10-15 14:29:36'),
('2709', '1', 'eng', 'permissions', 'permissions.Log Cash Register', 'Log Cash Register', '2025-10-15 14:29:36', '2025-10-15 14:29:36'),
('2710', '1', 'eng', 'permissions', 'permissions.Approve Cash Register', 'Approve Cash Register', '2025-10-15 14:29:36', '2025-10-15 14:29:36'),
('2711', '1', 'eng', 'permissions', 'permissions.Manage Cash Register Settings', 'Manage Cash Register Settings', '2025-10-15 14:29:36', '2025-10-15 14:29:36'),
('2712', '1', 'eng', 'permissions', 'permissions.View Cash Register Reports', 'View Cash Register Reports', '2025-10-15 14:29:36', '2025-10-15 14:29:36'),
('2713', '1', 'eng', 'permissions', 'permissions.Manage Cash Denominations', 'Manage Cash Denominations', '2025-10-15 14:29:36', '2025-10-15 14:29:36'),
('2714', '1', 'eng', 'permissions', 'permissions.Manage Cash Register', 'Manage Cash Register Settings', '2025-10-15 14:29:36', '2025-10-15 14:29:36'),
('2715', '1', 'eng', 'permissions', 'permissions.Manage Denominations', 'Manage Cash Denominations', '2025-10-15 14:29:36', '2025-10-15 14:29:36'),
('2716', '1', 'eng', 'permissions', 'permissions.Open Register', 'Open Cash Register', '2025-10-15 14:29:36', '2025-10-15 14:29:36'),
('2717', '1', 'eng', 'permissions', 'permissions.View Cash Register Sessions', 'View Cash Register Sessions', '2025-10-15 14:29:36', '2025-10-15 14:29:36'),
('2718', '1', 'eng', 'permissions', 'permissions.Close Cash Register', 'Close Cash Register', '2025-10-15 14:29:36', '2025-10-15 14:29:36'),
('2719', '1', 'eng', 'permissions', 'permissions.Open Cash Register', 'Open Cash Register', '2025-10-15 14:29:36', '2025-10-15 14:29:36'),
('2720', '1', 'eng', 'permissions', 'modules.Menu', 'Menu', '2025-10-15 14:29:36', '2025-10-15 14:29:36'),
('2721', '1', 'eng', 'permissions', 'modules.Menu Item', 'Menu Item', '2025-10-15 14:29:36', '2025-10-15 14:29:36'),
('2722', '1', 'eng', 'permissions', 'modules.Item Category', 'Item Category', '2025-10-15 14:29:36', '2025-10-15 14:29:36'),
('2723', '1', 'eng', 'permissions', 'modules.Area', 'Area', '2025-10-15 14:29:36', '2025-10-15 14:29:36'),
('2724', '1', 'eng', 'permissions', 'modules.Table', 'Table', '2025-10-15 14:29:36', '2025-10-15 14:29:36'),
('2725', '1', 'eng', 'permissions', 'modules.Reservation', 'Reservation', '2025-10-15 14:29:36', '2025-10-15 14:29:36'),
('2726', '1', 'eng', 'permissions', 'modules.KOT', 'KOT', '2025-10-15 14:29:36', '2025-10-15 14:29:36'),
('2727', '1', 'eng', 'permissions', 'modules.Order', 'Order', '2025-10-15 14:29:36', '2025-10-15 14:29:36'),
('2728', '1', 'eng', 'permissions', 'modules.Customer', 'Customer', '2025-10-15 14:29:36', '2025-10-15 14:29:36'),
('2729', '1', 'eng', 'permissions', 'modules.Staff', 'Staff', '2025-10-15 14:29:36', '2025-10-15 14:29:36'),
('2730', '1', 'eng', 'permissions', 'modules.Delivery Executive', 'Delivery Executive', '2025-10-15 14:29:36', '2025-10-15 14:29:36'),
('2731', '1', 'eng', 'permissions', 'modules.Payment', 'Payment', '2025-10-15 14:29:36', '2025-10-15 14:29:36'),
('2732', '1', 'eng', 'permissions', 'modules.Report', 'Report', '2025-10-15 14:29:36', '2025-10-15 14:29:36'),
('2733', '1', 'eng', 'permissions', 'modules.Settings', 'Settings', '2025-10-15 14:29:36', '2025-10-15 14:29:36'),
('2734', '1', 'eng', 'permissions', 'modules.Waiter Request', 'Waiter Request', '2025-10-15 14:29:36', '2025-10-15 14:29:36'),
('2735', '1', 'eng', 'permissions', 'modules.Expense', 'Expenses', '2025-10-15 14:29:36', '2025-10-15 14:29:36'),
('2736', '1', 'eng', 'permissions', 'modules.Vendor', 'Vendor', '2025-10-15 14:29:36', '2025-10-15 14:29:36'),
('2737', '1', 'eng', 'permissions', 'modules.Inventory', 'Inventory', '2025-10-15 14:29:36', '2025-10-15 14:29:36'),
('2738', '1', 'eng', 'permissions', 'modules.Sms', 'Sms', '2025-10-15 14:29:36', '2025-10-15 14:29:36'),
('2739', '1', 'eng', 'permissions', 'modules.Change Branch', 'Change Branch', '2025-10-15 14:29:36', '2025-10-15 14:29:36'),
('2740', '1', 'eng', 'permissions', 'modules.Export Report', 'Export Report', '2025-10-15 14:29:36', '2025-10-15 14:29:36'),
('2741', '1', 'eng', 'permissions', 'modules.Table Reservation', 'Table Reservation', '2025-10-15 14:29:36', '2025-10-15 14:29:36'),
('2742', '1', 'eng', 'permissions', 'modules.Payment Gateway Integration', 'Payment Gateway Integration', '2025-10-15 14:29:36', '2025-10-15 14:29:36'),
('2743', '1', 'eng', 'permissions', 'modules.Theme Setting', 'Theme Setting', '2025-10-15 14:29:36', '2025-10-15 14:29:36'),
('2744', '1', 'eng', 'permissions', 'modules.Kitchen', 'Multiple Kitchen', '2025-10-15 14:29:36', '2025-10-15 14:29:36'),
('2745', '1', 'eng', 'permissions', 'modules.Customer Display', 'Customer Display', '2025-10-15 14:29:36', '2025-10-15 14:29:36'),
('2746', '1', 'eng', 'permissions', 'modules.Open Register', 'Open Register', '2025-10-15 14:29:36', '2025-10-15 14:29:36'),
('2747', '1', 'eng', 'permissions', 'modules.Kiosk', 'Kiosk', '2025-10-15 14:29:36', '2025-10-15 14:29:36'),
('2748', '1', 'eng', 'permissions', 'modules.Cash Register', 'Cash Register', '2025-10-15 14:29:36', '2025-10-15 14:29:36'),
('2749', '1', 'eng', 'placeholders', 'menuNamePlaceholder', 'e.g. Breakfast', '2025-10-15 14:29:36', '2025-10-15 14:29:36'),
('2750', '1', 'eng', 'placeholders', 'searchMenus', 'Search your menu here', '2025-10-15 14:29:36', '2025-10-15 14:29:36'),
('2751', '1', 'eng', 'placeholders', 'searchMenuItems', 'Search your menu item here', '2025-10-15 14:29:36', '2025-10-15 14:29:36'),
('2752', '1', 'eng', 'placeholders', 'menuItemNamePlaceholder', 'e.g., Margherita Pizza', '2025-10-15 14:29:36', '2025-10-15 14:29:36'),
('2753', '1', 'eng', 'placeholders', 'itemVariationPlaceholder', 'e.g., Small', '2025-10-15 14:29:36', '2025-10-15 14:29:36'),
('2754', '1', 'eng', 'placeholders', 'itemDescriptionPlaceholder', 'e.g., A classic Italian pizza with fresh tomatoes and basil.', '2025-10-15 14:29:36', '2025-10-15 14:29:36'),
('2755', '1', 'eng', 'placeholders', 'categoryNamePlaceholder', 'e.g., Desserts', '2025-10-15 14:29:36', '2025-10-15 14:29:36'),
('2756', '1', 'eng', 'placeholders', 'searchItemCategory', 'Search your item category here', '2025-10-15 14:29:36', '2025-10-15 14:29:36'),
('2757', '1', 'eng', 'placeholders', 'areaNamePlaceholder', 'e.g. Rooftop', '2025-10-15 14:29:36', '2025-10-15 14:29:36'),
('2758', '1', 'eng', 'placeholders', 'tableCodePlaceholder', 'e.g. T01', '2025-10-15 14:29:36', '2025-10-15 14:29:36'),
('2759', '1', 'eng', 'placeholders', 'tableSeatPlaceholder', 'Enter number of seats (e.g., 4)', '2025-10-15 14:29:36', '2025-10-15 14:29:36'),
('2760', '1', 'eng', 'placeholders', 'searchCustomers', 'Search by name, email or phone number', '2025-10-15 14:29:36', '2025-10-15 14:29:36'),
('2761', '1', 'eng', 'placeholders', 'searchStaffmember', 'Search by name or email', '2025-10-15 14:29:36', '2025-10-15 14:29:36'),
('2762', '1', 'eng', 'placeholders', 'searchPackages', 'Search your package here', '2025-10-15 14:29:36', '2025-10-15 14:29:36'),
('2763', '1', 'eng', 'placeholders', 'restaurantNamePlaceHolder', 'e.g., The Midtown Cafe', '2025-10-15 14:29:36', '2025-10-15 14:29:36'),
('2764', '1', 'eng', 'placeholders', 'searchPayments', 'Search payments by amount, method, TX ID', '2025-10-15 14:29:36', '2025-10-15 14:29:36'),
('2765', '1', 'eng', 'placeholders', 'searchDuePayments', 'Search payments by amount or order #', '2025-10-15 14:29:36', '2025-10-15 14:29:36'),
('2766', '1', 'eng', 'placeholders', 'methodExamples', 'e.g., Cash, Cheque, Bank Transfer, etc.', '2025-10-15 14:29:36', '2025-10-15 14:29:36'),
('2767', '1', 'eng', 'placeholders', 'methodDescription', 'e.g., via USD dollar, etc.', '2025-10-15 14:29:36', '2025-10-15 14:29:36'),
('2768', '1', 'eng', 'placeholders', 'facebookPlaceHolder', 'Enter your Facebook URL', '2025-10-15 14:29:36', '2025-10-15 14:29:36'),
('2769', '1', 'eng', 'placeholders', 'instagramPlaceHolder', 'Enter your Instagram URL', '2025-10-15 14:29:36', '2025-10-15 14:29:36'),
('2770', '1', 'eng', 'placeholders', 'twitterPlaceHolder', 'Enter your Twitter handle', '2025-10-15 14:29:36', '2025-10-15 14:29:36'),
('2771', '1', 'eng', 'placeholders', 'yelpPlaceHolder', 'Enter your Yelp URL', '2025-10-15 14:29:36', '2025-10-15 14:29:36'),
('2772', '1', 'eng', 'placeholders', 'metaKeywordPlaceHolder', 'Enter Comma Saperated keyword', '2025-10-15 14:29:36', '2025-10-15 14:29:36'),
('2773', '1', 'eng', 'placeholders', 'metaDescriptionPlaceHolder', 'Enter Meta Description', '2025-10-15 14:29:36', '2025-10-15 14:29:36'),
('2774', '1', 'eng', 'placeholders', 'languageCodePlaceholder', 'e.g., en, ar, fr, etc.', '2025-10-15 14:29:36', '2025-10-15 14:29:36'),
('2775', '1', 'eng', 'placeholders', 'languageNamePlaceholder', 'e.g., English, Arabic, French, etc.', '2025-10-15 14:29:36', '2025-10-15 14:29:36'),
('2776', '1', 'eng', 'placeholders', 'flagCodePlaceholder', 'e.g., us, gb, sa, etc.', '2025-10-15 14:29:36', '2025-10-15 14:29:36'),
('2777', '1', 'eng', 'placeholders', 'modifierOptionNamePlaceholder', 'e.g., Extra Cheese', '2025-10-15 14:29:37', '2025-10-15 14:29:37'),
('2778', '1', 'eng', 'placeholders', 'modifierOptionPricePlaceholder', 'e.g., 1.50', '2025-10-15 14:29:37', '2025-10-15 14:29:37'),
('2779', '1', 'eng', 'placeholders', 'modifierOptionSortOrderPlaceholder', 'e.g., 1', '2025-10-15 14:29:37', '2025-10-15 14:29:37'),
('2780', '1', 'eng', 'placeholders', 'modifierGroupNamePlaceholder', 'e.g., Toppings', '2025-10-15 14:29:37', '2025-10-15 14:29:37'),
('2781', '1', 'eng', 'placeholders', 'modifierGroupDescriptionPlaceholder', 'e.g., Additional toppings for your pizza.', '2025-10-15 14:29:37', '2025-10-15 14:29:37'),
('2782', '1', 'eng', 'placeholders', 'purchaseCode', 'e.g. 147778a2-dfa2-424e-a29f-xxxxxxxxx', '2025-10-15 14:29:37', '2025-10-15 14:29:37'),
('2783', '1', 'eng', 'placeholders', 'addTitle', 'Add Expense Title', '2025-10-15 14:29:37', '2025-10-15 14:29:37'),
('2784', '1', 'eng', 'placeholders', 'addDescription', 'Add Expense Description', '2025-10-15 14:29:37', '2025-10-15 14:29:37'),
('2785', '1', 'eng', 'placeholders', 'addAmount', 'Add Amount', '2025-10-15 14:29:37', '2025-10-15 14:29:37'),
('2786', '1', 'eng', 'placeholders', 'expense', 'Expense', '2025-10-15 14:29:37', '2025-10-15 14:29:37'),
('2787', '1', 'eng', 'placeholders', 'vendors', 'Vendors', '2025-10-15 14:29:37', '2025-10-15 14:29:37'),
('2788', '1', 'eng', 'placeholders', 'vendorName', 'Vendor Name', '2025-10-15 14:29:37', '2025-10-15 14:29:37'),
('2789', '1', 'eng', 'placeholders', 'vendorEmail', 'Vendor Email', '2025-10-15 14:29:37', '2025-10-15 14:29:37'),
('2790', '1', 'eng', 'placeholders', 'vendorPhone', 'Vendor Phone', '2025-10-15 14:29:37', '2025-10-15 14:29:37'),
('2791', '1', 'eng', 'placeholders', 'vendorAddress', 'Vendor Address', '2025-10-15 14:29:37', '2025-10-15 14:29:37'),
('2792', '1', 'eng', 'placeholders', 'contactPerson', 'Contact Person', '2025-10-15 14:29:37', '2025-10-15 14:29:37'),
('2793', '1', 'eng', 'placeholders', 'expensesCategory', 'Expenses Category', '2025-10-15 14:29:37', '2025-10-15 14:29:37'),
('2794', '1', 'eng', 'placeholders', 'searchMenuItem', 'Search Menu Item', '2025-10-15 14:29:37', '2025-10-15 14:29:37'),
('2795', '1', 'eng', 'placeholders', 'customerName', 'Add Customer Name', '2025-10-15 14:29:37', '2025-10-15 14:29:37'),
('2796', '1', 'eng', 'placeholders', 'customerEmail', 'Add Customer Email', '2025-10-15 14:29:37', '2025-10-15 14:29:37'),
('2797', '1', 'eng', 'placeholders', 'customerPhone', 'Add Customer Phone', '2025-10-15 14:29:37', '2025-10-15 14:29:37'),
('2798', '1', 'eng', 'placeholders', 'customerAddress', 'Add Customer Address', '2025-10-15 14:29:37', '2025-10-15 14:29:37'),
('2799', '1', 'eng', 'placeholders', 'metaTtilePlaceHolder', 'Enter Meta Title', '2025-10-15 14:29:37', '2025-10-15 14:29:37'),
('2800', '1', 'eng', 'placeholders', 'menuNamePlaceHolder', 'Add Menu Name', '2025-10-15 14:29:37', '2025-10-15 14:29:37'),
('2801', '1', 'eng', 'placeholders', 'menuSlugPlaceHolder', 'Add Menu Slug', '2025-10-15 14:29:37', '2025-10-15 14:29:37'),
('2802', '1', 'eng', 'placeholders', 'menuContentPlaceHolder', 'Add Menu Content', '2025-10-15 14:29:37', '2025-10-15 14:29:37'),
('2803', '1', 'eng', 'placeholders', 'enterCustomAmountPlaceholder', 'Enter custom amount', '2025-10-15 14:29:37', '2025-10-15 14:29:37'),
('2804', '1', 'eng', 'placeholders', 'addNotePlaceholder', 'Add a note with your tip...', '2025-10-15 14:29:37', '2025-10-15 14:29:37'),
('2805', '1', 'eng', 'placeholders', 'addOrderNotesPlaceholder', 'Add order notes here...', '2025-10-15 14:29:37', '2025-10-15 14:29:37'),
('2806', '1', 'eng', 'placeholders', 'enterExpenseCategoryName', 'Enter Category Name', '2025-10-15 14:29:37', '2025-10-15 14:29:37'),
('2807', '1', 'eng', 'placeholders', 'enterExpenseCategoryDescription', 'Enter Category Description', '2025-10-15 14:29:37', '2025-10-15 14:29:37'),
('2808', '1', 'eng', 'placeholders', 'addPrinterName', 'Add Printer Name', '2025-10-15 14:29:37', '2025-10-15 14:29:37'),
('2809', '1', 'eng', 'placeholders', 'addPrinterSharedName', 'Add Printer Name', '2025-10-15 14:29:37', '2025-10-15 14:29:37'),
('2810', '1', 'eng', 'placeholders', 'IpAddress', 'Add Printer IP Address', '2025-10-15 14:29:37', '2025-10-15 14:29:37'),
('2811', '1', 'eng', 'placeholders', 'portAddress', 'Add Printer Port Address', '2025-10-15 14:29:37', '2025-10-15 14:29:37'),
('2812', '1', 'eng', 'placeholders', 'ipv4Addres', 'Add Printer IPv4 Address', '2025-10-15 14:29:37', '2025-10-15 14:29:37'),
('2813', '1', 'eng', 'placeholders', 'enterGoogleMapApiKey', 'Enter Google Map API Key e.g., AIzaSyD-xxxxxxxxxxxxxxxxx', '2025-10-15 14:29:37', '2025-10-15 14:29:37'),
('2814', '1', 'eng', 'placeholders', 'enterPrivacyPolicyLink', 'Enter privacy policy URL e.g., https://yoursite.com/privacy-policy', '2025-10-15 14:29:37', '2025-10-15 14:29:37'),
('2815', '1', 'eng', 'placeholders', 'addressLabelPlaceholder', 'e.g., home, office, etc.', '2025-10-15 14:29:37', '2025-10-15 14:29:37'),
('2816', '1', 'eng', 'placeholders', 'addressPlaceholder', 'e.g., 123 Main St, City, Country', '2025-10-15 14:29:37', '2025-10-15 14:29:37'),
('2817', '1', 'eng', 'placeholders', 'addItemNotesPlaceholder', 'Special Instructions? (e.g., no onions, extra spicy)', '2025-10-15 14:29:37', '2025-10-15 14:29:37'),
('2818', '1', 'eng', 'placeholders', 'searchMenuOrCategory', 'Search menu or category here', '2025-10-15 14:29:37', '2025-10-15 14:29:37'),
('2819', '1', 'eng', 'placeholders', 'addDeliveryTypeName', 'e.g., Express Delivery', '2025-10-15 14:29:37', '2025-10-15 14:29:37'),
('2820', '1', 'eng', 'placeholders', 'addDeliveryTypeDescription', 'e.g., Fast delivery within 30 minutes', '2025-10-15 14:29:37', '2025-10-15 14:29:37'),
('2821', '1', 'eng', 'placeholders', 'search', 'Search', '2025-10-15 14:29:37', '2025-10-15 14:29:37'),
('2822', '1', 'eng', 'placeholders', 'searchModifierGroups', 'Search Modifier Groups...', '2025-10-15 14:29:37', '2025-10-15 14:29:37'),
('2823', '1', 'eng', 'placeholders', 'headerTextPlaceHolder', 'Enter your custom header text here...', '2025-10-15 14:29:37', '2025-10-15 14:29:37'),
('2824', '1', 'eng', 'placeholders', 'tableLockTimeoutPlaceholder', 'Enter timeout in minutes. Default is 10 minutes.', '2025-10-15 14:29:37', '2025-10-15 14:29:37'),
('2825', '1', 'eng', 'placeholders', 'featureDescriptionPlaceHolder', 'Enter feature description here...', '2025-10-15 14:29:37', '2025-10-15 14:29:37'),
('2826', '1', 'eng', 'sidebar', 'dashboard', 'Dashboard', '2025-10-15 14:29:37', '2025-10-15 14:29:37'),
('2827', '1', 'eng', 'sidebar', 'menu', 'Menu', '2025-10-15 14:29:37', '2025-10-15 14:29:37'),
('2828', '1', 'eng', 'superadmin', 'menu.restaurants', 'Restaurants', '2025-10-15 14:29:37', '2025-10-15 14:29:37'),
('2829', '1', 'eng', 'superadmin', 'menu.superadmin', 'SuperAdmin', '2025-10-15 14:29:37', '2025-10-15 14:29:37'),
('2830', '1', 'eng', 'superadmin', 'regenerateQrCode', 'Regenerate QR Codes', '2025-10-15 14:29:37', '2025-10-15 14:29:37'),
('2831', '1', 'eng', 'superadmin', 'domainChanged', 'It seems you have changed the domain. You need to regenerate the qr codes so that qr codes can have new url', '2025-10-15 14:29:37', '2025-10-15 14:29:37'),
('2832', '1', 'eng', 'superadmin', 'qrCodesRegenerated', 'QR Codes Regenerated for new domain', '2025-10-15 14:29:37', '2025-10-15 14:29:37'),
('2833', '1', 'eng', 'superadmin', 'raiseSupportTicket', 'Raise Support Ticket', '2025-10-15 14:29:37', '2025-10-15 14:29:37'),
('2834', '1', 'eng', 'superadmin', 'generateCredentials', 'Generate Credentials', '2025-10-15 14:29:37', '2025-10-15 14:29:37'),
('2835', '1', 'eng', 'superadmin', 'pusherBeams', 'Pusher Beams (Browser Push Notification)', '2025-10-15 14:29:37', '2025-10-15 14:29:37'),
('2836', '1', 'eng', 'superadmin', 'pusherChannels', 'Pusher Channels (Live Page Update)', '2025-10-15 14:29:37', '2025-10-15 14:29:37'),
('2837', '1', 'eng', 'superadmin', 'pusherDashboard', 'Pusher Dashboard', '2025-10-15 14:29:37', '2025-10-15 14:29:37'),
('2838', '1', 'eng', 'superadmin', 'pusherChannelsDescription', 'Configure Pusher Channels for real-time page updates (Laravel broadcasting).', '2025-10-15 14:29:37', '2025-10-15 14:29:37'),
('2839', '1', 'eng', 'superadmin', 'pusherBeamsDescription', 'Configure Pusher Beams for browser push notifications.', '2025-10-15 14:29:37', '2025-10-15 14:29:37'),
('2840', '1', 'eng', 'superadmin', 'desktopApplicationSettings', 'Desktop Application Settings', '2025-10-15 14:29:37', '2025-10-15 14:29:37'),
('2841', '1', 'eng', 'superadmin', 'desktopApplicationSettingsDescription', 'Provide download URLs for Windows and Mac desktop applications.', '2025-10-15 14:29:37', '2025-10-15 14:29:37'),
('2842', '1', 'eng', 'superadmin', 'desktopApplicationSettingsDescription2', '1. Empty the download field if you do not want your customers to download the application.', '2025-10-15 14:29:37', '2025-10-15 14:29:37'),
('2843', '1', 'eng', 'superadmin', 'windowsApplication', 'Windows Application', '2025-10-15 14:29:37', '2025-10-15 14:29:37'),
('2844', '1', 'eng', 'superadmin', 'downloadUrl', 'Download URL', '2025-10-15 14:29:37', '2025-10-15 14:29:37'),
('2845', '1', 'eng', 'superadmin', 'resetToDefault', 'Reset to Default', '2025-10-15 14:29:37', '2025-10-15 14:29:37'),
('2846', '1', 'eng', 'superadmin', 'downloadNow', 'Download Now', '2025-10-15 14:29:37', '2025-10-15 14:29:37'),
('2847', '1', 'eng', 'superadmin', 'macApplication', 'Mac Application', '2025-10-15 14:29:37', '2025-10-15 14:29:37'),
('2848', '1', 'eng', 'superadmin', 'linuxApplication', 'Linux Application', '2025-10-15 14:29:37', '2025-10-15 14:29:37'),
('2849', '1', 'eng', 'superadmin', 'saveAllSettings', 'Save All Settings', '2025-10-15 14:29:37', '2025-10-15 14:29:37'),
('2850', '1', 'eng', 'superadmin', 'saving', 'Saving...', '2025-10-15 14:29:37', '2025-10-15 14:29:37'),
('2851', '1', 'eng', 'superadmin', 'desktopApplicationSettingsNote', 'Please note that the desktop application is currently in beta. Some features may not function as intended, and you may encounter unexpected issues or bugs. We appreciate your patience and feedback as we continue to improve the application. Feel free to try it out and let us know about your experience.', '2025-10-15 14:29:37', '2025-10-15 14:29:37'),
('2852', '1', 'eng', 'superadmin', 'whiteLabelDesktopApp', 'White Label Desktop App (Printing App)', '2025-10-15 14:29:37', '2025-10-15 14:29:37'),
('2853', '1', 'eng', 'superadmin', 'whiteLabelDesktopAppDescription', 'Get your own branded desktop printing application with your company name and logo.', '2025-10-15 14:29:37', '2025-10-15 14:29:37'),
('2854', '1', 'eng', 'superadmin', 'whiteLabelFeatures', 'Features', '2025-10-15 14:29:37', '2025-10-15 14:29:37'),
('2855', '1', 'eng', 'superadmin', 'whiteLabelFeature1', 'Custom branding with your company name and logo', '2025-10-15 14:29:37', '2025-10-15 14:29:37'),
('2856', '1', 'eng', 'superadmin', 'whiteLabelFeature2', 'Personalized installer and application icons', '2025-10-15 14:29:37', '2025-10-15 14:29:37'),
('2857', '1', 'eng', 'superadmin', 'whiteLabelFeature3', 'Custom splash screen and about dialog', '2025-10-15 14:29:37', '2025-10-15 14:29:37'),
('2858', '1', 'eng', 'superadmin', 'whiteLabelFeature4', 'Dedicated support and updates', '2025-10-15 14:29:37', '2025-10-15 14:29:37'),
('2859', '1', 'eng', 'superadmin', 'whiteLabelPricing', 'Pricing', '2025-10-15 14:29:37', '2025-10-15 14:29:37'),
('2860', '1', 'eng', 'superadmin', 'whiteLabelPricingDescription', 'One-time payment includes customization, testing, and delivery', '2025-10-15 14:29:37', '2025-10-15 14:29:37'),
('2861', '1', 'eng', 'superadmin', 'whiteLabelDelivery', 'Delivery', '2025-10-15 14:29:37', '2025-10-15 14:29:37'),
('2862', '1', 'eng', 'superadmin', 'whiteLabelDeliveryDescription', 'Custom app delivered within 3-5 business days after approval', '2025-10-15 14:29:37', '2025-10-15 14:29:37'),
('2863', '1', 'eng', 'superadmin', 'orderWhiteLabelApp', 'Order White Label Printing App', '2025-10-15 14:29:37', '2025-10-15 14:29:37'),
('2864', '1', 'eng', 'superadmin', 'desktopAppRequired', 'Desktop Application Required', '2025-10-15 14:29:37', '2025-10-15 14:29:37'),
('2865', '1', 'eng', 'superadmin', 'desktopAppRequiredDescription', 'The desktop application is required for direct printing functionality. Users must download and install the desktop app to enable thermal printer support.', '2025-10-15 14:29:37', '2025-10-15 14:29:37'),
('2866', '1', 'eng', 'superadmin', 'desktopAppDemo', 'Desktop App Demo', '2025-10-15 14:29:37', '2025-10-15 14:29:37'),
('2867', '1', 'eng', 'superadmin', 'desktopAppDemoDescription', 'Watch how the TableTrack desktop application works', '2025-10-15 14:29:37', '2025-10-15 14:29:37'),
('2868', '1', 'eng', 'superadmin', 'desktopAppDemoLink', 'https://www.youtube.com/watch?v=KKla4E_e_tY', '2025-10-15 14:29:37', '2025-10-15 14:29:37'),
('2869', '1', 'eng', 'superadmin', 'desktopAppDemoLinkText', 'Watch Demo on YouTube', '2025-10-15 14:29:37', '2025-10-15 14:29:37'),
('2870', '1', 'eng', 'validation', 'accepted', 'The :attribute field must be accepted.', '2025-10-15 14:29:37', '2025-10-15 14:29:37'),
('2871', '1', 'eng', 'validation', 'accepted_if', 'The :attribute field must be accepted when :other is :value.', '2025-10-15 14:29:37', '2025-10-15 14:29:37'),
('2872', '1', 'eng', 'validation', 'active_url', 'The :attribute field must be a valid URL.', '2025-10-15 14:29:37', '2025-10-15 14:29:37'),
('2873', '1', 'eng', 'validation', 'after', 'The :attribute field must be a date after :date.', '2025-10-15 14:29:37', '2025-10-15 14:29:37'),
('2874', '1', 'eng', 'validation', 'after_or_equal', 'The :attribute field must be a date after or equal to :date.', '2025-10-15 14:29:37', '2025-10-15 14:29:37'),
('2875', '1', 'eng', 'validation', 'alpha', 'The :attribute field must only contain letters.', '2025-10-15 14:29:37', '2025-10-15 14:29:37'),
('2876', '1', 'eng', 'validation', 'alpha_dash', 'The :attribute field must only contain letters, numbers, dashes, and underscores.', '2025-10-15 14:29:37', '2025-10-15 14:29:37'),
('2877', '1', 'eng', 'validation', 'alpha_num', 'The :attribute field must only contain letters and numbers.', '2025-10-15 14:29:37', '2025-10-15 14:29:37'),
('2878', '1', 'eng', 'validation', 'array', 'The :attribute field must be an array.', '2025-10-15 14:29:37', '2025-10-15 14:29:37'),
('2879', '1', 'eng', 'validation', 'ascii', 'The :attribute field must only contain single-byte alphanumeric characters and symbols.', '2025-10-15 14:29:37', '2025-10-15 14:29:37'),
('2880', '1', 'eng', 'validation', 'before', 'The :attribute field must be a date before :date.', '2025-10-15 14:29:37', '2025-10-15 14:29:37'),
('2881', '1', 'eng', 'validation', 'before_or_equal', 'The :attribute field must be a date before or equal to :date.', '2025-10-15 14:29:37', '2025-10-15 14:29:37'),
('2882', '1', 'eng', 'validation', 'between.array', 'The :attribute field must have between :min and :max items.', '2025-10-15 14:29:37', '2025-10-15 14:29:37'),
('2883', '1', 'eng', 'validation', 'between.file', 'The :attribute field must be between :min and :max kilobytes.', '2025-10-15 14:29:37', '2025-10-15 14:29:37'),
('2884', '1', 'eng', 'validation', 'between.numeric', 'The :attribute field must be between :min and :max.', '2025-10-15 14:29:37', '2025-10-15 14:29:37'),
('2885', '1', 'eng', 'validation', 'between.string', 'The :attribute field must be between :min and :max characters.', '2025-10-15 14:29:37', '2025-10-15 14:29:37'),
('2886', '1', 'eng', 'validation', 'boolean', 'The :attribute field must be true or false.', '2025-10-15 14:29:37', '2025-10-15 14:29:37'),
('2887', '1', 'eng', 'validation', 'can', 'The :attribute field contains an unauthorized value.', '2025-10-15 14:29:37', '2025-10-15 14:29:37'),
('2888', '1', 'eng', 'validation', 'confirmed', 'The :attribute field confirmation does not match.', '2025-10-15 14:29:37', '2025-10-15 14:29:37'),
('2889', '1', 'eng', 'validation', 'contains', 'The :attribute field is missing a required value.', '2025-10-15 14:29:37', '2025-10-15 14:29:37'),
('2890', '1', 'eng', 'validation', 'current_password', 'The password is incorrect.', '2025-10-15 14:29:37', '2025-10-15 14:29:37'),
('2891', '1', 'eng', 'validation', 'date', 'The :attribute field must be a valid date.', '2025-10-15 14:29:37', '2025-10-15 14:29:37'),
('2892', '1', 'eng', 'validation', 'date_equals', 'The :attribute field must be a date equal to :date.', '2025-10-15 14:29:37', '2025-10-15 14:29:37'),
('2893', '1', 'eng', 'validation', 'date_format', 'The :attribute field must match the format :format.', '2025-10-15 14:29:37', '2025-10-15 14:29:37'),
('2894', '1', 'eng', 'validation', 'decimal', 'The :attribute field must have :decimal decimal places.', '2025-10-15 14:29:37', '2025-10-15 14:29:37'),
('2895', '1', 'eng', 'validation', 'declined', 'The :attribute field must be declined.', '2025-10-15 14:29:37', '2025-10-15 14:29:37'),
('2896', '1', 'eng', 'validation', 'declined_if', 'The :attribute field must be declined when :other is :value.', '2025-10-15 14:29:37', '2025-10-15 14:29:37'),
('2897', '1', 'eng', 'validation', 'different', 'The :attribute field and :other must be different.', '2025-10-15 14:29:37', '2025-10-15 14:29:37'),
('2898', '1', 'eng', 'validation', 'digits', 'The :attribute field must be :digits digits.', '2025-10-15 14:29:37', '2025-10-15 14:29:37'),
('2899', '1', 'eng', 'validation', 'digits_between', 'The :attribute field must be between :min and :max digits.', '2025-10-15 14:29:37', '2025-10-15 14:29:37'),
('2900', '1', 'eng', 'validation', 'dimensions', 'The :attribute field has invalid image dimensions.', '2025-10-15 14:29:37', '2025-10-15 14:29:37'),
('2901', '1', 'eng', 'validation', 'distinct', 'The :attribute field has a duplicate value.', '2025-10-15 14:29:37', '2025-10-15 14:29:37'),
('2902', '1', 'eng', 'validation', 'doesnt_end_with', 'The :attribute field must not end with one of the following: :values.', '2025-10-15 14:29:37', '2025-10-15 14:29:37'),
('2903', '1', 'eng', 'validation', 'doesnt_start_with', 'The :attribute field must not start with one of the following: :values.', '2025-10-15 14:29:37', '2025-10-15 14:29:37'),
('2904', '1', 'eng', 'validation', 'email', 'The :attribute field must be a valid email address.', '2025-10-15 14:29:37', '2025-10-15 14:29:37'),
('2905', '1', 'eng', 'validation', 'ends_with', 'The :attribute field must end with one of the following: :values.', '2025-10-15 14:29:37', '2025-10-15 14:29:37'),
('2906', '1', 'eng', 'validation', 'enum', 'The selected :attribute is invalid.', '2025-10-15 14:29:37', '2025-10-15 14:29:37'),
('2907', '1', 'eng', 'validation', 'exists', 'The selected :attribute is invalid.', '2025-10-15 14:29:37', '2025-10-15 14:29:37'),
('2908', '1', 'eng', 'validation', 'extensions', 'The :attribute field must have one of the following extensions: :values.', '2025-10-15 14:29:37', '2025-10-15 14:29:37'),
('2909', '1', 'eng', 'validation', 'file', 'The :attribute field must be a file.', '2025-10-15 14:29:37', '2025-10-15 14:29:37'),
('2910', '1', 'eng', 'validation', 'filled', 'The :attribute field must have a value.', '2025-10-15 14:29:37', '2025-10-15 14:29:37'),
('2911', '1', 'eng', 'validation', 'gt.array', 'The :attribute field must have more than :value items.', '2025-10-15 14:29:37', '2025-10-15 14:29:37'),
('2912', '1', 'eng', 'validation', 'gt.file', 'The :attribute field must be greater than :value kilobytes.', '2025-10-15 14:29:37', '2025-10-15 14:29:37'),
('2913', '1', 'eng', 'validation', 'gt.numeric', 'The :attribute field must be greater than :value.', '2025-10-15 14:29:37', '2025-10-15 14:29:37'),
('2914', '1', 'eng', 'validation', 'gt.string', 'The :attribute field must be greater than :value characters.', '2025-10-15 14:29:37', '2025-10-15 14:29:37'),
('2915', '1', 'eng', 'validation', 'gte.array', 'The :attribute field must have :value items or more.', '2025-10-15 14:29:37', '2025-10-15 14:29:37'),
('2916', '1', 'eng', 'validation', 'gte.file', 'The :attribute field must be greater than or equal to :value kilobytes.', '2025-10-15 14:29:37', '2025-10-15 14:29:37'),
('2917', '1', 'eng', 'validation', 'gte.numeric', 'The :attribute field must be greater than or equal to :value.', '2025-10-15 14:29:37', '2025-10-15 14:29:37'),
('2918', '1', 'eng', 'validation', 'gte.string', 'The :attribute field must be greater than or equal to :value characters.', '2025-10-15 14:29:37', '2025-10-15 14:29:37'),
('2919', '1', 'eng', 'validation', 'hex_color', 'The :attribute field must be a valid hexadecimal color.', '2025-10-15 14:29:37', '2025-10-15 14:29:37'),
('2920', '1', 'eng', 'validation', 'image', 'The :attribute field must be an image.', '2025-10-15 14:29:37', '2025-10-15 14:29:37'),
('2921', '1', 'eng', 'validation', 'in', 'The selected :attribute is invalid.', '2025-10-15 14:29:37', '2025-10-15 14:29:37'),
('2922', '1', 'eng', 'validation', 'in_array', 'The :attribute field must exist in :other.', '2025-10-15 14:29:37', '2025-10-15 14:29:37'),
('2923', '1', 'eng', 'validation', 'integer', 'The :attribute field must be an integer.', '2025-10-15 14:29:37', '2025-10-15 14:29:37'),
('2924', '1', 'eng', 'validation', 'ip', 'The :attribute field must be a valid IP address.', '2025-10-15 14:29:37', '2025-10-15 14:29:37'),
('2925', '1', 'eng', 'validation', 'ipv4', 'The :attribute field must be a valid IPv4 address.', '2025-10-15 14:29:37', '2025-10-15 14:29:37'),
('2926', '1', 'eng', 'validation', 'ipv6', 'The :attribute field must be a valid IPv6 address.', '2025-10-15 14:29:37', '2025-10-15 14:29:37'),
('2927', '1', 'eng', 'validation', 'json', 'The :attribute field must be a valid JSON string.', '2025-10-15 14:29:37', '2025-10-15 14:29:37'),
('2928', '1', 'eng', 'validation', 'list', 'The :attribute field must be a list.', '2025-10-15 14:29:37', '2025-10-15 14:29:37'),
('2929', '1', 'eng', 'validation', 'lowercase', 'The :attribute field must be lowercase.', '2025-10-15 14:29:37', '2025-10-15 14:29:37'),
('2930', '1', 'eng', 'validation', 'lt.array', 'The :attribute field must have less than :value items.', '2025-10-15 14:29:37', '2025-10-15 14:29:37'),
('2931', '1', 'eng', 'validation', 'lt.file', 'The :attribute field must be less than :value kilobytes.', '2025-10-15 14:29:37', '2025-10-15 14:29:37'),
('2932', '1', 'eng', 'validation', 'lt.numeric', 'The :attribute field must be less than :value.', '2025-10-15 14:29:37', '2025-10-15 14:29:37'),
('2933', '1', 'eng', 'validation', 'lt.string', 'The :attribute field must be less than :value characters.', '2025-10-15 14:29:37', '2025-10-15 14:29:37'),
('2934', '1', 'eng', 'validation', 'lte.array', 'The :attribute field must not have more than :value items.', '2025-10-15 14:29:37', '2025-10-15 14:29:37'),
('2935', '1', 'eng', 'validation', 'lte.file', 'The :attribute field must be less than or equal to :value kilobytes.', '2025-10-15 14:29:37', '2025-10-15 14:29:37'),
('2936', '1', 'eng', 'validation', 'lte.numeric', 'The :attribute field must be less than or equal to :value.', '2025-10-15 14:29:37', '2025-10-15 14:29:37'),
('2937', '1', 'eng', 'validation', 'lte.string', 'The :attribute field must be less than or equal to :value characters.', '2025-10-15 14:29:37', '2025-10-15 14:29:37'),
('2938', '1', 'eng', 'validation', 'mac_address', 'The :attribute field must be a valid MAC address.', '2025-10-15 14:29:37', '2025-10-15 14:29:37'),
('2939', '1', 'eng', 'validation', 'max.array', 'The :attribute field must not have more than :max items.', '2025-10-15 14:29:37', '2025-10-15 14:29:37'),
('2940', '1', 'eng', 'validation', 'max.file', 'The :attribute field must not be greater than :max kilobytes.', '2025-10-15 14:29:37', '2025-10-15 14:29:37'),
('2941', '1', 'eng', 'validation', 'max.numeric', 'The :attribute field must not be greater than :max.', '2025-10-15 14:29:37', '2025-10-15 14:29:37'),
('2942', '1', 'eng', 'validation', 'max.string', 'The :attribute field must not be greater than :max characters.', '2025-10-15 14:29:37', '2025-10-15 14:29:37'),
('2943', '1', 'eng', 'validation', 'max_digits', 'The :attribute field must not have more than :max digits.', '2025-10-15 14:29:37', '2025-10-15 14:29:37'),
('2944', '1', 'eng', 'validation', 'mimes', 'The :attribute field must be a file of type: :values.', '2025-10-15 14:29:37', '2025-10-15 14:29:37'),
('2945', '1', 'eng', 'validation', 'mimetypes', 'The :attribute field must be a file of type: :values.', '2025-10-15 14:29:37', '2025-10-15 14:29:37'),
('2946', '1', 'eng', 'validation', 'min.array', 'The :attribute field must have at least :min items.', '2025-10-15 14:29:37', '2025-10-15 14:29:37'),
('2947', '1', 'eng', 'validation', 'min.file', 'The :attribute field must be at least :min kilobytes.', '2025-10-15 14:29:37', '2025-10-15 14:29:37'),
('2948', '1', 'eng', 'validation', 'min.numeric', 'The :attribute field must be at least :min.', '2025-10-15 14:29:37', '2025-10-15 14:29:37'),
('2949', '1', 'eng', 'validation', 'min.string', 'The :attribute field must be at least :min characters.', '2025-10-15 14:29:37', '2025-10-15 14:29:37'),
('2950', '1', 'eng', 'validation', 'min_digits', 'The :attribute field must have at least :min digits.', '2025-10-15 14:29:37', '2025-10-15 14:29:37'),
('2951', '1', 'eng', 'validation', 'missing', 'The :attribute field must be missing.', '2025-10-15 14:29:37', '2025-10-15 14:29:37'),
('2952', '1', 'eng', 'validation', 'missing_if', 'The :attribute field must be missing when :other is :value.', '2025-10-15 14:29:37', '2025-10-15 14:29:37'),
('2953', '1', 'eng', 'validation', 'missing_unless', 'The :attribute field must be missing unless :other is :value.', '2025-10-15 14:29:37', '2025-10-15 14:29:37'),
('2954', '1', 'eng', 'validation', 'missing_with', 'The :attribute field must be missing when :values is present.', '2025-10-15 14:29:37', '2025-10-15 14:29:37'),
('2955', '1', 'eng', 'validation', 'missing_with_all', 'The :attribute field must be missing when :values are present.', '2025-10-15 14:29:37', '2025-10-15 14:29:37'),
('2956', '1', 'eng', 'validation', 'multiple_of', 'The :attribute field must be a multiple of :value.', '2025-10-15 14:29:37', '2025-10-15 14:29:37'),
('2957', '1', 'eng', 'validation', 'not_in', 'The selected :attribute is invalid.', '2025-10-15 14:29:37', '2025-10-15 14:29:37'),
('2958', '1', 'eng', 'validation', 'not_regex', 'The :attribute field format is invalid.', '2025-10-15 14:29:37', '2025-10-15 14:29:37'),
('2959', '1', 'eng', 'validation', 'numeric', 'The :attribute field must be a number.', '2025-10-15 14:29:37', '2025-10-15 14:29:37'),
('2960', '1', 'eng', 'validation', 'password.letters', 'The :attribute field must contain at least one letter.', '2025-10-15 14:29:37', '2025-10-15 14:29:37'),
('2961', '1', 'eng', 'validation', 'password.mixed', 'The :attribute field must contain at least one uppercase and one lowercase letter.', '2025-10-15 14:29:37', '2025-10-15 14:29:37'),
('2962', '1', 'eng', 'validation', 'password.numbers', 'The :attribute field must contain at least one number.', '2025-10-15 14:29:37', '2025-10-15 14:29:37'),
('2963', '1', 'eng', 'validation', 'password.symbols', 'The :attribute field must contain at least one symbol.', '2025-10-15 14:29:37', '2025-10-15 14:29:37'),
('2964', '1', 'eng', 'validation', 'password.uncompromised', 'The given :attribute has appeared in a data leak. Please choose a different :attribute.', '2025-10-15 14:29:37', '2025-10-15 14:29:37'),
('2965', '1', 'eng', 'validation', 'present', 'The :attribute field must be present.', '2025-10-15 14:29:37', '2025-10-15 14:29:37'),
('2966', '1', 'eng', 'validation', 'present_if', 'The :attribute field must be present when :other is :value.', '2025-10-15 14:29:37', '2025-10-15 14:29:37'),
('2967', '1', 'eng', 'validation', 'present_unless', 'The :attribute field must be present unless :other is :value.', '2025-10-15 14:29:37', '2025-10-15 14:29:37'),
('2968', '1', 'eng', 'validation', 'present_with', 'The :attribute field must be present when :values is present.', '2025-10-15 14:29:37', '2025-10-15 14:29:37'),
('2969', '1', 'eng', 'validation', 'present_with_all', 'The :attribute field must be present when :values are present.', '2025-10-15 14:29:37', '2025-10-15 14:29:37'),
('2970', '1', 'eng', 'validation', 'prohibited', 'The :attribute field is prohibited.', '2025-10-15 14:29:37', '2025-10-15 14:29:37'),
('2971', '1', 'eng', 'validation', 'prohibited_if', 'The :attribute field is prohibited when :other is :value.', '2025-10-15 14:29:37', '2025-10-15 14:29:37'),
('2972', '1', 'eng', 'validation', 'prohibited_unless', 'The :attribute field is prohibited unless :other is in :values.', '2025-10-15 14:29:37', '2025-10-15 14:29:37'),
('2973', '1', 'eng', 'validation', 'prohibits', 'The :attribute field prohibits :other from being present.', '2025-10-15 14:29:37', '2025-10-15 14:29:37'),
('2974', '1', 'eng', 'validation', 'regex', 'The :attribute field format is invalid.', '2025-10-15 14:29:37', '2025-10-15 14:29:37'),
('2975', '1', 'eng', 'validation', 'required', 'The :attribute field is required.', '2025-10-15 14:29:37', '2025-10-15 14:29:37'),
('2976', '1', 'eng', 'validation', 'required_array_keys', 'The :attribute field must contain entries for: :values.', '2025-10-15 14:29:37', '2025-10-15 14:29:37'),
('2977', '1', 'eng', 'validation', 'required_if', 'The :attribute field is required when :other is :value.', '2025-10-15 14:29:37', '2025-10-15 14:29:37'),
('2978', '1', 'eng', 'validation', 'required_if_accepted', 'The :attribute field is required when :other is accepted.', '2025-10-15 14:29:37', '2025-10-15 14:29:37'),
('2979', '1', 'eng', 'validation', 'required_if_declined', 'The :attribute field is required when :other is declined.', '2025-10-15 14:29:37', '2025-10-15 14:29:37'),
('2980', '1', 'eng', 'validation', 'required_unless', 'The :attribute field is required unless :other is in :values.', '2025-10-15 14:29:37', '2025-10-15 14:29:37'),
('2981', '1', 'eng', 'validation', 'required_with', 'The :attribute field is required when :values is present.', '2025-10-15 14:29:37', '2025-10-15 14:29:37'),
('2982', '1', 'eng', 'validation', 'required_with_all', 'The :attribute field is required when :values are present.', '2025-10-15 14:29:37', '2025-10-15 14:29:37'),
('2983', '1', 'eng', 'validation', 'required_without', 'The :attribute field is required when :values is not present.', '2025-10-15 14:29:37', '2025-10-15 14:29:37'),
('2984', '1', 'eng', 'validation', 'required_without_all', 'The :attribute field is required when none of :values are present.', '2025-10-15 14:29:37', '2025-10-15 14:29:37'),
('2985', '1', 'eng', 'validation', 'same', 'The :attribute field must match :other.', '2025-10-15 14:29:37', '2025-10-15 14:29:37'),
('2986', '1', 'eng', 'validation', 'size.array', 'The :attribute field must contain :size items.', '2025-10-15 14:29:37', '2025-10-15 14:29:37'),
('2987', '1', 'eng', 'validation', 'size.file', 'The :attribute field must be :size kilobytes.', '2025-10-15 14:29:37', '2025-10-15 14:29:37'),
('2988', '1', 'eng', 'validation', 'size.numeric', 'The :attribute field must be :size.', '2025-10-15 14:29:37', '2025-10-15 14:29:37'),
('2989', '1', 'eng', 'validation', 'size.string', 'The :attribute field must be :size characters.', '2025-10-15 14:29:37', '2025-10-15 14:29:37'),
('2990', '1', 'eng', 'validation', 'starts_with', 'The :attribute field must start with one of the following: :values.', '2025-10-15 14:29:37', '2025-10-15 14:29:37'),
('2991', '1', 'eng', 'validation', 'string', 'The :attribute field must be a string.', '2025-10-15 14:29:37', '2025-10-15 14:29:37'),
('2992', '1', 'eng', 'validation', 'timezone', 'The :attribute field must be a valid timezone.', '2025-10-15 14:29:37', '2025-10-15 14:29:37'),
('2993', '1', 'eng', 'validation', 'unique', 'The :attribute has already been taken.', '2025-10-15 14:29:37', '2025-10-15 14:29:37'),
('2994', '1', 'eng', 'validation', 'uploaded', 'The :attribute failed to upload.', '2025-10-15 14:29:37', '2025-10-15 14:29:37'),
('2995', '1', 'eng', 'validation', 'uppercase', 'The :attribute field must be uppercase.', '2025-10-15 14:29:37', '2025-10-15 14:29:37'),
('2996', '1', 'eng', 'validation', 'url', 'The :attribute field must be a valid URL.', '2025-10-15 14:29:37', '2025-10-15 14:29:37'),
('2997', '1', 'eng', 'validation', 'ulid', 'The :attribute field must be a valid ULID.', '2025-10-15 14:29:37', '2025-10-15 14:29:37'),
('2998', '1', 'eng', 'validation', 'uuid', 'The :attribute field must be a valid UUID.', '2025-10-15 14:29:37', '2025-10-15 14:29:37'),
('2999', '1', 'eng', 'validation', 'custom.attribute-name.rule-name', 'custom-message', '2025-10-15 14:29:37', '2025-10-15 14:29:37'),
('3000', '1', 'eng', 'validation', 'variationNameRequired', 'The variation name is required.', '2025-10-15 14:29:37', '2025-10-15 14:29:37');

INSERT INTO `ltm_translations` VALUES
('3001', '1', 'eng', 'validation', 'variationPriceRequired', 'The variation price is required.', '2025-10-15 14:29:37', '2025-10-15 14:29:37'),
('3002', '1', 'eng', 'validation', 'variationPriceNumeric', 'The variation price must be a number.', '2025-10-15 14:29:37', '2025-10-15 14:29:37'),
('3003', '1', 'eng', 'validation', 'itemNameRequired', 'The item name is required for the :language language.', '2025-10-15 14:29:37', '2025-10-15 14:29:37'),
('3004', '1', 'eng', 'validation', 'menuNameRequired', 'The menu name is required for the :language language.', '2025-10-15 14:29:37', '2025-10-15 14:29:37'),
('3005', '1', 'eng', 'validation', 'categoryNameRequired', 'The category name is required for the :language language.', '2025-10-15 14:29:37', '2025-10-15 14:29:37'),
('3006', '1', 'eng', 'validation', 'categoryNameUnique', 'The category name for the :language language has already been taken.', '2025-10-15 14:29:37', '2025-10-15 14:29:37'),
('3007', '1', 'eng', 'validation', 'alreadyAssociatedGroup', 'The selected modifier group is already associated with this menu item.', '2025-10-15 14:29:37', '2025-10-15 14:29:37'),
('3008', '1', 'eng', 'validation', 'cannotRemoveTranslation', 'Cannot remove the :language translation as it is required.', '2025-10-15 14:29:37', '2025-10-15 14:29:37'),
('3009', '1', 'eng', 'validation', 'InvalidFlutterwaveKeyOrSecret', 'Invalid Flutterwave key or secret.', '2025-10-15 14:29:37', '2025-10-15 14:29:37'),
('3010', '1', 'eng', 'validation', 'flutterwaveStatusRequired', 'Flutterwave status is required.', '2025-10-15 14:29:37', '2025-10-15 14:29:37'),
('3011', '1', 'eng', 'validation', 'flutterwaveModeRequired', 'Flutterwave mode is required.', '2025-10-15 14:29:37', '2025-10-15 14:29:37'),
('3012', '1', 'eng', 'validation', 'liveFlutterwaveKeyRequired', 'Live Flutterwave key is required.', '2025-10-15 14:29:37', '2025-10-15 14:29:37'),
('3013', '1', 'eng', 'validation', 'liveFlutterwaveSecretRequired', 'Live Flutterwave secret is required.', '2025-10-15 14:29:37', '2025-10-15 14:29:37'),
('3014', '1', 'eng', 'validation', 'liveFlutterwaveHashRequired', 'Live Flutterwave hash is required.', '2025-10-15 14:29:37', '2025-10-15 14:29:37'),
('3015', '1', 'eng', 'validation', 'testFlutterwaveKeyRequired', 'Test Flutterwave key is required.', '2025-10-15 14:29:37', '2025-10-15 14:29:37'),
('3016', '1', 'eng', 'validation', 'testFlutterwaveSecretRequired', 'Test Flutterwave secret is required.', '2025-10-15 14:29:37', '2025-10-15 14:29:37'),
('3017', '1', 'eng', 'validation', 'testFlutterwaveHashRequired', 'Test Flutterwave hash is required.', '2025-10-15 14:29:37', '2025-10-15 14:29:37'),
('3018', '1', 'eng', 'validation', 'greaterThanPrevious', 'This field must be greater than the previous tier\'s maximum distance.', '2025-10-15 14:29:37', '2025-10-15 14:29:37'),
('3019', '1', 'eng', 'validation', 'tiers.required', 'The tiers field is required.', '2025-10-15 14:29:37', '2025-10-15 14:29:37'),
('3020', '1', 'eng', 'validation', 'modifierGroupNameRequired', 'Modifier group name is required for the :language language.', '2025-10-15 14:29:37', '2025-10-15 14:29:37'),
('3021', '1', 'eng', 'validation', 'modifierOptionNameRequired', 'Option name is required for the :language language.', '2025-10-15 14:29:37', '2025-10-15 14:29:37'),
('3022', '1', 'eng', 'validation', 'atLeastOneVariationRequired', 'At least one variation with name and price is required.', '2025-10-15 14:29:37', '2025-10-15 14:29:37'),
('3023', '1', 'eng', 'validation', 'orderTypeNameRequired', 'Order type name is required.', '2025-10-15 14:29:37', '2025-10-15 14:29:37'),
('3024', '1', 'eng', 'validation', 'orderTypeRequired', 'Order type is required.', '2025-10-15 14:29:37', '2025-10-15 14:29:37'),
('3025', '1', 'eng', 'validation', 'invalidOrderType', 'The selected order type is invalid.', '2025-10-15 14:29:37', '2025-10-15 14:29:37'),
('3026', '1', 'eng', 'validation', 'requiredModifierGroup', 'The \':name\' modifier group is required. Please select at least one option.', '2025-10-15 14:29:37', '2025-10-15 14:29:37');


-- Table structure for table `menu_item_tax`
CREATE TABLE `menu_item_tax` (
  `id` bigint(20) unsigned NOT NULL AUTO_INCREMENT,
  `menu_item_id` bigint(20) unsigned NOT NULL,
  `tax_id` bigint(20) unsigned NOT NULL,
  PRIMARY KEY (`id`),
  KEY `menu_item_tax_menu_item_id_foreign` (`menu_item_id`),
  KEY `menu_item_tax_tax_id_foreign` (`tax_id`),
  CONSTRAINT `menu_item_tax_menu_item_id_foreign` FOREIGN KEY (`menu_item_id`) REFERENCES `menu_items` (`id`) ON DELETE CASCADE ON UPDATE CASCADE,
  CONSTRAINT `menu_item_tax_tax_id_foreign` FOREIGN KEY (`tax_id`) REFERENCES `taxes` (`id`) ON DELETE CASCADE
) ENGINE=InnoDB DEFAULT CHARSET=utf8mb4 COLLATE=utf8mb4_unicode_ci;


-- Table structure for table `menu_item_translations`
CREATE TABLE `menu_item_translations` (
  `id` bigint(20) unsigned NOT NULL AUTO_INCREMENT,
  `menu_item_id` bigint(20) unsigned NOT NULL,
  `locale` varchar(191) NOT NULL,
  `item_name` varchar(191) NOT NULL,
  `description` text DEFAULT NULL,
  PRIMARY KEY (`id`),
  UNIQUE KEY `menu_item_translations_menu_item_id_locale_unique` (`menu_item_id`,`locale`),
  KEY `menu_item_translations_locale_index` (`locale`),
  CONSTRAINT `menu_item_translations_menu_item_id_foreign` FOREIGN KEY (`menu_item_id`) REFERENCES `menu_items` (`id`) ON DELETE CASCADE
) ENGINE=InnoDB AUTO_INCREMENT=9 DEFAULT CHARSET=utf8mb4 COLLATE=utf8mb4_unicode_ci;

-- Dumping data for table `menu_item_translations`
INSERT INTO `menu_item_translations` VALUES
('1', '501', 'en', 'Margherita Pizza', NULL),
('3', '503', 'en', 'Butter Chicken', 'Rich creamy chicken curry with butter and spices.'),
('4', '504', 'en', 'Paneer Butter Masala', 'Paneer cubes cooked in buttery tomato gravy.'),
('5', '505', 'en', 'Dal Makhani', 'Black lentils simmered overnight with cream.'),
('6', '506', 'en', 'Rogan Josh', 'Spicy lamb curry from Kashmir.'),
('7', '507', 'en', 'Pani Puri', 'Crispy puris filled with tangy spiced water.'),
('8', '508', 'en', 'Aloo Tikki Chaat', 'Crispy potato patties topped with chutneys.');


-- Table structure for table `menu_item_variations`
CREATE TABLE `menu_item_variations` (
  `id` bigint(20) unsigned NOT NULL AUTO_INCREMENT,
  `variation` varchar(191) NOT NULL,
  `price` decimal(16,2) NOT NULL,
  `menu_item_id` bigint(20) unsigned NOT NULL,
  `created_at` timestamp NULL DEFAULT NULL,
  `updated_at` timestamp NULL DEFAULT NULL,
  PRIMARY KEY (`id`),
  KEY `menu_item_variations_menu_item_id_foreign` (`menu_item_id`),
  CONSTRAINT `menu_item_variations_menu_item_id_foreign` FOREIGN KEY (`menu_item_id`) REFERENCES `menu_items` (`id`) ON DELETE CASCADE ON UPDATE CASCADE
) ENGINE=InnoDB AUTO_INCREMENT=11 DEFAULT CHARSET=utf8mb4 COLLATE=utf8mb4_unicode_ci;

-- Dumping data for table `menu_item_variations`
INSERT INTO `menu_item_variations` VALUES
('1', 'Small', '130.00', '503', '2025-10-08 08:47:24', '2025-10-08 08:47:24'),
('2', 'Half', '250.00', '503', '2025-10-08 08:47:24', '2025-10-08 08:47:24'),
('3', 'Full', '400.00', '503', '2025-10-08 08:47:24', '2025-10-08 08:47:24'),
('4', 'Small', '120.00', '504', '2025-10-08 08:48:17', '2025-10-08 08:48:17'),
('5', 'Half', '210.00', '504', '2025-10-08 08:48:17', '2025-10-08 08:48:17'),
('6', 'Full', '400.00', '504', '2025-10-08 08:48:17', '2025-10-08 08:48:17'),
('7', 'Half', '110.00', '505', '2025-10-08 08:49:15', '2025-10-08 08:49:15'),
('8', 'Full', '200.00', '505', '2025-10-08 08:49:15', '2025-10-08 08:49:15'),
('9', 'Half', '300.00', '506', '2025-10-08 08:50:17', '2025-10-08 08:50:17'),
('10', 'Full', '500.00', '506', '2025-10-08 08:50:17', '2025-10-08 08:50:17');


-- Table structure for table `menu_items`
CREATE TABLE `menu_items` (
  `id` bigint(20) unsigned NOT NULL AUTO_INCREMENT,
  `branch_id` bigint(20) unsigned DEFAULT NULL,
  `kot_place_id` bigint(20) unsigned DEFAULT NULL,
  `item_name` varchar(191) NOT NULL,
  `image` varchar(191) DEFAULT NULL,
  `description` text DEFAULT NULL,
  `type` enum('veg','non-veg','egg','drink','other','halal') DEFAULT NULL,
  `price` decimal(16,2) DEFAULT NULL,
  `menu_id` bigint(20) unsigned NOT NULL,
  `item_category_id` bigint(20) unsigned NOT NULL,
  `created_at` timestamp NULL DEFAULT NULL,
  `updated_at` timestamp NULL DEFAULT NULL,
  `preparation_time` int(11) DEFAULT NULL,
  `is_available` tinyint(1) NOT NULL DEFAULT 1,
  `show_on_customer_site` tinyint(1) NOT NULL DEFAULT 1,
  `in_stock` tinyint(1) NOT NULL DEFAULT 1,
  `sort_order` int(10) unsigned NOT NULL DEFAULT 0,
  `tax_inclusive` tinyint(1) NOT NULL DEFAULT 0,
  PRIMARY KEY (`id`),
  KEY `menu_items_menu_id_foreign` (`menu_id`),
  KEY `menu_items_item_category_id_foreign` (`item_category_id`),
  KEY `idx_branch_available` (`branch_id`,`is_available`),
  CONSTRAINT `menu_items_branch_id_foreign` FOREIGN KEY (`branch_id`) REFERENCES `branches` (`id`) ON DELETE CASCADE ON UPDATE CASCADE,
  CONSTRAINT `menu_items_item_category_id_foreign` FOREIGN KEY (`item_category_id`) REFERENCES `item_categories` (`id`) ON DELETE CASCADE ON UPDATE CASCADE,
  CONSTRAINT `menu_items_menu_id_foreign` FOREIGN KEY (`menu_id`) REFERENCES `menus` (`id`) ON DELETE CASCADE ON UPDATE CASCADE
) ENGINE=InnoDB AUTO_INCREMENT=509 DEFAULT CHARSET=utf8mb4 COLLATE=utf8mb4_unicode_ci;

-- Dumping data for table `menu_items`
INSERT INTO `menu_items` VALUES
('1', '1', '1', 'Paneer Butter Masala', NULL, 'Paneer Butter Masala from our Indian Veg Curries selection.', 'veg', '269.52', '1', '1', '2025-09-17 06:04:58', '2025-09-17 06:04:58', NULL, '1', '1', '1', '0', '0'),
('2', '1', '1', 'Kadai Paneer', NULL, 'Kadai Paneer from our Indian Veg Curries selection.', 'veg', '183.50', '1', '1', '2025-09-17 06:04:58', '2025-09-17 06:04:58', NULL, '1', '1', '1', '0', '0'),
('3', '1', '1', 'Shahi Paneer', NULL, 'Shahi Paneer from our Indian Veg Curries selection.', 'veg', '218.50', '1', '1', '2025-09-17 06:04:58', '2025-09-17 06:04:58', NULL, '1', '1', '1', '0', '0'),
('4', '1', '1', 'Palak Paneer', NULL, 'Palak Paneer from our Indian Veg Curries selection.', 'veg', '211.25', '1', '1', '2025-09-17 06:04:58', '2025-09-17 06:04:58', NULL, '1', '1', '1', '0', '0'),
('5', '1', '1', 'Matar Paneer', NULL, 'Matar Paneer from our Indian Veg Curries selection.', 'veg', '283.11', '1', '1', '2025-09-17 06:04:58', '2025-09-17 06:04:58', NULL, '1', '1', '1', '0', '0'),
('6', '1', '1', 'Paneer Tikka Masala', NULL, 'Paneer Tikka Masala from our Indian Veg Curries selection.', 'veg', '274.74', '1', '1', '2025-09-17 06:04:58', '2025-09-17 06:04:58', NULL, '1', '1', '1', '0', '0'),
('7', '1', '1', 'Dal Makhani', NULL, 'Dal Makhani from our Indian Veg Curries selection.', 'veg', '304.91', '1', '1', '2025-09-17 06:04:58', '2025-09-17 06:04:58', NULL, '1', '1', '1', '0', '0'),
('8', '1', '1', 'Dal Tadka', NULL, 'Dal Tadka from our Indian Veg Curries selection.', 'veg', '192.17', '1', '1', '2025-09-17 06:04:58', '2025-09-17 06:04:58', NULL, '1', '1', '1', '0', '0'),
('9', '1', '1', 'Chana Masala', NULL, 'Chana Masala from our Indian Veg Curries selection.', 'veg', '239.07', '1', '1', '2025-09-17 06:04:58', '2025-09-17 06:04:58', NULL, '1', '1', '1', '0', '0'),
('10', '1', '1', 'Aloo Gobi', NULL, 'Aloo Gobi from our Indian Veg Curries selection.', 'veg', '184.17', '1', '1', '2025-09-17 06:04:58', '2025-09-17 06:04:58', NULL, '1', '1', '1', '0', '0'),
('11', '1', '1', 'Baingan Bharta', NULL, 'Baingan Bharta from our Indian Veg Curries selection.', 'veg', '210.61', '1', '1', '2025-09-17 06:04:58', '2025-09-17 06:04:58', NULL, '1', '1', '1', '0', '0'),
('12', '1', '1', 'Bhindi Masala', NULL, 'Bhindi Masala from our Indian Veg Curries selection.', 'veg', '250.75', '1', '1', '2025-09-17 06:04:58', '2025-09-17 06:04:58', NULL, '1', '1', '1', '0', '0'),
('13', '1', '1', 'Mix Veg Curry', NULL, 'Mix Veg Curry from our Indian Veg Curries selection.', 'veg', '183.72', '1', '1', '2025-09-17 06:04:58', '2025-09-17 06:04:58', NULL, '1', '1', '1', '0', '0'),
('14', '1', '1', 'Malai Kofta', NULL, 'Malai Kofta from our Indian Veg Curries selection.', 'veg', '207.84', '1', '1', '2025-09-17 06:04:58', '2025-09-17 06:04:58', NULL, '1', '1', '1', '0', '0'),
('15', '1', '1', 'Veg Kolhapuri', NULL, 'Veg Kolhapuri from our Indian Veg Curries selection.', 'veg', '270.98', '1', '1', '2025-09-17 06:04:58', '2025-09-17 06:04:58', NULL, '1', '1', '1', '0', '0'),
('16', '1', '1', 'Navratan Korma', NULL, 'Navratan Korma from our Indian Veg Curries selection.', 'veg', '256.29', '1', '1', '2025-09-17 06:04:58', '2025-09-17 06:04:58', NULL, '1', '1', '1', '0', '0'),
('17', '1', '1', 'Methi Malai Matar', NULL, 'Methi Malai Matar from our Indian Veg Curries selection.', 'veg', '210.86', '1', '1', '2025-09-17 06:04:58', '2025-09-17 06:04:58', NULL, '1', '1', '1', '0', '0'),
('18', '1', '1', 'Kadhi Pakora', NULL, 'Kadhi Pakora from our Indian Veg Curries selection.', 'veg', '262.50', '1', '1', '2025-09-17 06:04:58', '2025-09-17 06:04:58', NULL, '1', '1', '1', '0', '0'),
('19', '1', '1', 'Paneer Lababdar', NULL, 'Paneer Lababdar from our Indian Veg Curries selection.', 'veg', '293.32', '1', '1', '2025-09-17 06:04:58', '2025-09-17 06:04:58', NULL, '1', '1', '1', '0', '0'),
('20', '1', '1', 'Veg Jaipuri', NULL, 'Veg Jaipuri from our Indian Veg Curries selection.', 'veg', '180.91', '1', '1', '2025-09-17 06:04:58', '2025-09-17 06:04:58', NULL, '1', '1', '1', '0', '0'),
('21', '1', '1', 'Butter Chicken', NULL, 'Butter Chicken from our Indian Non-Veg Curries selection.', 'non-veg', '381.16', '1', '2', '2025-09-17 06:04:58', '2025-09-17 06:04:58', NULL, '1', '1', '1', '0', '0'),
('22', '1', '1', 'Chicken Tikka Masala', NULL, 'Chicken Tikka Masala from our Indian Non-Veg Curries selection.', 'non-veg', '359.63', '1', '2', '2025-09-17 06:04:58', '2025-09-17 06:04:58', NULL, '1', '1', '1', '0', '0'),
('23', '1', '1', 'Chicken Korma', NULL, 'Chicken Korma from our Indian Non-Veg Curries selection.', 'non-veg', '288.05', '1', '2', '2025-09-17 06:04:58', '2025-09-17 06:04:58', NULL, '1', '1', '1', '0', '0'),
('24', '1', '1', 'Chicken Curry Home Style', NULL, 'Chicken Curry Home Style from our Indian Non-Veg Curries selection.', 'non-veg', '251.10', '1', '2', '2025-09-17 06:04:58', '2025-09-17 06:04:58', NULL, '1', '1', '1', '0', '0'),
('25', '1', '1', 'Chicken Chettinad', NULL, 'Chicken Chettinad from our Indian Non-Veg Curries selection.', 'non-veg', '411.44', '1', '2', '2025-09-17 06:04:58', '2025-09-17 06:04:58', NULL, '1', '1', '1', '0', '0'),
('26', '1', '1', 'Chicken Handi', NULL, 'Chicken Handi from our Indian Non-Veg Curries selection.', 'non-veg', '287.32', '1', '2', '2025-09-17 06:04:58', '2025-09-17 06:04:58', NULL, '1', '1', '1', '0', '0'),
('27', '1', '1', 'Chicken Bhuna', NULL, 'Chicken Bhuna from our Indian Non-Veg Curries selection.', 'non-veg', '238.55', '1', '2', '2025-09-17 06:04:58', '2025-09-17 06:04:58', NULL, '1', '1', '1', '0', '0'),
('28', '1', '1', 'Mutton Rogan Josh', NULL, 'Mutton Rogan Josh from our Indian Non-Veg Curries selection.', 'non-veg', '239.34', '1', '2', '2025-09-17 06:04:58', '2025-09-17 06:04:58', NULL, '1', '1', '1', '0', '0'),
('29', '1', '1', 'Mutton Korma', NULL, 'Mutton Korma from our Indian Non-Veg Curries selection.', 'non-veg', '389.50', '1', '2', '2025-09-17 06:04:58', '2025-09-17 06:04:58', NULL, '1', '1', '1', '0', '0'),
('30', '1', '1', 'Mutton Bhuna', NULL, 'Mutton Bhuna from our Indian Non-Veg Curries selection.', 'non-veg', '340.75', '1', '2', '2025-09-17 06:04:58', '2025-09-17 06:04:58', NULL, '1', '1', '1', '0', '0'),
('31', '1', '1', 'Fish Curry Goan', NULL, 'Fish Curry Goan from our Indian Non-Veg Curries selection.', 'non-veg', '381.43', '1', '2', '2025-09-17 06:04:58', '2025-09-17 06:04:58', NULL, '1', '1', '1', '0', '0'),
('32', '1', '1', 'Fish Curry Bengali', NULL, 'Fish Curry Bengali from our Indian Non-Veg Curries selection.', 'non-veg', '365.95', '1', '2', '2025-09-17 06:04:58', '2025-09-17 06:04:58', NULL, '1', '1', '1', '0', '0'),
('33', '1', '1', 'Prawn Masala', NULL, 'Prawn Masala from our Indian Non-Veg Curries selection.', 'non-veg', '327.25', '1', '2', '2025-09-17 06:04:58', '2025-09-17 06:04:58', NULL, '1', '1', '1', '0', '0'),
('34', '1', '1', 'Egg Curry', NULL, 'Egg Curry from our Indian Non-Veg Curries selection.', 'egg', '414.62', '1', '2', '2025-09-17 06:04:58', '2025-09-17 06:04:58', NULL, '1', '1', '1', '0', '0'),
('35', '1', '1', 'Keema Matar', NULL, 'Keema Matar from our Indian Non-Veg Curries selection.', 'non-veg', '295.71', '1', '2', '2025-09-17 06:04:58', '2025-09-17 06:04:58', NULL, '1', '1', '1', '0', '0'),
('36', '1', '1', 'Chicken Saagwala', NULL, 'Chicken Saagwala from our Indian Non-Veg Curries selection.', 'non-veg', '330.41', '1', '2', '2025-09-17 06:04:58', '2025-09-17 06:04:58', NULL, '1', '1', '1', '0', '0'),
('37', '1', '1', 'Chicken Vindaloo', NULL, 'Chicken Vindaloo from our Indian Non-Veg Curries selection.', 'non-veg', '385.88', '1', '2', '2025-09-17 06:04:58', '2025-09-17 06:04:58', NULL, '1', '1', '1', '0', '0'),
('38', '1', '1', 'Chicken Do Pyaza', NULL, 'Chicken Do Pyaza from our Indian Non-Veg Curries selection.', 'non-veg', '343.70', '1', '2', '2025-09-17 06:04:58', '2025-09-17 06:04:58', NULL, '1', '1', '1', '0', '0'),
('39', '1', '1', 'Idli Sambar', NULL, 'Idli Sambar from our South Indian selection.', 'veg', '200.64', '1', '3', '2025-09-17 06:04:58', '2025-09-17 06:04:58', NULL, '1', '1', '1', '0', '0'),
('40', '1', '1', 'Medu Vada Sambar', NULL, 'Medu Vada Sambar from our South Indian selection.', 'veg', '160.83', '1', '3', '2025-09-17 06:04:58', '2025-09-17 06:04:58', NULL, '1', '1', '1', '0', '0'),
('41', '1', '1', 'Plain Dosa', NULL, 'Plain Dosa from our South Indian selection.', 'veg', '178.64', '1', '3', '2025-09-17 06:04:58', '2025-09-17 06:04:58', NULL, '1', '1', '1', '0', '0'),
('42', '1', '1', 'Masala Dosa', NULL, 'Masala Dosa from our South Indian selection.', 'veg', '86.42', '1', '3', '2025-09-17 06:04:58', '2025-09-17 06:04:58', NULL, '1', '1', '1', '0', '0'),
('43', '1', '1', 'Onion Rava Dosa', NULL, 'Onion Rava Dosa from our South Indian selection.', 'veg', '111.91', '1', '3', '2025-09-17 06:04:58', '2025-09-17 06:04:58', NULL, '1', '1', '1', '0', '0'),
('44', '1', '1', 'Mysore Masala Dosa', NULL, 'Mysore Masala Dosa from our South Indian selection.', 'veg', '120.51', '1', '3', '2025-09-17 06:04:58', '2025-09-17 06:04:58', NULL, '1', '1', '1', '0', '0'),
('45', '1', '1', 'Ghee Roast Dosa', NULL, 'Ghee Roast Dosa from our South Indian selection.', 'veg', '91.17', '1', '3', '2025-09-17 06:04:58', '2025-09-17 06:04:58', NULL, '1', '1', '1', '0', '0'),
('46', '1', '1', 'Paper Dosa', NULL, 'Paper Dosa from our South Indian selection.', 'veg', '112.59', '1', '3', '2025-09-17 06:04:58', '2025-09-17 06:04:58', NULL, '1', '1', '1', '0', '0'),
('47', '1', '1', 'Paneer Dosa', NULL, 'Paneer Dosa from our South Indian selection.', 'veg', '94.14', '1', '3', '2025-09-17 06:04:58', '2025-09-17 06:04:58', NULL, '1', '1', '1', '0', '0'),
('48', '1', '1', 'Cheese Dosa', NULL, 'Cheese Dosa from our South Indian selection.', 'veg', '118.92', '1', '3', '2025-09-17 06:04:58', '2025-09-17 06:04:58', NULL, '1', '1', '1', '0', '0'),
('49', '1', '1', 'Uttapam Onion', NULL, 'Uttapam Onion from our South Indian selection.', 'veg', '169.00', '1', '3', '2025-09-17 06:04:58', '2025-09-17 06:04:58', NULL, '1', '1', '1', '0', '0'),
('50', '1', '1', 'Uttapam Mix Veg', NULL, 'Uttapam Mix Veg from our South Indian selection.', 'veg', '131.08', '1', '3', '2025-09-17 06:04:58', '2025-09-17 06:04:58', NULL, '1', '1', '1', '0', '0'),
('51', '1', '1', 'Pongal', NULL, 'Pongal from our South Indian selection.', 'veg', '131.83', '1', '3', '2025-09-17 06:04:58', '2025-09-17 06:04:58', NULL, '1', '1', '1', '0', '0'),
('52', '1', '1', 'Curd Rice', NULL, 'Curd Rice from our South Indian selection.', 'veg', '109.33', '1', '3', '2025-09-17 06:04:58', '2025-09-17 06:04:58', NULL, '1', '1', '1', '0', '0'),
('53', '1', '1', 'Lemon Rice', NULL, 'Lemon Rice from our South Indian selection.', 'veg', '117.38', '1', '3', '2025-09-17 06:04:58', '2025-09-17 06:04:58', NULL, '1', '1', '1', '0', '0'),
('54', '1', '1', 'Tamarind Rice', NULL, 'Tamarind Rice from our South Indian selection.', 'veg', '211.13', '1', '3', '2025-09-17 06:04:58', '2025-09-17 06:04:58', NULL, '1', '1', '1', '0', '0'),
('55', '1', '1', 'Sambar Rice', NULL, 'Sambar Rice from our South Indian selection.', 'veg', '170.72', '1', '3', '2025-09-17 06:04:58', '2025-09-17 06:04:58', NULL, '1', '1', '1', '0', '0'),
('56', '1', '1', 'Rasam Rice', NULL, 'Rasam Rice from our South Indian selection.', 'veg', '165.28', '1', '3', '2025-09-17 06:04:58', '2025-09-17 06:04:58', NULL, '1', '1', '1', '0', '0'),
('57', '1', '1', 'Veg Biryani', NULL, 'Veg Biryani from our Biryani & Rice selection.', 'veg', '164.50', '1', '4', '2025-09-17 06:04:58', '2025-09-17 06:04:58', NULL, '1', '1', '1', '0', '0'),
('58', '1', '1', 'Paneer Biryani', NULL, 'Paneer Biryani from our Biryani & Rice selection.', 'veg', '309.57', '1', '4', '2025-09-17 06:04:58', '2025-09-17 06:04:58', NULL, '1', '1', '1', '0', '0'),
('59', '1', '1', 'Mushroom Biryani', NULL, 'Mushroom Biryani from our Biryani & Rice selection.', 'veg', '162.48', '1', '4', '2025-09-17 06:04:58', '2025-09-17 06:04:58', NULL, '1', '1', '1', '0', '0'),
('60', '1', '1', 'Hyderabadi Veg Biryani', NULL, 'Hyderabadi Veg Biryani from our Biryani & Rice selection.', 'veg', '218.66', '1', '4', '2025-09-17 06:04:58', '2025-09-17 06:04:58', NULL, '1', '1', '1', '0', '0'),
('61', '1', '1', 'Jeera Rice', NULL, 'Jeera Rice from our Biryani & Rice selection.', 'veg', '377.28', '1', '4', '2025-09-17 06:04:58', '2025-09-17 06:04:58', NULL, '1', '1', '1', '0', '0'),
('62', '1', '1', 'Peas Pulao', NULL, 'Peas Pulao from our Biryani & Rice selection.', 'veg', '286.40', '1', '4', '2025-09-17 06:04:58', '2025-09-17 06:04:58', NULL, '1', '1', '1', '0', '0'),
('63', '1', '1', 'Veg Fried Rice', NULL, 'Veg Fried Rice from our Biryani & Rice selection.', 'veg', '264.81', '1', '4', '2025-09-17 06:04:58', '2025-09-17 06:04:58', NULL, '1', '1', '1', '0', '0'),
('64', '1', '1', 'Curd Rice Tempered', NULL, 'Curd Rice Tempered from our Biryani & Rice selection.', 'veg', '298.00', '1', '4', '2025-09-17 06:04:58', '2025-09-17 06:04:58', NULL, '1', '1', '1', '0', '0'),
('65', '1', '1', 'Chicken Biryani', NULL, 'Chicken Biryani from our Biryani & Rice selection.', 'non-veg', '339.14', '1', '4', '2025-09-17 06:04:58', '2025-09-17 06:04:58', NULL, '1', '1', '1', '0', '0'),
('66', '1', '1', 'Chicken Dum Biryani', NULL, 'Chicken Dum Biryani from our Biryani & Rice selection.', 'non-veg', '321.76', '1', '4', '2025-09-17 06:04:58', '2025-09-17 06:04:58', NULL, '1', '1', '1', '0', '0'),
('67', '1', '1', 'Chicken Tikka Biryani', NULL, 'Chicken Tikka Biryani from our Biryani & Rice selection.', 'non-veg', '179.55', '1', '4', '2025-09-17 06:04:58', '2025-09-17 06:04:58', NULL, '1', '1', '1', '0', '0'),
('68', '1', '1', 'Mutton Biryani', NULL, 'Mutton Biryani from our Biryani & Rice selection.', 'non-veg', '128.35', '1', '4', '2025-09-17 06:04:58', '2025-09-17 06:04:58', NULL, '1', '1', '1', '0', '0'),
('69', '1', '1', 'Egg Biryani', NULL, 'Egg Biryani from our Biryani & Rice selection.', 'egg', '202.02', '1', '4', '2025-09-17 06:04:58', '2025-09-17 06:04:58', NULL, '1', '1', '1', '0', '0'),
('70', '1', '1', 'Egg Fried Rice', NULL, 'Egg Fried Rice from our Biryani & Rice selection.', 'egg', '189.61', '1', '4', '2025-09-17 06:04:58', '2025-09-17 06:04:58', NULL, '1', '1', '1', '0', '0'),
('71', '1', '1', 'Prawn Biryani', NULL, 'Prawn Biryani from our Biryani & Rice selection.', 'non-veg', '174.86', '1', '4', '2025-09-17 06:04:58', '2025-09-17 06:04:58', NULL, '1', '1', '1', '0', '0'),
('72', '1', '1', 'Fish Biryani', NULL, 'Fish Biryani from our Biryani & Rice selection.', 'non-veg', '365.16', '1', '4', '2025-09-17 06:04:58', '2025-09-17 06:04:58', NULL, '1', '1', '1', '0', '0'),
('73', '1', '1', 'Schezwan Fried Rice', NULL, 'Schezwan Fried Rice from our Biryani & Rice selection.', 'veg', '347.86', '1', '4', '2025-09-17 06:04:58', '2025-09-17 06:04:58', NULL, '1', '1', '1', '0', '0'),
('74', '1', '1', 'Brown Rice Plain', NULL, 'Brown Rice Plain from our Biryani & Rice selection.', 'veg', '201.82', '1', '4', '2025-09-17 06:04:58', '2025-09-17 06:04:58', NULL, '1', '1', '1', '0', '0'),
('75', '1', '1', 'Tandoori Roti', NULL, 'Tandoori Roti from our Indian Breads selection.', 'veg', '85.54', '1', '5', '2025-09-17 06:04:58', '2025-09-17 06:04:58', NULL, '1', '1', '1', '0', '0'),
('76', '1', '1', 'Butter Roti', NULL, 'Butter Roti from our Indian Breads selection.', 'veg', '59.56', '1', '5', '2025-09-17 06:04:58', '2025-09-17 06:04:58', NULL, '1', '1', '1', '0', '0'),
('77', '1', '1', 'Plain Naan', NULL, 'Plain Naan from our Indian Breads selection.', 'veg', '111.45', '1', '5', '2025-09-17 06:04:58', '2025-09-17 06:04:58', NULL, '1', '1', '1', '0', '0'),
('78', '1', '1', 'Butter Naan', NULL, 'Butter Naan from our Indian Breads selection.', 'veg', '65.89', '1', '5', '2025-09-17 06:04:58', '2025-09-17 06:04:58', NULL, '1', '1', '1', '0', '0'),
('79', '1', '1', 'Garlic Naan', NULL, 'Garlic Naan from our Indian Breads selection.', 'veg', '46.49', '1', '5', '2025-09-17 06:04:58', '2025-09-17 06:04:58', NULL, '1', '1', '1', '0', '0'),
('80', '1', '1', 'Lachha Paratha', NULL, 'Lachha Paratha from our Indian Breads selection.', 'veg', '44.66', '1', '5', '2025-09-17 06:04:58', '2025-09-17 06:04:58', NULL, '1', '1', '1', '0', '0'),
('81', '1', '1', 'Aloo Paratha', NULL, 'Aloo Paratha from our Indian Breads selection.', 'veg', '76.14', '1', '5', '2025-09-17 06:04:58', '2025-09-17 06:04:58', NULL, '1', '1', '1', '0', '0'),
('82', '1', '1', 'Paneer Paratha', NULL, 'Paneer Paratha from our Indian Breads selection.', 'veg', '46.27', '1', '5', '2025-09-17 06:04:58', '2025-09-17 06:04:58', NULL, '1', '1', '1', '0', '0'),
('83', '1', '1', 'Missi Roti', NULL, 'Missi Roti from our Indian Breads selection.', 'veg', '78.46', '1', '5', '2025-09-17 06:04:58', '2025-09-17 06:04:58', NULL, '1', '1', '1', '0', '0'),
('84', '1', '1', 'Stuffed Kulcha', NULL, 'Stuffed Kulcha from our Indian Breads selection.', 'veg', '109.78', '1', '5', '2025-09-17 06:04:58', '2025-09-17 06:04:58', NULL, '1', '1', '1', '0', '0'),
('85', '1', '1', 'Amritsari Kulcha', NULL, 'Amritsari Kulcha from our Indian Breads selection.', 'veg', '59.94', '1', '5', '2025-09-17 06:04:58', '2025-09-17 06:04:58', NULL, '1', '1', '1', '0', '0'),
('86', '1', '1', 'Roomali Roti', NULL, 'Roomali Roti from our Indian Breads selection.', 'veg', '41.93', '1', '5', '2025-09-17 06:04:58', '2025-09-17 06:04:58', NULL, '1', '1', '1', '0', '0'),
('87', '1', '1', 'Pani Puri', NULL, 'Pani Puri from our Chaat & Street Food selection.', 'veg', '219.61', '1', '6', '2025-09-17 06:04:58', '2025-09-17 06:04:58', NULL, '1', '1', '1', '0', '0'),
('88', '1', '1', 'Sev Puri', NULL, 'Sev Puri from our Chaat & Street Food selection.', 'veg', '141.52', '1', '6', '2025-09-17 06:04:58', '2025-09-17 06:04:58', NULL, '1', '1', '1', '0', '0'),
('89', '1', '1', 'Dahi Puri', NULL, 'Dahi Puri from our Chaat & Street Food selection.', 'veg', '74.55', '1', '6', '2025-09-17 06:04:58', '2025-09-17 06:04:58', NULL, '1', '1', '1', '0', '0'),
('90', '1', '1', 'Bhel Puri', NULL, 'Bhel Puri from our Chaat & Street Food selection.', 'veg', '67.54', '1', '6', '2025-09-17 06:04:58', '2025-09-17 06:04:58', NULL, '1', '1', '1', '0', '0'),
('91', '1', '1', 'Ragda Pattice', NULL, 'Ragda Pattice from our Chaat & Street Food selection.', 'veg', '77.54', '1', '6', '2025-09-17 06:04:58', '2025-09-17 06:04:58', NULL, '1', '1', '1', '0', '0'),
('92', '1', '1', 'Aloo Tikki Chaat', NULL, 'Aloo Tikki Chaat from our Chaat & Street Food selection.', 'veg', '160.39', '1', '6', '2025-09-17 06:04:58', '2025-09-17 06:04:58', NULL, '1', '1', '1', '0', '0'),
('93', '1', '1', 'Papdi Chaat', NULL, 'Papdi Chaat from our Chaat & Street Food selection.', 'veg', '186.73', '1', '6', '2025-09-17 06:04:58', '2025-09-17 06:04:58', NULL, '1', '1', '1', '0', '0'),
('94', '1', '1', 'Dahi Bhalla', NULL, 'Dahi Bhalla from our Chaat & Street Food selection.', 'veg', '127.55', '1', '6', '2025-09-17 06:04:58', '2025-09-17 06:04:58', NULL, '1', '1', '1', '0', '0'),
('95', '1', '1', 'Samosa Chaat', NULL, 'Samosa Chaat from our Chaat & Street Food selection.', 'veg', '70.16', '1', '6', '2025-09-17 06:04:58', '2025-09-17 06:04:58', NULL, '1', '1', '1', '0', '0'),
('96', '1', '1', 'Chole Bhature', NULL, 'Chole Bhature from our Chaat & Street Food selection.', 'veg', '121.06', '1', '6', '2025-09-17 06:04:58', '2025-09-17 06:04:58', NULL, '1', '1', '1', '0', '0'),
('97', '1', '1', 'Pav Bhaji', NULL, 'Pav Bhaji from our Chaat & Street Food selection.', 'veg', '219.38', '1', '6', '2025-09-17 06:04:58', '2025-09-17 06:04:58', NULL, '1', '1', '1', '0', '0'),
('98', '1', '1', 'Vada Pav', NULL, 'Vada Pav from our Chaat & Street Food selection.', 'veg', '144.66', '1', '6', '2025-09-17 06:04:58', '2025-09-17 06:04:58', NULL, '1', '1', '1', '0', '0'),
('99', '1', '1', 'Kathi Roll Paneer', NULL, 'Kathi Roll Paneer from our Chaat & Street Food selection.', 'veg', '215.37', '1', '6', '2025-09-17 06:04:58', '2025-09-17 06:04:58', NULL, '1', '1', '1', '0', '0'),
('100', '1', '1', 'Kathi Roll Chicken', NULL, 'Kathi Roll Chicken from our Chaat & Street Food selection.', 'non-veg', '197.72', '1', '6', '2025-09-17 06:04:58', '2025-09-17 06:04:58', NULL, '1', '1', '1', '0', '0'),
('101', '1', '1', 'Kachori Sabzi', NULL, 'Kachori Sabzi from our Chaat & Street Food selection.', 'veg', '61.84', '1', '6', '2025-09-17 06:04:58', '2025-09-17 06:04:58', NULL, '1', '1', '1', '0', '0'),
('102', '1', '1', 'Poha Jalebi', NULL, 'Poha Jalebi from our Chaat & Street Food selection.', 'veg', '175.32', '1', '6', '2025-09-17 06:04:58', '2025-09-17 06:04:58', NULL, '1', '1', '1', '0', '0'),
('103', '1', '1', 'Kanda Poha', NULL, 'Kanda Poha from our Chaat & Street Food selection.', 'veg', '169.07', '1', '6', '2025-09-17 06:04:58', '2025-09-17 06:04:58', NULL, '1', '1', '1', '0', '0'),
('104', '1', '1', 'Raj Kachori', NULL, 'Raj Kachori from our Chaat & Street Food selection.', 'veg', '145.92', '1', '6', '2025-09-17 06:04:58', '2025-09-17 06:04:58', NULL, '1', '1', '1', '0', '0'),
('105', '1', '1', 'Paneer Tikka', NULL, 'Paneer Tikka from our Tandoor & Kebabs selection.', 'veg', '237.38', '1', '7', '2025-09-17 06:04:58', '2025-09-17 06:04:58', NULL, '1', '1', '1', '0', '0'),
('106', '1', '1', 'Paneer Malai Tikka', NULL, 'Paneer Malai Tikka from our Tandoor & Kebabs selection.', 'veg', '345.88', '1', '7', '2025-09-17 06:04:58', '2025-09-17 06:04:58', NULL, '1', '1', '1', '0', '0'),
('107', '1', '1', 'Soya Chaap Tikka', NULL, 'Soya Chaap Tikka from our Tandoor & Kebabs selection.', 'veg', '192.35', '1', '7', '2025-09-17 06:04:58', '2025-09-17 06:04:58', NULL, '1', '1', '1', '0', '0'),
('108', '1', '1', 'Tandoori Aloo', NULL, 'Tandoori Aloo from our Tandoor & Kebabs selection.', 'veg', '286.08', '1', '7', '2025-09-17 06:04:58', '2025-09-17 06:04:58', NULL, '1', '1', '1', '0', '0'),
('109', '1', '1', 'Veg Seekh Kebab', NULL, 'Veg Seekh Kebab from our Tandoor & Kebabs selection.', 'veg', '291.58', '1', '7', '2025-09-17 06:04:58', '2025-09-17 06:04:58', NULL, '1', '1', '1', '0', '0'),
('110', '1', '1', 'Achari Paneer Tikka', NULL, 'Achari Paneer Tikka from our Tandoor & Kebabs selection.', 'veg', '436.61', '1', '7', '2025-09-17 06:04:58', '2025-09-17 06:04:58', NULL, '1', '1', '1', '0', '0'),
('111', '1', '1', 'Chicken Tikka', NULL, 'Chicken Tikka from our Tandoor & Kebabs selection.', 'non-veg', '414.00', '1', '7', '2025-09-17 06:04:58', '2025-09-17 06:04:58', NULL, '1', '1', '1', '0', '0'),
('112', '1', '1', 'Chicken Malai Tikka', NULL, 'Chicken Malai Tikka from our Tandoor & Kebabs selection.', 'non-veg', '236.38', '1', '7', '2025-09-17 06:04:58', '2025-09-17 06:04:58', NULL, '1', '1', '1', '0', '0'),
('113', '1', '1', 'Chicken Seekh Kebab', NULL, 'Chicken Seekh Kebab from our Tandoor & Kebabs selection.', 'non-veg', '305.17', '1', '7', '2025-09-17 06:04:58', '2025-09-17 06:04:58', NULL, '1', '1', '1', '0', '0'),
('114', '1', '1', 'Tandoori Chicken Half', NULL, 'Tandoori Chicken Half from our Tandoor & Kebabs selection.', 'non-veg', '211.81', '1', '7', '2025-09-17 06:04:58', '2025-09-17 06:04:58', NULL, '1', '1', '1', '0', '0'),
('115', '1', '1', 'Tandoori Chicken Full', NULL, 'Tandoori Chicken Full from our Tandoor & Kebabs selection.', 'non-veg', '424.66', '1', '7', '2025-09-17 06:04:58', '2025-09-17 06:04:58', NULL, '1', '1', '1', '0', '0'),
('116', '1', '1', 'Mutton Seekh Kebab', NULL, 'Mutton Seekh Kebab from our Tandoor & Kebabs selection.', 'non-veg', '412.45', '1', '7', '2025-09-17 06:04:58', '2025-09-17 06:04:58', NULL, '1', '1', '1', '0', '0'),
('117', '1', '1', 'Fish Tikka', NULL, 'Fish Tikka from our Tandoor & Kebabs selection.', 'non-veg', '246.55', '1', '7', '2025-09-17 06:04:58', '2025-09-17 06:04:58', NULL, '1', '1', '1', '0', '0'),
('118', '1', '1', 'Amritsari Fish Fry', NULL, 'Amritsari Fish Fry from our Tandoor & Kebabs selection.', 'non-veg', '345.30', '1', '7', '2025-09-17 06:04:58', '2025-09-17 06:04:58', NULL, '1', '1', '1', '0', '0'),
('119', '1', '1', 'Prawn Tandoori', NULL, 'Prawn Tandoori from our Tandoor & Kebabs selection.', 'non-veg', '336.60', '1', '7', '2025-09-17 06:04:58', '2025-09-17 06:04:58', NULL, '1', '1', '1', '0', '0'),
('120', '1', '1', 'Afghani Chicken', NULL, 'Afghani Chicken from our Tandoor & Kebabs selection.', 'non-veg', '204.32', '1', '7', '2025-09-17 06:04:58', '2025-09-17 06:04:58', NULL, '1', '1', '1', '0', '0'),
('121', '1', '1', 'Tangdi Kebab', NULL, 'Tangdi Kebab from our Tandoor & Kebabs selection.', 'non-veg', '381.13', '1', '7', '2025-09-17 06:04:58', '2025-09-17 06:04:58', NULL, '1', '1', '1', '0', '0'),
('122', '1', '1', 'Kalmi Kebab', NULL, 'Kalmi Kebab from our Tandoor & Kebabs selection.', 'non-veg', '316.42', '1', '7', '2025-09-17 06:04:58', '2025-09-17 06:04:58', NULL, '1', '1', '1', '0', '0'),
('123', '1', '1', 'Tandoori Broccoli', NULL, 'Tandoori Broccoli from our Tandoor & Kebabs selection.', 'veg', '385.80', '1', '7', '2025-09-17 06:04:58', '2025-09-17 06:04:58', NULL, '1', '1', '1', '0', '0'),
('124', '1', '1', 'Stuffed Mushroom Tikka', NULL, 'Stuffed Mushroom Tikka from our Tandoor & Kebabs selection.', 'veg', '313.80', '1', '7', '2025-09-17 06:04:58', '2025-09-17 06:04:58', NULL, '1', '1', '1', '0', '0'),
('125', '1', '1', 'Veg Manchurian Gravy', NULL, 'Veg Manchurian Gravy from our Indo-Chinese selection.', 'veg', '140.13', '1', '8', '2025-09-17 06:04:58', '2025-09-17 06:04:58', NULL, '1', '1', '1', '0', '0'),
('126', '1', '1', 'Veg Manchurian Dry', NULL, 'Veg Manchurian Dry from our Indo-Chinese selection.', 'veg', '211.31', '1', '8', '2025-09-17 06:04:58', '2025-09-17 06:04:58', NULL, '1', '1', '1', '0', '0'),
('127', '1', '1', 'Chilli Paneer Gravy', NULL, 'Chilli Paneer Gravy from our Indo-Chinese selection.', 'veg', '144.28', '1', '8', '2025-09-17 06:04:58', '2025-09-17 06:04:58', NULL, '1', '1', '1', '0', '0'),
('128', '1', '1', 'Chilli Paneer Dry', NULL, 'Chilli Paneer Dry from our Indo-Chinese selection.', 'veg', '344.40', '1', '8', '2025-09-17 06:04:58', '2025-09-17 06:04:58', NULL, '1', '1', '1', '0', '0'),
('129', '1', '1', 'Gobi Manchurian', NULL, 'Gobi Manchurian from our Indo-Chinese selection.', 'veg', '333.32', '1', '8', '2025-09-17 06:04:58', '2025-09-17 06:04:58', NULL, '1', '1', '1', '0', '0'),
('130', '1', '1', 'Chilli Mushroom', NULL, 'Chilli Mushroom from our Indo-Chinese selection.', 'veg', '322.97', '1', '8', '2025-09-17 06:04:58', '2025-09-17 06:04:58', NULL, '1', '1', '1', '0', '0'),
('131', '1', '1', 'Hakka Noodles Veg', NULL, 'Hakka Noodles Veg from our Indo-Chinese selection.', 'veg', '207.65', '1', '8', '2025-09-17 06:04:58', '2025-09-17 06:04:58', NULL, '1', '1', '1', '0', '0'),
('132', '1', '1', 'Schezwan Noodles Veg', NULL, 'Schezwan Noodles Veg from our Indo-Chinese selection.', 'veg', '152.74', '1', '8', '2025-09-17 06:04:58', '2025-09-17 06:04:58', NULL, '1', '1', '1', '0', '0'),
('133', '1', '1', 'Triple Schezwan Rice Veg', NULL, 'Triple Schezwan Rice Veg from our Indo-Chinese selection.', 'veg', '333.16', '1', '8', '2025-09-17 06:04:58', '2025-09-17 06:04:58', NULL, '1', '1', '1', '0', '0'),
('134', '1', '1', 'American Chopsuey Veg', NULL, 'American Chopsuey Veg from our Indo-Chinese selection.', 'veg', '348.33', '1', '8', '2025-09-17 06:04:58', '2025-09-17 06:04:58', NULL, '1', '1', '1', '0', '0'),
('135', '1', '1', 'Chicken Lollipop', NULL, 'Chicken Lollipop from our Indo-Chinese selection.', 'non-veg', '158.84', '1', '8', '2025-09-17 06:04:58', '2025-09-17 06:04:58', NULL, '1', '1', '1', '0', '0'),
('136', '1', '1', 'Chilli Chicken Gravy', NULL, 'Chilli Chicken Gravy from our Indo-Chinese selection.', 'non-veg', '246.92', '1', '8', '2025-09-17 06:04:58', '2025-09-17 06:04:58', NULL, '1', '1', '1', '0', '0'),
('137', '1', '1', 'Chilli Chicken Dry', NULL, 'Chilli Chicken Dry from our Indo-Chinese selection.', 'non-veg', '155.23', '1', '8', '2025-09-17 06:04:58', '2025-09-17 06:04:58', NULL, '1', '1', '1', '0', '0'),
('138', '1', '1', 'Hakka Noodles Chicken', NULL, 'Hakka Noodles Chicken from our Indo-Chinese selection.', 'non-veg', '307.33', '1', '8', '2025-09-17 06:04:58', '2025-09-17 06:04:58', NULL, '1', '1', '1', '0', '0'),
('139', '1', '1', 'Schezwan Noodles Chicken', NULL, 'Schezwan Noodles Chicken from our Indo-Chinese selection.', 'non-veg', '308.48', '1', '8', '2025-09-17 06:04:58', '2025-09-17 06:04:58', NULL, '1', '1', '1', '0', '0'),
('140', '1', '1', 'Egg Hakka Noodles', NULL, 'Egg Hakka Noodles from our Indo-Chinese selection.', 'egg', '168.25', '1', '8', '2025-09-17 06:04:58', '2025-09-17 06:04:58', NULL, '1', '1', '1', '0', '0'),
('141', '1', '1', 'Egg Schezwan Noodles', NULL, 'Egg Schezwan Noodles from our Indo-Chinese selection.', 'egg', '244.56', '1', '8', '2025-09-17 06:04:58', '2025-09-17 06:04:58', NULL, '1', '1', '1', '0', '0'),
('142', '1', '1', 'Egg Chilli Garlic Fried Rice', NULL, 'Egg Chilli Garlic Fried Rice from our Indo-Chinese selection.', 'egg', '260.96', '1', '8', '2025-09-17 06:04:58', '2025-09-17 06:04:58', NULL, '1', '1', '1', '0', '0'),
('143', '1', '1', 'Prawn Chilli Garlic', NULL, 'Prawn Chilli Garlic from our Indo-Chinese selection.', 'non-veg', '198.31', '1', '8', '2025-09-17 06:04:58', '2025-09-17 06:04:58', NULL, '1', '1', '1', '0', '0'),
('144', '1', '1', 'Fish Chilli Basil', NULL, 'Fish Chilli Basil from our Indo-Chinese selection.', 'non-veg', '331.94', '1', '8', '2025-09-17 06:04:58', '2025-09-17 06:04:58', NULL, '1', '1', '1', '0', '0'),
('145', '1', '1', 'Penne Arrabbiata', NULL, 'Penne Arrabbiata from our Continental & Pastas selection.', 'veg', '294.25', '1', '9', '2025-09-17 06:04:58', '2025-09-17 06:04:58', NULL, '1', '1', '1', '0', '0'),
('146', '1', '1', 'Penne Alfredo', NULL, 'Penne Alfredo from our Continental & Pastas selection.', 'veg', '237.19', '1', '9', '2025-09-17 06:04:58', '2025-09-17 06:04:58', NULL, '1', '1', '1', '0', '0'),
('147', '1', '1', 'Spaghetti Aglio e Olio', NULL, 'Spaghetti Aglio e Olio from our Continental & Pastas selection.', 'veg', '325.61', '1', '9', '2025-09-17 06:04:58', '2025-09-17 06:04:58', NULL, '1', '1', '1', '0', '0'),
('148', '1', '1', 'Spaghetti Pomodoro', NULL, 'Spaghetti Pomodoro from our Continental & Pastas selection.', 'veg', '377.08', '1', '9', '2025-09-17 06:04:58', '2025-09-17 06:04:58', NULL, '1', '1', '1', '0', '0'),
('149', '1', '1', 'Fusilli Pesto', NULL, 'Fusilli Pesto from our Continental & Pastas selection.', 'veg', '234.31', '1', '9', '2025-09-17 06:04:58', '2025-09-17 06:04:58', NULL, '1', '1', '1', '0', '0'),
('150', '1', '1', 'Mac and Cheese', NULL, 'Mac and Cheese from our Continental & Pastas selection.', 'veg', '264.16', '1', '9', '2025-09-17 06:04:58', '2025-09-17 06:04:58', NULL, '1', '1', '1', '0', '0'),
('151', '1', '1', 'Veg Lasagna', NULL, 'Veg Lasagna from our Continental & Pastas selection.', 'veg', '448.69', '1', '9', '2025-09-17 06:04:58', '2025-09-17 06:04:58', NULL, '1', '1', '1', '0', '0'),
('152', '1', '1', 'Grilled Cottage Cheese Steak', NULL, 'Grilled Cottage Cheese Steak from our Continental & Pastas selection.', 'veg', '355.47', '1', '9', '2025-09-17 06:04:58', '2025-09-17 06:04:58', NULL, '1', '1', '1', '0', '0'),
('153', '1', '1', 'Sauteed Vegetables Plate', NULL, 'Sauteed Vegetables Plate from our Continental & Pastas selection.', 'veg', '298.29', '1', '9', '2025-09-17 06:04:58', '2025-09-17 06:04:58', NULL, '1', '1', '1', '0', '0'),
('154', '1', '1', 'Herb Rice with Veggies', NULL, 'Herb Rice with Veggies from our Continental & Pastas selection.', 'veg', '319.75', '1', '9', '2025-09-17 06:04:58', '2025-09-17 06:04:58', NULL, '1', '1', '1', '0', '0'),
('155', '1', '1', 'Chicken Alfredo Pasta', NULL, 'Chicken Alfredo Pasta from our Continental & Pastas selection.', 'non-veg', '212.67', '1', '9', '2025-09-17 06:04:58', '2025-09-17 06:04:58', NULL, '1', '1', '1', '0', '0'),
('156', '1', '1', 'Chicken Arrabbiata Pasta', NULL, 'Chicken Arrabbiata Pasta from our Continental & Pastas selection.', 'non-veg', '240.67', '1', '9', '2025-09-17 06:04:58', '2025-09-17 06:04:58', NULL, '1', '1', '1', '0', '0'),
('157', '1', '1', 'Grilled Chicken Breast', NULL, 'Grilled Chicken Breast from our Continental & Pastas selection.', 'non-veg', '271.28', '1', '9', '2025-09-17 06:04:58', '2025-09-17 06:04:58', NULL, '1', '1', '1', '0', '0'),
('158', '1', '1', 'Chicken Stroganoff', NULL, 'Chicken Stroganoff from our Continental & Pastas selection.', 'non-veg', '338.84', '1', '9', '2025-09-17 06:04:58', '2025-09-17 06:04:58', NULL, '1', '1', '1', '0', '0'),
('159', '1', '1', 'Fish and Chips', NULL, 'Fish and Chips from our Continental & Pastas selection.', 'non-veg', '242.13', '1', '9', '2025-09-17 06:04:58', '2025-09-17 06:04:58', NULL, '1', '1', '1', '0', '0'),
('160', '1', '1', 'Herb-Grilled Fish Fillet', NULL, 'Herb-Grilled Fish Fillet from our Continental & Pastas selection.', 'non-veg', '239.46', '1', '9', '2025-09-17 06:04:58', '2025-09-17 06:04:58', NULL, '1', '1', '1', '0', '0'),
('161', '1', '1', 'Chicken Caesar Salad', NULL, 'Chicken Caesar Salad from our Continental & Pastas selection.', 'non-veg', '199.17', '1', '9', '2025-09-17 06:04:58', '2025-09-17 06:04:58', NULL, '1', '1', '1', '0', '0'),
('162', '1', '1', 'Greek Salad', NULL, 'Greek Salad from our Continental & Pastas selection.', 'veg', '350.40', '1', '9', '2025-09-17 06:04:58', '2025-09-17 06:04:58', NULL, '1', '1', '1', '0', '0'),
('163', '1', '1', 'Mushroom Risotto', NULL, 'Mushroom Risotto from our Continental & Pastas selection.', 'veg', '241.81', '1', '9', '2025-09-17 06:04:58', '2025-09-17 06:04:58', NULL, '1', '1', '1', '0', '0'),
('164', '1', '1', 'Chicken Risotto', NULL, 'Chicken Risotto from our Continental & Pastas selection.', 'non-veg', '424.46', '1', '9', '2025-09-17 06:04:58', '2025-09-17 06:04:58', NULL, '1', '1', '1', '0', '0'),
('165', '1', '1', 'Margherita Pizza Personal', NULL, 'Margherita Pizza Personal from our Pizzas selection.', 'veg', '546.66', '1', '10', '2025-09-17 06:04:58', '2025-09-17 06:04:58', NULL, '1', '1', '1', '0', '0'),
('166', '1', '1', 'Margherita Pizza Medium', NULL, 'Margherita Pizza Medium from our Pizzas selection.', 'veg', '246.93', '1', '10', '2025-09-17 06:04:58', '2025-09-17 06:04:58', NULL, '1', '1', '1', '0', '0'),
('167', '1', '1', 'Farmhouse Pizza Personal', NULL, 'Farmhouse Pizza Personal from our Pizzas selection.', 'veg', '310.44', '1', '10', '2025-09-17 06:04:58', '2025-09-17 06:04:58', NULL, '1', '1', '1', '0', '0'),
('168', '1', '1', 'Farmhouse Pizza Medium', NULL, 'Farmhouse Pizza Medium from our Pizzas selection.', 'veg', '474.21', '1', '10', '2025-09-17 06:04:58', '2025-09-17 06:04:58', NULL, '1', '1', '1', '0', '0'),
('169', '1', '1', 'Veggie Supreme Pizza Personal', NULL, 'Veggie Supreme Pizza Personal from our Pizzas selection.', 'veg', '301.41', '1', '10', '2025-09-17 06:04:58', '2025-09-17 06:04:58', NULL, '1', '1', '1', '0', '0'),
('170', '1', '1', 'Veggie Supreme Pizza Medium', NULL, 'Veggie Supreme Pizza Medium from our Pizzas selection.', 'veg', '270.28', '1', '10', '2025-09-17 06:04:58', '2025-09-17 06:04:58', NULL, '1', '1', '1', '0', '0'),
('171', '1', '1', 'Paneer Tikka Pizza Personal', NULL, 'Paneer Tikka Pizza Personal from our Pizzas selection.', 'veg', '575.50', '1', '10', '2025-09-17 06:04:58', '2025-09-17 06:04:58', NULL, '1', '1', '1', '0', '0'),
('172', '1', '1', 'Paneer Tikka Pizza Medium', NULL, 'Paneer Tikka Pizza Medium from our Pizzas selection.', 'veg', '437.00', '1', '10', '2025-09-17 06:04:58', '2025-09-17 06:04:58', NULL, '1', '1', '1', '0', '0'),
('173', '1', '1', 'Corn & Cheese Pizza Personal', NULL, 'Corn & Cheese Pizza Personal from our Pizzas selection.', 'veg', '399.61', '1', '10', '2025-09-17 06:04:58', '2025-09-17 06:04:58', NULL, '1', '1', '1', '0', '0'),
('174', '1', '1', 'Corn & Cheese Pizza Medium', NULL, 'Corn & Cheese Pizza Medium from our Pizzas selection.', 'veg', '518.16', '1', '10', '2025-09-17 06:04:58', '2025-09-17 06:04:58', NULL, '1', '1', '1', '0', '0'),
('175', '1', '1', 'Pepperoni Pizza Personal', NULL, 'Pepperoni Pizza Personal from our Pizzas selection.', 'non-veg', '526.85', '1', '10', '2025-09-17 06:04:58', '2025-09-17 06:04:58', NULL, '1', '1', '1', '0', '0'),
('176', '1', '1', 'Pepperoni Pizza Medium', NULL, 'Pepperoni Pizza Medium from our Pizzas selection.', 'non-veg', '292.36', '1', '10', '2025-09-17 06:04:58', '2025-09-17 06:04:58', NULL, '1', '1', '1', '0', '0'),
('177', '1', '1', 'BBQ Chicken Pizza Personal', NULL, 'BBQ Chicken Pizza Personal from our Pizzas selection.', 'non-veg', '256.83', '1', '10', '2025-09-17 06:04:58', '2025-09-17 06:04:58', NULL, '1', '1', '1', '0', '0'),
('178', '1', '1', 'BBQ Chicken Pizza Medium', NULL, 'BBQ Chicken Pizza Medium from our Pizzas selection.', 'non-veg', '383.80', '1', '10', '2025-09-17 06:04:58', '2025-09-17 06:04:58', NULL, '1', '1', '1', '0', '0'),
('179', '1', '1', 'Chicken Tikka Pizza Personal', NULL, 'Chicken Tikka Pizza Personal from our Pizzas selection.', 'non-veg', '380.96', '1', '10', '2025-09-17 06:04:58', '2025-09-17 06:04:58', NULL, '1', '1', '1', '0', '0'),
('180', '1', '1', 'Chicken Tikka Pizza Medium', NULL, 'Chicken Tikka Pizza Medium from our Pizzas selection.', 'non-veg', '397.47', '1', '10', '2025-09-17 06:04:58', '2025-09-17 06:04:58', NULL, '1', '1', '1', '0', '0'),
('181', '1', '1', 'Four Cheese Pizza Medium', NULL, 'Four Cheese Pizza Medium from our Pizzas selection.', 'veg', '497.05', '1', '10', '2025-09-17 06:04:58', '2025-09-17 06:04:58', NULL, '1', '1', '1', '0', '0'),
('182', '1', '1', 'Mexican Green Wave Pizza Medium', NULL, 'Mexican Green Wave Pizza Medium from our Pizzas selection.', 'veg', '475.88', '1', '10', '2025-09-17 06:04:58', '2025-09-17 06:04:58', NULL, '1', '1', '1', '0', '0'),
('183', '1', '1', 'Peri Peri Paneer Pizza Medium', NULL, 'Peri Peri Paneer Pizza Medium from our Pizzas selection.', 'veg', '593.98', '1', '10', '2025-09-17 06:04:58', '2025-09-17 06:04:58', NULL, '1', '1', '1', '0', '0'),
('184', '1', '1', 'Tandoori Chicken Pizza Medium', NULL, 'Tandoori Chicken Pizza Medium from our Pizzas selection.', 'non-veg', '257.40', '1', '10', '2025-09-17 06:04:58', '2025-09-17 06:04:58', NULL, '1', '1', '1', '0', '0'),
('185', '1', '1', 'Garden Fresh Pizza Thin Crust', NULL, 'Garden Fresh Pizza Thin Crust from our Pizzas selection.', 'veg', '373.00', '1', '10', '2025-09-17 06:04:58', '2025-09-17 06:04:58', NULL, '1', '1', '1', '0', '0'),
('186', '1', '1', 'Smoked Chicken Pizza Thin Crust', NULL, 'Smoked Chicken Pizza Thin Crust from our Pizzas selection.', 'non-veg', '348.93', '1', '10', '2025-09-17 06:04:58', '2025-09-17 06:04:58', NULL, '1', '1', '1', '0', '0'),
('187', '1', '1', 'Classic Veg Burger', NULL, 'Classic Veg Burger from our Burgers & Sandwiches selection.', 'veg', '344.03', '1', '11', '2025-09-17 06:04:58', '2025-09-17 06:04:58', NULL, '1', '1', '1', '0', '0'),
('188', '1', '1', 'Cheese Veg Burger', NULL, 'Cheese Veg Burger from our Burgers & Sandwiches selection.', 'veg', '184.65', '1', '11', '2025-09-17 06:04:58', '2025-09-17 06:04:58', NULL, '1', '1', '1', '0', '0'),
('189', '1', '1', 'Crispy Paneer Burger', NULL, 'Crispy Paneer Burger from our Burgers & Sandwiches selection.', 'veg', '169.45', '1', '11', '2025-09-17 06:04:58', '2025-09-17 06:04:58', NULL, '1', '1', '1', '0', '0'),
('190', '1', '1', 'Aloo Tikki Burger', NULL, 'Aloo Tikki Burger from our Burgers & Sandwiches selection.', 'veg', '236.64', '1', '11', '2025-09-17 06:04:58', '2025-09-17 06:04:58', NULL, '1', '1', '1', '0', '0'),
('191', '1', '1', 'Mexican Veg Burger', NULL, 'Mexican Veg Burger from our Burgers & Sandwiches selection.', 'veg', '229.69', '1', '11', '2025-09-17 06:04:58', '2025-09-17 06:04:58', NULL, '1', '1', '1', '0', '0'),
('192', '1', '1', 'Grilled Veg Sandwich', NULL, 'Grilled Veg Sandwich from our Burgers & Sandwiches selection.', 'veg', '192.42', '1', '11', '2025-09-17 06:04:58', '2025-09-17 06:04:58', NULL, '1', '1', '1', '0', '0'),
('193', '1', '1', 'Bombay Masala Sandwich', NULL, 'Bombay Masala Sandwich from our Burgers & Sandwiches selection.', 'veg', '184.95', '1', '11', '2025-09-17 06:04:58', '2025-09-17 06:04:58', NULL, '1', '1', '1', '0', '0'),
('194', '1', '1', 'Paneer Tikka Sandwich', NULL, 'Paneer Tikka Sandwich from our Burgers & Sandwiches selection.', 'veg', '360.05', '1', '11', '2025-09-17 06:04:58', '2025-09-17 06:04:58', NULL, '1', '1', '1', '0', '0'),
('195', '1', '1', 'Club Sandwich Veg', NULL, 'Club Sandwich Veg from our Burgers & Sandwiches selection.', 'veg', '235.21', '1', '11', '2025-09-17 06:04:58', '2025-09-17 06:04:58', NULL, '1', '1', '1', '0', '0'),
('196', '1', '1', 'Chicken Burger Classic', NULL, 'Chicken Burger Classic from our Burgers & Sandwiches selection.', 'non-veg', '343.95', '1', '11', '2025-09-17 06:04:58', '2025-09-17 06:04:58', NULL, '1', '1', '1', '0', '0'),
('197', '1', '1', 'Chicken Burger Spicy', NULL, 'Chicken Burger Spicy from our Burgers & Sandwiches selection.', 'non-veg', '263.08', '1', '11', '2025-09-17 06:04:58', '2025-09-17 06:04:58', NULL, '1', '1', '1', '0', '0'),
('198', '1', '1', 'BBQ Chicken Burger', NULL, 'BBQ Chicken Burger from our Burgers & Sandwiches selection.', 'non-veg', '133.15', '1', '11', '2025-09-17 06:04:58', '2025-09-17 06:04:58', NULL, '1', '1', '1', '0', '0'),
('199', '1', '1', 'Crispy Chicken Burger', NULL, 'Crispy Chicken Burger from our Burgers & Sandwiches selection.', 'non-veg', '379.81', '1', '11', '2025-09-17 06:04:58', '2025-09-17 06:04:58', NULL, '1', '1', '1', '0', '0'),
('200', '1', '1', 'Peri Peri Chicken Burger', NULL, 'Peri Peri Chicken Burger from our Burgers & Sandwiches selection.', 'non-veg', '337.37', '1', '11', '2025-09-17 06:04:58', '2025-09-17 06:04:58', NULL, '1', '1', '1', '0', '0'),
('201', '1', '1', 'Egg Mayo Sandwich', NULL, 'Egg Mayo Sandwich from our Burgers & Sandwiches selection.', 'egg', '371.94', '1', '11', '2025-09-17 06:04:58', '2025-09-17 06:04:58', NULL, '1', '1', '1', '0', '0'),
('202', '1', '1', 'Chicken Club Sandwich', NULL, 'Chicken Club Sandwich from our Burgers & Sandwiches selection.', 'non-veg', '360.86', '1', '11', '2025-09-17 06:04:58', '2025-09-17 06:04:58', NULL, '1', '1', '1', '0', '0'),
('203', '1', '1', 'Tuna Sandwich', NULL, 'Tuna Sandwich from our Burgers & Sandwiches selection.', 'non-veg', '340.66', '1', '11', '2025-09-17 06:04:58', '2025-09-17 06:04:58', NULL, '1', '1', '1', '0', '0'),
('204', '1', '1', 'Grilled Chicken Sandwich', NULL, 'Grilled Chicken Sandwich from our Burgers & Sandwiches selection.', 'non-veg', '163.24', '1', '11', '2025-09-17 06:04:58', '2025-09-17 06:04:58', NULL, '1', '1', '1', '0', '0'),
('205', '1', '1', 'Double Patty Veg Burger', NULL, 'Double Patty Veg Burger from our Burgers & Sandwiches selection.', 'veg', '246.27', '1', '11', '2025-09-17 06:04:58', '2025-09-17 06:04:58', NULL, '1', '1', '1', '0', '0'),
('206', '1', '1', 'Paneer Kathi Roll', NULL, 'Paneer Kathi Roll from our Burgers & Sandwiches selection.', 'veg', '175.57', '1', '11', '2025-09-17 06:04:58', '2025-09-17 06:04:58', NULL, '1', '1', '1', '0', '0'),
('207', '1', '1', 'Chicken Kathi Roll', NULL, 'Chicken Kathi Roll from our Burgers & Sandwiches selection.', 'non-veg', '224.27', '1', '11', '2025-09-17 06:04:58', '2025-09-17 06:04:58', NULL, '1', '1', '1', '0', '0'),
('208', '1', '1', 'Egg Kathi Roll', NULL, 'Egg Kathi Roll from our Burgers & Sandwiches selection.', 'egg', '135.25', '1', '11', '2025-09-17 06:04:58', '2025-09-17 06:04:58', NULL, '1', '1', '1', '0', '0'),
('209', '1', '1', 'Gulab Jamun', NULL, 'Gulab Jamun from our Desserts selection.', 'veg', '148.22', '1', '12', '2025-09-17 06:04:58', '2025-09-17 06:04:58', NULL, '1', '1', '1', '0', '0'),
('210', '1', '1', 'Rasmalai', NULL, 'Rasmalai from our Desserts selection.', 'veg', '257.36', '1', '12', '2025-09-17 06:04:58', '2025-09-17 06:04:58', NULL, '1', '1', '1', '0', '0'),
('211', '1', '1', 'Rasgulla', NULL, 'Rasgulla from our Desserts selection.', 'veg', '127.74', '1', '12', '2025-09-17 06:04:58', '2025-09-17 06:04:58', NULL, '1', '1', '1', '0', '0'),
('212', '1', '1', 'Jalebi', NULL, 'Jalebi from our Desserts selection.', 'veg', '221.13', '1', '12', '2025-09-17 06:04:58', '2025-09-17 06:04:58', NULL, '1', '1', '1', '0', '0'),
('213', '1', '1', 'Gajar Halwa', NULL, 'Gajar Halwa from our Desserts selection.', 'veg', '161.90', '1', '12', '2025-09-17 06:04:58', '2025-09-17 06:04:58', NULL, '1', '1', '1', '0', '0'),
('214', '1', '1', 'Moong Dal Halwa', NULL, 'Moong Dal Halwa from our Desserts selection.', 'veg', '156.14', '1', '12', '2025-09-17 06:04:58', '2025-09-17 06:04:58', NULL, '1', '1', '1', '0', '0'),
('215', '1', '1', 'Kheer', NULL, 'Kheer from our Desserts selection.', 'veg', '252.32', '1', '12', '2025-09-17 06:04:58', '2025-09-17 06:04:58', NULL, '1', '1', '1', '0', '0'),
('216', '1', '1', 'Phirni', NULL, 'Phirni from our Desserts selection.', 'veg', '259.18', '1', '12', '2025-09-17 06:04:58', '2025-09-17 06:04:58', NULL, '1', '1', '1', '0', '0'),
('217', '1', '1', 'Kulfi Malai', NULL, 'Kulfi Malai from our Desserts selection.', 'veg', '180.04', '1', '12', '2025-09-17 06:04:58', '2025-09-17 06:04:58', NULL, '1', '1', '1', '0', '0'),
('218', '1', '1', 'Kulfi Pista', NULL, 'Kulfi Pista from our Desserts selection.', 'veg', '209.31', '1', '12', '2025-09-17 06:04:58', '2025-09-17 06:04:58', NULL, '1', '1', '1', '0', '0'),
('219', '1', '1', 'Matka Kulfi', NULL, 'Matka Kulfi from our Desserts selection.', 'veg', '107.86', '1', '12', '2025-09-17 06:04:58', '2025-09-17 06:04:58', NULL, '1', '1', '1', '0', '0'),
('220', '1', '1', 'Ice Cream Vanilla Scoop', NULL, 'Ice Cream Vanilla Scoop from our Desserts selection.', 'veg', '133.41', '1', '12', '2025-09-17 06:04:58', '2025-09-17 06:04:58', NULL, '1', '1', '1', '0', '0'),
('221', '1', '1', 'Ice Cream Chocolate Scoop', NULL, 'Ice Cream Chocolate Scoop from our Desserts selection.', 'veg', '254.37', '1', '12', '2025-09-17 06:04:58', '2025-09-17 06:04:58', NULL, '1', '1', '1', '0', '0'),
('222', '1', '1', 'Brownie with Ice Cream', NULL, 'Brownie with Ice Cream from our Desserts selection.', 'veg', '184.25', '1', '12', '2025-09-17 06:04:58', '2025-09-17 06:04:58', NULL, '1', '1', '1', '0', '0'),
('223', '1', '1', 'Sizzling Brownie', NULL, 'Sizzling Brownie from our Desserts selection.', 'veg', '177.60', '1', '12', '2025-09-17 06:04:58', '2025-09-17 06:04:58', NULL, '1', '1', '1', '0', '0'),
('224', '1', '1', 'Cheesecake Blueberry', NULL, 'Cheesecake Blueberry from our Desserts selection.', 'veg', '214.64', '1', '12', '2025-09-17 06:04:58', '2025-09-17 06:04:58', NULL, '1', '1', '1', '0', '0'),
('225', '1', '1', 'Tiramisu', NULL, 'Tiramisu from our Desserts selection.', 'veg', '90.29', '1', '12', '2025-09-17 06:04:58', '2025-09-17 06:04:58', NULL, '1', '1', '1', '0', '0'),
('226', '1', '1', 'Caramel Custard', NULL, 'Caramel Custard from our Desserts selection.', 'egg', '185.15', '1', '12', '2025-09-17 06:04:58', '2025-09-17 06:04:58', NULL, '1', '1', '1', '0', '0'),
('227', '1', '1', 'Apple Pie', NULL, 'Apple Pie from our Desserts selection.', 'veg', '170.51', '1', '12', '2025-09-17 06:04:58', '2025-09-17 06:04:58', NULL, '1', '1', '1', '0', '0'),
('228', '1', '1', 'Mysore Pak', NULL, 'Mysore Pak from our Desserts selection.', 'veg', '233.49', '1', '12', '2025-09-17 06:04:58', '2025-09-17 06:04:58', NULL, '1', '1', '1', '0', '0'),
('229', '1', '1', 'Shrikhand', NULL, 'Shrikhand from our Desserts selection.', 'veg', '108.34', '1', '12', '2025-09-17 06:04:58', '2025-09-17 06:04:58', NULL, '1', '1', '1', '0', '0'),
('230', '1', '1', 'Masala Chai', NULL, 'Masala Chai from our Beverages selection.', 'veg', '213.33', '1', '13', '2025-09-17 06:04:58', '2025-09-17 06:04:58', NULL, '1', '1', '1', '0', '0'),
('231', '1', '1', 'Ginger Tea', NULL, 'Ginger Tea from our Beverages selection.', 'veg', '63.62', '1', '13', '2025-09-17 06:04:58', '2025-09-17 06:04:58', NULL, '1', '1', '1', '0', '0'),
('232', '1', '1', 'Filter Coffee', NULL, 'Filter Coffee from our Beverages selection.', 'veg', '81.59', '1', '13', '2025-09-17 06:04:58', '2025-09-17 06:04:58', NULL, '1', '1', '1', '0', '0'),
('233', '1', '1', 'Cold Coffee Classic', NULL, 'Cold Coffee Classic from our Beverages selection.', 'veg', '151.16', '1', '13', '2025-09-17 06:04:58', '2025-09-17 06:04:58', NULL, '1', '1', '1', '0', '0'),
('234', '1', '1', 'Cold Coffee Frappe', NULL, 'Cold Coffee Frappe from our Beverages selection.', 'veg', '164.79', '1', '13', '2025-09-17 06:04:58', '2025-09-17 06:04:58', NULL, '1', '1', '1', '0', '0'),
('235', '1', '1', 'Iced Tea Lemon', NULL, 'Iced Tea Lemon from our Beverages selection.', 'veg', '89.98', '1', '13', '2025-09-17 06:04:58', '2025-09-17 06:04:58', NULL, '1', '1', '1', '0', '0'),
('236', '1', '1', 'Iced Tea Peach', NULL, 'Iced Tea Peach from our Beverages selection.', 'veg', '70.38', '1', '13', '2025-09-17 06:04:58', '2025-09-17 06:04:58', NULL, '1', '1', '1', '0', '0'),
('237', '1', '1', 'Fresh Lime Soda Sweet', NULL, 'Fresh Lime Soda Sweet from our Beverages selection.', 'veg', '201.35', '1', '13', '2025-09-17 06:04:58', '2025-09-17 06:04:58', NULL, '1', '1', '1', '0', '0'),
('238', '1', '1', 'Fresh Lime Soda Salted', NULL, 'Fresh Lime Soda Salted from our Beverages selection.', 'veg', '91.86', '1', '13', '2025-09-17 06:04:58', '2025-09-17 06:04:58', NULL, '1', '1', '1', '0', '0'),
('239', '1', '1', 'Sweet Lassi', NULL, 'Sweet Lassi from our Beverages selection.', 'veg', '151.07', '1', '13', '2025-09-17 06:04:58', '2025-09-17 06:04:58', NULL, '1', '1', '1', '0', '0'),
('240', '1', '1', 'Salted Lassi', NULL, 'Salted Lassi from our Beverages selection.', 'veg', '155.29', '1', '13', '2025-09-17 06:04:58', '2025-09-17 06:04:58', NULL, '1', '1', '1', '0', '0'),
('241', '1', '1', 'Mango Lassi', NULL, 'Mango Lassi from our Beverages selection.', 'veg', '121.27', '1', '13', '2025-09-17 06:04:58', '2025-09-17 06:04:58', NULL, '1', '1', '1', '0', '0'),
('242', '1', '1', 'Buttermilk Chaas', NULL, 'Buttermilk Chaas from our Beverages selection.', 'veg', '149.22', '1', '13', '2025-09-17 06:04:58', '2025-09-17 06:04:58', NULL, '1', '1', '1', '0', '0'),
('243', '1', '1', 'Thandai', NULL, 'Thandai from our Beverages selection.', 'veg', '138.87', '1', '13', '2025-09-17 06:04:58', '2025-09-17 06:04:58', NULL, '1', '1', '1', '0', '0'),
('244', '1', '1', 'Badam Milk', NULL, 'Badam Milk from our Beverages selection.', 'veg', '208.90', '1', '13', '2025-09-17 06:04:58', '2025-09-17 06:04:58', NULL, '1', '1', '1', '0', '0'),
('245', '1', '1', 'Watermelon Juice', NULL, 'Watermelon Juice from our Beverages selection.', 'veg', '84.72', '1', '13', '2025-09-17 06:04:58', '2025-09-17 06:04:58', NULL, '1', '1', '1', '0', '0'),
('246', '1', '1', 'Orange Juice', NULL, 'Orange Juice from our Beverages selection.', 'veg', '171.75', '1', '13', '2025-09-17 06:04:58', '2025-09-17 06:04:58', NULL, '1', '1', '1', '0', '0'),
('247', '1', '1', 'Pineapple Juice', NULL, 'Pineapple Juice from our Beverages selection.', 'veg', '90.58', '1', '13', '2025-09-17 06:04:58', '2025-09-17 06:04:58', NULL, '1', '1', '1', '0', '0'),
('248', '1', '1', 'Mint Mojito', NULL, 'Mint Mojito from our Beverages selection.', 'veg', '117.28', '1', '13', '2025-09-17 06:04:58', '2025-09-17 06:04:58', NULL, '1', '1', '1', '0', '0'),
('249', '1', '1', 'Strawberry Milkshake', NULL, 'Strawberry Milkshake from our Beverages selection.', 'veg', '164.19', '1', '13', '2025-09-17 06:04:58', '2025-09-17 06:04:58', NULL, '1', '1', '1', '0', '0'),
('250', '1', '1', 'Chocolate Milkshake', NULL, 'Chocolate Milkshake from our Beverages selection.', 'veg', '101.00', '1', '13', '2025-09-17 06:04:58', '2025-09-17 06:04:58', NULL, '1', '1', '1', '0', '0'),
('251', '3', '3', 'Paneer Butter Masala', NULL, 'Paneer Butter Masala from our Indian Veg Curries selection.', 'veg', '269.52', '2', '14', '2025-09-19 20:04:20', '2025-09-19 20:04:20', NULL, '1', '1', '1', '0', '0'),
('252', '3', '3', 'Kadai Paneer', NULL, 'Kadai Paneer from our Indian Veg Curries selection.', 'veg', '183.50', '2', '14', '2025-09-19 20:04:20', '2025-09-19 20:04:20', NULL, '1', '1', '1', '0', '0'),
('253', '3', '3', 'Shahi Paneer', NULL, 'Shahi Paneer from our Indian Veg Curries selection.', 'veg', '218.50', '2', '14', '2025-09-19 20:04:20', '2025-09-19 20:04:20', NULL, '1', '1', '1', '0', '0'),
('254', '3', '3', 'Palak Paneer', NULL, 'Palak Paneer from our Indian Veg Curries selection.', 'veg', '211.25', '2', '14', '2025-09-19 20:04:20', '2025-09-19 20:04:20', NULL, '1', '1', '1', '0', '0'),
('255', '3', '3', 'Matar Paneer', NULL, 'Matar Paneer from our Indian Veg Curries selection.', 'veg', '283.11', '2', '14', '2025-09-19 20:04:20', '2025-09-19 20:04:20', NULL, '1', '1', '1', '0', '0'),
('256', '3', '3', 'Paneer Tikka Masala', NULL, 'Paneer Tikka Masala from our Indian Veg Curries selection.', 'veg', '274.74', '2', '14', '2025-09-19 20:04:20', '2025-09-19 20:04:20', NULL, '1', '1', '1', '0', '0'),
('257', '3', '3', 'Dal Makhani', NULL, 'Dal Makhani from our Indian Veg Curries selection.', 'veg', '304.91', '2', '14', '2025-09-19 20:04:20', '2025-09-19 20:04:20', NULL, '1', '1', '1', '0', '0'),
('258', '3', '3', 'Dal Tadka', NULL, 'Dal Tadka from our Indian Veg Curries selection.', 'veg', '192.17', '2', '14', '2025-09-19 20:04:20', '2025-09-19 20:04:20', NULL, '1', '1', '1', '0', '0'),
('259', '3', '3', 'Chana Masala', NULL, 'Chana Masala from our Indian Veg Curries selection.', 'veg', '239.07', '2', '14', '2025-09-19 20:04:20', '2025-09-19 20:04:20', NULL, '1', '1', '1', '0', '0'),
('260', '3', '3', 'Aloo Gobi', NULL, 'Aloo Gobi from our Indian Veg Curries selection.', 'veg', '184.17', '2', '14', '2025-09-19 20:04:20', '2025-09-19 20:04:20', NULL, '1', '1', '1', '0', '0'),
('261', '3', '3', 'Baingan Bharta', NULL, 'Baingan Bharta from our Indian Veg Curries selection.', 'veg', '210.61', '2', '14', '2025-09-19 20:04:20', '2025-09-19 20:04:20', NULL, '1', '1', '1', '0', '0'),
('262', '3', '3', 'Bhindi Masala', NULL, 'Bhindi Masala from our Indian Veg Curries selection.', 'veg', '250.75', '2', '14', '2025-09-19 20:04:20', '2025-09-19 20:04:20', NULL, '1', '1', '1', '0', '0'),
('263', '3', '3', 'Mix Veg Curry', NULL, 'Mix Veg Curry from our Indian Veg Curries selection.', 'veg', '183.72', '2', '14', '2025-09-19 20:04:20', '2025-09-19 20:04:20', NULL, '1', '1', '1', '0', '0'),
('264', '3', '3', 'Malai Kofta', NULL, 'Malai Kofta from our Indian Veg Curries selection.', 'veg', '207.84', '2', '14', '2025-09-19 20:04:20', '2025-09-19 20:04:20', NULL, '1', '1', '1', '0', '0'),
('265', '3', '3', 'Veg Kolhapuri', NULL, 'Veg Kolhapuri from our Indian Veg Curries selection.', 'veg', '270.98', '2', '14', '2025-09-19 20:04:20', '2025-09-19 20:04:20', NULL, '1', '1', '1', '0', '0'),
('266', '3', '3', 'Navratan Korma', NULL, 'Navratan Korma from our Indian Veg Curries selection.', 'veg', '256.29', '2', '14', '2025-09-19 20:04:20', '2025-09-19 20:04:20', NULL, '1', '1', '1', '0', '0'),
('267', '3', '3', 'Methi Malai Matar', NULL, 'Methi Malai Matar from our Indian Veg Curries selection.', 'veg', '210.86', '2', '14', '2025-09-19 20:04:20', '2025-09-19 20:04:20', NULL, '1', '1', '1', '0', '0'),
('268', '3', '3', 'Kadhi Pakora', NULL, 'Kadhi Pakora from our Indian Veg Curries selection.', 'veg', '262.50', '2', '14', '2025-09-19 20:04:20', '2025-09-19 20:04:20', NULL, '1', '1', '1', '0', '0'),
('269', '3', '3', 'Paneer Lababdar', NULL, 'Paneer Lababdar from our Indian Veg Curries selection.', 'veg', '293.32', '2', '14', '2025-09-19 20:04:20', '2025-09-19 20:04:20', NULL, '1', '1', '1', '0', '0'),
('270', '3', '3', 'Veg Jaipuri', NULL, 'Veg Jaipuri from our Indian Veg Curries selection.', 'veg', '180.91', '2', '14', '2025-09-19 20:04:20', '2025-09-19 20:04:20', NULL, '1', '1', '1', '0', '0'),
('271', '3', '3', 'Butter Chicken', NULL, 'Butter Chicken from our Indian Non-Veg Curries selection.', 'non-veg', '381.16', '2', '15', '2025-09-19 20:04:20', '2025-09-19 20:04:20', NULL, '1', '1', '1', '0', '0'),
('272', '3', '3', 'Chicken Tikka Masala', NULL, 'Chicken Tikka Masala from our Indian Non-Veg Curries selection.', 'non-veg', '359.63', '2', '15', '2025-09-19 20:04:20', '2025-09-19 20:04:20', NULL, '1', '1', '1', '0', '0'),
('273', '3', '3', 'Chicken Korma', NULL, 'Chicken Korma from our Indian Non-Veg Curries selection.', 'non-veg', '288.05', '2', '15', '2025-09-19 20:04:20', '2025-09-19 20:04:20', NULL, '1', '1', '1', '0', '0'),
('274', '3', '3', 'Chicken Curry Home Style', NULL, 'Chicken Curry Home Style from our Indian Non-Veg Curries selection.', 'non-veg', '251.10', '2', '15', '2025-09-19 20:04:20', '2025-09-19 20:04:20', NULL, '1', '1', '1', '0', '0'),
('275', '3', '3', 'Chicken Chettinad', NULL, 'Chicken Chettinad from our Indian Non-Veg Curries selection.', 'non-veg', '411.44', '2', '15', '2025-09-19 20:04:20', '2025-09-19 20:04:20', NULL, '1', '1', '1', '0', '0'),
('276', '3', '3', 'Chicken Handi', NULL, 'Chicken Handi from our Indian Non-Veg Curries selection.', 'non-veg', '287.32', '2', '15', '2025-09-19 20:04:20', '2025-09-19 20:04:20', NULL, '1', '1', '1', '0', '0'),
('277', '3', '3', 'Chicken Bhuna', NULL, 'Chicken Bhuna from our Indian Non-Veg Curries selection.', 'non-veg', '238.55', '2', '15', '2025-09-19 20:04:20', '2025-09-19 20:04:20', NULL, '1', '1', '1', '0', '0'),
('278', '3', '3', 'Mutton Rogan Josh', NULL, 'Mutton Rogan Josh from our Indian Non-Veg Curries selection.', 'non-veg', '239.34', '2', '15', '2025-09-19 20:04:20', '2025-09-19 20:04:20', NULL, '1', '1', '1', '0', '0'),
('279', '3', '3', 'Mutton Korma', NULL, 'Mutton Korma from our Indian Non-Veg Curries selection.', 'non-veg', '389.50', '2', '15', '2025-09-19 20:04:20', '2025-09-19 20:04:20', NULL, '1', '1', '1', '0', '0'),
('280', '3', '3', 'Mutton Bhuna', NULL, 'Mutton Bhuna from our Indian Non-Veg Curries selection.', 'non-veg', '340.75', '2', '15', '2025-09-19 20:04:20', '2025-09-19 20:04:20', NULL, '1', '1', '1', '0', '0'),
('281', '3', '3', 'Fish Curry Goan', NULL, 'Fish Curry Goan from our Indian Non-Veg Curries selection.', 'non-veg', '381.43', '2', '15', '2025-09-19 20:04:20', '2025-09-19 20:04:20', NULL, '1', '1', '1', '0', '0'),
('282', '3', '3', 'Fish Curry Bengali', NULL, 'Fish Curry Bengali from our Indian Non-Veg Curries selection.', 'non-veg', '365.95', '2', '15', '2025-09-19 20:04:20', '2025-09-19 20:04:20', NULL, '1', '1', '1', '0', '0'),
('283', '3', '3', 'Prawn Masala', NULL, 'Prawn Masala from our Indian Non-Veg Curries selection.', 'non-veg', '327.25', '2', '15', '2025-09-19 20:04:20', '2025-09-19 20:04:20', NULL, '1', '1', '1', '0', '0'),
('284', '3', '3', 'Egg Curry', NULL, 'Egg Curry from our Indian Non-Veg Curries selection.', 'egg', '414.62', '2', '15', '2025-09-19 20:04:20', '2025-09-19 20:04:20', NULL, '1', '1', '1', '0', '0'),
('285', '3', '3', 'Keema Matar', NULL, 'Keema Matar from our Indian Non-Veg Curries selection.', 'non-veg', '295.71', '2', '15', '2025-09-19 20:04:20', '2025-09-19 20:04:20', NULL, '1', '1', '1', '0', '0'),
('286', '3', '3', 'Chicken Saagwala', NULL, 'Chicken Saagwala from our Indian Non-Veg Curries selection.', 'non-veg', '330.41', '2', '15', '2025-09-19 20:04:20', '2025-09-19 20:04:20', NULL, '1', '1', '1', '0', '0'),
('287', '3', '3', 'Chicken Vindaloo', NULL, 'Chicken Vindaloo from our Indian Non-Veg Curries selection.', 'non-veg', '385.88', '2', '15', '2025-09-19 20:04:20', '2025-09-19 20:04:20', NULL, '1', '1', '1', '0', '0'),
('288', '3', '3', 'Chicken Do Pyaza', NULL, 'Chicken Do Pyaza from our Indian Non-Veg Curries selection.', 'non-veg', '343.70', '2', '15', '2025-09-19 20:04:20', '2025-09-19 20:04:20', NULL, '1', '1', '1', '0', '0'),
('289', '3', '3', 'Idli Sambar', NULL, 'Idli Sambar from our South Indian selection.', 'veg', '200.64', '2', '16', '2025-09-19 20:04:20', '2025-09-19 20:04:20', NULL, '1', '1', '1', '0', '0'),
('290', '3', '3', 'Medu Vada Sambar', NULL, 'Medu Vada Sambar from our South Indian selection.', 'veg', '160.83', '2', '16', '2025-09-19 20:04:20', '2025-09-19 20:04:20', NULL, '1', '1', '1', '0', '0'),
('291', '3', '3', 'Plain Dosa', NULL, 'Plain Dosa from our South Indian selection.', 'veg', '178.64', '2', '16', '2025-09-19 20:04:20', '2025-09-19 20:04:20', NULL, '1', '1', '1', '0', '0'),
('292', '3', '3', 'Masala Dosa', NULL, 'Masala Dosa from our South Indian selection.', 'veg', '86.42', '2', '16', '2025-09-19 20:04:20', '2025-09-19 20:04:20', NULL, '1', '1', '1', '0', '0'),
('293', '3', '3', 'Onion Rava Dosa', NULL, 'Onion Rava Dosa from our South Indian selection.', 'veg', '111.91', '2', '16', '2025-09-19 20:04:20', '2025-09-19 20:04:20', NULL, '1', '1', '1', '0', '0'),
('294', '3', '3', 'Mysore Masala Dosa', NULL, 'Mysore Masala Dosa from our South Indian selection.', 'veg', '120.51', '2', '16', '2025-09-19 20:04:20', '2025-09-19 20:04:20', NULL, '1', '1', '1', '0', '0'),
('295', '3', '3', 'Ghee Roast Dosa', NULL, 'Ghee Roast Dosa from our South Indian selection.', 'veg', '91.17', '2', '16', '2025-09-19 20:04:20', '2025-09-19 20:04:20', NULL, '1', '1', '1', '0', '0'),
('296', '3', '3', 'Paper Dosa', NULL, 'Paper Dosa from our South Indian selection.', 'veg', '112.59', '2', '16', '2025-09-19 20:04:20', '2025-09-19 20:04:20', NULL, '1', '1', '1', '0', '0'),
('297', '3', '3', 'Paneer Dosa', NULL, 'Paneer Dosa from our South Indian selection.', 'veg', '94.14', '2', '16', '2025-09-19 20:04:20', '2025-09-19 20:04:20', NULL, '1', '1', '1', '0', '0'),
('298', '3', '3', 'Cheese Dosa', NULL, 'Cheese Dosa from our South Indian selection.', 'veg', '118.92', '2', '16', '2025-09-19 20:04:20', '2025-09-19 20:04:20', NULL, '1', '1', '1', '0', '0'),
('299', '3', '3', 'Uttapam Onion', NULL, 'Uttapam Onion from our South Indian selection.', 'veg', '169.00', '2', '16', '2025-09-19 20:04:20', '2025-09-19 20:04:20', NULL, '1', '1', '1', '0', '0'),
('300', '3', '3', 'Uttapam Mix Veg', NULL, 'Uttapam Mix Veg from our South Indian selection.', 'veg', '131.08', '2', '16', '2025-09-19 20:04:20', '2025-09-19 20:04:20', NULL, '1', '1', '1', '0', '0'),
('301', '3', '3', 'Pongal', NULL, 'Pongal from our South Indian selection.', 'veg', '131.83', '2', '16', '2025-09-19 20:04:20', '2025-09-19 20:04:20', NULL, '1', '1', '1', '0', '0'),
('302', '3', '3', 'Curd Rice', NULL, 'Curd Rice from our South Indian selection.', 'veg', '109.33', '2', '16', '2025-09-19 20:04:20', '2025-09-19 20:04:20', NULL, '1', '1', '1', '0', '0'),
('303', '3', '3', 'Lemon Rice', NULL, 'Lemon Rice from our South Indian selection.', 'veg', '117.38', '2', '16', '2025-09-19 20:04:20', '2025-09-19 20:04:20', NULL, '1', '1', '1', '0', '0'),
('304', '3', '3', 'Tamarind Rice', NULL, 'Tamarind Rice from our South Indian selection.', 'veg', '211.13', '2', '16', '2025-09-19 20:04:20', '2025-09-19 20:04:20', NULL, '1', '1', '1', '0', '0'),
('305', '3', '3', 'Sambar Rice', NULL, 'Sambar Rice from our South Indian selection.', 'veg', '170.72', '2', '16', '2025-09-19 20:04:20', '2025-09-19 20:04:20', NULL, '1', '1', '1', '0', '0'),
('306', '3', '3', 'Rasam Rice', NULL, 'Rasam Rice from our South Indian selection.', 'veg', '165.28', '2', '16', '2025-09-19 20:04:20', '2025-09-19 20:04:20', NULL, '1', '1', '1', '0', '0'),
('307', '3', '3', 'Veg Biryani', NULL, 'Veg Biryani from our Biryani & Rice selection.', 'veg', '164.50', '2', '17', '2025-09-19 20:04:20', '2025-09-19 20:04:20', NULL, '1', '1', '1', '0', '0'),
('308', '3', '3', 'Paneer Biryani', NULL, 'Paneer Biryani from our Biryani & Rice selection.', 'veg', '309.57', '2', '17', '2025-09-19 20:04:20', '2025-09-19 20:04:20', NULL, '1', '1', '1', '0', '0'),
('309', '3', '3', 'Mushroom Biryani', NULL, 'Mushroom Biryani from our Biryani & Rice selection.', 'veg', '162.48', '2', '17', '2025-09-19 20:04:20', '2025-09-19 20:04:20', NULL, '1', '1', '1', '0', '0'),
('310', '3', '3', 'Hyderabadi Veg Biryani', NULL, 'Hyderabadi Veg Biryani from our Biryani & Rice selection.', 'veg', '218.66', '2', '17', '2025-09-19 20:04:20', '2025-09-19 20:04:20', NULL, '1', '1', '1', '0', '0'),
('311', '3', '3', 'Jeera Rice', NULL, 'Jeera Rice from our Biryani & Rice selection.', 'veg', '377.28', '2', '17', '2025-09-19 20:04:20', '2025-09-19 20:04:20', NULL, '1', '1', '1', '0', '0'),
('312', '3', '3', 'Peas Pulao', NULL, 'Peas Pulao from our Biryani & Rice selection.', 'veg', '286.40', '2', '17', '2025-09-19 20:04:20', '2025-09-19 20:04:20', NULL, '1', '1', '1', '0', '0'),
('313', '3', '3', 'Veg Fried Rice', NULL, 'Veg Fried Rice from our Biryani & Rice selection.', 'veg', '264.81', '2', '17', '2025-09-19 20:04:20', '2025-09-19 20:04:20', NULL, '1', '1', '1', '0', '0'),
('314', '3', '3', 'Curd Rice Tempered', NULL, 'Curd Rice Tempered from our Biryani & Rice selection.', 'veg', '298.00', '2', '17', '2025-09-19 20:04:20', '2025-09-19 20:04:20', NULL, '1', '1', '1', '0', '0'),
('315', '3', '3', 'Chicken Biryani', NULL, 'Chicken Biryani from our Biryani & Rice selection.', 'non-veg', '339.14', '2', '17', '2025-09-19 20:04:20', '2025-09-19 20:04:20', NULL, '1', '1', '1', '0', '0'),
('316', '3', '3', 'Chicken Dum Biryani', NULL, 'Chicken Dum Biryani from our Biryani & Rice selection.', 'non-veg', '321.76', '2', '17', '2025-09-19 20:04:20', '2025-09-19 20:04:20', NULL, '1', '1', '1', '0', '0'),
('317', '3', '3', 'Chicken Tikka Biryani', NULL, 'Chicken Tikka Biryani from our Biryani & Rice selection.', 'non-veg', '179.55', '2', '17', '2025-09-19 20:04:20', '2025-09-19 20:04:20', NULL, '1', '1', '1', '0', '0'),
('318', '3', '3', 'Mutton Biryani', NULL, 'Mutton Biryani from our Biryani & Rice selection.', 'non-veg', '128.35', '2', '17', '2025-09-19 20:04:20', '2025-09-19 20:04:20', NULL, '1', '1', '1', '0', '0'),
('319', '3', '3', 'Egg Biryani', NULL, 'Egg Biryani from our Biryani & Rice selection.', 'egg', '202.02', '2', '17', '2025-09-19 20:04:20', '2025-09-19 20:04:20', NULL, '1', '1', '1', '0', '0'),
('320', '3', '3', 'Egg Fried Rice', NULL, 'Egg Fried Rice from our Biryani & Rice selection.', 'egg', '189.61', '2', '17', '2025-09-19 20:04:20', '2025-09-19 20:04:20', NULL, '1', '1', '1', '0', '0'),
('321', '3', '3', 'Prawn Biryani', NULL, 'Prawn Biryani from our Biryani & Rice selection.', 'non-veg', '174.86', '2', '17', '2025-09-19 20:04:20', '2025-09-19 20:04:20', NULL, '1', '1', '1', '0', '0'),
('322', '3', '3', 'Fish Biryani', NULL, 'Fish Biryani from our Biryani & Rice selection.', 'non-veg', '365.16', '2', '17', '2025-09-19 20:04:20', '2025-09-19 20:04:20', NULL, '1', '1', '1', '0', '0'),
('323', '3', '3', 'Schezwan Fried Rice', NULL, 'Schezwan Fried Rice from our Biryani & Rice selection.', 'veg', '347.86', '2', '17', '2025-09-19 20:04:20', '2025-09-19 20:04:20', NULL, '1', '1', '1', '0', '0'),
('324', '3', '3', 'Brown Rice Plain', NULL, 'Brown Rice Plain from our Biryani & Rice selection.', 'veg', '201.82', '2', '17', '2025-09-19 20:04:20', '2025-09-19 20:04:20', NULL, '1', '1', '1', '0', '0'),
('325', '3', '3', 'Tandoori Roti', NULL, 'Tandoori Roti from our Indian Breads selection.', 'veg', '85.54', '2', '18', '2025-09-19 20:04:20', '2025-09-19 20:04:20', NULL, '1', '1', '1', '0', '0'),
('326', '3', '3', 'Butter Roti', NULL, 'Butter Roti from our Indian Breads selection.', 'veg', '59.56', '2', '18', '2025-09-19 20:04:20', '2025-09-19 20:04:20', NULL, '1', '1', '1', '0', '0'),
('327', '3', '3', 'Plain Naan', NULL, 'Plain Naan from our Indian Breads selection.', 'veg', '111.45', '2', '18', '2025-09-19 20:04:20', '2025-09-19 20:04:20', NULL, '1', '1', '1', '0', '0'),
('328', '3', '3', 'Butter Naan', NULL, 'Butter Naan from our Indian Breads selection.', 'veg', '65.89', '2', '18', '2025-09-19 20:04:20', '2025-09-19 20:04:20', NULL, '1', '1', '1', '0', '0'),
('329', '3', '3', 'Garlic Naan', NULL, 'Garlic Naan from our Indian Breads selection.', 'veg', '46.49', '2', '18', '2025-09-19 20:04:20', '2025-09-19 20:04:20', NULL, '1', '1', '1', '0', '0'),
('330', '3', '3', 'Lachha Paratha', NULL, 'Lachha Paratha from our Indian Breads selection.', 'veg', '44.66', '2', '18', '2025-09-19 20:04:20', '2025-09-19 20:04:20', NULL, '1', '1', '1', '0', '0'),
('331', '3', '3', 'Aloo Paratha', NULL, 'Aloo Paratha from our Indian Breads selection.', 'veg', '76.14', '2', '18', '2025-09-19 20:04:20', '2025-09-19 20:04:20', NULL, '1', '1', '1', '0', '0'),
('332', '3', '3', 'Paneer Paratha', NULL, 'Paneer Paratha from our Indian Breads selection.', 'veg', '46.27', '2', '18', '2025-09-19 20:04:20', '2025-09-19 20:04:20', NULL, '1', '1', '1', '0', '0'),
('333', '3', '3', 'Missi Roti', NULL, 'Missi Roti from our Indian Breads selection.', 'veg', '78.46', '2', '18', '2025-09-19 20:04:20', '2025-09-19 20:04:20', NULL, '1', '1', '1', '0', '0'),
('334', '3', '3', 'Stuffed Kulcha', NULL, 'Stuffed Kulcha from our Indian Breads selection.', 'veg', '109.78', '2', '18', '2025-09-19 20:04:20', '2025-09-19 20:04:20', NULL, '1', '1', '1', '0', '0'),
('335', '3', '3', 'Amritsari Kulcha', NULL, 'Amritsari Kulcha from our Indian Breads selection.', 'veg', '59.94', '2', '18', '2025-09-19 20:04:20', '2025-09-19 20:04:20', NULL, '1', '1', '1', '0', '0'),
('336', '3', '3', 'Roomali Roti', NULL, 'Roomali Roti from our Indian Breads selection.', 'veg', '41.93', '2', '18', '2025-09-19 20:04:20', '2025-09-19 20:04:20', NULL, '1', '1', '1', '0', '0'),
('337', '3', '3', 'Pani Puri', NULL, 'Pani Puri from our Chaat & Street Food selection.', 'veg', '219.61', '2', '19', '2025-09-19 20:04:20', '2025-09-19 20:04:20', NULL, '1', '1', '1', '0', '0'),
('338', '3', '3', 'Sev Puri', NULL, 'Sev Puri from our Chaat & Street Food selection.', 'veg', '141.52', '2', '19', '2025-09-19 20:04:20', '2025-09-19 20:04:20', NULL, '1', '1', '1', '0', '0'),
('339', '3', '3', 'Dahi Puri', NULL, 'Dahi Puri from our Chaat & Street Food selection.', 'veg', '74.55', '2', '19', '2025-09-19 20:04:20', '2025-09-19 20:04:20', NULL, '1', '1', '1', '0', '0'),
('340', '3', '3', 'Bhel Puri', NULL, 'Bhel Puri from our Chaat & Street Food selection.', 'veg', '67.54', '2', '19', '2025-09-19 20:04:20', '2025-09-19 20:04:20', NULL, '1', '1', '1', '0', '0'),
('341', '3', '3', 'Ragda Pattice', NULL, 'Ragda Pattice from our Chaat & Street Food selection.', 'veg', '77.54', '2', '19', '2025-09-19 20:04:20', '2025-09-19 20:04:20', NULL, '1', '1', '1', '0', '0'),
('342', '3', '3', 'Aloo Tikki Chaat', NULL, 'Aloo Tikki Chaat from our Chaat & Street Food selection.', 'veg', '160.39', '2', '19', '2025-09-19 20:04:20', '2025-09-19 20:04:20', NULL, '1', '1', '1', '0', '0'),
('343', '3', '3', 'Papdi Chaat', NULL, 'Papdi Chaat from our Chaat & Street Food selection.', 'veg', '186.73', '2', '19', '2025-09-19 20:04:20', '2025-09-19 20:04:20', NULL, '1', '1', '1', '0', '0'),
('344', '3', '3', 'Dahi Bhalla', NULL, 'Dahi Bhalla from our Chaat & Street Food selection.', 'veg', '127.55', '2', '19', '2025-09-19 20:04:20', '2025-09-19 20:04:20', NULL, '1', '1', '1', '0', '0'),
('345', '3', '3', 'Samosa Chaat', NULL, 'Samosa Chaat from our Chaat & Street Food selection.', 'veg', '70.16', '2', '19', '2025-09-19 20:04:20', '2025-09-19 20:04:20', NULL, '1', '1', '1', '0', '0'),
('346', '3', '3', 'Chole Bhature', NULL, 'Chole Bhature from our Chaat & Street Food selection.', 'veg', '121.06', '2', '19', '2025-09-19 20:04:20', '2025-09-19 20:04:20', NULL, '1', '1', '1', '0', '0'),
('347', '3', '3', 'Pav Bhaji', NULL, 'Pav Bhaji from our Chaat & Street Food selection.', 'veg', '219.38', '2', '19', '2025-09-19 20:04:20', '2025-09-19 20:04:20', NULL, '1', '1', '1', '0', '0'),
('348', '3', '3', 'Vada Pav', NULL, 'Vada Pav from our Chaat & Street Food selection.', 'veg', '144.66', '2', '19', '2025-09-19 20:04:20', '2025-09-19 20:04:20', NULL, '1', '1', '1', '0', '0'),
('349', '3', '3', 'Kathi Roll Paneer', NULL, 'Kathi Roll Paneer from our Chaat & Street Food selection.', 'veg', '215.37', '2', '19', '2025-09-19 20:04:20', '2025-09-19 20:04:20', NULL, '1', '1', '1', '0', '0'),
('350', '3', '3', 'Kathi Roll Chicken', NULL, 'Kathi Roll Chicken from our Chaat & Street Food selection.', 'non-veg', '197.72', '2', '19', '2025-09-19 20:04:20', '2025-09-19 20:04:20', NULL, '1', '1', '1', '0', '0'),
('351', '3', '3', 'Kachori Sabzi', NULL, 'Kachori Sabzi from our Chaat & Street Food selection.', 'veg', '61.84', '2', '19', '2025-09-19 20:04:21', '2025-09-19 20:04:21', NULL, '1', '1', '1', '0', '0'),
('352', '3', '3', 'Poha Jalebi', NULL, 'Poha Jalebi from our Chaat & Street Food selection.', 'veg', '175.32', '2', '19', '2025-09-19 20:04:21', '2025-09-19 20:04:21', NULL, '1', '1', '1', '0', '0'),
('353', '3', '3', 'Kanda Poha', NULL, 'Kanda Poha from our Chaat & Street Food selection.', 'veg', '169.07', '2', '19', '2025-09-19 20:04:21', '2025-09-19 20:04:21', NULL, '1', '1', '1', '0', '0'),
('354', '3', '3', 'Raj Kachori', NULL, 'Raj Kachori from our Chaat & Street Food selection.', 'veg', '145.92', '2', '19', '2025-09-19 20:04:21', '2025-09-19 20:04:21', NULL, '1', '1', '1', '0', '0'),
('355', '3', '3', 'Paneer Tikka', NULL, 'Paneer Tikka from our Tandoor & Kebabs selection.', 'veg', '237.38', '2', '20', '2025-09-19 20:04:21', '2025-09-19 20:04:21', NULL, '1', '1', '1', '0', '0'),
('356', '3', '3', 'Paneer Malai Tikka', NULL, 'Paneer Malai Tikka from our Tandoor & Kebabs selection.', 'veg', '345.88', '2', '20', '2025-09-19 20:04:21', '2025-09-19 20:04:21', NULL, '1', '1', '1', '0', '0'),
('357', '3', '3', 'Soya Chaap Tikka', NULL, 'Soya Chaap Tikka from our Tandoor & Kebabs selection.', 'veg', '192.35', '2', '20', '2025-09-19 20:04:21', '2025-09-19 20:04:21', NULL, '1', '1', '1', '0', '0'),
('358', '3', '3', 'Tandoori Aloo', NULL, 'Tandoori Aloo from our Tandoor & Kebabs selection.', 'veg', '286.08', '2', '20', '2025-09-19 20:04:21', '2025-09-19 20:04:21', NULL, '1', '1', '1', '0', '0'),
('359', '3', '3', 'Veg Seekh Kebab', NULL, 'Veg Seekh Kebab from our Tandoor & Kebabs selection.', 'veg', '291.58', '2', '20', '2025-09-19 20:04:21', '2025-09-19 20:04:21', NULL, '1', '1', '1', '0', '0'),
('360', '3', '3', 'Achari Paneer Tikka', NULL, 'Achari Paneer Tikka from our Tandoor & Kebabs selection.', 'veg', '436.61', '2', '20', '2025-09-19 20:04:21', '2025-09-19 20:04:21', NULL, '1', '1', '1', '0', '0'),
('361', '3', '3', 'Chicken Tikka', NULL, 'Chicken Tikka from our Tandoor & Kebabs selection.', 'non-veg', '414.00', '2', '20', '2025-09-19 20:04:21', '2025-09-19 20:04:21', NULL, '1', '1', '1', '0', '0'),
('362', '3', '3', 'Chicken Malai Tikka', NULL, 'Chicken Malai Tikka from our Tandoor & Kebabs selection.', 'non-veg', '236.38', '2', '20', '2025-09-19 20:04:21', '2025-09-19 20:04:21', NULL, '1', '1', '1', '0', '0'),
('363', '3', '3', 'Chicken Seekh Kebab', NULL, 'Chicken Seekh Kebab from our Tandoor & Kebabs selection.', 'non-veg', '305.17', '2', '20', '2025-09-19 20:04:21', '2025-09-19 20:04:21', NULL, '1', '1', '1', '0', '0'),
('364', '3', '3', 'Tandoori Chicken Half', NULL, 'Tandoori Chicken Half from our Tandoor & Kebabs selection.', 'non-veg', '211.81', '2', '20', '2025-09-19 20:04:21', '2025-09-19 20:04:21', NULL, '1', '1', '1', '0', '0'),
('365', '3', '3', 'Tandoori Chicken Full', NULL, 'Tandoori Chicken Full from our Tandoor & Kebabs selection.', 'non-veg', '424.66', '2', '20', '2025-09-19 20:04:21', '2025-09-19 20:04:21', NULL, '1', '1', '1', '0', '0'),
('366', '3', '3', 'Mutton Seekh Kebab', NULL, 'Mutton Seekh Kebab from our Tandoor & Kebabs selection.', 'non-veg', '412.45', '2', '20', '2025-09-19 20:04:21', '2025-09-19 20:04:21', NULL, '1', '1', '1', '0', '0'),
('367', '3', '3', 'Fish Tikka', NULL, 'Fish Tikka from our Tandoor & Kebabs selection.', 'non-veg', '246.55', '2', '20', '2025-09-19 20:04:21', '2025-09-19 20:04:21', NULL, '1', '1', '1', '0', '0'),
('368', '3', '3', 'Amritsari Fish Fry', NULL, 'Amritsari Fish Fry from our Tandoor & Kebabs selection.', 'non-veg', '345.30', '2', '20', '2025-09-19 20:04:21', '2025-09-19 20:04:21', NULL, '1', '1', '1', '0', '0'),
('369', '3', '3', 'Prawn Tandoori', NULL, 'Prawn Tandoori from our Tandoor & Kebabs selection.', 'non-veg', '336.60', '2', '20', '2025-09-19 20:04:21', '2025-09-19 20:04:21', NULL, '1', '1', '1', '0', '0'),
('370', '3', '3', 'Afghani Chicken', NULL, 'Afghani Chicken from our Tandoor & Kebabs selection.', 'non-veg', '204.32', '2', '20', '2025-09-19 20:04:21', '2025-09-19 20:04:21', NULL, '1', '1', '1', '0', '0'),
('371', '3', '3', 'Tangdi Kebab', NULL, 'Tangdi Kebab from our Tandoor & Kebabs selection.', 'non-veg', '381.13', '2', '20', '2025-09-19 20:04:21', '2025-09-19 20:04:21', NULL, '1', '1', '1', '0', '0'),
('372', '3', '3', 'Kalmi Kebab', NULL, 'Kalmi Kebab from our Tandoor & Kebabs selection.', 'non-veg', '316.42', '2', '20', '2025-09-19 20:04:21', '2025-09-19 20:04:21', NULL, '1', '1', '1', '0', '0'),
('373', '3', '3', 'Tandoori Broccoli', NULL, 'Tandoori Broccoli from our Tandoor & Kebabs selection.', 'veg', '385.80', '2', '20', '2025-09-19 20:04:21', '2025-09-19 20:04:21', NULL, '1', '1', '1', '0', '0'),
('374', '3', '3', 'Stuffed Mushroom Tikka', NULL, 'Stuffed Mushroom Tikka from our Tandoor & Kebabs selection.', 'veg', '313.80', '2', '20', '2025-09-19 20:04:21', '2025-09-19 20:04:21', NULL, '1', '1', '1', '0', '0'),
('375', '3', '3', 'Veg Manchurian Gravy', NULL, 'Veg Manchurian Gravy from our Indo-Chinese selection.', 'veg', '140.13', '2', '21', '2025-09-19 20:04:21', '2025-09-19 20:04:21', NULL, '1', '1', '1', '0', '0'),
('376', '3', '3', 'Veg Manchurian Dry', NULL, 'Veg Manchurian Dry from our Indo-Chinese selection.', 'veg', '211.31', '2', '21', '2025-09-19 20:04:21', '2025-09-19 20:04:21', NULL, '1', '1', '1', '0', '0'),
('377', '3', '3', 'Chilli Paneer Gravy', NULL, 'Chilli Paneer Gravy from our Indo-Chinese selection.', 'veg', '144.28', '2', '21', '2025-09-19 20:04:21', '2025-09-19 20:04:21', NULL, '1', '1', '1', '0', '0'),
('378', '3', '3', 'Chilli Paneer Dry', NULL, 'Chilli Paneer Dry from our Indo-Chinese selection.', 'veg', '344.40', '2', '21', '2025-09-19 20:04:21', '2025-09-19 20:04:21', NULL, '1', '1', '1', '0', '0'),
('379', '3', '3', 'Gobi Manchurian', NULL, 'Gobi Manchurian from our Indo-Chinese selection.', 'veg', '333.32', '2', '21', '2025-09-19 20:04:21', '2025-09-19 20:04:21', NULL, '1', '1', '1', '0', '0'),
('380', '3', '3', 'Chilli Mushroom', NULL, 'Chilli Mushroom from our Indo-Chinese selection.', 'veg', '322.97', '2', '21', '2025-09-19 20:04:21', '2025-09-19 20:04:21', NULL, '1', '1', '1', '0', '0'),
('381', '3', '3', 'Hakka Noodles Veg', NULL, 'Hakka Noodles Veg from our Indo-Chinese selection.', 'veg', '207.65', '2', '21', '2025-09-19 20:04:21', '2025-09-19 20:04:21', NULL, '1', '1', '1', '0', '0'),
('382', '3', '3', 'Schezwan Noodles Veg', NULL, 'Schezwan Noodles Veg from our Indo-Chinese selection.', 'veg', '152.74', '2', '21', '2025-09-19 20:04:21', '2025-09-19 20:04:21', NULL, '1', '1', '1', '0', '0'),
('383', '3', '3', 'Triple Schezwan Rice Veg', NULL, 'Triple Schezwan Rice Veg from our Indo-Chinese selection.', 'veg', '333.16', '2', '21', '2025-09-19 20:04:21', '2025-09-19 20:04:21', NULL, '1', '1', '1', '0', '0'),
('384', '3', '3', 'American Chopsuey Veg', NULL, 'American Chopsuey Veg from our Indo-Chinese selection.', 'veg', '348.33', '2', '21', '2025-09-19 20:04:21', '2025-09-19 20:04:21', NULL, '1', '1', '1', '0', '0'),
('385', '3', '3', 'Chicken Lollipop', NULL, 'Chicken Lollipop from our Indo-Chinese selection.', 'non-veg', '158.84', '2', '21', '2025-09-19 20:04:21', '2025-09-19 20:04:21', NULL, '1', '1', '1', '0', '0'),
('386', '3', '3', 'Chilli Chicken Gravy', NULL, 'Chilli Chicken Gravy from our Indo-Chinese selection.', 'non-veg', '246.92', '2', '21', '2025-09-19 20:04:21', '2025-09-19 20:04:21', NULL, '1', '1', '1', '0', '0'),
('387', '3', '3', 'Chilli Chicken Dry', NULL, 'Chilli Chicken Dry from our Indo-Chinese selection.', 'non-veg', '155.23', '2', '21', '2025-09-19 20:04:21', '2025-09-19 20:04:21', NULL, '1', '1', '1', '0', '0'),
('388', '3', '3', 'Hakka Noodles Chicken', NULL, 'Hakka Noodles Chicken from our Indo-Chinese selection.', 'non-veg', '307.33', '2', '21', '2025-09-19 20:04:21', '2025-09-19 20:04:21', NULL, '1', '1', '1', '0', '0'),
('389', '3', '3', 'Schezwan Noodles Chicken', NULL, 'Schezwan Noodles Chicken from our Indo-Chinese selection.', 'non-veg', '308.48', '2', '21', '2025-09-19 20:04:21', '2025-09-19 20:04:21', NULL, '1', '1', '1', '0', '0'),
('390', '3', '3', 'Egg Hakka Noodles', NULL, 'Egg Hakka Noodles from our Indo-Chinese selection.', 'egg', '168.25', '2', '21', '2025-09-19 20:04:21', '2025-09-19 20:04:21', NULL, '1', '1', '1', '0', '0'),
('391', '3', '3', 'Egg Schezwan Noodles', NULL, 'Egg Schezwan Noodles from our Indo-Chinese selection.', 'egg', '244.56', '2', '21', '2025-09-19 20:04:21', '2025-09-19 20:04:21', NULL, '1', '1', '1', '0', '0'),
('392', '3', '3', 'Egg Chilli Garlic Fried Rice', NULL, 'Egg Chilli Garlic Fried Rice from our Indo-Chinese selection.', 'egg', '260.96', '2', '21', '2025-09-19 20:04:21', '2025-09-19 20:04:21', NULL, '1', '1', '1', '0', '0'),
('393', '3', '3', 'Prawn Chilli Garlic', NULL, 'Prawn Chilli Garlic from our Indo-Chinese selection.', 'non-veg', '198.31', '2', '21', '2025-09-19 20:04:21', '2025-09-19 20:04:21', NULL, '1', '1', '1', '0', '0'),
('394', '3', '3', 'Fish Chilli Basil', NULL, 'Fish Chilli Basil from our Indo-Chinese selection.', 'non-veg', '331.94', '2', '21', '2025-09-19 20:04:21', '2025-09-19 20:04:21', NULL, '1', '1', '1', '0', '0'),
('395', '3', '3', 'Penne Arrabbiata', NULL, 'Penne Arrabbiata from our Continental & Pastas selection.', 'veg', '294.25', '2', '22', '2025-09-19 20:04:21', '2025-09-19 20:04:21', NULL, '1', '1', '1', '0', '0'),
('396', '3', '3', 'Penne Alfredo', NULL, 'Penne Alfredo from our Continental & Pastas selection.', 'veg', '237.19', '2', '22', '2025-09-19 20:04:21', '2025-09-19 20:04:21', NULL, '1', '1', '1', '0', '0'),
('397', '3', '3', 'Spaghetti Aglio e Olio', NULL, 'Spaghetti Aglio e Olio from our Continental & Pastas selection.', 'veg', '325.61', '2', '22', '2025-09-19 20:04:21', '2025-09-19 20:04:21', NULL, '1', '1', '1', '0', '0'),
('398', '3', '3', 'Spaghetti Pomodoro', NULL, 'Spaghetti Pomodoro from our Continental & Pastas selection.', 'veg', '377.08', '2', '22', '2025-09-19 20:04:21', '2025-09-19 20:04:21', NULL, '1', '1', '1', '0', '0'),
('399', '3', '3', 'Fusilli Pesto', NULL, 'Fusilli Pesto from our Continental & Pastas selection.', 'veg', '234.31', '2', '22', '2025-09-19 20:04:21', '2025-09-19 20:04:21', NULL, '1', '1', '1', '0', '0'),
('400', '3', '3', 'Mac and Cheese', NULL, 'Mac and Cheese from our Continental & Pastas selection.', 'veg', '264.16', '2', '22', '2025-09-19 20:04:21', '2025-09-19 20:04:21', NULL, '1', '1', '1', '0', '0'),
('401', '3', '3', 'Veg Lasagna', NULL, 'Veg Lasagna from our Continental & Pastas selection.', 'veg', '448.69', '2', '22', '2025-09-19 20:04:21', '2025-09-19 20:04:21', NULL, '1', '1', '1', '0', '0'),
('402', '3', '3', 'Grilled Cottage Cheese Steak', NULL, 'Grilled Cottage Cheese Steak from our Continental & Pastas selection.', 'veg', '355.47', '2', '22', '2025-09-19 20:04:21', '2025-09-19 20:04:21', NULL, '1', '1', '1', '0', '0'),
('403', '3', '3', 'Sauteed Vegetables Plate', NULL, 'Sauteed Vegetables Plate from our Continental & Pastas selection.', 'veg', '298.29', '2', '22', '2025-09-19 20:04:21', '2025-09-19 20:04:21', NULL, '1', '1', '1', '0', '0'),
('404', '3', '3', 'Herb Rice with Veggies', NULL, 'Herb Rice with Veggies from our Continental & Pastas selection.', 'veg', '319.75', '2', '22', '2025-09-19 20:04:21', '2025-09-19 20:04:21', NULL, '1', '1', '1', '0', '0'),
('405', '3', '3', 'Chicken Alfredo Pasta', NULL, 'Chicken Alfredo Pasta from our Continental & Pastas selection.', 'non-veg', '212.67', '2', '22', '2025-09-19 20:04:21', '2025-09-19 20:04:21', NULL, '1', '1', '1', '0', '0'),
('406', '3', '3', 'Chicken Arrabbiata Pasta', NULL, 'Chicken Arrabbiata Pasta from our Continental & Pastas selection.', 'non-veg', '240.67', '2', '22', '2025-09-19 20:04:21', '2025-09-19 20:04:21', NULL, '1', '1', '1', '0', '0'),
('407', '3', '3', 'Grilled Chicken Breast', NULL, 'Grilled Chicken Breast from our Continental & Pastas selection.', 'non-veg', '271.28', '2', '22', '2025-09-19 20:04:21', '2025-09-19 20:04:21', NULL, '1', '1', '1', '0', '0'),
('408', '3', '3', 'Chicken Stroganoff', NULL, 'Chicken Stroganoff from our Continental & Pastas selection.', 'non-veg', '338.84', '2', '22', '2025-09-19 20:04:21', '2025-09-19 20:04:21', NULL, '1', '1', '1', '0', '0'),
('409', '3', '3', 'Fish and Chips', NULL, 'Fish and Chips from our Continental & Pastas selection.', 'non-veg', '242.13', '2', '22', '2025-09-19 20:04:21', '2025-09-19 20:04:21', NULL, '1', '1', '1', '0', '0'),
('410', '3', '3', 'Herb-Grilled Fish Fillet', NULL, 'Herb-Grilled Fish Fillet from our Continental & Pastas selection.', 'non-veg', '239.46', '2', '22', '2025-09-19 20:04:21', '2025-09-19 20:04:21', NULL, '1', '1', '1', '0', '0'),
('411', '3', '3', 'Chicken Caesar Salad', NULL, 'Chicken Caesar Salad from our Continental & Pastas selection.', 'non-veg', '199.17', '2', '22', '2025-09-19 20:04:21', '2025-09-19 20:04:21', NULL, '1', '1', '1', '0', '0'),
('412', '3', '3', 'Greek Salad', NULL, 'Greek Salad from our Continental & Pastas selection.', 'veg', '350.40', '2', '22', '2025-09-19 20:04:21', '2025-09-19 20:04:21', NULL, '1', '1', '1', '0', '0'),
('413', '3', '3', 'Mushroom Risotto', NULL, 'Mushroom Risotto from our Continental & Pastas selection.', 'veg', '241.81', '2', '22', '2025-09-19 20:04:21', '2025-09-19 20:04:21', NULL, '1', '1', '1', '0', '0'),
('414', '3', '3', 'Chicken Risotto', NULL, 'Chicken Risotto from our Continental & Pastas selection.', 'non-veg', '424.46', '2', '22', '2025-09-19 20:04:21', '2025-09-19 20:04:21', NULL, '1', '1', '1', '0', '0'),
('415', '3', '3', 'Margherita Pizza Personal', NULL, 'Margherita Pizza Personal from our Pizzas selection.', 'veg', '546.66', '2', '23', '2025-09-19 20:04:21', '2025-09-19 20:04:21', NULL, '1', '1', '1', '0', '0'),
('416', '3', '3', 'Margherita Pizza Medium', NULL, 'Margherita Pizza Medium from our Pizzas selection.', 'veg', '246.93', '2', '23', '2025-09-19 20:04:21', '2025-09-19 20:04:21', NULL, '1', '1', '1', '0', '0'),
('417', '3', '3', 'Farmhouse Pizza Personal', NULL, 'Farmhouse Pizza Personal from our Pizzas selection.', 'veg', '310.44', '2', '23', '2025-09-19 20:04:21', '2025-09-19 20:04:21', NULL, '1', '1', '1', '0', '0'),
('418', '3', '3', 'Farmhouse Pizza Medium', NULL, 'Farmhouse Pizza Medium from our Pizzas selection.', 'veg', '474.21', '2', '23', '2025-09-19 20:04:21', '2025-09-19 20:04:21', NULL, '1', '1', '1', '0', '0'),
('419', '3', '3', 'Veggie Supreme Pizza Personal', NULL, 'Veggie Supreme Pizza Personal from our Pizzas selection.', 'veg', '301.41', '2', '23', '2025-09-19 20:04:21', '2025-09-19 20:04:21', NULL, '1', '1', '1', '0', '0'),
('420', '3', '3', 'Veggie Supreme Pizza Medium', NULL, 'Veggie Supreme Pizza Medium from our Pizzas selection.', 'veg', '270.28', '2', '23', '2025-09-19 20:04:21', '2025-09-19 20:04:21', NULL, '1', '1', '1', '0', '0'),
('421', '3', '3', 'Paneer Tikka Pizza Personal', NULL, 'Paneer Tikka Pizza Personal from our Pizzas selection.', 'veg', '575.50', '2', '23', '2025-09-19 20:04:21', '2025-09-19 20:04:21', NULL, '1', '1', '1', '0', '0'),
('422', '3', '3', 'Paneer Tikka Pizza Medium', NULL, 'Paneer Tikka Pizza Medium from our Pizzas selection.', 'veg', '437.00', '2', '23', '2025-09-19 20:04:21', '2025-09-19 20:04:21', NULL, '1', '1', '1', '0', '0'),
('423', '3', '3', 'Corn & Cheese Pizza Personal', NULL, 'Corn & Cheese Pizza Personal from our Pizzas selection.', 'veg', '399.61', '2', '23', '2025-09-19 20:04:21', '2025-09-19 20:04:21', NULL, '1', '1', '1', '0', '0'),
('424', '3', '3', 'Corn & Cheese Pizza Medium', NULL, 'Corn & Cheese Pizza Medium from our Pizzas selection.', 'veg', '518.16', '2', '23', '2025-09-19 20:04:21', '2025-09-19 20:04:21', NULL, '1', '1', '1', '0', '0'),
('425', '3', '3', 'Pepperoni Pizza Personal', NULL, 'Pepperoni Pizza Personal from our Pizzas selection.', 'non-veg', '526.85', '2', '23', '2025-09-19 20:04:21', '2025-09-19 20:04:21', NULL, '1', '1', '1', '0', '0'),
('426', '3', '3', 'Pepperoni Pizza Medium', NULL, 'Pepperoni Pizza Medium from our Pizzas selection.', 'non-veg', '292.36', '2', '23', '2025-09-19 20:04:21', '2025-09-19 20:04:21', NULL, '1', '1', '1', '0', '0'),
('427', '3', '3', 'BBQ Chicken Pizza Personal', NULL, 'BBQ Chicken Pizza Personal from our Pizzas selection.', 'non-veg', '256.83', '2', '23', '2025-09-19 20:04:21', '2025-09-19 20:04:21', NULL, '1', '1', '1', '0', '0'),
('428', '3', '3', 'BBQ Chicken Pizza Medium', NULL, 'BBQ Chicken Pizza Medium from our Pizzas selection.', 'non-veg', '383.80', '2', '23', '2025-09-19 20:04:21', '2025-09-19 20:04:21', NULL, '1', '1', '1', '0', '0'),
('429', '3', '3', 'Chicken Tikka Pizza Personal', NULL, 'Chicken Tikka Pizza Personal from our Pizzas selection.', 'non-veg', '380.96', '2', '23', '2025-09-19 20:04:21', '2025-09-19 20:04:21', NULL, '1', '1', '1', '0', '0'),
('430', '3', '3', 'Chicken Tikka Pizza Medium', NULL, 'Chicken Tikka Pizza Medium from our Pizzas selection.', 'non-veg', '397.47', '2', '23', '2025-09-19 20:04:21', '2025-09-19 20:04:21', NULL, '1', '1', '1', '0', '0'),
('431', '3', '3', 'Four Cheese Pizza Medium', NULL, 'Four Cheese Pizza Medium from our Pizzas selection.', 'veg', '497.05', '2', '23', '2025-09-19 20:04:21', '2025-09-19 20:04:21', NULL, '1', '1', '1', '0', '0'),
('432', '3', '3', 'Mexican Green Wave Pizza Medium', NULL, 'Mexican Green Wave Pizza Medium from our Pizzas selection.', 'veg', '475.88', '2', '23', '2025-09-19 20:04:21', '2025-09-19 20:04:21', NULL, '1', '1', '1', '0', '0'),
('433', '3', '3', 'Peri Peri Paneer Pizza Medium', NULL, 'Peri Peri Paneer Pizza Medium from our Pizzas selection.', 'veg', '593.98', '2', '23', '2025-09-19 20:04:21', '2025-09-19 20:04:21', NULL, '1', '1', '1', '0', '0'),
('434', '3', '3', 'Tandoori Chicken Pizza Medium', NULL, 'Tandoori Chicken Pizza Medium from our Pizzas selection.', 'non-veg', '257.40', '2', '23', '2025-09-19 20:04:21', '2025-09-19 20:04:21', NULL, '1', '1', '1', '0', '0'),
('435', '3', '3', 'Garden Fresh Pizza Thin Crust', NULL, 'Garden Fresh Pizza Thin Crust from our Pizzas selection.', 'veg', '373.00', '2', '23', '2025-09-19 20:04:21', '2025-09-19 20:04:21', NULL, '1', '1', '1', '0', '0'),
('436', '3', '3', 'Smoked Chicken Pizza Thin Crust', NULL, 'Smoked Chicken Pizza Thin Crust from our Pizzas selection.', 'non-veg', '348.93', '2', '23', '2025-09-19 20:04:21', '2025-09-19 20:04:21', NULL, '1', '1', '1', '0', '0'),
('437', '3', '3', 'Classic Veg Burger', NULL, 'Classic Veg Burger from our Burgers & Sandwiches selection.', 'veg', '344.03', '2', '24', '2025-09-19 20:04:21', '2025-09-19 20:04:21', NULL, '1', '1', '1', '0', '0'),
('438', '3', '3', 'Cheese Veg Burger', NULL, 'Cheese Veg Burger from our Burgers & Sandwiches selection.', 'veg', '184.65', '2', '24', '2025-09-19 20:04:21', '2025-09-19 20:04:21', NULL, '1', '1', '1', '0', '0'),
('439', '3', '3', 'Crispy Paneer Burger', NULL, 'Crispy Paneer Burger from our Burgers & Sandwiches selection.', 'veg', '169.45', '2', '24', '2025-09-19 20:04:21', '2025-09-19 20:04:21', NULL, '1', '1', '1', '0', '0'),
('440', '3', '3', 'Aloo Tikki Burger', NULL, 'Aloo Tikki Burger from our Burgers & Sandwiches selection.', 'veg', '236.64', '2', '24', '2025-09-19 20:04:21', '2025-09-19 20:04:21', NULL, '1', '1', '1', '0', '0'),
('441', '3', '3', 'Mexican Veg Burger', NULL, 'Mexican Veg Burger from our Burgers & Sandwiches selection.', 'veg', '229.69', '2', '24', '2025-09-19 20:04:21', '2025-09-19 20:04:21', NULL, '1', '1', '1', '0', '0'),
('442', '3', '3', 'Grilled Veg Sandwich', NULL, 'Grilled Veg Sandwich from our Burgers & Sandwiches selection.', 'veg', '192.42', '2', '24', '2025-09-19 20:04:21', '2025-09-19 20:04:21', NULL, '1', '1', '1', '0', '0'),
('443', '3', '3', 'Bombay Masala Sandwich', NULL, 'Bombay Masala Sandwich from our Burgers & Sandwiches selection.', 'veg', '184.95', '2', '24', '2025-09-19 20:04:21', '2025-09-19 20:04:21', NULL, '1', '1', '1', '0', '0'),
('444', '3', '3', 'Paneer Tikka Sandwich', NULL, 'Paneer Tikka Sandwich from our Burgers & Sandwiches selection.', 'veg', '360.05', '2', '24', '2025-09-19 20:04:21', '2025-09-19 20:04:21', NULL, '1', '1', '1', '0', '0'),
('445', '3', '3', 'Club Sandwich Veg', NULL, 'Club Sandwich Veg from our Burgers & Sandwiches selection.', 'veg', '235.21', '2', '24', '2025-09-19 20:04:21', '2025-09-19 20:04:21', NULL, '1', '1', '1', '0', '0'),
('446', '3', '3', 'Chicken Burger Classic', NULL, 'Chicken Burger Classic from our Burgers & Sandwiches selection.', 'non-veg', '343.95', '2', '24', '2025-09-19 20:04:21', '2025-09-19 20:04:21', NULL, '1', '1', '1', '0', '0'),
('447', '3', '3', 'Chicken Burger Spicy', NULL, 'Chicken Burger Spicy from our Burgers & Sandwiches selection.', 'non-veg', '263.08', '2', '24', '2025-09-19 20:04:21', '2025-09-19 20:04:21', NULL, '1', '1', '1', '0', '0'),
('448', '3', '3', 'BBQ Chicken Burger', NULL, 'BBQ Chicken Burger from our Burgers & Sandwiches selection.', 'non-veg', '133.15', '2', '24', '2025-09-19 20:04:21', '2025-09-19 20:04:21', NULL, '1', '1', '1', '0', '0'),
('449', '3', '3', 'Crispy Chicken Burger', NULL, 'Crispy Chicken Burger from our Burgers & Sandwiches selection.', 'non-veg', '379.81', '2', '24', '2025-09-19 20:04:21', '2025-09-19 20:04:21', NULL, '1', '1', '1', '0', '0'),
('450', '3', '3', 'Peri Peri Chicken Burger', NULL, 'Peri Peri Chicken Burger from our Burgers & Sandwiches selection.', 'non-veg', '337.37', '2', '24', '2025-09-19 20:04:21', '2025-09-19 20:04:21', NULL, '1', '1', '1', '0', '0'),
('451', '3', '3', 'Egg Mayo Sandwich', NULL, 'Egg Mayo Sandwich from our Burgers & Sandwiches selection.', 'egg', '371.94', '2', '24', '2025-09-19 20:04:21', '2025-09-19 20:04:21', NULL, '1', '1', '1', '0', '0'),
('452', '3', '3', 'Chicken Club Sandwich', NULL, 'Chicken Club Sandwich from our Burgers & Sandwiches selection.', 'non-veg', '360.86', '2', '24', '2025-09-19 20:04:21', '2025-09-19 20:04:21', NULL, '1', '1', '1', '0', '0'),
('453', '3', '3', 'Tuna Sandwich', NULL, 'Tuna Sandwich from our Burgers & Sandwiches selection.', 'non-veg', '340.66', '2', '24', '2025-09-19 20:04:21', '2025-09-19 20:04:21', NULL, '1', '1', '1', '0', '0'),
('454', '3', '3', 'Grilled Chicken Sandwich', NULL, 'Grilled Chicken Sandwich from our Burgers & Sandwiches selection.', 'non-veg', '163.24', '2', '24', '2025-09-19 20:04:21', '2025-09-19 20:04:21', NULL, '1', '1', '1', '0', '0'),
('455', '3', '3', 'Double Patty Veg Burger', NULL, 'Double Patty Veg Burger from our Burgers & Sandwiches selection.', 'veg', '246.27', '2', '24', '2025-09-19 20:04:21', '2025-09-19 20:04:21', NULL, '1', '1', '1', '0', '0'),
('456', '3', '3', 'Paneer Kathi Roll', NULL, 'Paneer Kathi Roll from our Burgers & Sandwiches selection.', 'veg', '175.57', '2', '24', '2025-09-19 20:04:21', '2025-09-19 20:04:21', NULL, '1', '1', '1', '0', '0'),
('457', '3', '3', 'Chicken Kathi Roll', NULL, 'Chicken Kathi Roll from our Burgers & Sandwiches selection.', 'non-veg', '224.27', '2', '24', '2025-09-19 20:04:21', '2025-09-19 20:04:21', NULL, '1', '1', '1', '0', '0'),
('458', '3', '3', 'Egg Kathi Roll', NULL, 'Egg Kathi Roll from our Burgers & Sandwiches selection.', 'egg', '135.25', '2', '24', '2025-09-19 20:04:21', '2025-09-19 20:04:21', NULL, '1', '1', '1', '0', '0'),
('459', '3', '3', 'Gulab Jamun', NULL, 'Gulab Jamun from our Desserts selection.', 'veg', '148.22', '2', '25', '2025-09-19 20:04:21', '2025-09-19 20:04:21', NULL, '1', '1', '1', '0', '0'),
('460', '3', '3', 'Rasmalai', NULL, 'Rasmalai from our Desserts selection.', 'veg', '257.36', '2', '25', '2025-09-19 20:04:21', '2025-09-19 20:04:21', NULL, '1', '1', '1', '0', '0'),
('461', '3', '3', 'Rasgulla', NULL, 'Rasgulla from our Desserts selection.', 'veg', '127.74', '2', '25', '2025-09-19 20:04:21', '2025-09-19 20:04:21', NULL, '1', '1', '1', '0', '0'),
('462', '3', '3', 'Jalebi', NULL, 'Jalebi from our Desserts selection.', 'veg', '221.13', '2', '25', '2025-09-19 20:04:21', '2025-09-19 20:04:21', NULL, '1', '1', '1', '0', '0'),
('463', '3', '3', 'Gajar Halwa', NULL, 'Gajar Halwa from our Desserts selection.', 'veg', '161.90', '2', '25', '2025-09-19 20:04:21', '2025-09-19 20:04:21', NULL, '1', '1', '1', '0', '0'),
('464', '3', '3', 'Moong Dal Halwa', NULL, 'Moong Dal Halwa from our Desserts selection.', 'veg', '156.14', '2', '25', '2025-09-19 20:04:21', '2025-09-19 20:04:21', NULL, '1', '1', '1', '0', '0'),
('465', '3', '3', 'Kheer', NULL, 'Kheer from our Desserts selection.', 'veg', '252.32', '2', '25', '2025-09-19 20:04:21', '2025-09-19 20:04:21', NULL, '1', '1', '1', '0', '0'),
('466', '3', '3', 'Phirni', NULL, 'Phirni from our Desserts selection.', 'veg', '259.18', '2', '25', '2025-09-19 20:04:21', '2025-09-19 20:04:21', NULL, '1', '1', '1', '0', '0'),
('467', '3', '3', 'Kulfi Malai', NULL, 'Kulfi Malai from our Desserts selection.', 'veg', '180.04', '2', '25', '2025-09-19 20:04:21', '2025-09-19 20:04:21', NULL, '1', '1', '1', '0', '0'),
('468', '3', '3', 'Kulfi Pista', NULL, 'Kulfi Pista from our Desserts selection.', 'veg', '209.31', '2', '25', '2025-09-19 20:04:21', '2025-09-19 20:04:21', NULL, '1', '1', '1', '0', '0'),
('469', '3', '3', 'Matka Kulfi', NULL, 'Matka Kulfi from our Desserts selection.', 'veg', '107.86', '2', '25', '2025-09-19 20:04:21', '2025-09-19 20:04:21', NULL, '1', '1', '1', '0', '0'),
('470', '3', '3', 'Ice Cream Vanilla Scoop', NULL, 'Ice Cream Vanilla Scoop from our Desserts selection.', 'veg', '133.41', '2', '25', '2025-09-19 20:04:21', '2025-09-19 20:04:21', NULL, '1', '1', '1', '0', '0'),
('471', '3', '3', 'Ice Cream Chocolate Scoop', NULL, 'Ice Cream Chocolate Scoop from our Desserts selection.', 'veg', '254.37', '2', '25', '2025-09-19 20:04:21', '2025-09-19 20:04:21', NULL, '1', '1', '1', '0', '0'),
('472', '3', '3', 'Brownie with Ice Cream', NULL, 'Brownie with Ice Cream from our Desserts selection.', 'veg', '184.25', '2', '25', '2025-09-19 20:04:21', '2025-09-19 20:04:21', NULL, '1', '1', '1', '0', '0'),
('473', '3', '3', 'Sizzling Brownie', NULL, 'Sizzling Brownie from our Desserts selection.', 'veg', '177.60', '2', '25', '2025-09-19 20:04:21', '2025-09-19 20:04:21', NULL, '1', '1', '1', '0', '0'),
('474', '3', '3', 'Cheesecake Blueberry', NULL, 'Cheesecake Blueberry from our Desserts selection.', 'veg', '214.64', '2', '25', '2025-09-19 20:04:21', '2025-09-19 20:04:21', NULL, '1', '1', '1', '0', '0'),
('475', '3', '3', 'Tiramisu', NULL, 'Tiramisu from our Desserts selection.', 'veg', '90.29', '2', '25', '2025-09-19 20:04:21', '2025-09-19 20:04:21', NULL, '1', '1', '1', '0', '0'),
('476', '3', '3', 'Caramel Custard', NULL, 'Caramel Custard from our Desserts selection.', 'egg', '185.15', '2', '25', '2025-09-19 20:04:21', '2025-09-19 20:04:21', NULL, '1', '1', '1', '0', '0'),
('477', '3', '3', 'Apple Pie', NULL, 'Apple Pie from our Desserts selection.', 'veg', '170.51', '2', '25', '2025-09-19 20:04:21', '2025-09-19 20:04:21', NULL, '1', '1', '1', '0', '0'),
('478', '3', '3', 'Mysore Pak', NULL, 'Mysore Pak from our Desserts selection.', 'veg', '233.49', '2', '25', '2025-09-19 20:04:21', '2025-09-19 20:04:21', NULL, '1', '1', '1', '0', '0'),
('479', '3', '3', 'Shrikhand', NULL, 'Shrikhand from our Desserts selection.', 'veg', '108.34', '2', '25', '2025-09-19 20:04:21', '2025-09-19 20:04:21', NULL, '1', '1', '1', '0', '0'),
('480', '3', '3', 'Masala Chai', NULL, 'Masala Chai from our Beverages selection.', 'veg', '213.33', '2', '26', '2025-09-19 20:04:21', '2025-09-19 20:04:21', NULL, '1', '1', '1', '0', '0'),
('481', '3', '3', 'Ginger Tea', NULL, 'Ginger Tea from our Beverages selection.', 'veg', '63.62', '2', '26', '2025-09-19 20:04:21', '2025-09-19 20:04:21', NULL, '1', '1', '1', '0', '0'),
('482', '3', '3', 'Filter Coffee', NULL, 'Filter Coffee from our Beverages selection.', 'veg', '81.59', '2', '26', '2025-09-19 20:04:21', '2025-09-19 20:04:21', NULL, '1', '1', '1', '0', '0'),
('483', '3', '3', 'Cold Coffee Classic', NULL, 'Cold Coffee Classic from our Beverages selection.', 'veg', '151.16', '2', '26', '2025-09-19 20:04:21', '2025-09-19 20:04:21', NULL, '1', '1', '1', '0', '0'),
('484', '3', '3', 'Cold Coffee Frappe', NULL, 'Cold Coffee Frappe from our Beverages selection.', 'veg', '164.79', '2', '26', '2025-09-19 20:04:21', '2025-09-19 20:04:21', NULL, '1', '1', '1', '0', '0'),
('485', '3', '3', 'Iced Tea Lemon', NULL, 'Iced Tea Lemon from our Beverages selection.', 'veg', '89.98', '2', '26', '2025-09-19 20:04:21', '2025-09-19 20:04:21', NULL, '1', '1', '1', '0', '0'),
('486', '3', '3', 'Iced Tea Peach', NULL, 'Iced Tea Peach from our Beverages selection.', 'veg', '70.38', '2', '26', '2025-09-19 20:04:21', '2025-09-19 20:04:21', NULL, '1', '1', '1', '0', '0'),
('487', '3', '3', 'Fresh Lime Soda Sweet', NULL, 'Fresh Lime Soda Sweet from our Beverages selection.', 'veg', '201.35', '2', '26', '2025-09-19 20:04:21', '2025-09-19 20:04:21', NULL, '1', '1', '1', '0', '0'),
('488', '3', '3', 'Fresh Lime Soda Salted', NULL, 'Fresh Lime Soda Salted from our Beverages selection.', 'veg', '91.86', '2', '26', '2025-09-19 20:04:21', '2025-09-19 20:04:21', NULL, '1', '1', '1', '0', '0'),
('489', '3', '3', 'Sweet Lassi', NULL, 'Sweet Lassi from our Beverages selection.', 'veg', '151.07', '2', '26', '2025-09-19 20:04:21', '2025-09-19 20:04:21', NULL, '1', '1', '1', '0', '0'),
('490', '3', '3', 'Salted Lassi', NULL, 'Salted Lassi from our Beverages selection.', 'veg', '155.29', '2', '26', '2025-09-19 20:04:21', '2025-09-19 20:04:21', NULL, '1', '1', '1', '0', '0'),
('491', '3', '3', 'Mango Lassi', NULL, 'Mango Lassi from our Beverages selection.', 'veg', '121.27', '2', '26', '2025-09-19 20:04:21', '2025-09-19 20:04:21', NULL, '1', '1', '1', '0', '0'),
('492', '3', '3', 'Buttermilk Chaas', NULL, 'Buttermilk Chaas from our Beverages selection.', 'veg', '149.22', '2', '26', '2025-09-19 20:04:21', '2025-09-19 20:04:21', NULL, '1', '1', '1', '0', '0'),
('493', '3', '3', 'Thandai', NULL, 'Thandai from our Beverages selection.', 'veg', '138.87', '2', '26', '2025-09-19 20:04:21', '2025-09-19 20:04:21', NULL, '1', '1', '1', '0', '0'),
('494', '3', '3', 'Badam Milk', NULL, 'Badam Milk from our Beverages selection.', 'veg', '208.90', '2', '26', '2025-09-19 20:04:21', '2025-09-19 20:04:21', NULL, '1', '1', '1', '0', '0'),
('495', '3', '3', 'Watermelon Juice', NULL, 'Watermelon Juice from our Beverages selection.', 'veg', '84.72', '2', '26', '2025-09-19 20:04:21', '2025-09-19 20:04:21', NULL, '1', '1', '1', '0', '0'),
('496', '3', '3', 'Orange Juice', NULL, 'Orange Juice from our Beverages selection.', 'veg', '171.75', '2', '26', '2025-09-19 20:04:21', '2025-09-19 20:04:21', NULL, '1', '1', '1', '0', '0'),
('497', '3', '3', 'Pineapple Juice', NULL, 'Pineapple Juice from our Beverages selection.', 'veg', '90.58', '2', '26', '2025-09-19 20:04:21', '2025-09-19 20:04:21', NULL, '1', '1', '1', '0', '0'),
('498', '3', '3', 'Mint Mojito', NULL, 'Mint Mojito from our Beverages selection.', 'veg', '117.28', '2', '26', '2025-09-19 20:04:21', '2025-09-19 20:04:21', NULL, '1', '1', '1', '0', '0'),
('499', '3', '3', 'Strawberry Milkshake', NULL, 'Strawberry Milkshake from our Beverages selection.', 'veg', '164.19', '2', '26', '2025-09-19 20:04:21', '2025-09-19 20:04:21', NULL, '1', '1', '1', '0', '0'),
('500', '3', '3', 'Chocolate Milkshake', NULL, 'Chocolate Milkshake from our Beverages selection.', 'veg', '101.00', '2', '26', '2025-09-19 20:04:21', '2025-09-19 20:04:21', NULL, '1', '1', '1', '0', '0'),
('501', '4', '1', 'Margherita Pizza', NULL, NULL, 'veg', '100.00', '3', '27', '2025-09-20 12:59:59', '2025-10-15 12:17:29', NULL, '1', '1', '1', '0', '0'),
('503', '5', '5', 'Butter Chicken', 'd53454ebe29fd1e1a47b90f692d86a6d.jpeg', 'Rich creamy chicken curry with butter and spices.', 'non-veg', '0.00', '4', '30', '2025-10-08 08:47:24', '2025-10-08 08:47:24', '10', '1', '1', '1', '0', '0'),
('504', '5', '5', 'Paneer Butter Masala', '4892a1ba87cee5b2016d3505c120e7ae.jpeg', 'Paneer cubes cooked in buttery tomato gravy.', 'veg', '0.00', '4', '30', '2025-10-08 08:48:17', '2025-10-08 08:48:17', '10', '1', '1', '1', '0', '0'),
('505', '5', '5', 'Dal Makhani', '4f724ef832d4425388dab42acfde2c3a.jpeg', 'Black lentils simmered overnight with cream.', 'veg', '0.00', '4', '30', '2025-10-08 08:49:15', '2025-10-08 08:49:15', '4', '1', '1', '1', '0', '0'),
('506', '5', '5', 'Rogan Josh', '32b2d8f2eb55ef6c04737415608e768b.jpeg', 'Spicy lamb curry from Kashmir.', 'halal', '0.00', '4', '30', '2025-10-08 08:50:17', '2025-10-08 08:50:17', '6', '1', '1', '1', '0', '0'),
('507', '5', '5', 'Pani Puri', '48cf1b5a9b4fde5d842184d3961bc5f3.jpeg', 'Crispy puris filled with tangy spiced water.', 'veg', '60.00', '4', '31', '2025-10-08 08:53:49', '2025-10-08 08:53:49', '1', '1', '1', '1', '0', '0'),
('508', '5', '5', 'Aloo Tikki Chaat', NULL, 'Crispy potato patties topped with chutneys.', 'veg', '90.00', '4', '31', '2025-10-08 08:55:20', '2025-10-08 08:55:40', NULL, '1', '1', '1', '0', '0');


-- Table structure for table `menus`
CREATE TABLE `menus` (
  `id` bigint(20) unsigned NOT NULL AUTO_INCREMENT,
  `branch_id` bigint(20) unsigned DEFAULT NULL,
  `menu_name` text DEFAULT NULL,
  `sort_order` int(10) unsigned NOT NULL DEFAULT 0,
  `created_at` timestamp NULL DEFAULT NULL,
  `updated_at` timestamp NULL DEFAULT NULL,
  PRIMARY KEY (`id`),
  KEY `menus_branch_id_foreign` (`branch_id`),
  CONSTRAINT `menus_branch_id_foreign` FOREIGN KEY (`branch_id`) REFERENCES `branches` (`id`) ON DELETE CASCADE ON UPDATE CASCADE
) ENGINE=InnoDB AUTO_INCREMENT=5 DEFAULT CHARSET=utf8mb4 COLLATE=utf8mb4_unicode_ci;

-- Dumping data for table `menus`
INSERT INTO `menus` VALUES
('1', '1', '{\"en\":\"Main Menu\"}', '0', '2025-09-17 06:04:57', '2025-09-17 06:04:57'),
('2', '3', '{\"en\":\"Main Menu\"}', '0', '2025-09-19 20:04:20', '2025-09-19 20:04:20'),
('3', '4', '{\"en\":\"Breakfast\"}', '0', '2025-09-20 12:58:54', '2025-09-20 12:58:54'),
('4', '5', '{\"en\":\"Vada pao\"}', '0', '2025-10-07 15:01:24', '2025-10-07 15:01:24');


-- Table structure for table `migrations`
CREATE TABLE `migrations` (
  `id` int(10) unsigned NOT NULL AUTO_INCREMENT,
  `migration` varchar(191) NOT NULL,
  `batch` int(11) NOT NULL,
  PRIMARY KEY (`id`)
) ENGINE=InnoDB AUTO_INCREMENT=265 DEFAULT CHARSET=utf8mb4 COLLATE=utf8mb4_unicode_ci;

-- Dumping data for table `migrations`
INSERT INTO `migrations` VALUES
('1', '0001_01_01_000000_create_users_table', '1'),
('2', '0001_01_01_000001_create_cache_table', '1'),
('3', '0001_01_01_000002_create_jobs_table', '1'),
('4', '2014_04_02_193005_create_translations_table', '1'),
('5', '2024_01_01_create_printers_table', '1'),
('6', '2024_03_13_000002_create_expense_categories_table', '1'),
('7', '2024_07_01_060651_add_two_factor_columns_to_users_table', '1'),
('8', '2024_07_01_060707_create_personal_access_tokens_table', '1'),
('9', '2024_07_02_064204_create_menus_table', '1'),
('10', '2024_07_12_070634_create_areas_table', '1'),
('11', '2024_07_16_103816_create_orders_table', '1'),
('12', '2024_07_21_083459_add_user_type_column', '1'),
('13', '2024_07_24_131631_create_payments_table', '1'),
('14', '2024_07_31_081306_add_email_otp_column', '1'),
('15', '2024_08_02_061808_create_countries_table', '1'),
('16', '2024_08_02_071637_create_restaurant_settings_table', '1'),
('17', '2024_08_04_104258_create_razorpay_payments_table', '1'),
('18', '2024_08_05_092258_create_stripe_payments_table', '1'),
('19', '2024_08_05_110157_create_payment_gateway_credentials_table', '1'),
('20', '2024_08_13_033139_create_global_settings_table', '1'),
('21', '2024_08_13_073129_update_settings_add_envato_key', '1'),
('22', '2024_08_13_073129_update_settings_add_support_key', '1'),
('23', '2024_08_14_073129_update_settings_add_email', '1'),
('24', '2024_08_14_073129_update_settings_add_last_verified_key', '1'),
('25', '2024_09_13_081726_create_modules_table', '1'),
('26', '2024_09_14_130619_create_permission_tables', '1'),
('27', '2024_09_27_071339_create_reservations_table', '1'),
('28', '2024_10_02_090924_create_email_settings_table', '1'),
('29', '2024_10_03_073837_create_notification_settings_table', '1'),
('30', '2024_10_11_100539_create_branches_table', '1'),
('31', '2024_10_14_121135_create_onboarding_steps_table', '1'),
('32', '2024_10_15_071238_add_restaurant_hash_column', '1'),
('33', '2024_10_15_071238_storage', '1'),
('34', '2024_10_15_100639_create_restaurant_payments_table', '1'),
('35', '2024_10_27_101326_create_packages_table', '1'),
('36', '2024_11_02_112920_create_language_settings_table', '1'),
('37', '2024_11_02_120314_create_flags_table', '1'),
('38', '2024_11_02_120314_email_settings_table', '1'),
('39', '2024_11_08_071617_add_customer_login_required_column', '1'),
('40', '2024_11_08_093032_create_superadmin_payment_gateways_table', '1'),
('41', '2024_11_08_133506_add_stripe_column_for_license', '1'),
('42', '2024_11_12_055119_create_delivery_executives_table', '1'),
('43', '2024_11_12_055632_add_order_types_column', '1'),
('44', '2024_11_12_060500_create_order_histories_table', '1'),
('45', '2024_11_12_060500_global_license_type_table', '1'),
('46', '2024_11_12_060500_global_purchase_on_table', '1'),
('47', '2024_11_12_060500_global_setting_timezone_table', '1'),
('48', '2024_11_17_052707_currency_position', '1'),
('49', '2024_11_17_052707_move_qr_code', '1'),
('50', '2024_11_19_113852_add_is_active_to_restaurants_table', '1'),
('51', '2024_11_20_114816_add_staff_welcome_email_notification', '1'),
('52', '2024_11_25_061322_create_pusher_settings_table', '1'),
('53', '2024_11_26_090216_create_global_currencies_table', '1'),
('54', '2024_12_03_085842_add_about_us_column', '1'),
('55', '2024_12_03_104817_add_currency_id_packages', '1'),
('56', '2024_12_04_080223_add_allow_customer_delivery_orders', '1'),
('57', '2024_12_04_115601_add_preparation_time_column', '1'),
('58', '2024_12_11_110000_create_tables_for_subscription_table', '1'),
('59', '2024_12_11_131225_add_disable_landing_site_columns', '1'),
('60', '2024_12_12_090840_create_waiter_requests_table', '1'),
('61', '2024_12_13_090840_add_domain_global_setting', '1'),
('62', '2024_12_16_080201_create_lifetime_subscriptions_for_paid_restaurants', '1'),
('63', '2024_12_23_124452_add_payment_enabled_columns_to_payment_settings_table', '1'),
('64', '2024_12_27_054246_add_table_reservation_default_status_to_restaurants_table', '1'),
('65', '2024_12_30_074018_create_split_orders_table', '1'),
('66', '2024_12_30_200942_create_restaurant_settings_table', '1'),
('67', '2025_01_03_050139_add_social_media_links_to_reataurants_table', '1'),
('68', '2025_01_03_093938_add_social_media_links_to_global_settings_table', '1'),
('69', '2025_01_06_111550_create_receipt_settings_table', '1'),
('70', '2025_01_09_073145_generate_qr_codes_for_existing_branches', '1'),
('71', '2025_01_09_115652_update_receipt_settings_for_existing_restaurants', '1'),
('72', '2025_01_10_064103_add_table_required_column_to_customer_settings_table', '1'),
('73', '2025_01_10_100552_insert_to_file_storage_settings_default_values', '1'),
('74', '2025_01_11_063817_add_default_currency_column', '1'),
('75', '2025_01_15_000000_create_cart_header_settings_table', '1'),
('76', '2025_01_15_000001_create_cart_header_images_table', '1'),
('77', '2025_01_16_125322_add_is_enabled_to_menu_items_table', '1'),
('78', '2025_01_16_131100_regenrate_qr_codes', '1'),
('79', '2025_01_20_000000_add_restaurant_id_to_roles', '1'),
('80', '2025_01_20_071544_add_branch_limit_to_packages_table', '1'),
('81', '2025_01_20_091630_update_item_type', '1'),
('82', '2025_01_20_125429_add_discount_columns_to_orders_table', '1'),
('83', '2025_01_21_064139_add_show_logo_text_column', '1'),
('84', '2025_01_21_064256_add_offline_payment', '1'),
('85', '2025_01_21_132218_fix_user_roles', '1'),
('86', '2025_01_22_114720_add_show_tax_to_receipt_setting', '1'),
('87', '2025_01_23_065746_create_modifier_groups_table', '1'),
('88', '2025_01_23_085333_create_restaurant_taxes_table', '1'),
('89', '2025_01_23_090554_create_modifier_options_table', '1'),
('90', '2025_01_23_094318_create_item_modifiers_table', '1'),
('91', '2025_01_23_121154_create_order_item_modifier_options_table', '1'),
('92', '2025_01_27_065822_add_balance_column_to_payment', '1'),
('93', '2025_01_28_111039_add_allow_dine_in_orders_to_restaurant', '1'),
('94', '2025_01_30_050755_add_yelp_icon_to_global_settings', '1'),
('95', '2025_01_30_055744_add_yelp_link_to_restaurants', '1'),
('96', '2025_01_30_100556_fix_package_price_length', '1'),
('97', '2025_01_30_104043_add_meta_data_to_global_settings', '1'),
('98', '2025_01_31_000001_create_predefined_amounts_table', '1'),
('99', '2025_02_03_062109_add_is_cash_payment_enabled_to_payment', '1'),
('100', '2025_02_04_140538_add_transaction_id_kot', '1'),
('101', '2025_02_15_121956_add_hide_new_orders_option_to_restaurant', '1'),
('102', '2025_02_17_052801_create_restaurant_charges_settings_table', '1'),
('103', '2025_02_17_093729_add_favicon_to_restaurant', '1'),
('104', '2025_02_19_091730_update_menu_name_to_json', '1'),
('105', '2025_02_20_095321_add_waiter_request_options_to_restaurant', '1'),
('106', '2025_02_21_051534_add_hash_to_global_settings_table', '1'),
('107', '2025_02_21_102116_add_column_to_settings', '1'),
('108', '2025_02_24_063827_add_payment_qr_to_receipt_settings', '1'),
('109', '2025_02_24_111946_add_permissions_to_customers', '1'),
('110', '2025_03_04_114535_add_is_enabled_to_restaurant_charges', '1'),
('111', '2025_03_10_055100_add_tip_column_to_orders_table', '1'),
('112', '2025_03_10_100727_add_is_pwa_intall_alert_show_column_in_restaurants_table', '1'),
('113', '2025_03_17_090450_add_meta_title_to_global_settings', '1'),
('114', '2025_03_18_044410_create_expenses_table', '1'),
('115', '2025_03_19_092459_create_custom_menus_table', '1'),
('116', '2025_03_19_103047_update_additional_modules', '1'),
('117', '2025_03_24_084350_add_show_payments_column_to_receipt_settings_table', '1'),
('118', '2025_04_01_050059_add_branch_id_to_expense_category', '1'),
('119', '2025_04_01_051356_add_branch_id_to_expenses', '1'),
('120', '2025_04_02_071911_update_kot_status_enum', '1'),
('121', '2025_04_07_112351_add_payment_recived_status_to_orders_table', '1'),
('122', '2025_04_08_063624_update_meta_keywords', '1'),
('123', '2025_04_10_065753_add_flutterwave_payment_gateway_columns_and_tables', '1'),
('124', '2025_04_15_084543_create_front_details_table', '1'),
('125', '2025_04_22_065157_create_front_reviews_setting_table', '1'),
('126', '2025_04_22_091055_create_branch_delivery_settings_table', '1'),
('127', '2025_04_22_091146_create_customer_addresses_table', '1'),
('128', '2025_04_22_091223_create_delivery_fee_tiers_table', '1'),
('129', '2025_04_22_091258_add_delivery_columns_to_orders_table', '1'),
('130', '2025_04_29_102014_add_landing_type_column_in_global_settings_table', '1'),
('131', '2025_04_29_114538_add_front_data_in_front_details_table', '1'),
('132', '2025_05_14_094039_update_printers_settings_columns_to_printers_table', '1'),
('133', '2025_05_15_071027_create_kot_places_table', '1'),
('134', '2025_05_23_124746_add_in_stock_column', '1'),
('135', '2025_05_26_105151_relocate_map_api_key_to_superadmin_settings', '1'),
('136', '2025_05_26_114443_modify_kot_places_table', '1'),
('137', '2025_05_30_081624_add_show_item_on_customer_site_to_menu_items', '1'),
('138', '2025_06_02_081928_add_session_driver_column_to_global_settings', '1'),
('139', '2025_06_02_112147_add_columns_to_superadmin_payment_gateways_table', '1'),
('140', '2025_06_02_112903_add_paypal_payment_column_to_payment_gateway_credentials', '1'),
('141', '2025_06_02_113108_create_paypal_payments_table', '1'),
('142', '2025_06_02_114326_add_paypal_payment_in_payment_method_to_payments', '1'),
('143', '2025_06_03_095923_add_status_column_kot_item', '1'),
('144', '2025_06_04_065130_add_columns_payfast_in_superadmin_payment_gateways_table', '1'),
('145', '2025_06_05_063256_add_sort_order_columns_in_menu_and_items', '1'),
('146', '2025_06_05_112055_create_kot_settings_table', '1'),
('147', '2025_06_06_050159_add_payfast_payment_column_to_payment_gateway_credentials', '1'),
('148', '2025_06_06_051204_create_payfast_payments_table', '1'),
('149', '2025_06_10_093131_change_delete_cascade_for_orders', '1'),
('150', '2025_06_11_061716_add_uuid_to_orders_table', '1'),
('151', '2025_06_11_062354_add_columns_paystack_in_superadmin_payment_gateways_table', '1'),
('152', '2025_06_13_112612_add_phone_to_users', '1'),
('153', '2025_06_13_113200_add_column_paystack_payments_to_payment_gateway_credentials', '1'),
('154', '2025_06_13_113240_create_paystack_payments_table', '1'),
('155', '2025_06_16_104533_add_note_columns_to_kot_items_and_order_items', '1'),
('156', '2025_06_18_112425_add_payment_gateways_to_restaurants_table', '1'),
('157', '2025_06_19_070518_add_position_to_custom_menus_table', '1'),
('158', '2025_06_20_060452_add_columns_to_branch_table', '1'),
('159', '2025_06_20_092521_add_others_type_to_payments_table', '1'),
('160', '2025_06_23_101041_create_kot_cancel_reasons_table', '1'),
('161', '2025_06_23_120021_update_kot_place_id_in_menu_items', '1'),
('162', '2025_06_24_092521_disable_printer', '1'),
('163', '2025_06_24_092811_add_column_cancel_kot_reason_to_kots_table', '1'),
('164', '2025_06_24_102830_update_enum_status_to_kots_table', '1'),
('165', '2025_06_25_094311_add_column_cancellation_reason_to_orders_table', '1'),
('166', '2025_06_26_060831_add_custom_delivery_options_to_restaurants_table', '1'),
('167', '2025_06_27_084541_insert_sample_kot_cancel_reasons_data', '1'),
('168', '2025_07_01_112529_create_print_jobs_table', '1'),
('169', '2025_07_01_133114_add_placed_via_column_orders_table', '1'),
('170', '2025_07_02_090709_create_order_types_table', '1'),
('171', '2025_07_02_105440_add_translations_columns_for_modifier_group', '1'),
('172', '2025_07_02_114040_add_unique_hash_to_branches_table', '1'),
('173', '2025_07_03_123829_update_kot_place_id_for_cloned_menu_items', '1'),
('174', '2025_07_04_064350_update_order_type_id_in_orders', '1'),
('175', '2025_07_04_081809_add_tax_mode_to_restaurants_table', '1'),
('176', '2025_07_04_131541_create_desktop_applications_table', '1'),
('177', '2025_07_07_070122_add_pusher_broadcast_to_pusher_settings_table', '1'),
('178', '2025_07_07_110131_create_menu_item_taxes_table', '1'),
('179', '2025_07_14_082950_add_columns_to_restaurants_table', '1'),
('180', '2025_07_14_124125_add_pick_up_date_range_in_restaurants_table', '1'),
('181', '2025_07_17_122331_create_order_number_settings', '1'),
('182', '2025_07_29_063129_modify_item_type_in-menus', '1'),
('183', '2025_07_29_082605_add_show_halal_and_veg_option_to_restaurants', '1'),
('184', '2025_07_30_125616_add_tax_mode_to_orders', '1'),
('185', '2025_08_01_114055_add_reservation_column_to_restaurants_table', '1'),
('186', '2025_08_04_131541_create_desktop_applications_update_table', '1'),
('187', '2025_08_05_081541_modify_split_orders_table_add_bank_transfer', '1'),
('188', '2025_08_06_065323_change_payment_method_to_string_in_payments_table', '1'),
('189', '2025_08_07_033322_add_column_disable_slot_minutes_to_restaurants_table', '1'),
('190', '2025_08_08_115502_add_variation_id_to_item_modifiers', '1'),
('191', '2025_08_12_133228_change_package_description_length', '1'),
('192', '2025_08_13_060315_rename_payfast_columns_in_superadmin_payment_gateways_table', '1'),
('193', '2025_08_13_110934_add_default_expense_categories_to_existing_branches', '1'),
('194', '2025_08_16_110310_add_slot_time_difference_to_reservations', '1'),
('195', '2025_08_19_071639_fix_tax_percent_to_unlimited_decimal', '1'),
('196', '2025_08_19_131541_create_desktop_applications_mac_update_table', '1'),
('197', '2025_08_20_000001_add_quantity_to_split_order_items', '1'),
('198', '2025_08_21_100452_add_html_content_print_job', '1'),
('199', '2025_08_25_050939_add_hide_menu_item_image_columns_to_restaurants_table', '1'),
('200', '2025_08_25_060934_add_xendit_payment_gateway_to_payment_gateway_credentials_table', '1'),
('201', '2025_08_25_061405_add_xendit_to_global_settings_table', '1'),
('202', '2025_08_25_061500_create_xendit_payments_table', '1'),
('203', '2025_08_25_062000_add_xendit_webhook_verification_tokens', '1'),
('204', '2025_01_15_000000_create_database_backups_table', '2'),
('205', '2025_01_15_000001_create_database_backup_settings_table', '2'),
('206', '2025_01_01_121040_inventory_global_settings', '3'),
('207', '2025_02_06_095827_create_invetory_module_table', '3'),
('208', '2025_02_12_create_purchase_orders_tables', '3'),
('209', '2025_03_02_181226_create_inventory_settings_table', '3'),
('210', '2025_03_05_100018_create_inventory_settings_table', '3'),
('211', '2025_03_19_113535_soft_delete_supplier', '3'),
('212', '2025_03_20_113535_permission_supplier', '3'),
('213', '2025_07_07_000000_add_variation_support_to_recipes_table', '3'),
('214', '2025_07_07_000001_add_modifier_option_support_to_recipes_table', '3'),
('215', '2025_07_07_000002_make_menu_item_id_nullable_in_recipes_table', '3'),
('216', '2025_01_01_121040_kitchen_global_settings', '4'),
('217', '2025_05_19_163251_add_permission_to_kot_places', '4'),
('218', '2025_06_12_094512_add_kitchen_place_id_to_kot', '4'),
('219', '2025_06_16_121348_update_kot_place_id_in_menu_items', '4'),
('220', '2023_10_09_114356_create_language_pack_settings_table', '5'),
('221', '2023_11_02_094141_language_pack_notify_update_global_settings', '5'),
('222', '2023_11_28_094141_language_license_type_update_global_settings', '5'),
('223', '2023_12_19_091940_purchased_on_language_setting_table', '5'),
('224', '2020_04_09_121040_subdomain_settings', '6'),
('225', '2024_11_01_000000_add_sub_domain_in_companies_table', '6'),
('226', '2025_09_11_094443_remove_phone_unique', '7'),
('227', '2025_09_15_100452_remove_extra_content_print_job', '7'),
('228', '2025_09_17_094034_create_cart_session_tables', '7'),
('229', '2025_08_01_164051_create_kiosk_setting_tables', '8'),
('230', '2025_09_26_164051_create_kiosk_tables', '8'),
('231', '2025_09_26_164052_create_kiosk_promos_tables', '8'),
('232', '2025_08_29_091315_add_phone_code_to_customers_table', '9'),
('233', '2025_09_02_085025_add_xendit_payment_column_to_superadmin_payment_gateways_table', '9'),
('234', '2025_09_02_113846_add_xendit_payments_column_to_packages_table', '9'),
('235', '2025_09_02_130000_create_otps_table', '9'),
('236', '2025_09_18_083624_add_table_lock_columns_and_settings', '9'),
('237', '2025_09_25_063220_add_xendit_webhook_token_to_superadmin_payment_gateways', '9'),
('238', '2025_09_26_115847_add_token_number_to_orders_table', '9'),
('239', '2025_09_26_115854_add_enable_token_number_to_order_types_table', '9'),
('240', '2025_10_07_070000_add_reference_id_to_payment_tables', '9'),
('241', '2025_10_07_094006_add_token_number_to_kots_table', '9'),
('242', '2025_10_07_094018_remove_token_number_from_orders_table', '9'),
('243', '2025_10_08_095954_add_columns_paddle_payment_keys_to_superadmin_payment_gateways', '9'),
('244', '2025_10_08_102000_add_paddle_client_token_columns_to_superadmin_payment_gateways', '9'),
('245', '2025_10_09_041734_add_enable_paddle_to_global_settings_table', '9'),
('246', '2025_10_09_065853_remove_payload_from_print_jobs', '9'),
('247', '2025_10_09_084200_add_package_id_to_restaurant_payments_table', '9'),
('248', '2025_10_09_091500_add_paddle_price_ids_to_packages_table', '9'),
('249', '2025_10_10_100000_add_paddle_webhook_secret_to_superadmin_payment_gateways', '9'),
('250', '2025_10_10_122321_add_privacy_policy_link_to_global_settings_table', '9'),
('251', '2025_10_14_071228_add_consent_fields_to_users_table', '9'),
('252', '2025_10_15_045419_sms_count_packages', '10'),
('253', '2023_10_17_073008_create_universal_bundle_settings_table', '11'),
('254', '2025_09_01_073008_create_global_settings_table', '12'),
('255', '2025_09_16_000001_create_cash_register_module', '12'),
('256', '2025_09_16_000001_create_cash_registers_tables', '12'),
('257', '2025_09_18_000002_add_approval_columns_to_cash_register_sessions', '12'),
('258', '2025_09_20_000003_create_denominations_table', '12'),
('259', '2025_09_26_043532_create_cash_register_settings_table', '12'),
('260', '2025_09_29_120001_add_order_id_to_cash_register_transactions_table', '12'),
('261', '2025_10_08_070529_add_open_register_permission_to_cash_register_module', '12'),
('262', '2025_10_08_080000_rename_cash_register_permissions', '12'),
('263', '2025_10_10_120000_drop_currency_from_denominations', '12'),
('264', '2025_10_08_164052_create_kiosks', '13');


-- Table structure for table `model_has_permissions`
CREATE TABLE `model_has_permissions` (
  `permission_id` bigint(20) unsigned NOT NULL,
  `model_type` varchar(191) NOT NULL,
  `model_id` bigint(20) unsigned NOT NULL,
  PRIMARY KEY (`permission_id`,`model_id`,`model_type`),
  KEY `model_has_permissions_model_id_model_type_index` (`model_id`,`model_type`),
  CONSTRAINT `model_has_permissions_permission_id_foreign` FOREIGN KEY (`permission_id`) REFERENCES `permissions` (`id`) ON DELETE CASCADE
) ENGINE=InnoDB DEFAULT CHARSET=utf8mb4 COLLATE=utf8mb4_unicode_ci;


-- Table structure for table `model_has_roles`
CREATE TABLE `model_has_roles` (
  `role_id` bigint(20) unsigned NOT NULL,
  `model_type` varchar(191) NOT NULL,
  `model_id` bigint(20) unsigned NOT NULL,
  PRIMARY KEY (`role_id`,`model_id`,`model_type`),
  KEY `model_has_roles_model_id_model_type_index` (`model_id`,`model_type`),
  CONSTRAINT `model_has_roles_role_id_foreign` FOREIGN KEY (`role_id`) REFERENCES `roles` (`id`) ON DELETE CASCADE
) ENGINE=InnoDB DEFAULT CHARSET=utf8mb4 COLLATE=utf8mb4_unicode_ci;

-- Dumping data for table `model_has_roles`
INSERT INTO `model_has_roles` VALUES
('1', 'App\\Models\\User', '1'),
('2', 'App\\Models\\User', '2'),
('4', 'App\\Models\\User', '3'),
('6', 'App\\Models\\User', '4'),
('8', 'App\\Models\\User', '5'),
('10', 'App\\Models\\User', '6'),
('14', 'App\\Models\\User', '7');


-- Table structure for table `modifier_group_translations`
CREATE TABLE `modifier_group_translations` (
  `id` bigint(20) unsigned NOT NULL AUTO_INCREMENT,
  `modifier_group_id` bigint(20) unsigned NOT NULL,
  `locale` varchar(191) NOT NULL,
  `name` varchar(191) DEFAULT NULL,
  `description` text DEFAULT NULL,
  PRIMARY KEY (`id`),
  UNIQUE KEY `modifier_group_translations_modifier_group_id_locale_unique` (`modifier_group_id`,`locale`),
  KEY `modifier_group_translations_locale_index` (`locale`),
  CONSTRAINT `modifier_group_translations_modifier_group_id_foreign` FOREIGN KEY (`modifier_group_id`) REFERENCES `modifier_groups` (`id`) ON DELETE CASCADE
) ENGINE=InnoDB DEFAULT CHARSET=utf8mb4 COLLATE=utf8mb4_unicode_ci;


-- Table structure for table `modifier_groups`
CREATE TABLE `modifier_groups` (
  `id` bigint(20) unsigned NOT NULL AUTO_INCREMENT,
  `name` varchar(191) NOT NULL,
  `description` text DEFAULT NULL,
  `branch_id` bigint(20) unsigned DEFAULT NULL,
  `created_at` timestamp NULL DEFAULT NULL,
  `updated_at` timestamp NULL DEFAULT NULL,
  PRIMARY KEY (`id`),
  KEY `modifier_groups_branch_id_foreign` (`branch_id`),
  CONSTRAINT `modifier_groups_branch_id_foreign` FOREIGN KEY (`branch_id`) REFERENCES `branches` (`id`) ON DELETE CASCADE ON UPDATE CASCADE
) ENGINE=InnoDB DEFAULT CHARSET=utf8mb4 COLLATE=utf8mb4_unicode_ci;


-- Table structure for table `modifier_options`
CREATE TABLE `modifier_options` (
  `id` bigint(20) unsigned NOT NULL AUTO_INCREMENT,
  `modifier_group_id` bigint(20) unsigned NOT NULL,
  `name` text DEFAULT NULL,
  `price` decimal(16,2) NOT NULL,
  `is_available` tinyint(1) NOT NULL DEFAULT 1,
  `sort_order` int(11) NOT NULL DEFAULT 0,
  `is_preselected` tinyint(1) NOT NULL DEFAULT 0,
  `created_at` timestamp NULL DEFAULT NULL,
  `updated_at` timestamp NULL DEFAULT NULL,
  PRIMARY KEY (`id`),
  KEY `modifier_options_modifier_group_id_foreign` (`modifier_group_id`),
  CONSTRAINT `modifier_options_modifier_group_id_foreign` FOREIGN KEY (`modifier_group_id`) REFERENCES `modifier_groups` (`id`) ON DELETE CASCADE ON UPDATE CASCADE
) ENGINE=InnoDB DEFAULT CHARSET=utf8mb4 COLLATE=utf8mb4_unicode_ci;


-- Table structure for table `modules`
CREATE TABLE `modules` (
  `id` bigint(20) unsigned NOT NULL AUTO_INCREMENT,
  `name` varchar(191) NOT NULL,
  `created_at` timestamp NULL DEFAULT NULL,
  `updated_at` timestamp NULL DEFAULT NULL,
  PRIMARY KEY (`id`)
) ENGINE=InnoDB AUTO_INCREMENT=21 DEFAULT CHARSET=utf8mb4 COLLATE=utf8mb4_unicode_ci;

-- Dumping data for table `modules`
INSERT INTO `modules` VALUES
('1', 'Menu', NULL, NULL),
('2', 'Menu Item', NULL, NULL),
('3', 'Item Category', NULL, NULL),
('4', 'Area', NULL, NULL),
('5', 'Table', NULL, NULL),
('6', 'Reservation', NULL, NULL),
('7', 'KOT', NULL, NULL),
('8', 'Order', NULL, NULL),
('9', 'Customer', NULL, NULL),
('10', 'Staff', NULL, NULL),
('11', 'Payment', NULL, NULL),
('12', 'Report', NULL, NULL),
('13', 'Settings', NULL, NULL),
('14', 'Delivery Executive', NULL, NULL),
('15', 'Waiter Request', NULL, NULL),
('16', 'Expense', NULL, NULL),
('17', 'Inventory', '2025-09-17 05:48:09', '2025-09-17 05:48:09'),
('18', 'Kitchen', '2025-09-17 05:48:21', '2025-09-17 05:48:21'),
('19', 'Kiosk', '2025-09-28 12:08:47', '2025-09-28 12:08:47'),
('20', 'Cash Register', '2025-10-15 12:16:30', '2025-10-15 12:16:30');


-- Table structure for table `notification_settings`
CREATE TABLE `notification_settings` (
  `id` bigint(20) unsigned NOT NULL AUTO_INCREMENT,
  `restaurant_id` bigint(20) unsigned DEFAULT NULL,
  `type` varchar(191) NOT NULL,
  `send_email` tinyint(1) NOT NULL DEFAULT 1,
  `created_at` timestamp NULL DEFAULT NULL,
  `updated_at` timestamp NULL DEFAULT NULL,
  PRIMARY KEY (`id`),
  KEY `notification_settings_restaurant_id_foreign` (`restaurant_id`),
  CONSTRAINT `notification_settings_restaurant_id_foreign` FOREIGN KEY (`restaurant_id`) REFERENCES `restaurants` (`id`) ON DELETE CASCADE ON UPDATE CASCADE
) ENGINE=InnoDB AUTO_INCREMENT=26 DEFAULT CHARSET=utf8mb4 COLLATE=utf8mb4_unicode_ci;

-- Dumping data for table `notification_settings`
INSERT INTO `notification_settings` VALUES
('1', '1', 'order_received', '1', NULL, NULL),
('2', '1', 'reservation_confirmed', '1', NULL, NULL),
('3', '1', 'new_reservation', '1', NULL, NULL),
('4', '1', 'order_bill_sent', '1', NULL, NULL),
('5', '1', 'staff_welcome', '1', NULL, NULL),
('6', '2', 'order_received', '1', NULL, NULL),
('7', '2', 'reservation_confirmed', '1', NULL, NULL),
('8', '2', 'new_reservation', '1', NULL, NULL),
('9', '2', 'order_bill_sent', '1', NULL, NULL),
('10', '2', 'staff_welcome', '1', NULL, NULL),
('11', '3', 'order_received', '1', NULL, NULL),
('12', '3', 'reservation_confirmed', '1', NULL, NULL),
('13', '3', 'new_reservation', '1', NULL, NULL),
('14', '3', 'order_bill_sent', '1', NULL, NULL),
('15', '3', 'staff_welcome', '1', NULL, NULL),
('16', '4', 'order_received', '1', NULL, NULL),
('17', '4', 'reservation_confirmed', '1', NULL, NULL),
('18', '4', 'new_reservation', '1', NULL, NULL),
('19', '4', 'order_bill_sent', '1', NULL, NULL),
('20', '4', 'staff_welcome', '1', NULL, NULL);


-- Table structure for table `offline_payment_methods`
CREATE TABLE `offline_payment_methods` (
  `id` bigint(20) unsigned NOT NULL AUTO_INCREMENT,
  `restaurant_id` bigint(20) unsigned DEFAULT NULL,
  `name` varchar(191) NOT NULL,
  `description` text DEFAULT NULL,
  `status` enum('active','inactive') NOT NULL DEFAULT 'active',
  `created_at` timestamp NULL DEFAULT NULL,
  `updated_at` timestamp NULL DEFAULT NULL,
  PRIMARY KEY (`id`),
  KEY `offline_payment_methods_restaurant_id_foreign` (`restaurant_id`),
  CONSTRAINT `offline_payment_methods_restaurant_id_foreign` FOREIGN KEY (`restaurant_id`) REFERENCES `restaurants` (`id`) ON DELETE CASCADE ON UPDATE CASCADE
) ENGINE=InnoDB DEFAULT CHARSET=utf8mb4 COLLATE=utf8mb4_unicode_ci;


-- Table structure for table `offline_plan_changes`
CREATE TABLE `offline_plan_changes` (
  `id` bigint(20) unsigned NOT NULL AUTO_INCREMENT,
  `restaurant_id` bigint(20) unsigned DEFAULT NULL,
  `package_id` bigint(20) unsigned NOT NULL,
  `package_type` varchar(191) NOT NULL,
  `amount` decimal(16,2) DEFAULT NULL,
  `pay_date` date DEFAULT NULL,
  `next_pay_date` date DEFAULT NULL,
  `invoice_id` bigint(20) unsigned DEFAULT NULL,
  `offline_method_id` bigint(20) unsigned DEFAULT NULL,
  `file_name` varchar(191) DEFAULT NULL,
  `status` enum('verified','pending','rejected') NOT NULL DEFAULT 'pending',
  `remark` text DEFAULT NULL,
  `description` mediumtext NOT NULL,
  `created_at` timestamp NULL DEFAULT NULL,
  `updated_at` timestamp NULL DEFAULT NULL,
  PRIMARY KEY (`id`),
  KEY `offline_plan_changes_restaurant_id_foreign` (`restaurant_id`),
  KEY `offline_plan_changes_package_id_foreign` (`package_id`),
  KEY `offline_plan_changes_invoice_id_foreign` (`invoice_id`),
  KEY `offline_plan_changes_offline_method_id_foreign` (`offline_method_id`),
  CONSTRAINT `offline_plan_changes_invoice_id_foreign` FOREIGN KEY (`invoice_id`) REFERENCES `global_invoices` (`id`) ON DELETE CASCADE ON UPDATE CASCADE,
  CONSTRAINT `offline_plan_changes_offline_method_id_foreign` FOREIGN KEY (`offline_method_id`) REFERENCES `offline_payment_methods` (`id`) ON DELETE CASCADE ON UPDATE CASCADE,
  CONSTRAINT `offline_plan_changes_package_id_foreign` FOREIGN KEY (`package_id`) REFERENCES `packages` (`id`) ON DELETE CASCADE ON UPDATE CASCADE,
  CONSTRAINT `offline_plan_changes_restaurant_id_foreign` FOREIGN KEY (`restaurant_id`) REFERENCES `restaurants` (`id`) ON DELETE CASCADE ON UPDATE CASCADE
) ENGINE=InnoDB DEFAULT CHARSET=utf8mb4 COLLATE=utf8mb4_unicode_ci;


-- Table structure for table `onboarding_steps`
CREATE TABLE `onboarding_steps` (
  `id` bigint(20) unsigned NOT NULL AUTO_INCREMENT,
  `branch_id` bigint(20) unsigned NOT NULL,
  `add_area_completed` tinyint(1) NOT NULL DEFAULT 0,
  `add_table_completed` tinyint(1) NOT NULL DEFAULT 0,
  `add_menu_completed` tinyint(1) NOT NULL DEFAULT 0,
  `add_menu_items_completed` tinyint(1) NOT NULL DEFAULT 0,
  `created_at` timestamp NULL DEFAULT NULL,
  `updated_at` timestamp NULL DEFAULT NULL,
  PRIMARY KEY (`id`),
  KEY `onboarding_steps_branch_id_foreign` (`branch_id`),
  CONSTRAINT `onboarding_steps_branch_id_foreign` FOREIGN KEY (`branch_id`) REFERENCES `branches` (`id`) ON DELETE CASCADE
) ENGINE=InnoDB AUTO_INCREMENT=9 DEFAULT CHARSET=utf8mb4 COLLATE=utf8mb4_unicode_ci;

-- Dumping data for table `onboarding_steps`
INSERT INTO `onboarding_steps` VALUES
('1', '1', '0', '0', '0', '0', '2025-09-17 05:36:43', '2025-09-17 05:36:43'),
('2', '1', '0', '0', '0', '0', '2025-09-17 05:36:44', '2025-09-17 05:36:44'),
('3', '2', '0', '0', '0', '0', '2025-09-17 05:36:44', '2025-09-17 05:36:44'),
('4', '2', '0', '0', '0', '0', '2025-09-17 05:36:44', '2025-09-17 05:36:44'),
('5', '3', '0', '0', '0', '0', '2025-09-17 10:02:45', '2025-09-17 10:02:45'),
('6', '4', '1', '1', '1', '1', '2025-09-20 12:56:44', '2025-09-20 13:00:00'),
('7', '5', '1', '1', '1', '1', '2025-10-07 15:00:09', '2025-10-07 15:05:09');


-- Table structure for table `order_charges`
CREATE TABLE `order_charges` (
  `id` bigint(20) unsigned NOT NULL AUTO_INCREMENT,
  `order_id` bigint(20) unsigned NOT NULL,
  `charge_id` bigint(20) unsigned NOT NULL,
  PRIMARY KEY (`id`),
  KEY `order_charges_order_id_foreign` (`order_id`),
  KEY `order_charges_charge_id_foreign` (`charge_id`),
  CONSTRAINT `order_charges_charge_id_foreign` FOREIGN KEY (`charge_id`) REFERENCES `restaurant_charges` (`id`) ON DELETE CASCADE,
  CONSTRAINT `order_charges_order_id_foreign` FOREIGN KEY (`order_id`) REFERENCES `orders` (`id`) ON DELETE CASCADE
) ENGINE=InnoDB DEFAULT CHARSET=utf8mb4 COLLATE=utf8mb4_unicode_ci;


-- Table structure for table `order_histories`
CREATE TABLE `order_histories` (
  `id` bigint(20) unsigned NOT NULL AUTO_INCREMENT,
  `order_id` bigint(20) unsigned NOT NULL,
  `status` varchar(191) NOT NULL,
  `created_at` timestamp NULL DEFAULT NULL,
  `updated_at` timestamp NULL DEFAULT NULL,
  PRIMARY KEY (`id`),
  KEY `order_histories_order_id_foreign` (`order_id`),
  CONSTRAINT `order_histories_order_id_foreign` FOREIGN KEY (`order_id`) REFERENCES `orders` (`id`) ON DELETE CASCADE
) ENGINE=InnoDB DEFAULT CHARSET=utf8mb4 COLLATE=utf8mb4_unicode_ci;


-- Table structure for table `order_item_modifier_options`
CREATE TABLE `order_item_modifier_options` (
  `id` bigint(20) unsigned NOT NULL AUTO_INCREMENT,
  `order_item_id` bigint(20) unsigned NOT NULL,
  `modifier_option_id` bigint(20) unsigned NOT NULL,
  `created_at` timestamp NULL DEFAULT NULL,
  `updated_at` timestamp NULL DEFAULT NULL,
  PRIMARY KEY (`id`),
  KEY `order_item_modifier_options_order_item_id_foreign` (`order_item_id`),
  KEY `order_item_modifier_options_modifier_option_id_foreign` (`modifier_option_id`),
  CONSTRAINT `order_item_modifier_options_modifier_option_id_foreign` FOREIGN KEY (`modifier_option_id`) REFERENCES `modifier_options` (`id`) ON DELETE CASCADE ON UPDATE CASCADE,
  CONSTRAINT `order_item_modifier_options_order_item_id_foreign` FOREIGN KEY (`order_item_id`) REFERENCES `order_items` (`id`) ON DELETE CASCADE ON UPDATE CASCADE
) ENGINE=InnoDB DEFAULT CHARSET=utf8mb4 COLLATE=utf8mb4_unicode_ci;


-- Table structure for table `order_items`
CREATE TABLE `order_items` (
  `id` bigint(20) unsigned NOT NULL AUTO_INCREMENT,
  `branch_id` bigint(20) unsigned DEFAULT NULL,
  `order_id` bigint(20) unsigned NOT NULL,
  `transaction_id` varchar(191) DEFAULT NULL,
  `menu_item_id` bigint(20) unsigned NOT NULL,
  `menu_item_variation_id` bigint(20) unsigned DEFAULT NULL,
  `note` text DEFAULT NULL,
  `quantity` int(11) NOT NULL,
  `price` decimal(16,2) NOT NULL,
  `amount` decimal(16,2) NOT NULL,
  `tax_amount` decimal(15,2) DEFAULT NULL,
  `tax_percentage` decimal(8,4) DEFAULT NULL,
  `tax_breakup` longtext CHARACTER SET utf8mb4 COLLATE utf8mb4_bin DEFAULT NULL CHECK (json_valid(`tax_breakup`)),
  `created_at` timestamp NULL DEFAULT NULL,
  `updated_at` timestamp NULL DEFAULT NULL,
  PRIMARY KEY (`id`),
  KEY `order_items_order_id_foreign` (`order_id`),
  KEY `order_items_menu_item_id_foreign` (`menu_item_id`),
  KEY `order_items_menu_item_variation_id_foreign` (`menu_item_variation_id`),
  KEY `order_items_branch_id_foreign` (`branch_id`),
  CONSTRAINT `order_items_branch_id_foreign` FOREIGN KEY (`branch_id`) REFERENCES `branches` (`id`) ON DELETE CASCADE ON UPDATE CASCADE,
  CONSTRAINT `order_items_menu_item_id_foreign` FOREIGN KEY (`menu_item_id`) REFERENCES `menu_items` (`id`) ON DELETE CASCADE,
  CONSTRAINT `order_items_menu_item_variation_id_foreign` FOREIGN KEY (`menu_item_variation_id`) REFERENCES `menu_item_variations` (`id`) ON DELETE CASCADE,
  CONSTRAINT `order_items_order_id_foreign` FOREIGN KEY (`order_id`) REFERENCES `orders` (`id`) ON DELETE CASCADE
) ENGINE=InnoDB AUTO_INCREMENT=19 DEFAULT CHARSET=utf8mb4 COLLATE=utf8mb4_unicode_ci;

-- Dumping data for table `order_items`
INSERT INTO `order_items` VALUES
('3', '3', '1', NULL, '251', NULL, NULL, '1', '269.52', '269.52', NULL, NULL, NULL, '2025-09-20 12:27:12', '2025-09-20 12:27:12'),
('4', '3', '1', NULL, '252', NULL, NULL, '1', '183.50', '183.50', NULL, NULL, NULL, '2025-09-20 12:27:12', '2025-09-20 12:27:12'),
('5', '4', '2', NULL, '501', NULL, '', '1', '100.00', '100.00', NULL, NULL, NULL, '2025-09-20 13:00:18', '2025-09-20 13:00:18'),
('8', '5', '4', 'TXN_68e62861d3eb76.37324333_776395', '503', '2', '', '1', '250.00', '250.00', NULL, NULL, NULL, '2025-10-08 09:01:22', '2025-10-08 09:01:22'),
('9', '5', '4', 'TXN_68e62861d3eb76.37324333_776395', '504', '6', '', '1', '400.00', '400.00', NULL, NULL, NULL, '2025-10-08 09:01:22', '2025-10-08 09:01:22'),
('10', '5', '4', 'TXN_68e62861d3eb76.37324333_776395', '506', '10', '', '1', '500.00', '500.00', NULL, NULL, NULL, '2025-10-08 09:01:22', '2025-10-08 09:01:22'),
('11', '5', '5', 'TXN_68e63e3e517e69.31196617_301189', '504', '4', '', '1', '120.00', '120.00', NULL, NULL, NULL, '2025-10-08 10:34:38', '2025-10-08 10:34:38'),
('12', '5', '6', NULL, '503', '2', NULL, '1', '250.00', '250.00', NULL, NULL, NULL, '2025-10-15 12:32:51', '2025-10-15 12:32:51'),
('13', '5', '7', NULL, '507', NULL, NULL, '1', '60.00', '60.00', NULL, NULL, NULL, '2025-10-15 12:34:09', '2025-10-15 12:34:09'),
('14', '5', '8', 'KIOSK_TXN_68ef9521a16ec0.32691058', '503', NULL, NULL, '1', '0.00', '0.00', NULL, NULL, NULL, '2025-10-15 12:35:45', '2025-10-15 12:35:45'),
('15', '5', '8', 'KIOSK_TXN_68ef9521a16ec0.32691058', '504', NULL, NULL, '2', '0.00', '0.00', NULL, NULL, NULL, '2025-10-15 12:35:45', '2025-10-15 12:35:45'),
('16', '5', '9', 'KIOSK_TXN_68ef95b8481505.85338088', '503', '3', NULL, '2', '400.00', '800.00', NULL, NULL, NULL, '2025-10-15 12:38:16', '2025-10-15 12:38:16'),
('17', '5', '9', 'KIOSK_TXN_68ef95b8481505.85338088', '503', '2', NULL, '2', '250.00', '500.00', NULL, NULL, NULL, '2025-10-15 12:38:16', '2025-10-15 12:38:16'),
('18', '5', '10', NULL, '504', '4', NULL, '1', '120.00', '120.00', NULL, NULL, NULL, '2025-10-15 12:40:33', '2025-10-15 12:40:33');


-- Table structure for table `order_number_settings`
CREATE TABLE `order_number_settings` (
  `id` bigint(20) unsigned NOT NULL AUTO_INCREMENT,
  `branch_id` bigint(20) unsigned NOT NULL,
  `enable_feature` tinyint(1) NOT NULL DEFAULT 0,
  `prefix` varchar(191) NOT NULL DEFAULT 'ORD',
  `digits` tinyint(3) unsigned NOT NULL DEFAULT 3,
  `separator` varchar(191) NOT NULL DEFAULT '-',
  `include_date` tinyint(1) NOT NULL DEFAULT 0,
  `show_year` tinyint(1) NOT NULL DEFAULT 0,
  `show_month` tinyint(1) NOT NULL DEFAULT 0,
  `show_day` tinyint(1) NOT NULL DEFAULT 0,
  `show_time` tinyint(1) NOT NULL DEFAULT 0,
  `reset_daily` tinyint(1) NOT NULL DEFAULT 0,
  `created_at` timestamp NULL DEFAULT NULL,
  `updated_at` timestamp NULL DEFAULT NULL,
  PRIMARY KEY (`id`),
  KEY `order_number_settings_branch_id_foreign` (`branch_id`),
  CONSTRAINT `order_number_settings_branch_id_foreign` FOREIGN KEY (`branch_id`) REFERENCES `branches` (`id`) ON DELETE CASCADE ON UPDATE CASCADE
) ENGINE=InnoDB DEFAULT CHARSET=utf8mb4 COLLATE=utf8mb4_unicode_ci;


-- Table structure for table `order_places`
CREATE TABLE `order_places` (
  `id` bigint(20) unsigned NOT NULL AUTO_INCREMENT,
  `printer_id` bigint(20) unsigned DEFAULT NULL,
  `branch_id` bigint(20) unsigned DEFAULT NULL,
  `name` varchar(191) NOT NULL,
  `type` varchar(191) DEFAULT NULL,
  `is_active` tinyint(1) NOT NULL DEFAULT 1,
  `is_default` tinyint(1) NOT NULL DEFAULT 0,
  `created_at` timestamp NULL DEFAULT NULL,
  `updated_at` timestamp NULL DEFAULT NULL,
  PRIMARY KEY (`id`),
  KEY `order_places_branch_id_foreign` (`branch_id`),
  KEY `order_places_printer_id_foreign` (`printer_id`),
  CONSTRAINT `order_places_branch_id_foreign` FOREIGN KEY (`branch_id`) REFERENCES `branches` (`id`) ON DELETE CASCADE,
  CONSTRAINT `order_places_printer_id_foreign` FOREIGN KEY (`printer_id`) REFERENCES `printers` (`id`) ON DELETE SET NULL
) ENGINE=InnoDB AUTO_INCREMENT=7 DEFAULT CHARSET=utf8mb4 COLLATE=utf8mb4_unicode_ci;

-- Dumping data for table `order_places`
INSERT INTO `order_places` VALUES
('1', NULL, '1', 'Default POS Terminal', 'vegetarian', '1', '1', '2025-09-17 05:36:44', '2025-09-17 05:36:44'),
('2', NULL, '2', 'Default POS Terminal', 'vegetarian', '1', '1', '2025-09-17 05:36:44', '2025-09-17 05:36:44'),
('3', NULL, '3', 'Default POS Terminal', 'vegetarian', '1', '1', '2025-09-17 10:02:45', '2025-09-17 10:02:45'),
('4', NULL, '4', 'Default POS Terminal', 'vegetarian', '1', '1', '2025-09-20 12:56:44', '2025-09-20 12:56:44'),
('5', NULL, '5', 'Default POS Terminal', 'vegetarian', '1', '1', '2025-10-07 15:00:09', '2025-10-07 15:00:09');


-- Table structure for table `order_taxes`
CREATE TABLE `order_taxes` (
  `id` bigint(20) unsigned NOT NULL AUTO_INCREMENT,
  `order_id` bigint(20) unsigned NOT NULL,
  `tax_id` bigint(20) unsigned NOT NULL,
  PRIMARY KEY (`id`),
  KEY `order_taxes_order_id_foreign` (`order_id`),
  KEY `order_taxes_tax_id_foreign` (`tax_id`),
  CONSTRAINT `order_taxes_order_id_foreign` FOREIGN KEY (`order_id`) REFERENCES `orders` (`id`) ON DELETE CASCADE,
  CONSTRAINT `order_taxes_tax_id_foreign` FOREIGN KEY (`tax_id`) REFERENCES `taxes` (`id`) ON DELETE CASCADE
) ENGINE=InnoDB AUTO_INCREMENT=17 DEFAULT CHARSET=utf8mb4 COLLATE=utf8mb4_unicode_ci;

-- Dumping data for table `order_taxes`
INSERT INTO `order_taxes` VALUES
('1', '3', '6'),
('2', '3', '7'),
('3', '4', '6'),
('4', '4', '7'),
('5', '5', '6'),
('6', '5', '7'),
('7', '6', '6'),
('8', '6', '7'),
('9', '7', '6'),
('10', '7', '7'),
('11', '8', '6'),
('12', '8', '7'),
('13', '9', '6'),
('14', '9', '7'),
('15', '10', '6'),
('16', '10', '7');


-- Table structure for table `order_types`
CREATE TABLE `order_types` (
  `id` bigint(20) unsigned NOT NULL AUTO_INCREMENT,
  `branch_id` bigint(20) unsigned DEFAULT NULL,
  `order_type_name` varchar(191) NOT NULL,
  `slug` varchar(191) NOT NULL,
  `is_active` tinyint(1) NOT NULL DEFAULT 1,
  `is_default` tinyint(1) NOT NULL DEFAULT 0,
  `enable_token_number` tinyint(1) NOT NULL DEFAULT 0,
  `type` varchar(191) DEFAULT NULL,
  `created_at` timestamp NULL DEFAULT NULL,
  `updated_at` timestamp NULL DEFAULT NULL,
  PRIMARY KEY (`id`),
  KEY `order_types_branch_id_foreign` (`branch_id`),
  CONSTRAINT `order_types_branch_id_foreign` FOREIGN KEY (`branch_id`) REFERENCES `branches` (`id`) ON DELETE CASCADE ON UPDATE CASCADE
) ENGINE=InnoDB AUTO_INCREMENT=19 DEFAULT CHARSET=utf8mb4 COLLATE=utf8mb4_unicode_ci;

-- Dumping data for table `order_types`
INSERT INTO `order_types` VALUES
('1', '1', 'Dine In', 'dine_in', '1', '1', '0', 'dine_in', '2025-09-17 05:36:44', '2025-09-17 05:36:44'),
('2', '1', 'Delivery', 'delivery', '1', '1', '0', 'delivery', '2025-09-17 05:36:44', '2025-09-17 05:36:44'),
('3', '1', 'Pickup', 'pickup', '1', '1', '0', 'pickup', '2025-09-17 05:36:44', '2025-09-17 05:36:44'),
('4', '2', 'Dine In', 'dine_in', '1', '1', '0', 'dine_in', '2025-09-17 05:36:44', '2025-09-17 05:36:44'),
('5', '2', 'Delivery', 'delivery', '1', '1', '0', 'delivery', '2025-09-17 05:36:44', '2025-09-17 05:36:44'),
('6', '2', 'Pickup', 'pickup', '1', '1', '0', 'pickup', '2025-09-17 05:36:44', '2025-09-17 05:36:44'),
('7', '3', 'Dine In', 'dine_in', '1', '1', '0', 'dine_in', '2025-09-17 10:02:45', '2025-09-17 10:02:45'),
('8', '3', 'Delivery', 'delivery', '1', '1', '0', 'delivery', '2025-09-17 10:02:45', '2025-09-17 10:02:45'),
('9', '3', 'Pickup', 'pickup', '1', '1', '0', 'pickup', '2025-09-17 10:02:45', '2025-09-17 10:02:45'),
('10', '4', 'Dine In', 'dine_in', '1', '1', '0', 'dine_in', '2025-09-20 12:56:44', '2025-09-20 12:56:44'),
('11', '4', 'Delivery', 'delivery', '1', '1', '0', 'delivery', '2025-09-20 12:56:44', '2025-09-20 12:56:44'),
('12', '4', 'Pickup', 'pickup', '1', '1', '0', 'pickup', '2025-09-20 12:56:44', '2025-09-20 12:56:44'),
('13', '5', 'Dine In', 'dine_in', '1', '1', '1', 'dine_in', '2025-10-07 15:00:09', '2025-10-15 12:40:11'),
('14', '5', 'Delivery', 'delivery', '1', '1', '1', 'delivery', '2025-10-07 15:00:09', '2025-10-15 12:40:11'),
('15', '5', 'Pickup', 'pickup', '1', '1', '1', 'pickup', '2025-10-07 15:00:09', '2025-10-15 12:40:11');


-- Table structure for table `orders`
CREATE TABLE `orders` (
  `id` bigint(20) unsigned NOT NULL AUTO_INCREMENT,
  `uuid` char(36) DEFAULT NULL,
  `branch_id` bigint(20) unsigned DEFAULT NULL,
  `order_number` varchar(191) NOT NULL,
  `formatted_order_number` varchar(191) DEFAULT NULL,
  `date_time` datetime NOT NULL,
  `table_id` bigint(20) unsigned DEFAULT NULL,
  `customer_id` bigint(20) unsigned DEFAULT NULL,
  `number_of_pax` int(11) DEFAULT NULL,
  `waiter_id` bigint(20) unsigned DEFAULT NULL,
  `status` enum('draft','kot','billed','paid','canceled','payment_due','ready','out_for_delivery','delivered','pending_verification') NOT NULL DEFAULT 'kot',
  `placed_via` enum('pos','shop','kiosk') DEFAULT NULL,
  `sub_total` decimal(16,2) NOT NULL,
  `tip_amount` decimal(16,2) DEFAULT 0.00,
  `total_tax_amount` decimal(16,2) DEFAULT 0.00,
  `tax_mode` varchar(191) DEFAULT NULL,
  `tip_note` text DEFAULT NULL,
  `total` decimal(16,2) NOT NULL,
  `amount_paid` decimal(16,2) NOT NULL DEFAULT 0.00,
  `created_at` timestamp NULL DEFAULT NULL,
  `updated_at` timestamp NULL DEFAULT NULL,
  `order_type_id` bigint(20) unsigned DEFAULT NULL,
  `custom_order_type_name` varchar(191) DEFAULT NULL,
  `order_type` varchar(191) DEFAULT NULL,
  `pickup_date` datetime DEFAULT NULL,
  `delivery_executive_id` bigint(20) unsigned DEFAULT NULL,
  `delivery_address` text DEFAULT NULL,
  `delivery_time` datetime DEFAULT NULL,
  `estimated_delivery_time` datetime DEFAULT NULL,
  `split_type` enum('even','custom','items') DEFAULT NULL,
  `discount_type` varchar(191) DEFAULT NULL,
  `discount_value` decimal(16,2) DEFAULT NULL,
  `discount_amount` decimal(16,2) DEFAULT NULL,
  `order_status` varchar(191) NOT NULL DEFAULT 'placed',
  `delivery_fee` decimal(8,2) NOT NULL DEFAULT 0.00,
  `customer_lat` decimal(10,7) DEFAULT NULL,
  `customer_lng` decimal(10,7) DEFAULT NULL,
  `is_within_radius` tinyint(1) NOT NULL DEFAULT 0,
  `delivery_started_at` timestamp NULL DEFAULT NULL,
  `delivered_at` timestamp NULL DEFAULT NULL,
  `estimated_eta_min` int(11) DEFAULT NULL,
  `estimated_eta_max` int(11) DEFAULT NULL,
  `cancel_reason_id` bigint(20) unsigned DEFAULT NULL,
  `cancel_reason_text` varchar(191) DEFAULT NULL,
  `reservation_id` bigint(20) unsigned DEFAULT NULL,
  `kiosk_id` bigint(20) unsigned DEFAULT NULL,
  PRIMARY KEY (`id`),
  UNIQUE KEY `orders_uuid_unique` (`uuid`),
  KEY `orders_table_id_foreign` (`table_id`),
  KEY `orders_customer_id_foreign` (`customer_id`),
  KEY `orders_delivery_executive_id_foreign` (`delivery_executive_id`),
  KEY `orders_waiter_id_foreign` (`waiter_id`),
  KEY `orders_cancel_reason_id_foreign` (`cancel_reason_id`),
  KEY `idx_branch_date` (`branch_id`,`date_time`),
  KEY `orders_order_type_id_foreign` (`order_type_id`),
  KEY `orders_reservation_id_foreign` (`reservation_id`),
  KEY `orders_kiosk_id_foreign` (`kiosk_id`),
  CONSTRAINT `orders_branch_id_foreign` FOREIGN KEY (`branch_id`) REFERENCES `branches` (`id`) ON DELETE CASCADE ON UPDATE CASCADE,
  CONSTRAINT `orders_cancel_reason_id_foreign` FOREIGN KEY (`cancel_reason_id`) REFERENCES `kot_cancel_reasons` (`id`) ON DELETE CASCADE ON UPDATE CASCADE,
  CONSTRAINT `orders_customer_id_foreign` FOREIGN KEY (`customer_id`) REFERENCES `customers` (`id`) ON DELETE SET NULL ON UPDATE CASCADE,
  CONSTRAINT `orders_delivery_executive_id_foreign` FOREIGN KEY (`delivery_executive_id`) REFERENCES `delivery_executives` (`id`) ON DELETE SET NULL,
  CONSTRAINT `orders_kiosk_id_foreign` FOREIGN KEY (`kiosk_id`) REFERENCES `kiosks` (`id`) ON DELETE SET NULL,
  CONSTRAINT `orders_order_type_id_foreign` FOREIGN KEY (`order_type_id`) REFERENCES `order_types` (`id`) ON DELETE SET NULL,
  CONSTRAINT `orders_reservation_id_foreign` FOREIGN KEY (`reservation_id`) REFERENCES `reservations` (`id`) ON DELETE SET NULL,
  CONSTRAINT `orders_table_id_foreign` FOREIGN KEY (`table_id`) REFERENCES `tables` (`id`) ON DELETE CASCADE ON UPDATE CASCADE,
  CONSTRAINT `orders_waiter_id_foreign` FOREIGN KEY (`waiter_id`) REFERENCES `users` (`id`) ON DELETE SET NULL
) ENGINE=InnoDB AUTO_INCREMENT=11 DEFAULT CHARSET=utf8mb4 COLLATE=utf8mb4_unicode_ci;

-- Dumping data for table `orders`
INSERT INTO `orders` VALUES
('1', '762ceab8-435f-4269-9e6e-c2b6120e1320', '3', '1', NULL, '2025-09-20 12:27:12', '1', NULL, '4', NULL, 'paid', 'shop', '453.02', '0.00', '0.00', 'order', NULL, '453.02', '906.04', '2025-09-20 12:25:05', '2025-09-20 12:27:46', '1', 'dine_in', 'dine_in', NULL, NULL, NULL, NULL, NULL, NULL, NULL, NULL, NULL, 'served', '0.00', NULL, NULL, '1', NULL, NULL, NULL, NULL, NULL, NULL, NULL, NULL),
('2', 'fd9ca8d7-145d-4c7c-b94d-cecc98000c40', '4', '1', NULL, '2025-09-20 13:00:18', NULL, '1', '1', '6', 'paid', 'pos', '100.00', '0.00', '0.00', 'order', NULL, '100.00', '100.00', '2025-09-20 13:00:18', '2025-09-20 13:00:43', '10', 'Dine In', 'dine_in', NULL, NULL, NULL, NULL, NULL, NULL, NULL, NULL, NULL, 'preparing', '0.00', NULL, NULL, '0', NULL, NULL, NULL, NULL, NULL, NULL, NULL, NULL),
('3', '3f6e0bb4-e221-4bd6-b2e1-cb8d03ae49a1', '5', '1', NULL, '2025-10-07 15:13:31', '5', NULL, NULL, NULL, 'paid', 'shop', '4.00', '0.00', '0.00', 'order', NULL, '4.20', '4.20', '2025-10-07 15:13:31', '2025-10-07 15:41:42', '1', 'Dine In', 'dine_in', NULL, NULL, NULL, NULL, NULL, NULL, NULL, NULL, NULL, 'served', '0.00', NULL, NULL, '1', NULL, NULL, NULL, NULL, NULL, NULL, NULL, NULL),
('4', '7ef53383-e964-451d-93e7-dc1a1a0d4e63', '5', '2', NULL, '2025-10-08 09:01:21', '5', NULL, NULL, NULL, 'paid', 'shop', '1150.00', '0.00', '0.00', 'order', NULL, '1207.50', '1207.50', '2025-10-08 09:01:21', '2025-10-08 09:02:13', '1', 'Dine In', 'dine_in', NULL, NULL, NULL, NULL, NULL, NULL, NULL, NULL, NULL, 'served', '0.00', NULL, NULL, '1', NULL, NULL, NULL, NULL, NULL, NULL, NULL, NULL),
('5', '61f919bc-be4d-42c6-979f-e5f21a4386bb', '5', '3', NULL, '2025-10-08 10:34:38', '5', '2', NULL, NULL, 'paid', 'shop', '120.00', '0.00', '0.00', 'order', NULL, '126.00', '126.00', '2025-10-08 10:34:38', '2025-10-15 12:34:44', '1', 'Dine In', 'dine_in', NULL, NULL, NULL, NULL, NULL, NULL, NULL, NULL, NULL, 'served', '0.00', NULL, NULL, '1', NULL, NULL, NULL, NULL, NULL, NULL, NULL, NULL),
('6', '6afee693-7983-4062-8925-16c8fa7345f7', '5', '4', NULL, '2025-10-15 12:32:50', NULL, '2', '1', '7', 'paid', 'pos', '250.00', '0.00', '12.50', 'order', NULL, '262.50', '262.50', '2025-10-15 12:32:50', '2025-10-15 12:33:11', '13', 'Dine In', 'dine_in', NULL, NULL, NULL, NULL, NULL, NULL, NULL, NULL, NULL, 'served', '0.00', NULL, NULL, '0', NULL, NULL, NULL, NULL, NULL, NULL, NULL, NULL),
('7', '7732a0d7-ec82-42da-b462-64715964a20f', '5', '5', NULL, '2025-10-15 12:34:09', '6', '2', NULL, '7', 'billed', 'pos', '60.00', '0.00', '3.00', 'order', NULL, '63.00', '0.00', '2025-10-15 12:33:28', '2025-10-15 12:34:54', '13', 'Dine In', 'dine_in', NULL, NULL, NULL, NULL, NULL, NULL, NULL, NULL, NULL, 'served', '0.00', NULL, NULL, '0', NULL, NULL, NULL, NULL, NULL, NULL, NULL, NULL),
('8', '41483780-3735-49c1-9627-4788069a5f1e', '5', '6', NULL, '2025-10-15 12:35:45', NULL, '3', NULL, NULL, 'paid', 'kiosk', '0.00', '0.00', '0.00', 'order', NULL, '0.00', '0.00', '2025-10-15 12:35:45', '2025-10-15 12:36:40', '13', 'Dine In', 'dine_in', NULL, NULL, NULL, NULL, NULL, NULL, NULL, NULL, NULL, 'served', '0.00', NULL, NULL, '0', NULL, NULL, NULL, NULL, NULL, NULL, NULL, '5'),
('9', '7857a0d0-73f8-450d-9467-267ea3d54dfc', '5', '7', NULL, '2025-10-15 12:38:16', NULL, '3', NULL, NULL, 'paid', 'kiosk', '1300.00', '0.00', '65.00', 'order', NULL, '1365.00', '1365.00', '2025-10-15 12:38:16', '2025-10-15 12:39:27', '15', 'Pickup', 'pickup', '2025-10-15 12:38:16', NULL, NULL, NULL, NULL, NULL, NULL, NULL, NULL, 'delivered', '0.00', NULL, NULL, '0', NULL, NULL, NULL, NULL, NULL, NULL, NULL, '5'),
('10', 'b79da98c-3df3-4ae5-8cc5-e4515ccb80a3', '5', '8', NULL, '2025-10-15 12:40:33', NULL, NULL, '1', '7', 'paid', 'pos', '120.00', '0.00', '0.00', 'order', NULL, '126.00', '126.00', '2025-10-15 12:40:33', '2025-10-15 12:40:41', '13', 'Dine In', 'dine_in', NULL, NULL, NULL, NULL, NULL, NULL, NULL, NULL, NULL, 'preparing', '0.00', NULL, NULL, '0', NULL, NULL, NULL, NULL, NULL, NULL, NULL, NULL);


-- Table structure for table `otps`
CREATE TABLE `otps` (
  `id` bigint(20) unsigned NOT NULL AUTO_INCREMENT,
  `identifier` varchar(191) NOT NULL,
  `token` varchar(191) NOT NULL,
  `type` varchar(191) NOT NULL DEFAULT 'login',
  `expires_at` timestamp NOT NULL,
  `used` tinyint(1) NOT NULL DEFAULT 0,
  `created_at` timestamp NULL DEFAULT NULL,
  `updated_at` timestamp NULL DEFAULT NULL,
  PRIMARY KEY (`id`),
  KEY `otps_identifier_type_index` (`identifier`,`type`),
  KEY `otps_token_index` (`token`)
) ENGINE=InnoDB DEFAULT CHARSET=utf8mb4 COLLATE=utf8mb4_unicode_ci;


-- Table structure for table `package_modules`
CREATE TABLE `package_modules` (
  `id` bigint(20) unsigned NOT NULL AUTO_INCREMENT,
  `package_id` bigint(20) unsigned DEFAULT NULL,
  `module_id` bigint(20) unsigned DEFAULT NULL,
  `created_at` timestamp NULL DEFAULT NULL,
  `updated_at` timestamp NULL DEFAULT NULL,
  PRIMARY KEY (`id`),
  KEY `package_modules_package_id_foreign` (`package_id`),
  KEY `package_modules_module_id_foreign` (`module_id`),
  CONSTRAINT `package_modules_module_id_foreign` FOREIGN KEY (`module_id`) REFERENCES `modules` (`id`) ON DELETE CASCADE ON UPDATE CASCADE,
  CONSTRAINT `package_modules_package_id_foreign` FOREIGN KEY (`package_id`) REFERENCES `packages` (`id`) ON DELETE CASCADE ON UPDATE CASCADE
) ENGINE=InnoDB AUTO_INCREMENT=85 DEFAULT CHARSET=utf8mb4 COLLATE=utf8mb4_unicode_ci;

-- Dumping data for table `package_modules`
INSERT INTO `package_modules` VALUES
('1', '1', '1', NULL, NULL),
('2', '1', '2', NULL, NULL),
('3', '1', '3', NULL, NULL),
('4', '1', '4', NULL, NULL),
('5', '1', '5', NULL, NULL),
('6', '1', '6', NULL, NULL),
('7', '1', '7', NULL, NULL),
('8', '1', '8', NULL, NULL),
('9', '1', '9', NULL, NULL),
('10', '1', '10', NULL, NULL),
('11', '1', '11', NULL, NULL),
('12', '1', '12', NULL, NULL),
('13', '1', '13', NULL, NULL),
('14', '1', '14', NULL, NULL),
('15', '1', '15', NULL, NULL),
('16', '1', '16', NULL, NULL),
('17', '2', '1', NULL, NULL),
('18', '2', '2', NULL, NULL),
('19', '2', '3', NULL, NULL),
('20', '2', '4', NULL, NULL),
('21', '2', '5', NULL, NULL),
('22', '2', '6', NULL, NULL),
('23', '2', '7', NULL, NULL),
('24', '2', '8', NULL, NULL),
('25', '2', '9', NULL, NULL),
('26', '2', '10', NULL, NULL),
('27', '2', '11', NULL, NULL),
('28', '2', '12', NULL, NULL),
('29', '2', '13', NULL, NULL),
('30', '2', '14', NULL, NULL),
('31', '2', '15', NULL, NULL),
('32', '2', '16', NULL, NULL),
('33', '3', '1', NULL, NULL),
('34', '3', '2', NULL, NULL),
('35', '3', '3', NULL, NULL),
('36', '3', '4', NULL, NULL),
('37', '3', '5', NULL, NULL),
('38', '3', '6', NULL, NULL),
('39', '3', '7', NULL, NULL),
('40', '3', '8', NULL, NULL),
('41', '3', '9', NULL, NULL),
('42', '3', '10', NULL, NULL),
('43', '3', '11', NULL, NULL),
('44', '3', '12', NULL, NULL),
('45', '3', '13', NULL, NULL),
('46', '3', '14', NULL, NULL),
('47', '3', '15', NULL, NULL),
('48', '3', '16', NULL, NULL),
('49', '4', '1', NULL, NULL),
('50', '4', '2', NULL, NULL),
('51', '4', '3', NULL, NULL),
('52', '4', '4', NULL, NULL),
('53', '4', '5', NULL, NULL),
('54', '4', '6', NULL, NULL),
('55', '4', '7', NULL, NULL),
('56', '4', '8', NULL, NULL),
('57', '4', '9', NULL, NULL),
('58', '4', '10', NULL, NULL),
('59', '4', '11', NULL, NULL),
('60', '4', '12', NULL, NULL),
('61', '4', '13', NULL, NULL),
('62', '4', '14', NULL, NULL),
('63', '4', '15', NULL, NULL),
('64', '4', '16', NULL, NULL),
('65', '5', '1', NULL, NULL),
('66', '5', '2', NULL, NULL),
('67', '5', '3', NULL, NULL),
('68', '5', '4', NULL, NULL),
('69', '5', '5', NULL, NULL),
('70', '5', '6', NULL, NULL),
('71', '5', '7', NULL, NULL),
('72', '5', '8', NULL, NULL),
('73', '5', '9', NULL, NULL),
('74', '5', '10', NULL, NULL),
('75', '5', '11', NULL, NULL),
('76', '5', '12', NULL, NULL),
('77', '5', '13', NULL, NULL),
('78', '5', '14', NULL, NULL),
('79', '5', '15', NULL, NULL),
('80', '5', '16', NULL, NULL),
('81', '3', '17', NULL, NULL),
('82', '3', '18', NULL, NULL),
('83', '3', '19', NULL, NULL),
('84', '3', '20', NULL, NULL);


-- Table structure for table `packages`
CREATE TABLE `packages` (
  `id` bigint(20) unsigned NOT NULL AUTO_INCREMENT,
  `package_name` varchar(191) NOT NULL,
  `price` decimal(16,2) NOT NULL,
  `created_at` timestamp NULL DEFAULT NULL,
  `updated_at` timestamp NULL DEFAULT NULL,
  `currency_id` bigint(20) unsigned DEFAULT NULL,
  `description` text NOT NULL,
  `annual_price` decimal(16,2) DEFAULT NULL,
  `monthly_price` decimal(16,2) DEFAULT NULL,
  `monthly_status` varchar(191) DEFAULT '1',
  `annual_status` varchar(191) DEFAULT '1',
  `stripe_annual_plan_id` varchar(191) DEFAULT NULL,
  `stripe_monthly_plan_id` varchar(191) DEFAULT NULL,
  `razorpay_annual_plan_id` varchar(191) DEFAULT NULL,
  `razorpay_monthly_plan_id` varchar(191) DEFAULT NULL,
  `flutterwave_annual_plan_id` varchar(191) DEFAULT NULL,
  `flutterwave_monthly_plan_id` varchar(191) DEFAULT NULL,
  `paystack_annual_plan_id` varchar(191) DEFAULT NULL,
  `paystack_monthly_plan_id` varchar(191) DEFAULT NULL,
  `xendit_annual_plan_id` varchar(191) DEFAULT NULL,
  `xendit_monthly_plan_id` varchar(191) DEFAULT NULL,
  `paddle_annual_price_id` varchar(191) DEFAULT NULL,
  `paddle_monthly_price_id` varchar(191) DEFAULT NULL,
  `paddle_lifetime_price_id` varchar(191) DEFAULT NULL,
  `stripe_lifetime_plan_id` varchar(191) DEFAULT NULL,
  `razorpay_lifetime_plan_id` varchar(191) DEFAULT NULL,
  `billing_cycle` tinyint(3) unsigned DEFAULT NULL,
  `sort_order` int(10) unsigned DEFAULT NULL,
  `is_private` tinyint(1) NOT NULL DEFAULT 0,
  `is_free` tinyint(1) NOT NULL DEFAULT 0,
  `is_recommended` tinyint(1) NOT NULL DEFAULT 0,
  `package_type` varchar(191) NOT NULL DEFAULT 'standard',
  `trial_status` tinyint(1) DEFAULT NULL,
  `trial_days` int(11) DEFAULT NULL,
  `trial_notification_before_days` int(11) DEFAULT NULL,
  `trial_message` varchar(191) DEFAULT NULL,
  `additional_features` longtext DEFAULT NULL,
  `branch_limit` int(11) DEFAULT -1,
  `sms_count` int(11) NOT NULL DEFAULT 0,
  `carry_forward_sms` tinyint(1) NOT NULL DEFAULT 0,
  PRIMARY KEY (`id`),
  KEY `packages_currency_id_foreign` (`currency_id`),
  CONSTRAINT `packages_currency_id_foreign` FOREIGN KEY (`currency_id`) REFERENCES `global_currencies` (`id`) ON DELETE CASCADE
) ENGINE=InnoDB AUTO_INCREMENT=6 DEFAULT CHARSET=utf8mb4 COLLATE=utf8mb4_unicode_ci;

-- Dumping data for table `packages`
INSERT INTO `packages` VALUES
('1', 'Default', '0.00', '2025-09-17 05:36:43', '2025-09-17 05:36:43', '1', 'Its a default package and cannot be deleted', NULL, NULL, '0', '0', NULL, NULL, NULL, NULL, NULL, NULL, NULL, NULL, NULL, NULL, NULL, NULL, NULL, NULL, NULL, '12', '1', '0', '1', '0', 'default', NULL, NULL, NULL, NULL, NULL, '-1', '0', '0'),
('2', 'Subscription Package', '0.00', '2025-09-17 05:36:43', '2025-09-17 05:36:43', '1', 'This is a subscription package', '100.00', '10.00', '1', '1', NULL, NULL, NULL, NULL, NULL, NULL, NULL, NULL, NULL, NULL, NULL, NULL, NULL, NULL, NULL, '10', '2', '0', '0', '1', 'standard', NULL, NULL, NULL, NULL, NULL, '-1', '0', '0'),
('3', 'Life Time', '199.00', '2025-09-17 05:36:43', '2025-10-15 12:18:51', '1', 'This is a lifetime access package', NULL, NULL, '0', '0', NULL, NULL, NULL, NULL, NULL, NULL, NULL, NULL, NULL, NULL, NULL, NULL, NULL, NULL, NULL, '0', '3', '0', '0', '1', 'lifetime', NULL, NULL, NULL, NULL, '[\"Change Branch\",\"Export Report\",\"Table Reservation\",\"Payment Gateway Integration\",\"Theme Setting\",\"Customer Display\"]', '-1', '-1', '0'),
('4', 'Private Package', '0.00', '2025-09-17 05:36:43', '2025-09-17 05:36:43', '1', 'This is a private package', '50.00', '5.00', '1', '1', NULL, NULL, NULL, NULL, NULL, NULL, NULL, NULL, NULL, NULL, NULL, NULL, NULL, NULL, NULL, '12', '4', '1', '0', '0', 'standard', NULL, NULL, NULL, NULL, NULL, '-1', '0', '0'),
('5', 'Trial Package', '0.00', '2025-09-17 05:36:43', '2025-09-17 05:36:43', '1', 'This is a trial package', NULL, NULL, '0', '0', NULL, NULL, NULL, NULL, NULL, NULL, NULL, NULL, NULL, NULL, NULL, NULL, NULL, NULL, NULL, '0', NULL, '0', '1', '0', 'trial', '1', '30', '5', '30 Days Free Trial', '[\"Change Branch\",\"Export Report\",\"Table Reservation\",\"Payment Gateway Integration\",\"Theme Setting\",\"Customer Display\"]', '-1', '0', '0');


-- Table structure for table `password_reset_tokens`
CREATE TABLE `password_reset_tokens` (
  `email` varchar(191) NOT NULL,
  `token` varchar(191) NOT NULL,
  `created_at` timestamp NULL DEFAULT NULL,
  PRIMARY KEY (`email`)
) ENGINE=InnoDB DEFAULT CHARSET=utf8mb4 COLLATE=utf8mb4_unicode_ci;


-- Table structure for table `payfast_payments`
CREATE TABLE `payfast_payments` (
  `id` bigint(20) unsigned NOT NULL AUTO_INCREMENT,
  `payfast_payment_id` varchar(191) DEFAULT NULL,
  `order_id` bigint(20) unsigned NOT NULL,
  `amount` decimal(10,2) NOT NULL,
  `payment_status` enum('pending','completed','failed') NOT NULL DEFAULT 'pending',
  `payment_date` timestamp NULL DEFAULT NULL,
  `payment_error_response` longtext CHARACTER SET utf8mb4 COLLATE utf8mb4_bin DEFAULT NULL CHECK (json_valid(`payment_error_response`)),
  `created_at` timestamp NULL DEFAULT NULL,
  `updated_at` timestamp NULL DEFAULT NULL,
  PRIMARY KEY (`id`),
  KEY `payfast_payments_order_id_foreign` (`order_id`),
  CONSTRAINT `payfast_payments_order_id_foreign` FOREIGN KEY (`order_id`) REFERENCES `orders` (`id`) ON DELETE CASCADE
) ENGINE=InnoDB DEFAULT CHARSET=utf8mb4 COLLATE=utf8mb4_unicode_ci;


-- Table structure for table `payment_gateway_credentials`
CREATE TABLE `payment_gateway_credentials` (
  `id` bigint(20) unsigned NOT NULL AUTO_INCREMENT,
  `restaurant_id` bigint(20) unsigned DEFAULT NULL,
  `razorpay_key` text DEFAULT NULL,
  `razorpay_secret` text DEFAULT NULL,
  `razorpay_status` tinyint(1) NOT NULL DEFAULT 0,
  `stripe_key` text DEFAULT NULL,
  `stripe_secret` text DEFAULT NULL,
  `stripe_status` tinyint(1) NOT NULL DEFAULT 0,
  `created_at` timestamp NULL DEFAULT NULL,
  `updated_at` timestamp NULL DEFAULT NULL,
  `is_dine_in_payment_enabled` tinyint(1) NOT NULL DEFAULT 0,
  `is_delivery_payment_enabled` tinyint(1) NOT NULL DEFAULT 0,
  `is_pickup_payment_enabled` tinyint(1) NOT NULL DEFAULT 0,
  `is_cash_payment_enabled` tinyint(1) NOT NULL DEFAULT 0,
  `is_qr_payment_enabled` tinyint(1) NOT NULL DEFAULT 0,
  `is_offline_payment_enabled` tinyint(1) NOT NULL DEFAULT 0,
  `offline_payment_detail` varchar(191) DEFAULT NULL,
  `qr_code_image` varchar(191) DEFAULT NULL,
  `flutterwave_status` tinyint(1) NOT NULL DEFAULT 0,
  `flutterwave_mode` enum('test','live') NOT NULL DEFAULT 'test',
  `test_flutterwave_key` varchar(191) DEFAULT NULL,
  `test_flutterwave_secret` varchar(191) DEFAULT NULL,
  `test_flutterwave_hash` varchar(191) DEFAULT NULL,
  `live_flutterwave_key` varchar(191) DEFAULT NULL,
  `live_flutterwave_secret` varchar(191) DEFAULT NULL,
  `live_flutterwave_hash` varchar(191) DEFAULT NULL,
  `flutterwave_webhook_secret_hash` varchar(191) DEFAULT NULL,
  `paypal_client_id` varchar(191) DEFAULT NULL,
  `paypal_secret` varchar(191) DEFAULT NULL,
  `paypal_status` tinyint(1) NOT NULL DEFAULT 0,
  `paypal_mode` enum('sandbox','live') NOT NULL DEFAULT 'sandbox',
  `sandbox_paypal_client_id` varchar(191) DEFAULT NULL,
  `sandbox_paypal_secret` varchar(191) DEFAULT NULL,
  `payfast_merchant_id` varchar(191) DEFAULT NULL,
  `payfast_merchant_key` varchar(191) DEFAULT NULL,
  `payfast_passphrase` varchar(191) DEFAULT NULL,
  `payfast_mode` enum('sandbox','live') NOT NULL DEFAULT 'sandbox',
  `payfast_status` tinyint(1) NOT NULL DEFAULT 0,
  `test_payfast_merchant_id` varchar(191) DEFAULT NULL,
  `test_payfast_merchant_key` varchar(191) DEFAULT NULL,
  `test_payfast_passphrase` varchar(191) DEFAULT NULL,
  `paystack_key` varchar(191) DEFAULT NULL,
  `paystack_secret` varchar(191) DEFAULT NULL,
  `paystack_merchant_email` varchar(191) DEFAULT NULL,
  `paystack_status` tinyint(1) NOT NULL DEFAULT 0,
  `paystack_mode` enum('sandbox','live') NOT NULL DEFAULT 'sandbox',
  `test_paystack_key` varchar(191) DEFAULT NULL,
  `test_paystack_secret` varchar(191) DEFAULT NULL,
  `test_paystack_merchant_email` varchar(191) DEFAULT NULL,
  `paystack_payment_url` varchar(191) DEFAULT 'https://api.paystack.co',
  `xendit_status` tinyint(1) NOT NULL DEFAULT 0,
  `xendit_mode` enum('sandbox','live') NOT NULL DEFAULT 'sandbox',
  `test_xendit_public_key` varchar(191) DEFAULT NULL,
  `test_xendit_secret_key` varchar(191) DEFAULT NULL,
  `live_xendit_public_key` varchar(191) DEFAULT NULL,
  `live_xendit_secret_key` varchar(191) DEFAULT NULL,
  `test_xendit_webhook_token` varchar(191) DEFAULT NULL,
  `live_xendit_webhook_token` varchar(191) DEFAULT NULL,
  PRIMARY KEY (`id`),
  KEY `payment_gateway_credentials_restaurant_id_foreign` (`restaurant_id`),
  CONSTRAINT `payment_gateway_credentials_restaurant_id_foreign` FOREIGN KEY (`restaurant_id`) REFERENCES `restaurants` (`id`) ON DELETE CASCADE ON UPDATE CASCADE
) ENGINE=InnoDB AUTO_INCREMENT=7 DEFAULT CHARSET=utf8mb4 COLLATE=utf8mb4_unicode_ci;

-- Dumping data for table `payment_gateway_credentials`
INSERT INTO `payment_gateway_credentials` VALUES
('1', '1', NULL, NULL, '0', NULL, NULL, '0', '2025-09-17 05:36:43', '2025-09-17 05:36:43', '0', '0', '0', '0', '0', '0', NULL, NULL, '0', 'test', NULL, NULL, NULL, NULL, NULL, NULL, NULL, NULL, NULL, '0', 'sandbox', NULL, NULL, NULL, NULL, NULL, 'sandbox', '0', NULL, NULL, NULL, NULL, NULL, NULL, '0', 'sandbox', NULL, NULL, NULL, 'https://api.paystack.co', '0', 'sandbox', NULL, NULL, NULL, NULL, NULL, NULL),
('2', '1', NULL, NULL, '0', NULL, NULL, '0', '2025-09-17 05:36:44', '2025-09-17 05:36:44', '0', '0', '0', '0', '0', '0', NULL, NULL, '0', 'test', NULL, NULL, NULL, NULL, NULL, NULL, NULL, NULL, NULL, '0', 'sandbox', NULL, NULL, NULL, NULL, NULL, 'sandbox', '0', NULL, NULL, NULL, NULL, NULL, NULL, '0', 'sandbox', NULL, NULL, NULL, 'https://api.paystack.co', '0', 'sandbox', NULL, NULL, NULL, NULL, NULL, NULL),
('3', '2', NULL, NULL, '0', NULL, NULL, '0', '2025-09-17 10:02:45', '2025-09-20 12:28:22', '0', '0', '0', '1', '0', '0', NULL, NULL, '0', 'test', NULL, NULL, NULL, NULL, NULL, NULL, NULL, NULL, NULL, '0', 'sandbox', NULL, NULL, NULL, NULL, NULL, 'sandbox', '0', NULL, NULL, NULL, NULL, NULL, NULL, '0', 'sandbox', NULL, NULL, NULL, 'https://api.paystack.co', '0', 'sandbox', NULL, NULL, NULL, NULL, NULL, NULL),
('4', '3', NULL, NULL, '0', NULL, NULL, '0', '2025-09-20 12:56:44', '2025-09-20 12:56:44', '0', '0', '0', '0', '0', '0', NULL, NULL, '0', 'test', NULL, NULL, NULL, NULL, NULL, NULL, NULL, NULL, NULL, '0', 'sandbox', NULL, NULL, NULL, NULL, NULL, 'sandbox', '0', NULL, NULL, NULL, NULL, NULL, NULL, '0', 'sandbox', NULL, NULL, NULL, 'https://api.paystack.co', '0', 'sandbox', NULL, NULL, NULL, NULL, NULL, NULL),
('5', '4', 'eyJpdiI6Im9JQzA0dHRQSlFaamJLR01Wb212dUE9PSIsInZhbHVlIjoiSUZqSS8vcDFwRjA2NlZNRHM0UHNqWE9aUEhQV3F4WkZZbTJ1N0Eyek5yYz0iLCJtYWMiOiI5ZjJlOWRjYzhiOTYzZGU3OGQ3ODVlNWVmOTBiMjBiYjk0MzA1YmJiNTUwZmM4ZDE4MjM3NzBhNGNjNGI3NDU5IiwidGFnIjoiIn0=', 'eyJpdiI6ImpPalpWeVZCL1hYUC84QTF5aCtzeUE9PSIsInZhbHVlIjoiRE93eWFoQ2NVNExlMjk3SFBGVVJjOFZadDRXMlRqUVFjTWhEUndhTVNOYz0iLCJtYWMiOiIzMTU1ZDQ1Y2JhNTI1N2QzMmVkZTk0ZDgxZGMxYTYzYmFkNDdiOTliN2Q1MGI2NzBiNzRjMmUzMGY4YjIxYjVmIiwidGFnIjoiIn0=', '1', NULL, NULL, '0', '2025-10-07 15:00:09', '2025-10-15 12:49:05', '1', '1', '1', '0', '0', '0', NULL, NULL, '0', 'test', NULL, NULL, NULL, NULL, NULL, NULL, NULL, NULL, NULL, '0', 'sandbox', NULL, NULL, NULL, NULL, NULL, 'sandbox', '0', NULL, NULL, NULL, NULL, NULL, NULL, '0', 'sandbox', NULL, NULL, NULL, 'https://api.paystack.co', '0', 'sandbox', NULL, NULL, NULL, NULL, NULL, NULL);


-- Table structure for table `payments`
CREATE TABLE `payments` (
  `id` bigint(20) unsigned NOT NULL AUTO_INCREMENT,
  `branch_id` bigint(20) unsigned DEFAULT NULL,
  `order_id` bigint(20) unsigned NOT NULL,
  `payment_method` varchar(191) DEFAULT 'cash',
  `amount` decimal(16,2) NOT NULL,
  `balance` decimal(16,2) DEFAULT 0.00,
  `transaction_id` varchar(191) DEFAULT NULL,
  `created_at` timestamp NULL DEFAULT NULL,
  `updated_at` timestamp NULL DEFAULT NULL,
  PRIMARY KEY (`id`),
  KEY `payments_order_id_foreign` (`order_id`),
  KEY `payments_branch_id_foreign` (`branch_id`),
  CONSTRAINT `payments_branch_id_foreign` FOREIGN KEY (`branch_id`) REFERENCES `branches` (`id`) ON DELETE CASCADE ON UPDATE CASCADE,
  CONSTRAINT `payments_order_id_foreign` FOREIGN KEY (`order_id`) REFERENCES `orders` (`id`) ON DELETE CASCADE
) ENGINE=InnoDB AUTO_INCREMENT=13 DEFAULT CHARSET=utf8mb4 COLLATE=utf8mb4_unicode_ci;

-- Dumping data for table `payments`
INSERT INTO `payments` VALUES
('1', '3', '1', 'cash', '453.02', '0.00', NULL, '2025-09-20 12:27:27', '2025-09-20 12:27:27'),
('2', '3', '1', 'card', '453.02', '0.00', NULL, '2025-09-20 12:27:46', '2025-09-20 12:27:46'),
('3', '4', '2', 'cash', '100.00', '0.00', NULL, '2025-09-20 13:00:23', '2025-09-20 13:00:23'),
('4', '5', '3', 'razorpay', '4.20', '0.00', 'pay_RQdFvyYfrbz90B', '2025-10-07 15:27:22', '2025-10-07 15:27:22'),
('5', '5', '4', 'razorpay', '1207.50', '0.00', 'pay_RQvDmpMUMiPPoz', '2025-10-08 09:01:47', '2025-10-08 09:01:47'),
('6', '5', '5', 'razorpay', '126.00', '0.00', 'pay_RQwocGZ0pLkBZU', '2025-10-08 10:35:27', '2025-10-08 10:35:27'),
('7', '5', '6', 'upi', '262.50', '0.00', NULL, '2025-10-15 12:33:02', '2025-10-15 12:33:02'),
('9', '5', '8', 'upi', '0.00', '0.00', NULL, '2025-10-15 12:36:19', '2025-10-15 12:36:19'),
('11', '5', '9', 'cash', '1365.00', '0.00', NULL, '2025-10-15 12:39:12', '2025-10-15 12:39:12'),
('12', '5', '10', 'cash', '126.00', '0.00', NULL, '2025-10-15 12:40:41', '2025-10-15 12:40:41');


-- Table structure for table `paypal_payments`
CREATE TABLE `paypal_payments` (
  `id` bigint(20) unsigned NOT NULL AUTO_INCREMENT,
  `paypal_payment_id` varchar(191) DEFAULT NULL,
  `order_id` bigint(20) unsigned NOT NULL,
  `amount` decimal(10,2) NOT NULL,
  `payment_status` enum('pending','completed','failed') NOT NULL DEFAULT 'pending',
  `payment_date` timestamp NULL DEFAULT NULL,
  `payment_error_response` longtext CHARACTER SET utf8mb4 COLLATE utf8mb4_bin DEFAULT NULL CHECK (json_valid(`payment_error_response`)),
  `created_at` timestamp NULL DEFAULT NULL,
  `updated_at` timestamp NULL DEFAULT NULL,
  PRIMARY KEY (`id`),
  KEY `paypal_payments_order_id_foreign` (`order_id`),
  CONSTRAINT `paypal_payments_order_id_foreign` FOREIGN KEY (`order_id`) REFERENCES `orders` (`id`) ON DELETE CASCADE
) ENGINE=InnoDB DEFAULT CHARSET=utf8mb4 COLLATE=utf8mb4_unicode_ci;


-- Table structure for table `paystack_payments`
CREATE TABLE `paystack_payments` (
  `id` bigint(20) unsigned NOT NULL AUTO_INCREMENT,
  `paystack_payment_id` varchar(191) DEFAULT NULL,
  `order_id` bigint(20) unsigned NOT NULL,
  `amount` decimal(10,2) NOT NULL,
  `payment_status` enum('pending','completed','failed') NOT NULL DEFAULT 'pending',
  `payment_date` timestamp NULL DEFAULT NULL,
  `payment_error_response` longtext CHARACTER SET utf8mb4 COLLATE utf8mb4_bin DEFAULT NULL CHECK (json_valid(`payment_error_response`)),
  `created_at` timestamp NULL DEFAULT NULL,
  `updated_at` timestamp NULL DEFAULT NULL,
  PRIMARY KEY (`id`),
  KEY `paystack_payments_order_id_foreign` (`order_id`),
  CONSTRAINT `paystack_payments_order_id_foreign` FOREIGN KEY (`order_id`) REFERENCES `orders` (`id`) ON DELETE CASCADE
) ENGINE=InnoDB DEFAULT CHARSET=utf8mb4 COLLATE=utf8mb4_unicode_ci;


-- Table structure for table `permissions`
CREATE TABLE `permissions` (
  `id` bigint(20) unsigned NOT NULL AUTO_INCREMENT,
  `name` varchar(191) NOT NULL,
  `guard_name` varchar(191) NOT NULL,
  `module_id` bigint(20) unsigned NOT NULL,
  `created_at` timestamp NULL DEFAULT NULL,
  `updated_at` timestamp NULL DEFAULT NULL,
  PRIMARY KEY (`id`),
  UNIQUE KEY `permissions_name_guard_name_unique` (`name`,`guard_name`),
  KEY `permissions_module_id_foreign` (`module_id`),
  CONSTRAINT `permissions_module_id_foreign` FOREIGN KEY (`module_id`) REFERENCES `modules` (`id`) ON DELETE CASCADE
) ENGINE=InnoDB AUTO_INCREMENT=90 DEFAULT CHARSET=utf8mb4 COLLATE=utf8mb4_unicode_ci;

-- Dumping data for table `permissions`
INSERT INTO `permissions` VALUES
('1', 'Create Menu', 'web', '1', NULL, NULL),
('2', 'Show Menu', 'web', '1', NULL, NULL),
('3', 'Update Menu', 'web', '1', NULL, NULL),
('4', 'Delete Menu', 'web', '1', NULL, NULL),
('5', 'Create Menu Item', 'web', '2', NULL, NULL),
('6', 'Show Menu Item', 'web', '2', NULL, NULL),
('7', 'Update Menu Item', 'web', '2', NULL, NULL),
('8', 'Delete Menu Item', 'web', '2', NULL, NULL),
('9', 'Create Item Category', 'web', '3', NULL, NULL),
('10', 'Show Item Category', 'web', '3', NULL, NULL),
('11', 'Update Item Category', 'web', '3', NULL, NULL),
('12', 'Delete Item Category', 'web', '3', NULL, NULL),
('13', 'Create Area', 'web', '4', NULL, NULL),
('14', 'Show Area', 'web', '4', NULL, NULL),
('15', 'Update Area', 'web', '4', NULL, NULL),
('16', 'Delete Area', 'web', '4', NULL, NULL),
('17', 'Create Table', 'web', '5', NULL, NULL),
('18', 'Show Table', 'web', '5', NULL, NULL),
('19', 'Update Table', 'web', '5', NULL, NULL),
('20', 'Delete Table', 'web', '5', NULL, NULL),
('21', 'Create Reservation', 'web', '6', NULL, NULL),
('22', 'Show Reservation', 'web', '6', NULL, NULL),
('23', 'Update Reservation', 'web', '6', NULL, NULL),
('24', 'Delete Reservation', 'web', '6', NULL, NULL),
('25', 'Manage KOT', 'web', '7', NULL, NULL),
('26', 'Create Order', 'web', '8', NULL, NULL),
('27', 'Show Order', 'web', '8', NULL, NULL),
('28', 'Update Order', 'web', '8', NULL, NULL),
('29', 'Delete Order', 'web', '8', NULL, NULL),
('30', 'Create Customer', 'web', '9', NULL, NULL),
('31', 'Show Customer', 'web', '9', NULL, NULL),
('32', 'Update Customer', 'web', '9', NULL, NULL),
('33', 'Delete Customer', 'web', '9', NULL, NULL),
('34', 'Create Staff Member', 'web', '10', NULL, NULL),
('35', 'Show Staff Member', 'web', '10', NULL, NULL),
('36', 'Update Staff Member', 'web', '10', NULL, NULL),
('37', 'Delete Staff Member', 'web', '10', NULL, NULL),
('38', 'Create Delivery Executive', 'web', '14', NULL, NULL),
('39', 'Show Delivery Executive', 'web', '14', NULL, NULL),
('40', 'Update Delivery Executive', 'web', '14', NULL, NULL),
('41', 'Delete Delivery Executive', 'web', '14', NULL, NULL),
('42', 'Show Payments', 'web', '11', NULL, NULL),
('43', 'Show Reports', 'web', '12', NULL, NULL),
('44', 'Manage Settings', 'web', '13', NULL, NULL),
('45', 'Manage Waiter Request', 'web', '15', NULL, NULL),
('46', 'Create Expense', 'web', '16', NULL, NULL),
('47', 'Show Expense', 'web', '16', NULL, NULL),
('48', 'Update Expense', 'web', '16', NULL, NULL),
('49', 'Delete Expense', 'web', '16', NULL, NULL),
('50', 'Create Expense Category', 'web', '16', NULL, NULL),
('51', 'Show Expense Category', 'web', '16', NULL, NULL),
('52', 'Update Expense Category', 'web', '16', NULL, NULL),
('53', 'Delete Expense Category', 'web', '16', NULL, NULL),
('54', 'Create Inventory Item', 'web', '17', NULL, NULL),
('55', 'Show Inventory Item', 'web', '17', NULL, NULL),
('56', 'Update Inventory Item', 'web', '17', NULL, NULL),
('57', 'Delete Inventory Item', 'web', '17', NULL, NULL),
('58', 'Create Inventory Movement', 'web', '17', NULL, NULL),
('59', 'Show Inventory Movement', 'web', '17', NULL, NULL),
('60', 'Update Inventory Movement', 'web', '17', NULL, NULL),
('61', 'Delete Inventory Movement', 'web', '17', NULL, NULL),
('62', 'Show Inventory Stock', 'web', '17', NULL, NULL),
('63', 'Create Unit', 'web', '17', NULL, NULL),
('64', 'Show Unit', 'web', '17', NULL, NULL),
('65', 'Update Unit', 'web', '17', NULL, NULL),
('66', 'Delete Unit', 'web', '17', NULL, NULL),
('67', 'Create Recipe', 'web', '17', NULL, NULL),
('68', 'Show Recipe', 'web', '17', NULL, NULL),
('69', 'Update Recipe', 'web', '17', NULL, NULL),
('70', 'Delete Recipe', 'web', '17', NULL, NULL),
('71', 'Create Purchase Order', 'web', '17', NULL, NULL),
('72', 'Show Purchase Order', 'web', '17', NULL, NULL),
('73', 'Update Purchase Order', 'web', '17', NULL, NULL),
('74', 'Delete Purchase Order', 'web', '17', NULL, NULL),
('75', 'Show Inventory Report', 'web', '17', NULL, NULL),
('76', 'Update Inventory Settings', 'web', '17', NULL, NULL),
('77', 'Show Supplier', 'web', '17', NULL, NULL),
('78', 'Create Supplier', 'web', '17', NULL, NULL),
('79', 'Update Supplier', 'web', '17', NULL, NULL),
('80', 'Delete Supplier', 'web', '17', NULL, NULL),
('81', 'Show Kitchen Place', 'web', '18', '2025-09-17 05:48:21', '2025-09-17 05:48:21'),
('82', 'Create Kitchen Place', 'web', '18', '2025-09-17 05:48:21', '2025-09-17 05:48:21'),
('83', 'Update Kitchen Place', 'web', '18', '2025-09-17 05:48:21', '2025-09-17 05:48:21'),
('84', 'Delete Kitchen Place', 'web', '18', '2025-09-17 05:48:21', '2025-09-17 05:48:21'),
('85', 'Manage Cash Register Settings', 'web', '20', '2025-10-15 12:16:30', '2025-10-15 12:16:30'),
('86', 'View Cash Register Reports', 'web', '20', '2025-10-15 12:16:30', '2025-10-15 12:16:30'),
('87', 'Manage Cash Denominations', 'web', '20', '2025-10-15 12:16:30', '2025-10-15 12:16:30'),
('88', 'Approve Cash Register', 'web', '20', '2025-10-15 12:16:30', '2025-10-15 12:16:30'),
('89', 'Open Cash Register', 'web', '20', '2025-10-15 12:16:30', '2025-10-15 12:16:30');


-- Table structure for table `personal_access_tokens`
CREATE TABLE `personal_access_tokens` (
  `id` bigint(20) unsigned NOT NULL AUTO_INCREMENT,
  `tokenable_type` varchar(191) NOT NULL,
  `tokenable_id` bigint(20) unsigned NOT NULL,
  `name` varchar(191) NOT NULL,
  `token` varchar(64) NOT NULL,
  `abilities` text DEFAULT NULL,
  `last_used_at` timestamp NULL DEFAULT NULL,
  `expires_at` timestamp NULL DEFAULT NULL,
  `created_at` timestamp NULL DEFAULT NULL,
  `updated_at` timestamp NULL DEFAULT NULL,
  PRIMARY KEY (`id`),
  UNIQUE KEY `personal_access_tokens_token_unique` (`token`),
  KEY `personal_access_tokens_tokenable_type_tokenable_id_index` (`tokenable_type`,`tokenable_id`)
) ENGINE=InnoDB DEFAULT CHARSET=utf8mb4 COLLATE=utf8mb4_unicode_ci;


-- Table structure for table `predefined_amounts`
CREATE TABLE `predefined_amounts` (
  `id` bigint(20) unsigned NOT NULL AUTO_INCREMENT,
  `restaurant_id` bigint(20) unsigned NOT NULL,
  `amount` decimal(10,2) NOT NULL,
  `created_at` timestamp NULL DEFAULT NULL,
  `updated_at` timestamp NULL DEFAULT NULL,
  PRIMARY KEY (`id`),
  KEY `predefined_amounts_restaurant_id_foreign` (`restaurant_id`),
  CONSTRAINT `predefined_amounts_restaurant_id_foreign` FOREIGN KEY (`restaurant_id`) REFERENCES `restaurants` (`id`) ON DELETE CASCADE
) ENGINE=InnoDB AUTO_INCREMENT=21 DEFAULT CHARSET=utf8mb4 COLLATE=utf8mb4_unicode_ci;

-- Dumping data for table `predefined_amounts`
INSERT INTO `predefined_amounts` VALUES
('1', '1', '50.00', '2025-09-17 05:36:43', '2025-09-17 05:36:43'),
('2', '1', '100.00', '2025-09-17 05:36:43', '2025-09-17 05:36:43'),
('3', '1', '500.00', '2025-09-17 05:36:43', '2025-09-17 05:36:43'),
('4', '1', '1000.00', '2025-09-17 05:36:43', '2025-09-17 05:36:43'),
('5', '2', '50.00', '2025-09-17 10:02:45', '2025-09-17 10:02:45'),
('6', '2', '100.00', '2025-09-17 10:02:45', '2025-09-17 10:02:45'),
('7', '2', '500.00', '2025-09-17 10:02:45', '2025-09-17 10:02:45'),
('8', '2', '1000.00', '2025-09-17 10:02:45', '2025-09-17 10:02:45'),
('9', '3', '50.00', '2025-09-20 12:56:44', '2025-09-20 12:56:44'),
('10', '3', '100.00', '2025-09-20 12:56:44', '2025-09-20 12:56:44'),
('11', '3', '500.00', '2025-09-20 12:56:44', '2025-09-20 12:56:44'),
('12', '3', '1000.00', '2025-09-20 12:56:44', '2025-09-20 12:56:44'),
('13', '4', '50.00', '2025-10-07 15:00:09', '2025-10-07 15:00:09'),
('14', '4', '100.00', '2025-10-07 15:00:09', '2025-10-07 15:00:09'),
('15', '4', '500.00', '2025-10-07 15:00:09', '2025-10-07 15:00:09'),
('16', '4', '1000.00', '2025-10-07 15:00:09', '2025-10-07 15:00:09');


-- Table structure for table `print_jobs`
CREATE TABLE `print_jobs` (
  `id` bigint(20) unsigned NOT NULL AUTO_INCREMENT,
  `printer_id` bigint(20) unsigned DEFAULT NULL,
  `restaurant_id` bigint(20) unsigned DEFAULT NULL,
  `branch_id` bigint(20) unsigned DEFAULT NULL,
  `status` varchar(191) NOT NULL DEFAULT 'pending',
  `error` text DEFAULT NULL,
  `response_printer` varchar(191) DEFAULT NULL,
  `image_filename` varchar(191) DEFAULT NULL,
  `printed_at` timestamp NULL DEFAULT NULL,
  `created_at` timestamp NULL DEFAULT NULL,
  `updated_at` timestamp NULL DEFAULT NULL,
  PRIMARY KEY (`id`),
  KEY `print_jobs_printer_id_foreign` (`printer_id`),
  KEY `print_jobs_restaurant_id_foreign` (`restaurant_id`),
  KEY `print_jobs_branch_id_foreign` (`branch_id`),
  CONSTRAINT `print_jobs_branch_id_foreign` FOREIGN KEY (`branch_id`) REFERENCES `branches` (`id`) ON DELETE CASCADE,
  CONSTRAINT `print_jobs_printer_id_foreign` FOREIGN KEY (`printer_id`) REFERENCES `printers` (`id`) ON DELETE CASCADE,
  CONSTRAINT `print_jobs_restaurant_id_foreign` FOREIGN KEY (`restaurant_id`) REFERENCES `restaurants` (`id`) ON DELETE CASCADE
) ENGINE=InnoDB DEFAULT CHARSET=utf8mb4 COLLATE=utf8mb4_unicode_ci;


-- Table structure for table `printers`
CREATE TABLE `printers` (
  `id` bigint(20) unsigned NOT NULL AUTO_INCREMENT,
  `restaurant_id` bigint(20) unsigned DEFAULT NULL,
  `branch_id` bigint(20) unsigned DEFAULT NULL,
  `name` varchar(191) NOT NULL,
  `printing_choice` varchar(191) DEFAULT NULL,
  `kots` text DEFAULT NULL,
  `orders` text DEFAULT NULL,
  `print_format` varchar(191) DEFAULT NULL,
  `invoice_qr_code` int(11) DEFAULT NULL,
  `open_cash_drawer` enum('yes','no') DEFAULT NULL,
  `ipv4_address` varchar(191) DEFAULT NULL,
  `thermal_or_nonthermal` varchar(191) DEFAULT NULL,
  `share_name` varchar(191) DEFAULT NULL,
  `type` enum('network','windows','linux','default') DEFAULT NULL,
  `profile` enum('default','simple','SP2000','TEP-200M','P822D') DEFAULT NULL,
  `is_active` tinyint(1) NOT NULL DEFAULT 1,
  `is_default` tinyint(1) NOT NULL DEFAULT 0,
  `char_per_line` int(11) DEFAULT NULL,
  `ip_address` varchar(191) DEFAULT NULL,
  `port` int(11) DEFAULT NULL,
  `path` varchar(191) DEFAULT NULL,
  `printer_name` varchar(191) DEFAULT NULL,
  `created_at` timestamp NULL DEFAULT NULL,
  `updated_at` timestamp NULL DEFAULT NULL,
  PRIMARY KEY (`id`),
  KEY `printers_restaurant_id_foreign` (`restaurant_id`),
  KEY `printers_branch_id_foreign` (`branch_id`),
  CONSTRAINT `printers_branch_id_foreign` FOREIGN KEY (`branch_id`) REFERENCES `branches` (`id`) ON DELETE CASCADE,
  CONSTRAINT `printers_restaurant_id_foreign` FOREIGN KEY (`restaurant_id`) REFERENCES `restaurants` (`id`) ON DELETE CASCADE
) ENGINE=InnoDB AUTO_INCREMENT=7 DEFAULT CHARSET=utf8mb4 COLLATE=utf8mb4_unicode_ci;

-- Dumping data for table `printers`
INSERT INTO `printers` VALUES
('1', '1', '1', 'Default Thermal Printer', 'browserPopupPrint', '[1]', '[1]', NULL, NULL, NULL, NULL, NULL, NULL, NULL, NULL, '1', '1', NULL, NULL, NULL, NULL, NULL, '2025-09-17 05:36:44', '2025-09-17 05:36:44'),
('2', '1', '2', 'Default Thermal Printer', 'browserPopupPrint', '[2]', '[2]', NULL, NULL, NULL, NULL, NULL, NULL, NULL, NULL, '1', '1', NULL, NULL, NULL, NULL, NULL, '2025-09-17 05:36:44', '2025-09-17 05:36:44'),
('3', '2', '3', 'Default Thermal Printer', 'browserPopupPrint', '[3]', '[3]', NULL, NULL, NULL, NULL, NULL, NULL, NULL, NULL, '1', '1', NULL, NULL, NULL, NULL, NULL, '2025-09-17 10:02:45', '2025-09-17 10:02:45'),
('4', '3', '4', 'Default Thermal Printer', 'browserPopupPrint', '[4]', '[4]', NULL, NULL, NULL, NULL, NULL, NULL, NULL, NULL, '1', '1', NULL, NULL, NULL, NULL, NULL, '2025-09-20 12:56:44', '2025-09-20 12:56:44'),
('5', '4', '5', 'Default Thermal Printer', 'browserPopupPrint', '[5]', '[5]', NULL, NULL, NULL, NULL, NULL, NULL, NULL, NULL, '1', '1', NULL, NULL, NULL, NULL, NULL, '2025-10-07 15:00:09', '2025-10-07 15:00:09');


-- Table structure for table `purchase_order_items`
CREATE TABLE `purchase_order_items` (
  `id` bigint(20) unsigned NOT NULL AUTO_INCREMENT,
  `purchase_order_id` bigint(20) unsigned NOT NULL,
  `inventory_item_id` bigint(20) unsigned NOT NULL,
  `quantity` decimal(10,2) NOT NULL,
  `received_quantity` decimal(10,2) NOT NULL DEFAULT 0.00,
  `unit_price` decimal(10,2) NOT NULL,
  `subtotal` decimal(10,2) NOT NULL,
  `created_at` timestamp NULL DEFAULT NULL,
  `updated_at` timestamp NULL DEFAULT NULL,
  PRIMARY KEY (`id`),
  KEY `purchase_order_items_purchase_order_id_foreign` (`purchase_order_id`),
  KEY `purchase_order_items_inventory_item_id_foreign` (`inventory_item_id`),
  CONSTRAINT `purchase_order_items_inventory_item_id_foreign` FOREIGN KEY (`inventory_item_id`) REFERENCES `inventory_items` (`id`),
  CONSTRAINT `purchase_order_items_purchase_order_id_foreign` FOREIGN KEY (`purchase_order_id`) REFERENCES `purchase_orders` (`id`) ON DELETE CASCADE
) ENGINE=InnoDB DEFAULT CHARSET=utf8mb4 COLLATE=utf8mb4_unicode_ci;


-- Table structure for table `purchase_orders`
CREATE TABLE `purchase_orders` (
  `id` bigint(20) unsigned NOT NULL AUTO_INCREMENT,
  `po_number` varchar(191) NOT NULL,
  `branch_id` bigint(20) unsigned NOT NULL,
  `supplier_id` bigint(20) unsigned NOT NULL,
  `order_date` date NOT NULL,
  `expected_delivery_date` date DEFAULT NULL,
  `total_amount` decimal(10,2) NOT NULL DEFAULT 0.00,
  `status` enum('draft','sent','received','partially_received','cancelled') NOT NULL DEFAULT 'draft',
  `notes` text DEFAULT NULL,
  `created_by` bigint(20) unsigned DEFAULT NULL,
  `created_at` timestamp NULL DEFAULT NULL,
  `updated_at` timestamp NULL DEFAULT NULL,
  PRIMARY KEY (`id`),
  UNIQUE KEY `purchase_orders_po_number_unique` (`po_number`),
  KEY `purchase_orders_branch_id_foreign` (`branch_id`),
  KEY `purchase_orders_supplier_id_foreign` (`supplier_id`),
  KEY `purchase_orders_created_by_foreign` (`created_by`),
  CONSTRAINT `purchase_orders_branch_id_foreign` FOREIGN KEY (`branch_id`) REFERENCES `branches` (`id`) ON DELETE CASCADE,
  CONSTRAINT `purchase_orders_created_by_foreign` FOREIGN KEY (`created_by`) REFERENCES `users` (`id`),
  CONSTRAINT `purchase_orders_supplier_id_foreign` FOREIGN KEY (`supplier_id`) REFERENCES `suppliers` (`id`)
) ENGINE=InnoDB DEFAULT CHARSET=utf8mb4 COLLATE=utf8mb4_unicode_ci;


-- Table structure for table `pusher_settings`
CREATE TABLE `pusher_settings` (
  `id` bigint(20) unsigned NOT NULL AUTO_INCREMENT,
  `beamer_status` tinyint(1) NOT NULL DEFAULT 0,
  `instance_id` varchar(191) DEFAULT NULL,
  `beam_secret` varchar(191) DEFAULT NULL,
  `created_at` timestamp NULL DEFAULT NULL,
  `updated_at` timestamp NULL DEFAULT NULL,
  `pusher_broadcast` tinyint(1) NOT NULL DEFAULT 0,
  `pusher_app_id` varchar(191) DEFAULT NULL,
  `pusher_key` varchar(191) DEFAULT NULL,
  `pusher_secret` varchar(191) DEFAULT NULL,
  `pusher_cluster` varchar(191) DEFAULT NULL,
  PRIMARY KEY (`id`)
) ENGINE=InnoDB AUTO_INCREMENT=3 DEFAULT CHARSET=utf8mb4 COLLATE=utf8mb4_unicode_ci;

-- Dumping data for table `pusher_settings`
INSERT INTO `pusher_settings` VALUES
('1', '1', 'd40201a7-4c2b-485d-b83e-b6df413123b9', '14A81FF2A4C0B8BAB9765B9499E25E4A635B35203593A1BF9E2FF0D177D88FC7', '2025-09-17 05:36:40', '2025-09-20 14:32:42', '1', '1700836', '74e36e339f0d30ae3742', 'e210d079d07f180d0b75', 'mt1'),
('2', '0', NULL, NULL, '2025-09-17 05:36:44', '2025-09-17 05:36:44', '0', NULL, NULL, NULL, NULL);


-- Table structure for table `razorpay_payments`
CREATE TABLE `razorpay_payments` (
  `id` bigint(20) unsigned NOT NULL AUTO_INCREMENT,
  `order_id` bigint(20) unsigned NOT NULL,
  `payment_date` datetime DEFAULT NULL,
  `amount` decimal(16,2) DEFAULT NULL,
  `payment_status` enum('pending','requested','declined','completed') NOT NULL DEFAULT 'pending',
  `payment_error_response` text DEFAULT NULL,
  `razorpay_order_id` varchar(191) DEFAULT NULL,
  `razorpay_payment_id` varchar(191) DEFAULT NULL,
  `razorpay_signature` varchar(191) DEFAULT NULL,
  `created_at` timestamp NULL DEFAULT NULL,
  `updated_at` timestamp NULL DEFAULT NULL,
  PRIMARY KEY (`id`),
  KEY `razorpay_payments_order_id_foreign` (`order_id`),
  CONSTRAINT `razorpay_payments_order_id_foreign` FOREIGN KEY (`order_id`) REFERENCES `orders` (`id`) ON DELETE CASCADE
) ENGINE=InnoDB AUTO_INCREMENT=4 DEFAULT CHARSET=utf8mb4 COLLATE=utf8mb4_unicode_ci;

-- Dumping data for table `razorpay_payments`
INSERT INTO `razorpay_payments` VALUES
('1', '3', '2025-10-07 15:27:21', '4.20', 'completed', NULL, 'order_RQdEjK4mFoyb5X', 'pay_RQdFvyYfrbz90B', 'ab3a863408775751c5e84d3f76868ec971c2549f2446b5fa3621311bc12169bf', '2025-10-07 15:25:57', '2025-10-07 15:27:21'),
('2', '4', '2025-10-08 09:01:47', '1207.50', 'completed', NULL, 'order_RQvDdMEnjpcAar', 'pay_RQvDmpMUMiPPoz', '22ab9b169944f12675b46dcd8b13f54436eae52074b0aa7be217795fffa97a7c', '2025-10-08 09:01:24', '2025-10-08 09:01:47'),
('3', '5', '2025-10-08 10:35:27', '126.00', 'completed', NULL, 'order_RQwoDoAZZBXGHS', 'pay_RQwocGZ0pLkBZU', '81827097b034d78a88c62054e893f7ee7cd9b731a79ac938a0e8034f69ef5377', '2025-10-08 10:34:44', '2025-10-08 10:35:27');


-- Table structure for table `receipt_settings`
CREATE TABLE `receipt_settings` (
  `id` bigint(20) unsigned NOT NULL AUTO_INCREMENT,
  `restaurant_id` bigint(20) unsigned DEFAULT NULL,
  `show_customer_name` tinyint(1) NOT NULL DEFAULT 0,
  `show_customer_address` tinyint(1) NOT NULL DEFAULT 0,
  `show_table_number` tinyint(1) NOT NULL DEFAULT 0,
  `payment_qr_code` varchar(191) DEFAULT NULL,
  `show_payment_qr_code` tinyint(1) NOT NULL DEFAULT 0,
  `show_waiter` tinyint(1) NOT NULL DEFAULT 0,
  `show_total_guest` tinyint(1) NOT NULL DEFAULT 0,
  `show_restaurant_logo` tinyint(1) NOT NULL DEFAULT 0,
  `show_tax` tinyint(1) NOT NULL DEFAULT 0,
  `show_payment_details` tinyint(1) NOT NULL DEFAULT 1,
  `show_order_type` tinyint(1) DEFAULT 0,
  `created_at` timestamp NULL DEFAULT NULL,
  `updated_at` timestamp NULL DEFAULT NULL,
  PRIMARY KEY (`id`),
  KEY `receipt_settings_restaurant_id_foreign` (`restaurant_id`),
  CONSTRAINT `receipt_settings_restaurant_id_foreign` FOREIGN KEY (`restaurant_id`) REFERENCES `restaurants` (`id`) ON DELETE CASCADE ON UPDATE CASCADE
) ENGINE=InnoDB AUTO_INCREMENT=6 DEFAULT CHARSET=utf8mb4 COLLATE=utf8mb4_unicode_ci;

-- Dumping data for table `receipt_settings`
INSERT INTO `receipt_settings` VALUES
('1', '1', '0', '0', '0', NULL, '0', '0', '0', '0', '0', '1', '0', '2025-09-17 05:36:43', '2025-09-17 05:36:43'),
('2', '2', '0', '0', '0', NULL, '0', '0', '0', '0', '0', '1', '0', '2025-09-17 10:02:45', '2025-09-17 10:02:45'),
('3', '3', '0', '0', '0', NULL, '0', '0', '0', '0', '1', '1', '0', '2025-09-20 12:56:44', '2025-09-20 13:01:44'),
('4', '4', '1', '0', '1', NULL, '0', '1', '1', '1', '1', '1', '1', '2025-10-07 15:00:09', '2025-10-07 15:32:04');


-- Table structure for table `recipes`
CREATE TABLE `recipes` (
  `id` bigint(20) unsigned NOT NULL AUTO_INCREMENT,
  `menu_item_id` bigint(20) unsigned DEFAULT NULL,
  `menu_item_variation_id` bigint(20) unsigned DEFAULT NULL,
  `modifier_option_id` bigint(20) unsigned DEFAULT NULL,
  `inventory_item_id` bigint(20) unsigned NOT NULL,
  `quantity` decimal(16,2) NOT NULL DEFAULT 0.00,
  `unit_id` bigint(20) unsigned NOT NULL,
  `created_at` timestamp NULL DEFAULT NULL,
  `updated_at` timestamp NULL DEFAULT NULL,
  PRIMARY KEY (`id`),
  KEY `recipes_menu_item_id_foreign` (`menu_item_id`),
  KEY `recipes_inventory_item_id_foreign` (`inventory_item_id`),
  KEY `recipes_unit_id_foreign` (`unit_id`),
  KEY `recipes_menu_item_variation_id_foreign` (`menu_item_variation_id`),
  KEY `recipes_modifier_option_id_foreign` (`modifier_option_id`),
  CONSTRAINT `recipes_inventory_item_id_foreign` FOREIGN KEY (`inventory_item_id`) REFERENCES `inventory_items` (`id`) ON DELETE CASCADE ON UPDATE CASCADE,
  CONSTRAINT `recipes_menu_item_id_foreign` FOREIGN KEY (`menu_item_id`) REFERENCES `menu_items` (`id`) ON DELETE CASCADE ON UPDATE CASCADE,
  CONSTRAINT `recipes_menu_item_variation_id_foreign` FOREIGN KEY (`menu_item_variation_id`) REFERENCES `menu_item_variations` (`id`) ON DELETE CASCADE ON UPDATE CASCADE,
  CONSTRAINT `recipes_modifier_option_id_foreign` FOREIGN KEY (`modifier_option_id`) REFERENCES `modifier_options` (`id`) ON DELETE CASCADE ON UPDATE CASCADE,
  CONSTRAINT `recipes_unit_id_foreign` FOREIGN KEY (`unit_id`) REFERENCES `units` (`id`) ON DELETE CASCADE ON UPDATE CASCADE
) ENGINE=InnoDB DEFAULT CHARSET=utf8mb4 COLLATE=utf8mb4_unicode_ci;


-- Table structure for table `reservation_settings`
CREATE TABLE `reservation_settings` (
  `id` bigint(20) unsigned NOT NULL AUTO_INCREMENT,
  `branch_id` bigint(20) unsigned DEFAULT NULL,
  `day_of_week` enum('Monday','Tuesday','Wednesday','Thursday','Friday','Saturday','Sunday') NOT NULL,
  `time_slot_start` time NOT NULL,
  `time_slot_end` time NOT NULL,
  `time_slot_difference` int(11) NOT NULL,
  `slot_type` enum('Breakfast','Lunch','Dinner') NOT NULL,
  `available` tinyint(1) NOT NULL DEFAULT 1,
  `created_at` timestamp NULL DEFAULT NULL,
  `updated_at` timestamp NULL DEFAULT NULL,
  PRIMARY KEY (`id`),
  KEY `reservation_settings_branch_id_foreign` (`branch_id`),
  CONSTRAINT `reservation_settings_branch_id_foreign` FOREIGN KEY (`branch_id`) REFERENCES `branches` (`id`) ON DELETE CASCADE ON UPDATE CASCADE
) ENGINE=InnoDB AUTO_INCREMENT=148 DEFAULT CHARSET=utf8mb4 COLLATE=utf8mb4_unicode_ci;

-- Dumping data for table `reservation_settings`
INSERT INTO `reservation_settings` VALUES
('1', '1', 'Monday', '08:00:00', '11:00:00', '30', 'Breakfast', '1', '2025-09-17 05:36:44', '2025-09-17 05:36:44'),
('2', '1', 'Monday', '12:00:00', '17:00:00', '60', 'Lunch', '1', '2025-09-17 05:36:44', '2025-09-17 05:36:44'),
('3', '1', 'Monday', '18:00:00', '22:00:00', '60', 'Dinner', '1', '2025-09-17 05:36:44', '2025-09-17 05:36:44'),
('4', '1', 'Tuesday', '08:00:00', '11:00:00', '30', 'Breakfast', '1', '2025-09-17 05:36:44', '2025-09-17 05:36:44'),
('5', '1', 'Tuesday', '12:00:00', '17:00:00', '60', 'Lunch', '1', '2025-09-17 05:36:44', '2025-09-17 05:36:44'),
('6', '1', 'Tuesday', '18:00:00', '22:00:00', '60', 'Dinner', '1', '2025-09-17 05:36:44', '2025-09-17 05:36:44'),
('7', '1', 'Wednesday', '08:00:00', '11:00:00', '30', 'Breakfast', '1', '2025-09-17 05:36:44', '2025-09-17 05:36:44'),
('8', '1', 'Wednesday', '12:00:00', '17:00:00', '60', 'Lunch', '1', '2025-09-17 05:36:44', '2025-09-17 05:36:44'),
('9', '1', 'Wednesday', '18:00:00', '22:00:00', '60', 'Dinner', '1', '2025-09-17 05:36:44', '2025-09-17 05:36:44'),
('10', '1', 'Thursday', '08:00:00', '11:00:00', '30', 'Breakfast', '1', '2025-09-17 05:36:44', '2025-09-17 05:36:44'),
('11', '1', 'Thursday', '12:00:00', '17:00:00', '60', 'Lunch', '1', '2025-09-17 05:36:44', '2025-09-17 05:36:44'),
('12', '1', 'Thursday', '18:00:00', '22:00:00', '60', 'Dinner', '1', '2025-09-17 05:36:44', '2025-09-17 05:36:44'),
('13', '1', 'Friday', '08:00:00', '11:00:00', '30', 'Breakfast', '1', '2025-09-17 05:36:44', '2025-09-17 05:36:44'),
('14', '1', 'Friday', '12:00:00', '17:00:00', '60', 'Lunch', '1', '2025-09-17 05:36:44', '2025-09-17 05:36:44'),
('15', '1', 'Friday', '18:00:00', '22:00:00', '60', 'Dinner', '1', '2025-09-17 05:36:44', '2025-09-17 05:36:44'),
('16', '1', 'Saturday', '08:00:00', '11:00:00', '30', 'Breakfast', '1', '2025-09-17 05:36:44', '2025-09-17 05:36:44'),
('17', '1', 'Saturday', '12:00:00', '17:00:00', '60', 'Lunch', '1', '2025-09-17 05:36:44', '2025-09-17 05:36:44'),
('18', '1', 'Saturday', '18:00:00', '22:00:00', '60', 'Dinner', '1', '2025-09-17 05:36:44', '2025-09-17 05:36:44'),
('19', '1', 'Sunday', '08:00:00', '11:00:00', '30', 'Breakfast', '1', '2025-09-17 05:36:44', '2025-09-17 05:36:44'),
('20', '1', 'Sunday', '12:00:00', '17:00:00', '60', 'Lunch', '1', '2025-09-17 05:36:44', '2025-09-17 05:36:44'),
('21', '1', 'Sunday', '18:00:00', '22:00:00', '60', 'Dinner', '1', '2025-09-17 05:36:44', '2025-09-17 05:36:44'),
('22', '2', 'Monday', '08:00:00', '11:00:00', '30', 'Breakfast', '1', '2025-09-17 05:36:44', '2025-09-17 05:36:44'),
('23', '2', 'Monday', '12:00:00', '17:00:00', '60', 'Lunch', '1', '2025-09-17 05:36:44', '2025-09-17 05:36:44'),
('24', '2', 'Monday', '18:00:00', '22:00:00', '60', 'Dinner', '1', '2025-09-17 05:36:44', '2025-09-17 05:36:44'),
('25', '2', 'Tuesday', '08:00:00', '11:00:00', '30', 'Breakfast', '1', '2025-09-17 05:36:44', '2025-09-17 05:36:44'),
('26', '2', 'Tuesday', '12:00:00', '17:00:00', '60', 'Lunch', '1', '2025-09-17 05:36:44', '2025-09-17 05:36:44'),
('27', '2', 'Tuesday', '18:00:00', '22:00:00', '60', 'Dinner', '1', '2025-09-17 05:36:44', '2025-09-17 05:36:44'),
('28', '2', 'Wednesday', '08:00:00', '11:00:00', '30', 'Breakfast', '1', '2025-09-17 05:36:44', '2025-09-17 05:36:44'),
('29', '2', 'Wednesday', '12:00:00', '17:00:00', '60', 'Lunch', '1', '2025-09-17 05:36:44', '2025-09-17 05:36:44'),
('30', '2', 'Wednesday', '18:00:00', '22:00:00', '60', 'Dinner', '1', '2025-09-17 05:36:44', '2025-09-17 05:36:44'),
('31', '2', 'Thursday', '08:00:00', '11:00:00', '30', 'Breakfast', '1', '2025-09-17 05:36:44', '2025-09-17 05:36:44'),
('32', '2', 'Thursday', '12:00:00', '17:00:00', '60', 'Lunch', '1', '2025-09-17 05:36:44', '2025-09-17 05:36:44'),
('33', '2', 'Thursday', '18:00:00', '22:00:00', '60', 'Dinner', '1', '2025-09-17 05:36:44', '2025-09-17 05:36:44'),
('34', '2', 'Friday', '08:00:00', '11:00:00', '30', 'Breakfast', '1', '2025-09-17 05:36:44', '2025-09-17 05:36:44'),
('35', '2', 'Friday', '12:00:00', '17:00:00', '60', 'Lunch', '1', '2025-09-17 05:36:44', '2025-09-17 05:36:44'),
('36', '2', 'Friday', '18:00:00', '22:00:00', '60', 'Dinner', '1', '2025-09-17 05:36:44', '2025-09-17 05:36:44'),
('37', '2', 'Saturday', '08:00:00', '11:00:00', '30', 'Breakfast', '1', '2025-09-17 05:36:44', '2025-09-17 05:36:44'),
('38', '2', 'Saturday', '12:00:00', '17:00:00', '60', 'Lunch', '1', '2025-09-17 05:36:44', '2025-09-17 05:36:44'),
('39', '2', 'Saturday', '18:00:00', '22:00:00', '60', 'Dinner', '1', '2025-09-17 05:36:44', '2025-09-17 05:36:44'),
('40', '2', 'Sunday', '08:00:00', '11:00:00', '30', 'Breakfast', '1', '2025-09-17 05:36:44', '2025-09-17 05:36:44'),
('41', '2', 'Sunday', '12:00:00', '17:00:00', '60', 'Lunch', '1', '2025-09-17 05:36:44', '2025-09-17 05:36:44'),
('42', '2', 'Sunday', '18:00:00', '22:00:00', '60', 'Dinner', '1', '2025-09-17 05:36:44', '2025-09-17 05:36:44'),
('43', '1', 'Monday', '08:00:00', '11:00:00', '30', 'Breakfast', '1', '2025-09-17 05:36:44', '2025-09-17 05:36:44'),
('44', '1', 'Monday', '12:00:00', '17:00:00', '60', 'Lunch', '1', '2025-09-17 05:36:44', '2025-09-17 05:36:44'),
('45', '1', 'Monday', '18:00:00', '22:00:00', '60', 'Dinner', '1', '2025-09-17 05:36:44', '2025-09-17 05:36:44'),
('46', '1', 'Tuesday', '08:00:00', '11:00:00', '30', 'Breakfast', '1', '2025-09-17 05:36:44', '2025-09-17 05:36:44'),
('47', '1', 'Tuesday', '12:00:00', '17:00:00', '60', 'Lunch', '1', '2025-09-17 05:36:44', '2025-09-17 05:36:44'),
('48', '1', 'Tuesday', '18:00:00', '22:00:00', '60', 'Dinner', '1', '2025-09-17 05:36:44', '2025-09-17 05:36:44'),
('49', '1', 'Wednesday', '08:00:00', '11:00:00', '30', 'Breakfast', '1', '2025-09-17 05:36:44', '2025-09-17 05:36:44'),
('50', '1', 'Wednesday', '12:00:00', '17:00:00', '60', 'Lunch', '1', '2025-09-17 05:36:44', '2025-09-17 05:36:44'),
('51', '1', 'Wednesday', '18:00:00', '22:00:00', '60', 'Dinner', '1', '2025-09-17 05:36:44', '2025-09-17 05:36:44'),
('52', '1', 'Thursday', '08:00:00', '11:00:00', '30', 'Breakfast', '1', '2025-09-17 05:36:44', '2025-09-17 05:36:44'),
('53', '1', 'Thursday', '12:00:00', '17:00:00', '60', 'Lunch', '1', '2025-09-17 05:36:44', '2025-09-17 05:36:44'),
('54', '1', 'Thursday', '18:00:00', '22:00:00', '60', 'Dinner', '1', '2025-09-17 05:36:44', '2025-09-17 05:36:44'),
('55', '1', 'Friday', '08:00:00', '11:00:00', '30', 'Breakfast', '1', '2025-09-17 05:36:44', '2025-09-17 05:36:44'),
('56', '1', 'Friday', '12:00:00', '17:00:00', '60', 'Lunch', '1', '2025-09-17 05:36:44', '2025-09-17 05:36:44'),
('57', '1', 'Friday', '18:00:00', '22:00:00', '60', 'Dinner', '1', '2025-09-17 05:36:44', '2025-09-17 05:36:44'),
('58', '1', 'Saturday', '08:00:00', '11:00:00', '30', 'Breakfast', '1', '2025-09-17 05:36:44', '2025-09-17 05:36:44'),
('59', '1', 'Saturday', '12:00:00', '17:00:00', '60', 'Lunch', '1', '2025-09-17 05:36:44', '2025-09-17 05:36:44'),
('60', '1', 'Saturday', '18:00:00', '22:00:00', '60', 'Dinner', '1', '2025-09-17 05:36:44', '2025-09-17 05:36:44'),
('61', '1', 'Sunday', '08:00:00', '11:00:00', '30', 'Breakfast', '1', '2025-09-17 05:36:44', '2025-09-17 05:36:44'),
('62', '1', 'Sunday', '12:00:00', '17:00:00', '60', 'Lunch', '1', '2025-09-17 05:36:44', '2025-09-17 05:36:44'),
('63', '1', 'Sunday', '18:00:00', '22:00:00', '60', 'Dinner', '1', '2025-09-17 05:36:44', '2025-09-17 05:36:44'),
('64', '3', 'Monday', '08:00:00', '11:00:00', '30', 'Breakfast', '1', '2025-09-17 10:02:45', '2025-09-17 10:02:45'),
('65', '3', 'Monday', '12:00:00', '17:00:00', '60', 'Lunch', '1', '2025-09-17 10:02:45', '2025-09-17 10:02:45'),
('66', '3', 'Monday', '18:00:00', '22:00:00', '60', 'Dinner', '1', '2025-09-17 10:02:45', '2025-09-17 10:02:45'),
('67', '3', 'Tuesday', '08:00:00', '11:00:00', '30', 'Breakfast', '1', '2025-09-17 10:02:45', '2025-09-17 10:02:45'),
('68', '3', 'Tuesday', '12:00:00', '17:00:00', '60', 'Lunch', '1', '2025-09-17 10:02:45', '2025-09-17 10:02:45'),
('69', '3', 'Tuesday', '18:00:00', '22:00:00', '60', 'Dinner', '1', '2025-09-17 10:02:45', '2025-09-17 10:02:45'),
('70', '3', 'Wednesday', '08:00:00', '11:00:00', '30', 'Breakfast', '1', '2025-09-17 10:02:45', '2025-09-17 10:02:45'),
('71', '3', 'Wednesday', '12:00:00', '17:00:00', '60', 'Lunch', '1', '2025-09-17 10:02:45', '2025-09-17 10:02:45'),
('72', '3', 'Wednesday', '18:00:00', '22:00:00', '60', 'Dinner', '1', '2025-09-17 10:02:45', '2025-09-17 10:02:45'),
('73', '3', 'Thursday', '08:00:00', '11:00:00', '30', 'Breakfast', '1', '2025-09-17 10:02:45', '2025-09-17 10:02:45'),
('74', '3', 'Thursday', '12:00:00', '17:00:00', '60', 'Lunch', '1', '2025-09-17 10:02:45', '2025-09-17 10:02:45'),
('75', '3', 'Thursday', '18:00:00', '22:00:00', '60', 'Dinner', '1', '2025-09-17 10:02:45', '2025-09-17 10:02:45'),
('76', '3', 'Friday', '08:00:00', '11:00:00', '30', 'Breakfast', '1', '2025-09-17 10:02:45', '2025-09-17 10:02:45'),
('77', '3', 'Friday', '12:00:00', '17:00:00', '60', 'Lunch', '1', '2025-09-17 10:02:45', '2025-09-17 10:02:45'),
('78', '3', 'Friday', '18:00:00', '22:00:00', '60', 'Dinner', '1', '2025-09-17 10:02:45', '2025-09-17 10:02:45'),
('79', '3', 'Saturday', '08:00:00', '11:00:00', '30', 'Breakfast', '1', '2025-09-17 10:02:45', '2025-09-17 10:02:45'),
('80', '3', 'Saturday', '12:00:00', '17:00:00', '60', 'Lunch', '1', '2025-09-17 10:02:45', '2025-09-17 10:02:45'),
('81', '3', 'Saturday', '18:00:00', '22:00:00', '60', 'Dinner', '1', '2025-09-17 10:02:45', '2025-09-17 10:02:45'),
('82', '3', 'Sunday', '08:00:00', '11:00:00', '30', 'Breakfast', '1', '2025-09-17 10:02:45', '2025-09-17 10:02:45'),
('83', '3', 'Sunday', '12:00:00', '17:00:00', '60', 'Lunch', '1', '2025-09-17 10:02:45', '2025-09-17 10:02:45'),
('84', '3', 'Sunday', '18:00:00', '22:00:00', '60', 'Dinner', '1', '2025-09-17 10:02:45', '2025-09-17 10:02:45'),
('85', '4', 'Monday', '08:00:00', '11:00:00', '30', 'Breakfast', '1', '2025-09-20 12:56:44', '2025-09-20 12:56:44'),
('86', '4', 'Monday', '12:00:00', '17:00:00', '60', 'Lunch', '1', '2025-09-20 12:56:44', '2025-09-20 12:56:44'),
('87', '4', 'Monday', '18:00:00', '22:00:00', '60', 'Dinner', '1', '2025-09-20 12:56:44', '2025-09-20 12:56:44'),
('88', '4', 'Tuesday', '08:00:00', '11:00:00', '30', 'Breakfast', '1', '2025-09-20 12:56:44', '2025-09-20 12:56:44'),
('89', '4', 'Tuesday', '12:00:00', '17:00:00', '60', 'Lunch', '1', '2025-09-20 12:56:44', '2025-09-20 12:56:44'),
('90', '4', 'Tuesday', '18:00:00', '22:00:00', '60', 'Dinner', '1', '2025-09-20 12:56:44', '2025-09-20 12:56:44'),
('91', '4', 'Wednesday', '08:00:00', '11:00:00', '30', 'Breakfast', '1', '2025-09-20 12:56:44', '2025-09-20 12:56:44'),
('92', '4', 'Wednesday', '12:00:00', '17:00:00', '60', 'Lunch', '1', '2025-09-20 12:56:44', '2025-09-20 12:56:44'),
('93', '4', 'Wednesday', '18:00:00', '22:00:00', '60', 'Dinner', '1', '2025-09-20 12:56:44', '2025-09-20 12:56:44'),
('94', '4', 'Thursday', '08:00:00', '11:00:00', '30', 'Breakfast', '1', '2025-09-20 12:56:44', '2025-09-20 12:56:44'),
('95', '4', 'Thursday', '12:00:00', '17:00:00', '60', 'Lunch', '1', '2025-09-20 12:56:44', '2025-09-20 12:56:44'),
('96', '4', 'Thursday', '18:00:00', '22:00:00', '60', 'Dinner', '1', '2025-09-20 12:56:44', '2025-09-20 12:56:44'),
('97', '4', 'Friday', '08:00:00', '11:00:00', '30', 'Breakfast', '1', '2025-09-20 12:56:44', '2025-09-20 12:56:44'),
('98', '4', 'Friday', '12:00:00', '17:00:00', '60', 'Lunch', '1', '2025-09-20 12:56:44', '2025-09-20 12:56:44'),
('99', '4', 'Friday', '18:00:00', '22:00:00', '60', 'Dinner', '1', '2025-09-20 12:56:44', '2025-09-20 12:56:44'),
('100', '4', 'Saturday', '08:00:00', '11:00:00', '30', 'Breakfast', '1', '2025-09-20 12:56:44', '2025-09-20 12:56:44'),
('101', '4', 'Saturday', '12:00:00', '17:00:00', '60', 'Lunch', '1', '2025-09-20 12:56:44', '2025-09-20 12:56:44'),
('102', '4', 'Saturday', '18:00:00', '22:00:00', '60', 'Dinner', '1', '2025-09-20 12:56:44', '2025-09-20 12:56:44'),
('103', '4', 'Sunday', '08:00:00', '11:00:00', '30', 'Breakfast', '1', '2025-09-20 12:56:44', '2025-09-20 12:56:44'),
('104', '4', 'Sunday', '12:00:00', '17:00:00', '60', 'Lunch', '1', '2025-09-20 12:56:44', '2025-09-20 12:56:44'),
('105', '4', 'Sunday', '18:00:00', '22:00:00', '60', 'Dinner', '1', '2025-09-20 12:56:44', '2025-09-20 12:56:44'),
('106', '5', 'Monday', '08:00:00', '11:00:00', '30', 'Breakfast', '1', '2025-10-07 15:00:09', '2025-10-07 15:00:09'),
('107', '5', 'Monday', '12:00:00', '17:00:00', '60', 'Lunch', '1', '2025-10-07 15:00:09', '2025-10-07 15:00:09'),
('108', '5', 'Monday', '18:00:00', '22:00:00', '60', 'Dinner', '1', '2025-10-07 15:00:09', '2025-10-07 15:00:09'),
('109', '5', 'Tuesday', '08:00:00', '11:00:00', '30', 'Breakfast', '1', '2025-10-07 15:00:09', '2025-10-07 15:00:09'),
('110', '5', 'Tuesday', '12:00:00', '17:00:00', '60', 'Lunch', '1', '2025-10-07 15:00:09', '2025-10-07 15:00:09'),
('111', '5', 'Tuesday', '18:00:00', '22:00:00', '60', 'Dinner', '1', '2025-10-07 15:00:09', '2025-10-07 15:00:09'),
('112', '5', 'Wednesday', '08:00:00', '11:00:00', '30', 'Breakfast', '1', '2025-10-07 15:00:09', '2025-10-07 15:00:09'),
('113', '5', 'Wednesday', '12:00:00', '17:00:00', '60', 'Lunch', '1', '2025-10-07 15:00:09', '2025-10-07 15:00:09'),
('114', '5', 'Wednesday', '18:00:00', '22:00:00', '60', 'Dinner', '1', '2025-10-07 15:00:09', '2025-10-07 15:00:09'),
('115', '5', 'Thursday', '08:00:00', '11:00:00', '30', 'Breakfast', '1', '2025-10-07 15:00:09', '2025-10-07 15:00:09'),
('116', '5', 'Thursday', '12:00:00', '17:00:00', '60', 'Lunch', '1', '2025-10-07 15:00:09', '2025-10-07 15:00:09'),
('117', '5', 'Thursday', '18:00:00', '22:00:00', '60', 'Dinner', '1', '2025-10-07 15:00:09', '2025-10-07 15:00:09'),
('118', '5', 'Friday', '08:00:00', '11:00:00', '30', 'Breakfast', '1', '2025-10-07 15:00:09', '2025-10-07 15:00:09'),
('119', '5', 'Friday', '12:00:00', '17:00:00', '60', 'Lunch', '1', '2025-10-07 15:00:09', '2025-10-07 15:00:09'),
('120', '5', 'Friday', '18:00:00', '22:00:00', '60', 'Dinner', '1', '2025-10-07 15:00:09', '2025-10-07 15:00:09'),
('121', '5', 'Saturday', '08:00:00', '11:00:00', '30', 'Breakfast', '1', '2025-10-07 15:00:09', '2025-10-07 15:00:09'),
('122', '5', 'Saturday', '12:00:00', '17:00:00', '60', 'Lunch', '1', '2025-10-07 15:00:09', '2025-10-07 15:00:09'),
('123', '5', 'Saturday', '18:00:00', '22:00:00', '60', 'Dinner', '1', '2025-10-07 15:00:09', '2025-10-07 15:00:09'),
('124', '5', 'Sunday', '08:00:00', '11:00:00', '30', 'Breakfast', '1', '2025-10-07 15:00:09', '2025-10-07 15:00:09'),
('125', '5', 'Sunday', '12:00:00', '17:00:00', '60', 'Lunch', '1', '2025-10-07 15:00:09', '2025-10-07 15:00:09'),
('126', '5', 'Sunday', '18:00:00', '22:00:00', '60', 'Dinner', '1', '2025-10-07 15:00:09', '2025-10-07 15:00:09');


-- Table structure for table `reservations`
CREATE TABLE `reservations` (
  `id` bigint(20) unsigned NOT NULL AUTO_INCREMENT,
  `branch_id` bigint(20) unsigned DEFAULT NULL,
  `table_id` bigint(20) unsigned DEFAULT NULL,
  `customer_id` bigint(20) unsigned DEFAULT NULL,
  `reservation_date_time` datetime NOT NULL,
  `party_size` int(11) NOT NULL,
  `special_requests` text DEFAULT NULL,
  `reservation_status` enum('Pending','Confirmed','Checked_In','Cancelled','No_Show') NOT NULL DEFAULT 'Confirmed',
  `reservation_slot_type` enum('Breakfast','Lunch','Dinner') NOT NULL,
  `created_at` timestamp NULL DEFAULT NULL,
  `updated_at` timestamp NULL DEFAULT NULL,
  `slot_time_difference` int(11) DEFAULT NULL,
  PRIMARY KEY (`id`),
  KEY `reservations_table_id_foreign` (`table_id`),
  KEY `reservations_customer_id_foreign` (`customer_id`),
  KEY `reservations_branch_id_foreign` (`branch_id`),
  CONSTRAINT `reservations_branch_id_foreign` FOREIGN KEY (`branch_id`) REFERENCES `branches` (`id`) ON DELETE CASCADE ON UPDATE CASCADE,
  CONSTRAINT `reservations_customer_id_foreign` FOREIGN KEY (`customer_id`) REFERENCES `customers` (`id`) ON DELETE SET NULL ON UPDATE CASCADE,
  CONSTRAINT `reservations_table_id_foreign` FOREIGN KEY (`table_id`) REFERENCES `tables` (`id`) ON DELETE CASCADE ON UPDATE CASCADE
) ENGINE=InnoDB DEFAULT CHARSET=utf8mb4 COLLATE=utf8mb4_unicode_ci;


-- Table structure for table `restaurant_charges`
CREATE TABLE `restaurant_charges` (
  `id` bigint(20) unsigned NOT NULL AUTO_INCREMENT,
  `restaurant_id` bigint(20) unsigned DEFAULT NULL,
  `charge_name` varchar(191) NOT NULL,
  `charge_type` enum('percent','fixed') NOT NULL DEFAULT 'fixed',
  `charge_value` decimal(16,2) DEFAULT NULL,
  `order_types` longtext CHARACTER SET utf8mb4 COLLATE utf8mb4_bin NOT NULL COMMENT 'Supported order types: DineIn, Delivery, PickUp' CHECK (json_valid(`order_types`)),
  `is_enabled` tinyint(1) NOT NULL DEFAULT 1,
  `created_at` timestamp NULL DEFAULT NULL,
  `updated_at` timestamp NULL DEFAULT NULL,
  PRIMARY KEY (`id`),
  KEY `restaurant_charges_restaurant_id_foreign` (`restaurant_id`),
  KEY `restaurant_charges_charge_name_index` (`charge_name`),
  CONSTRAINT `restaurant_charges_restaurant_id_foreign` FOREIGN KEY (`restaurant_id`) REFERENCES `restaurants` (`id`) ON DELETE CASCADE ON UPDATE CASCADE
) ENGINE=InnoDB DEFAULT CHARSET=utf8mb4 COLLATE=utf8mb4_unicode_ci;


-- Table structure for table `restaurant_payments`
CREATE TABLE `restaurant_payments` (
  `id` bigint(20) unsigned NOT NULL AUTO_INCREMENT,
  `restaurant_id` bigint(20) unsigned NOT NULL,
  `amount` decimal(16,2) NOT NULL,
  `status` enum('pending','paid','failed') NOT NULL DEFAULT 'pending',
  `payment_source` enum('official_site','app_sumo') NOT NULL DEFAULT 'official_site',
  `razorpay_order_id` varchar(191) DEFAULT NULL,
  `razorpay_payment_id` varchar(191) DEFAULT NULL,
  `razorpay_signature` varchar(191) DEFAULT NULL,
  `transaction_id` varchar(191) DEFAULT NULL,
  `reference_id` varchar(191) DEFAULT NULL,
  `payment_date_time` varchar(191) DEFAULT NULL,
  `created_at` timestamp NULL DEFAULT NULL,
  `updated_at` timestamp NULL DEFAULT NULL,
  `stripe_payment_intent` varchar(191) DEFAULT NULL,
  `stripe_session_id` text DEFAULT NULL,
  `package_id` bigint(20) unsigned DEFAULT NULL,
  `package_type` varchar(191) DEFAULT NULL,
  `currency_id` varchar(191) DEFAULT NULL,
  `flutterwave_transaction_id` varchar(191) DEFAULT NULL,
  `flutterwave_payment_ref` varchar(191) DEFAULT NULL,
  `paypal_payment_id` varchar(191) DEFAULT NULL,
  PRIMARY KEY (`id`),
  KEY `restaurant_payments_restaurant_id_foreign` (`restaurant_id`),
  KEY `restaurant_payments_package_id_foreign` (`package_id`),
  CONSTRAINT `restaurant_payments_package_id_foreign` FOREIGN KEY (`package_id`) REFERENCES `packages` (`id`) ON DELETE CASCADE,
  CONSTRAINT `restaurant_payments_restaurant_id_foreign` FOREIGN KEY (`restaurant_id`) REFERENCES `restaurants` (`id`) ON DELETE CASCADE
) ENGINE=InnoDB DEFAULT CHARSET=utf8mb4 COLLATE=utf8mb4_unicode_ci;


-- Table structure for table `restaurant_taxes`
CREATE TABLE `restaurant_taxes` (
  `id` bigint(20) unsigned NOT NULL AUTO_INCREMENT,
  `restaurant_id` bigint(20) unsigned NOT NULL,
  `tax_id` varchar(191) DEFAULT NULL,
  `tax_name` varchar(191) DEFAULT NULL,
  `created_at` timestamp NULL DEFAULT NULL,
  `updated_at` timestamp NULL DEFAULT NULL,
  PRIMARY KEY (`id`),
  KEY `restaurant_taxes_restaurant_id_foreign` (`restaurant_id`),
  CONSTRAINT `restaurant_taxes_restaurant_id_foreign` FOREIGN KEY (`restaurant_id`) REFERENCES `restaurants` (`id`) ON DELETE CASCADE
) ENGINE=InnoDB AUTO_INCREMENT=2 DEFAULT CHARSET=utf8mb4 COLLATE=utf8mb4_unicode_ci;

-- Dumping data for table `restaurant_taxes`
INSERT INTO `restaurant_taxes` VALUES
('1', '3', '1234', 'HST', '2025-09-20 13:01:44', '2025-09-20 13:01:44');


-- Table structure for table `restaurants`
CREATE TABLE `restaurants` (
  `id` bigint(20) unsigned NOT NULL AUTO_INCREMENT,
  `sub_domain` varchar(191) DEFAULT NULL,
  `name` varchar(191) NOT NULL,
  `hash` varchar(191) DEFAULT NULL,
  `address` varchar(191) DEFAULT NULL,
  `phone_number` varchar(191) DEFAULT NULL,
  `phone_code` varchar(191) DEFAULT NULL,
  `email` varchar(191) DEFAULT NULL,
  `timezone` varchar(191) NOT NULL,
  `theme_hex` varchar(191) NOT NULL,
  `theme_rgb` varchar(191) NOT NULL,
  `logo` varchar(191) DEFAULT NULL,
  `country_id` bigint(20) unsigned NOT NULL,
  `hide_new_orders` tinyint(1) NOT NULL DEFAULT 0,
  `hide_new_reservations` tinyint(1) NOT NULL DEFAULT 0,
  `hide_new_waiter_request` tinyint(1) NOT NULL DEFAULT 0,
  `currency_id` bigint(20) unsigned DEFAULT NULL,
  `license_type` enum('free','paid') NOT NULL DEFAULT 'free',
  `is_active` tinyint(1) NOT NULL DEFAULT 1,
  `created_at` timestamp NULL DEFAULT NULL,
  `updated_at` timestamp NULL DEFAULT NULL,
  `customer_login_required` tinyint(1) NOT NULL DEFAULT 0,
  `about_us` longtext DEFAULT NULL,
  `allow_customer_delivery_orders` tinyint(1) NOT NULL DEFAULT 1,
  `allow_customer_pickup_orders` tinyint(1) NOT NULL DEFAULT 1,
  `pickup_days_range` int(11) DEFAULT 7,
  `allow_customer_orders` tinyint(1) NOT NULL DEFAULT 1,
  `allow_dine_in_orders` tinyint(1) NOT NULL DEFAULT 1,
  `show_veg` tinyint(1) NOT NULL DEFAULT 1,
  `show_halal` tinyint(1) NOT NULL DEFAULT 0,
  `package_id` bigint(20) unsigned DEFAULT NULL,
  `package_type` varchar(191) DEFAULT NULL,
  `status` enum('active','inactive','license_expired') NOT NULL DEFAULT 'active',
  `license_expire_on` datetime DEFAULT NULL,
  `trial_ends_at` datetime DEFAULT NULL,
  `license_updated_at` datetime DEFAULT NULL,
  `subscription_updated_at` datetime DEFAULT NULL,
  `stripe_id` varchar(191) DEFAULT NULL,
  `pm_type` varchar(191) DEFAULT NULL,
  `pm_last_four` varchar(4) DEFAULT NULL,
  `is_waiter_request_enabled` tinyint(1) NOT NULL DEFAULT 1,
  `default_table_reservation_status` varchar(191) NOT NULL DEFAULT 'Confirmed',
  `disable_slot_minutes` int(11) NOT NULL DEFAULT 30,
  `approval_status` enum('Pending','Approved','Rejected') NOT NULL DEFAULT 'Approved',
  `rejection_reason` text DEFAULT NULL,
  `facebook_link` varchar(255) DEFAULT NULL,
  `instagram_link` varchar(255) DEFAULT NULL,
  `twitter_link` varchar(255) DEFAULT NULL,
  `yelp_link` varchar(255) DEFAULT NULL,
  `table_required` tinyint(1) NOT NULL DEFAULT 0,
  `show_logo_text` tinyint(1) NOT NULL DEFAULT 1,
  `meta_keyword` text DEFAULT NULL,
  `meta_description` longtext DEFAULT NULL,
  `upload_fav_icon_android_chrome_192` varchar(191) DEFAULT NULL,
  `upload_fav_icon_android_chrome_512` varchar(191) DEFAULT NULL,
  `upload_fav_icon_apple_touch_icon` varchar(191) DEFAULT NULL,
  `upload_favicon_16` varchar(191) DEFAULT NULL,
  `upload_favicon_32` varchar(191) DEFAULT NULL,
  `favicon` varchar(191) DEFAULT NULL,
  `is_waiter_request_enabled_on_desktop` tinyint(1) NOT NULL DEFAULT 1,
  `is_waiter_request_enabled_on_mobile` tinyint(1) NOT NULL DEFAULT 1,
  `is_waiter_request_enabled_open_by_qr` tinyint(1) NOT NULL DEFAULT 0,
  `webmanifest` varchar(191) DEFAULT NULL,
  `enable_tip_shop` tinyint(1) NOT NULL DEFAULT 1,
  `enable_tip_pos` tinyint(1) NOT NULL DEFAULT 1,
  `is_pwa_install_alert_show` tinyint(1) NOT NULL DEFAULT 0,
  `auto_confirm_orders` tinyint(1) NOT NULL DEFAULT 0,
  `show_order_type_options` tinyint(1) NOT NULL DEFAULT 1,
  `hide_menu_item_image_on_pos` tinyint(1) NOT NULL DEFAULT 0,
  `hide_menu_item_image_on_customer_site` tinyint(1) NOT NULL DEFAULT 0,
  `tax_mode` enum('order','item') NOT NULL DEFAULT 'order',
  `tax_inclusive` tinyint(1) NOT NULL DEFAULT 0,
  `customer_site_language` varchar(191) DEFAULT NULL,
  `enable_admin_reservation` tinyint(1) NOT NULL DEFAULT 1,
  `enable_customer_reservation` tinyint(1) NOT NULL DEFAULT 1,
  `minimum_party_size` int(11) NOT NULL DEFAULT 1,
  `table_lock_timeout_minutes` int(11) NOT NULL DEFAULT 10,
  PRIMARY KEY (`id`),
  KEY `restaurant_settings_country_id_foreign` (`country_id`),
  KEY `restaurant_settings_currency_id_foreign` (`currency_id`),
  KEY `restaurants_package_id_foreign` (`package_id`),
  CONSTRAINT `restaurant_settings_country_id_foreign` FOREIGN KEY (`country_id`) REFERENCES `countries` (`id`) ON DELETE CASCADE,
  CONSTRAINT `restaurant_settings_currency_id_foreign` FOREIGN KEY (`currency_id`) REFERENCES `currencies` (`id`) ON DELETE CASCADE,
  CONSTRAINT `restaurants_package_id_foreign` FOREIGN KEY (`package_id`) REFERENCES `packages` (`id`) ON DELETE SET NULL ON UPDATE CASCADE
) ENGINE=InnoDB AUTO_INCREMENT=6 DEFAULT CHARSET=utf8mb4 COLLATE=utf8mb4_unicode_ci;

-- Dumping data for table `restaurants`
INSERT INTO `restaurants` VALUES
('1', 'demo.ewiidine.ca', 'Demo Restaurant', 'demo-restaurant', '56355 Matilde Hollow Apt. 268\nEast Novella, ID 87158', '+12158702241', NULL, 'demo.restaurant@example.com', 'America/New_York', '#4F46E5', '79, 70, 229', NULL, '40', '0', '0', '0', '1', 'free', '1', '2025-09-17 05:36:43', '2025-09-17 06:07:55', '0', '<p class=\"text-lg text-gray-600 mb-6\">\n          Welcome to our restaurant, where great food and good vibes come together! We\'re a local, family-owned spot that loves bringing people together over delicious meals and unforgettable moments. Whether you\'re here for a quick bite, a family dinner, or a celebration, we\'re all about making your time with us special.\n        </p>\n        <p class=\"text-lg text-gray-600 mb-6\">\n          Our menu is packed with dishes made from fresh, quality ingredients because we believe food should taste as\n          good as it makes you feel. From our signature dishes to seasonal specials, there\'s always something to excite\n          your taste buds.\n        </p>\n        <p class=\"text-lg text-gray-600 mb-6\">\n          But we\'re not just about the food—we\'re about community. We love seeing familiar faces and welcoming new ones.\n          Our team is a fun, friendly bunch dedicated to serving you with a smile and making sure every visit feels like\n          coming home.\n        </p>\n        <p class=\"text-lg text-gray-600\">\n          So, come on in, grab a seat, and let us take care of the rest. We can\'t wait to share our love of food with\n          you!\n        </p>\n        <p class=\"text-lg text-gray-800 font-semibold mt-6\">See you soon! 🍽️✨</p>', '1', '1', '7', '1', '1', '1', '1', '5', 'trial', 'active', '2025-10-17 05:36:43', '2025-10-17 05:36:43', '2025-09-17 05:36:43', '2025-09-17 05:36:43', NULL, NULL, NULL, '1', 'Confirmed', '30', 'Approved', NULL, 'https://www.facebook.com/', 'https://www.instagram.com/', 'https://www.twitter.com/', NULL, '1', '1', NULL, NULL, 'android-chrome-192x192.png', 'android-chrome-512x512.png', 'apple-touch-icon.png', 'favicon-16x16.png', 'favicon-32x32.png', 'favicon.ico', '1', '1', '1', NULL, '1', '1', '1', '0', '1', '0', '0', 'order', '0', 'en', '1', '1', '1', '10'),
('2', 'shaan-e-punjab.ewiidine.ca', 'Shaan-E-Punjab', 'shaan-e-punjab', 'Kosi Road', '8077708564', '91', 'agarwalanmol301@gmail.com', 'America/Toronto', '#4F46E5', '79, 70, 229', NULL, '40', '0', '0', '0', '9', 'free', '1', '2025-09-17 10:02:45', '2025-09-20 12:33:33', '0', '<p class=\"text-lg text-gray-600 mb-6\">\n          Welcome to our restaurant, where great food and good vibes come together! We\'re a local, family-owned spot that loves bringing people together over delicious meals and unforgettable moments. Whether you\'re here for a quick bite, a family dinner, or a celebration, we\'re all about making your time with us special.\n        </p>\n        <p class=\"text-lg text-gray-600 mb-6\">\n          Our menu is packed with dishes made from fresh, quality ingredients because we believe food should taste as\n          good as it makes you feel. From our signature dishes to seasonal specials, there\'s always something to excite\n          your taste buds.\n        </p>\n        <p class=\"text-lg text-gray-600 mb-6\">\n          But we\'re not just about the food—we\'re about community. We love seeing familiar faces and welcoming new ones.\n          Our team is a fun, friendly bunch dedicated to serving you with a smile and making sure every visit feels like\n          coming home.\n        </p>\n        <p class=\"text-lg text-gray-600\">\n          So, come on in, grab a seat, and let us take care of the rest. We can\'t wait to share our love of food with\n          you!\n        </p>\n        <p class=\"text-lg text-gray-800 font-semibold mt-6\">See you soon! 🍽️✨</p>', '1', '1', '7', '1', '1', '1', '0', '3', 'lifetime', 'active', NULL, NULL, '2025-09-17 10:02:45', '2025-09-17 10:02:45', NULL, NULL, NULL, '1', 'Confirmed', '30', 'Approved', NULL, NULL, NULL, NULL, NULL, '0', '1', NULL, NULL, NULL, NULL, NULL, NULL, NULL, NULL, '1', '1', '0', NULL, '1', '1', '0', '0', '1', '0', '0', 'order', '0', 'en', '1', '1', '1', '10'),
('3', 'louisiana.ewiidine.ca', 'Louisiana Restaurant', 'louisiana-restaurant', '1250 Boul René Lévesque O Bur 2200 Montreal,Québec H3B 4W8Canada\n', '5148158188', '1', 'mario.nicolas1210@gmail.com', 'Asia/Kolkata', '#4F46E5', '79, 70, 229', NULL, '40', '0', '0', '0', '14', 'free', '1', '2025-09-20 12:56:44', '2025-09-20 12:56:44', '0', '<p class=\"text-lg text-gray-600 mb-6\">\n          Welcome to our restaurant, where great food and good vibes come together! We\'re a local, family-owned spot that loves bringing people together over delicious meals and unforgettable moments. Whether you\'re here for a quick bite, a family dinner, or a celebration, we\'re all about making your time with us special.\n        </p>\n        <p class=\"text-lg text-gray-600 mb-6\">\n          Our menu is packed with dishes made from fresh, quality ingredients because we believe food should taste as\n          good as it makes you feel. From our signature dishes to seasonal specials, there\'s always something to excite\n          your taste buds.\n        </p>\n        <p class=\"text-lg text-gray-600 mb-6\">\n          But we\'re not just about the food—we\'re about community. We love seeing familiar faces and welcoming new ones.\n          Our team is a fun, friendly bunch dedicated to serving you with a smile and making sure every visit feels like\n          coming home.\n        </p>\n        <p class=\"text-lg text-gray-600\">\n          So, come on in, grab a seat, and let us take care of the rest. We can\'t wait to share our love of food with\n          you!\n        </p>\n        <p class=\"text-lg text-gray-800 font-semibold mt-6\">See you soon! 🍽️✨</p>', '1', '1', '7', '1', '1', '1', '0', '5', 'trial', 'active', '2025-10-20 12:56:44', '2025-10-20 12:56:44', '2025-09-20 12:56:44', '2025-09-20 12:56:44', NULL, NULL, NULL, '1', 'Confirmed', '30', 'Approved', NULL, NULL, NULL, NULL, NULL, '0', '1', NULL, NULL, NULL, NULL, NULL, NULL, NULL, NULL, '1', '1', '0', NULL, '1', '1', '0', '0', '1', '0', '0', 'order', '0', 'en', '1', '1', '1', '10'),
('4', 'iim-lucknow.ewiidine.ca', 'MOM\'s Biryani', 'moms-biryani', 'IIM L MESS', '8840974810', '91', 'madh321@gmail.com', 'Asia/Kolkata', '#059669', '5, 150, 105', 'fe8a6d219504148863cf356c9b23c71a.jpeg', '103', '0', '0', '0', '16', 'free', '1', '2025-10-07 15:00:09', '2025-10-15 14:39:49', '1', '<p class=\"text-lg text-gray-600 mb-6\">\n          Welcome to our restaurant, where great food and good vibes come together! We\'re a local, family-owned spot that loves bringing people together over delicious meals and unforgettable moments. Whether you\'re here for a quick bite, a family dinner, or a celebration, we\'re all about making your time with us special.\n        </p>\n        <p class=\"text-lg text-gray-600 mb-6\">\n          Our menu is packed with dishes made from fresh, quality ingredients because we believe food should taste as\n          good as it makes you feel. From our signature dishes to seasonal specials, there\'s always something to excite\n          your taste buds.\n        </p>\n        <p class=\"text-lg text-gray-600 mb-6\">\n          But we\'re not just about the food—we\'re about community. We love seeing familiar faces and welcoming new ones.\n          Our team is a fun, friendly bunch dedicated to serving you with a smile and making sure every visit feels like\n          coming home.\n        </p>\n        <p class=\"text-lg text-gray-600\">\n          So, come on in, grab a seat, and let us take care of the rest. We can\'t wait to share our love of food with\n          you!\n        </p>\n        <p class=\"text-lg text-gray-800 font-semibold mt-6\">See you soon! 🍽️✨</p>', '1', '1', '7', '1', '1', '1', '1', '3', 'lifetime', 'active', NULL, NULL, '2025-10-07 15:00:09', '2025-10-07 15:00:09', NULL, NULL, NULL, '1', 'Confirmed', '30', 'Approved', NULL, NULL, NULL, NULL, NULL, '1', '1', NULL, NULL, 'android-chrome-192x192.png', 'android-chrome-512x512.png', 'apple-touch-icon.png', 'favicon-16x16.png', 'favicon-32x32.png', 'favicon.ico', '1', '1', '1', NULL, '1', '1', '1', '1', '1', '0', '0', 'order', '0', 'en', '1', '1', '1', '10');


-- Table structure for table `role_has_permissions`
CREATE TABLE `role_has_permissions` (
  `permission_id` bigint(20) unsigned NOT NULL,
  `role_id` bigint(20) unsigned NOT NULL,
  PRIMARY KEY (`permission_id`,`role_id`),
  KEY `role_has_permissions_role_id_foreign` (`role_id`),
  CONSTRAINT `role_has_permissions_permission_id_foreign` FOREIGN KEY (`permission_id`) REFERENCES `permissions` (`id`) ON DELETE CASCADE,
  CONSTRAINT `role_has_permissions_role_id_foreign` FOREIGN KEY (`role_id`) REFERENCES `roles` (`id`) ON DELETE CASCADE
) ENGINE=InnoDB DEFAULT CHARSET=utf8mb4 COLLATE=utf8mb4_unicode_ci;

-- Dumping data for table `role_has_permissions`
INSERT INTO `role_has_permissions` VALUES
('1', '2'),
('1', '3'),
('1', '6'),
('1', '7'),
('1', '10'),
('1', '11'),
('1', '14'),
('1', '15'),
('2', '2'),
('2', '3'),
('2', '6'),
('2', '7'),
('2', '10'),
('2', '11'),
('2', '14'),
('2', '15'),
('3', '2'),
('3', '3'),
('3', '6'),
('3', '7'),
('3', '10'),
('3', '11'),
('3', '14'),
('3', '15'),
('4', '2'),
('4', '3'),
('4', '6'),
('4', '7'),
('4', '10'),
('4', '11'),
('4', '14'),
('4', '15'),
('5', '2'),
('5', '3'),
('5', '6'),
('5', '7'),
('5', '10'),
('5', '11'),
('5', '14'),
('5', '15'),
('6', '2'),
('6', '3'),
('6', '6'),
('6', '7'),
('6', '10'),
('6', '11'),
('6', '14'),
('6', '15'),
('7', '2'),
('7', '3'),
('7', '6'),
('7', '7'),
('7', '10'),
('7', '11'),
('7', '14'),
('7', '15'),
('8', '2'),
('8', '3'),
('8', '6'),
('8', '7'),
('8', '10'),
('8', '11'),
('8', '14'),
('8', '15'),
('9', '2'),
('9', '3'),
('9', '6'),
('9', '7'),
('9', '10'),
('9', '11'),
('9', '14'),
('9', '15'),
('10', '2'),
('10', '3'),
('10', '6'),
('10', '7'),
('10', '10'),
('10', '11'),
('10', '14'),
('10', '15'),
('11', '2'),
('11', '3'),
('11', '6'),
('11', '7'),
('11', '10'),
('11', '11'),
('11', '14'),
('11', '15'),
('12', '2'),
('12', '3'),
('12', '6'),
('12', '7'),
('12', '10'),
('12', '11'),
('12', '14'),
('12', '15'),
('13', '2'),
('13', '3'),
('13', '6'),
('13', '7'),
('13', '10'),
('13', '11'),
('13', '14'),
('13', '15'),
('14', '2'),
('14', '3'),
('14', '6'),
('14', '7'),
('14', '10'),
('14', '11'),
('14', '14'),
('14', '15'),
('15', '2'),
('15', '3'),
('15', '6'),
('15', '7'),
('15', '10'),
('15', '11'),
('15', '14'),
('15', '15'),
('16', '2'),
('16', '3'),
('16', '6'),
('16', '7'),
('16', '10'),
('16', '11'),
('16', '14'),
('16', '15'),
('17', '2'),
('17', '3'),
('17', '6'),
('17', '7'),
('17', '10'),
('17', '11'),
('17', '14'),
('17', '15'),
('18', '2'),
('18', '3'),
('18', '6'),
('18', '7'),
('18', '10'),
('18', '11'),
('18', '14'),
('18', '15'),
('19', '2'),
('19', '3'),
('19', '6'),
('19', '7'),
('19', '10'),
('19', '11'),
('19', '14'),
('19', '15'),
('20', '2'),
('20', '3'),
('20', '6'),
('20', '7'),
('20', '10'),
('20', '11'),
('20', '14'),
('20', '15'),
('21', '2'),
('21', '3'),
('21', '6'),
('21', '7'),
('21', '10'),
('21', '11'),
('21', '14'),
('21', '15'),
('22', '2'),
('22', '3'),
('22', '6'),
('22', '7'),
('22', '10'),
('22', '11'),
('22', '14'),
('22', '15'),
('23', '2'),
('23', '3'),
('23', '6'),
('23', '7'),
('23', '10'),
('23', '11'),
('23', '14'),
('23', '15'),
('24', '2'),
('24', '3'),
('24', '6'),
('24', '7'),
('24', '10'),
('24', '11'),
('24', '14'),
('24', '15'),
('25', '2'),
('25', '3'),
('25', '6'),
('25', '7'),
('25', '10'),
('25', '11'),
('25', '14'),
('25', '15'),
('26', '2'),
('26', '3'),
('26', '6'),
('26', '7'),
('26', '10'),
('26', '11'),
('26', '14'),
('26', '15'),
('27', '2'),
('27', '3'),
('27', '6'),
('27', '7'),
('27', '10'),
('27', '11'),
('27', '14'),
('27', '15'),
('28', '2'),
('28', '3'),
('28', '6'),
('28', '7'),
('28', '10'),
('28', '11'),
('28', '14'),
('28', '15'),
('29', '2'),
('29', '3'),
('29', '6'),
('29', '7'),
('29', '10'),
('29', '11'),
('29', '14'),
('29', '15'),
('30', '2'),
('30', '3'),
('30', '6'),
('30', '7'),
('30', '10'),
('30', '11'),
('30', '14'),
('30', '15'),
('31', '2'),
('31', '3'),
('31', '6'),
('31', '7'),
('31', '10'),
('31', '11'),
('31', '14'),
('31', '15'),
('32', '2'),
('32', '3'),
('32', '6'),
('32', '7'),
('32', '10'),
('32', '11'),
('32', '14'),
('32', '15'),
('33', '2'),
('33', '3'),
('33', '6'),
('33', '7'),
('33', '10'),
('33', '11'),
('33', '14'),
('33', '15'),
('34', '2'),
('34', '3'),
('34', '6'),
('34', '7'),
('34', '10'),
('34', '11'),
('34', '14'),
('34', '15'),
('35', '2'),
('35', '3'),
('35', '6'),
('35', '7'),
('35', '10'),
('35', '11'),
('35', '14'),
('35', '15'),
('36', '2'),
('36', '3'),
('36', '6'),
('36', '7'),
('36', '10'),
('36', '11'),
('36', '14'),
('36', '15'),
('37', '2'),
('37', '3'),
('37', '6'),
('37', '7'),
('37', '10'),
('37', '11'),
('37', '14'),
('37', '15'),
('38', '2'),
('38', '3'),
('38', '6'),
('38', '7'),
('38', '10'),
('38', '11'),
('38', '14'),
('38', '15'),
('39', '2'),
('39', '3'),
('39', '6'),
('39', '7'),
('39', '10'),
('39', '11'),
('39', '14'),
('39', '15'),
('40', '2'),
('40', '3'),
('40', '6'),
('40', '7'),
('40', '10'),
('40', '11'),
('40', '14'),
('40', '15'),
('41', '2'),
('41', '3'),
('41', '6'),
('41', '7'),
('41', '10'),
('41', '11'),
('41', '14'),
('41', '15'),
('42', '2'),
('42', '3'),
('42', '6'),
('42', '7'),
('42', '10'),
('42', '11'),
('42', '14'),
('42', '15'),
('43', '2'),
('43', '3'),
('43', '6'),
('43', '7'),
('43', '10'),
('43', '11'),
('43', '14'),
('43', '15'),
('44', '2'),
('44', '3'),
('44', '6'),
('44', '7'),
('44', '10'),
('44', '11'),
('44', '14'),
('44', '15'),
('45', '2'),
('45', '3'),
('45', '6'),
('45', '7'),
('45', '10'),
('45', '11'),
('45', '14'),
('45', '15'),
('46', '2'),
('46', '3'),
('46', '6'),
('46', '7'),
('46', '10'),
('46', '11'),
('46', '14'),
('46', '15'),
('47', '2'),
('47', '3'),
('47', '6'),
('47', '7'),
('47', '10'),
('47', '11'),
('47', '14'),
('47', '15'),
('48', '2'),
('48', '3'),
('48', '6'),
('48', '7'),
('48', '10'),
('48', '11'),
('48', '14'),
('48', '15'),
('49', '2'),
('49', '3'),
('49', '6'),
('49', '7'),
('49', '10'),
('49', '11'),
('49', '14'),
('49', '15'),
('50', '2'),
('50', '3'),
('50', '6'),
('50', '7'),
('50', '10'),
('50', '11'),
('50', '14'),
('50', '15'),
('51', '2'),
('51', '3'),
('51', '6'),
('51', '7'),
('51', '10'),
('51', '11'),
('51', '14'),
('51', '15'),
('52', '2'),
('52', '3'),
('52', '6'),
('52', '7'),
('52', '10'),
('52', '11'),
('52', '14'),
('52', '15'),
('53', '2'),
('53', '3'),
('53', '6'),
('53', '7'),
('53', '10'),
('53', '11'),
('53', '14'),
('53', '15'),
('54', '2'),
('54', '3'),
('54', '6'),
('54', '7'),
('54', '10'),
('54', '11'),
('54', '14'),
('54', '15'),
('55', '2'),
('55', '3'),
('55', '6'),
('55', '7'),
('55', '10'),
('55', '11'),
('55', '14'),
('55', '15'),
('56', '2'),
('56', '3'),
('56', '6'),
('56', '7'),
('56', '10'),
('56', '11'),
('56', '14'),
('56', '15'),
('57', '2'),
('57', '3'),
('57', '6'),
('57', '7'),
('57', '10'),
('57', '11'),
('57', '14'),
('57', '15'),
('58', '2'),
('58', '3'),
('58', '6'),
('58', '7'),
('58', '10'),
('58', '11'),
('58', '14'),
('58', '15'),
('59', '2'),
('59', '3'),
('59', '6'),
('59', '7'),
('59', '10'),
('59', '11'),
('59', '14'),
('59', '15'),
('60', '2'),
('60', '3'),
('60', '6'),
('60', '7'),
('60', '10'),
('60', '11'),
('60', '14'),
('60', '15'),
('61', '2'),
('61', '3'),
('61', '6'),
('61', '7'),
('61', '10'),
('61', '11'),
('61', '14'),
('61', '15'),
('62', '2'),
('62', '3'),
('62', '6'),
('62', '7'),
('62', '10'),
('62', '11'),
('62', '14'),
('62', '15'),
('63', '2'),
('63', '3'),
('63', '6'),
('63', '7'),
('63', '10'),
('63', '11'),
('63', '14'),
('63', '15'),
('64', '2'),
('64', '3'),
('64', '6'),
('64', '7'),
('64', '10'),
('64', '11'),
('64', '14'),
('64', '15'),
('65', '2'),
('65', '3'),
('65', '6'),
('65', '7'),
('65', '10'),
('65', '11'),
('65', '14'),
('65', '15'),
('66', '2'),
('66', '3'),
('66', '6'),
('66', '7'),
('66', '10'),
('66', '11'),
('66', '14'),
('66', '15'),
('67', '2'),
('67', '3'),
('67', '6'),
('67', '7'),
('67', '10'),
('67', '11'),
('67', '14'),
('67', '15'),
('68', '2'),
('68', '3'),
('68', '6'),
('68', '7'),
('68', '10'),
('68', '11'),
('68', '14'),
('68', '15'),
('69', '2'),
('69', '3'),
('69', '6'),
('69', '7'),
('69', '10'),
('69', '11'),
('69', '14'),
('69', '15'),
('70', '2'),
('70', '3'),
('70', '6'),
('70', '7'),
('70', '10'),
('70', '11'),
('70', '14'),
('70', '15'),
('71', '2'),
('71', '3'),
('71', '6'),
('71', '7'),
('71', '10'),
('71', '11'),
('71', '14'),
('71', '15'),
('72', '2'),
('72', '3'),
('72', '6'),
('72', '7'),
('72', '10'),
('72', '11'),
('72', '14'),
('72', '15'),
('73', '2'),
('73', '3'),
('73', '6'),
('73', '7'),
('73', '10'),
('73', '11'),
('73', '14'),
('73', '15'),
('74', '2'),
('74', '3'),
('74', '6'),
('74', '7'),
('74', '10'),
('74', '11'),
('74', '14'),
('74', '15'),
('75', '2'),
('75', '3'),
('75', '6'),
('75', '7'),
('75', '10'),
('75', '11'),
('75', '14'),
('75', '15'),
('76', '2'),
('76', '3'),
('76', '6'),
('76', '7'),
('76', '10'),
('76', '11'),
('76', '14'),
('76', '15'),
('77', '2'),
('77', '3'),
('77', '6'),
('77', '7'),
('77', '10'),
('77', '11'),
('77', '14'),
('77', '15'),
('78', '2'),
('78', '3'),
('78', '6'),
('78', '7'),
('78', '10'),
('78', '11'),
('78', '14'),
('78', '15'),
('79', '2'),
('79', '3'),
('79', '6'),
('79', '7'),
('79', '10'),
('79', '11'),
('79', '14'),
('79', '15'),
('80', '2'),
('80', '3'),
('80', '6'),
('80', '7'),
('80', '10'),
('80', '11'),
('80', '14'),
('80', '15'),
('81', '2'),
('81', '3'),
('81', '6'),
('81', '7'),
('81', '10'),
('81', '11'),
('81', '14'),
('81', '15'),
('82', '2'),
('82', '3'),
('82', '6'),
('82', '7'),
('82', '10'),
('82', '11'),
('82', '14'),
('82', '15'),
('83', '2'),
('83', '3'),
('83', '6'),
('83', '7'),
('83', '10'),
('83', '11'),
('83', '14'),
('83', '15'),
('84', '2'),
('84', '3'),
('84', '6'),
('84', '7'),
('84', '10'),
('84', '11'),
('84', '14'),
('84', '15'),
('85', '2'),
('85', '3'),
('85', '6'),
('85', '7'),
('85', '10'),
('85', '11'),
('85', '14'),
('85', '15'),
('86', '2'),
('86', '3'),
('86', '6'),
('86', '7'),
('86', '10'),
('86', '11'),
('86', '14'),
('86', '15'),
('87', '2'),
('87', '3'),
('87', '6'),
('87', '7'),
('87', '10'),
('87', '11'),
('87', '14'),
('87', '15'),
('88', '2'),
('88', '3'),
('88', '6'),
('88', '7'),
('88', '10'),
('88', '11'),
('88', '14'),
('88', '15'),
('89', '2'),
('89', '3'),
('89', '6'),
('89', '7'),
('89', '10'),
('89', '11'),
('89', '14'),
('89', '15');


-- Table structure for table `roles`
CREATE TABLE `roles` (
  `id` bigint(20) unsigned NOT NULL AUTO_INCREMENT,
  `name` varchar(191) NOT NULL,
  `display_name` varchar(191) DEFAULT NULL,
  `guard_name` varchar(191) NOT NULL,
  `created_at` timestamp NULL DEFAULT NULL,
  `updated_at` timestamp NULL DEFAULT NULL,
  `restaurant_id` bigint(20) unsigned DEFAULT NULL,
  PRIMARY KEY (`id`),
  UNIQUE KEY `roles_name_guard_name_unique` (`name`,`guard_name`),
  KEY `roles_restaurant_id_foreign` (`restaurant_id`),
  CONSTRAINT `roles_restaurant_id_foreign` FOREIGN KEY (`restaurant_id`) REFERENCES `restaurants` (`id`) ON DELETE CASCADE
) ENGINE=InnoDB AUTO_INCREMENT=18 DEFAULT CHARSET=utf8mb4 COLLATE=utf8mb4_unicode_ci;

-- Dumping data for table `roles`
INSERT INTO `roles` VALUES
('1', 'Super Admin', 'Super Admin', 'web', '2025-09-17 05:36:43', '2025-09-17 05:36:43', NULL),
('2', 'Admin_1', 'Admin', 'web', '2025-09-17 05:36:44', '2025-09-17 05:36:44', '1'),
('3', 'Branch Head_1', 'Branch Head', 'web', '2025-09-17 05:36:44', '2025-09-17 05:36:44', '1'),
('4', 'Waiter_1', 'Waiter', 'web', '2025-09-17 05:36:44', '2025-09-17 05:36:44', '1'),
('5', 'Chef_1', 'Chef', 'web', '2025-09-17 05:36:44', '2025-09-17 05:36:44', '1'),
('6', 'Admin_2', 'Admin', 'web', '2025-09-17 10:02:45', '2025-09-17 10:02:45', '2'),
('7', 'Branch Head_2', 'Branch Head', 'web', '2025-09-17 10:02:45', '2025-09-17 10:02:45', '2'),
('8', 'Waiter_2', 'Waiter', 'web', '2025-09-17 10:02:45', '2025-09-17 10:02:45', '2'),
('9', 'Chef_2', 'Chef', 'web', '2025-09-17 10:02:45', '2025-09-17 10:02:45', '2'),
('10', 'Admin_3', 'Admin', 'web', '2025-09-20 12:56:45', '2025-09-20 12:56:45', '3'),
('11', 'Branch Head_3', 'Branch Head', 'web', '2025-09-20 12:56:45', '2025-09-20 12:56:45', '3'),
('12', 'Waiter_3', 'Waiter', 'web', '2025-09-20 12:56:45', '2025-09-20 12:56:45', '3'),
('13', 'Chef_3', 'Chef', 'web', '2025-09-20 12:56:45', '2025-09-20 12:56:45', '3'),
('14', 'Admin_4', 'Admin', 'web', '2025-10-07 15:00:09', '2025-10-07 15:00:09', '4'),
('15', 'Branch Head_4', 'Branch Head', 'web', '2025-10-07 15:00:09', '2025-10-07 15:00:09', '4'),
('16', 'Waiter_4', 'Waiter', 'web', '2025-10-07 15:00:09', '2025-10-07 15:00:09', '4'),
('17', 'Chef_4', 'Chef', 'web', '2025-10-07 15:00:09', '2025-10-07 15:00:09', '4');


-- Table structure for table `sessions`
CREATE TABLE `sessions` (
  `id` varchar(191) NOT NULL,
  `user_id` bigint(20) unsigned DEFAULT NULL,
  `ip_address` varchar(45) DEFAULT NULL,
  `user_agent` text DEFAULT NULL,
  `payload` longtext NOT NULL,
  `last_activity` int(11) NOT NULL,
  PRIMARY KEY (`id`),
  KEY `sessions_user_id_index` (`user_id`),
  KEY `sessions_last_activity_index` (`last_activity`)
) ENGINE=InnoDB DEFAULT CHARSET=utf8mb4 COLLATE=utf8mb4_unicode_ci;

-- Dumping data for table `sessions`
INSERT INTO `sessions` VALUES
('1pFdFiHmOROMpWLCzop6Ac56xp9jqrttFgmBhq8e', NULL, '136.144.43.157', 'Mozilla/5.0 (Macintosh; Intel Mac OS X 10_15_7) AppleWebKit/537.36 (KHTML, like Gecko) Chrome/106.0.0.0 Safari/537.36', 'YTo1OntzOjY6Il90b2tlbiI7czo0MDoid1gySENTd3lpS3hpdWhqeFZWM28zclVVNVFhNk44c25wWHlHaWdUMSI7czoyMDoiY2hlY2tfbWlncmF0ZV9zdGF0dXMiO3M6NDoiR29vZCI7czoxNToiY3VzdG9tZXJfaXNfcnRsIjtiOjA7czo5OiJfcHJldmlvdXMiO2E6MTp7czozOiJ1cmwiO3M6MzU6Imh0dHBzOi8vd3d3LmV3aWlkaW5lLmNhLmV3aWlkaW5lLmNhIjt9czo2OiJfZmxhc2giO2E6Mjp7czozOiJvbGQiO2E6MDp7fXM6MzoibmV3IjthOjA6e319fQ==', '1760579548'),
('eP0pdhyfO1tbXmgsyQ9xNu6VfiwUSXsSPoQ10cvz', NULL, '136.144.43.162', 'Mozilla/5.0 (Windows NT 10.0; Win64; x64) AppleWebKit/537.36 (KHTML, like Gecko) Chrome/106.0.0.0 Safari/537.36', 'YTo1OntzOjY6Il90b2tlbiI7czo0MDoieVQ0NE4xWE50eEtpWWluanpIb2ZjZUJNSVVRWU5JZWpWSUZ4aVJSRiI7czoyMDoiY2hlY2tfbWlncmF0ZV9zdGF0dXMiO3M6NDoiR29vZCI7czoxNToiY3VzdG9tZXJfaXNfcnRsIjtiOjA7czo5OiJfcHJldmlvdXMiO2E6MTp7czozOiJ1cmwiO3M6MzU6Imh0dHBzOi8vd3d3LmV3aWlkaW5lLmNhLmV3aWlkaW5lLmNhIjt9czo2OiJfZmxhc2giO2E6Mjp7czozOiJvbGQiO2E6MDp7fXM6MzoibmV3IjthOjA6e319fQ==', '1760579690'),
('gFPN4EBcG5zDcE7bK6hN1PbecwOKn5vWcTHtMdrj', NULL, '136.144.43.149', 'Mozilla/5.0 (Windows NT 10.0; Win64; x64) AppleWebKit/537.36 (KHTML, like Gecko) Chrome/106.0.0.0 Safari/537.36', 'YTo1OntzOjY6Il90b2tlbiI7czo0MDoiN2JITUhGeWpqMzVjWXE1c2R6Wm9saDdKSnU3TllrQnRRSmRiZXVkUCI7czoyMDoiY2hlY2tfbWlncmF0ZV9zdGF0dXMiO3M6NDoiR29vZCI7czoxNToiY3VzdG9tZXJfaXNfcnRsIjtiOjA7czo5OiJfcHJldmlvdXMiO2E6MTp7czozOiJ1cmwiO3M6MzU6Imh0dHBzOi8vd3d3LmV3aWlkaW5lLmNhLmV3aWlkaW5lLmNhIjt9czo2OiJfZmxhc2giO2E6Mjp7czozOiJvbGQiO2E6MDp7fXM6MzoibmV3IjthOjA6e319fQ==', '1760579528'),
('IVWFSzEdqpeSUx2I7FOPkg1jHKgjQPi7qbZWFj6u', NULL, '136.144.43.171', 'Mozilla/5.0 (Windows NT 10.0; Win64; x64; rv:105.0) Gecko/20100101 Firefox/105.0', 'YTo0OntzOjY6Il90b2tlbiI7czo0MDoiS2JyUEhUMEZ5MnJNNzdhdmp5ZVhpY0p4c3phdFVQZElkd3VlME5kOSI7czoyMDoiY2hlY2tfbWlncmF0ZV9zdGF0dXMiO3M6NDoiR29vZCI7czoxNToiY3VzdG9tZXJfaXNfcnRsIjtiOjA7czo2OiJfZmxhc2giO2E6Mjp7czozOiJvbGQiO2E6MDp7fXM6MzoibmV3IjthOjA6e319fQ==', '1760579522'),
('ktzAdyH9XxdqTgmz1KayHQtv8XV8akq0Ha6FPWoZ', NULL, '136.144.43.152', 'Mozilla/5.0 (Windows NT 10.0; Win64; x64) AppleWebKit/537.36 (KHTML, like Gecko) Chrome/107.0.0.0 Safari/537.36', 'YTo1OntzOjY6Il90b2tlbiI7czo0MDoiZnFqOGphVmxaM0ZoN1BhZTJlaGV2SUtZWGk3djZUeU9UOTBnU1YybyI7czoyMDoiY2hlY2tfbWlncmF0ZV9zdGF0dXMiO3M6NDoiR29vZCI7czoxNToiY3VzdG9tZXJfaXNfcnRsIjtiOjA7czo5OiJfcHJldmlvdXMiO2E6MTp7czozOiJ1cmwiO3M6MzU6Imh0dHBzOi8vd3d3LmV3aWlkaW5lLmNhLmV3aWlkaW5lLmNhIjt9czo2OiJfZmxhc2giO2E6Mjp7czozOiJvbGQiO2E6MDp7fXM6MzoibmV3IjthOjA6e319fQ==', '1760579647'),
('L63NxbeLllwTD93VwkUQrJzJSZe540PMIi8uBshR', NULL, '136.144.43.160', 'Mozilla/5.0 (Windows NT 10.0; Win64; x64; rv:106.0) Gecko/20100101 Firefox/106.0', 'YTo1OntzOjY6Il90b2tlbiI7czo0MDoiWmlwUEtrbTVjMGNmUEVkeU5mNkFSb0w5Zm1JMFkzSXFQck9iMUp1ciI7czoyMDoiY2hlY2tfbWlncmF0ZV9zdGF0dXMiO3M6NDoiR29vZCI7czoxNToiY3VzdG9tZXJfaXNfcnRsIjtiOjA7czo5OiJfcHJldmlvdXMiO2E6MTp7czozOiJ1cmwiO3M6NjU6Imh0dHBzOi8vd3d3LmV3aWlkaW5lLmNhLmV3aWlkaW5lLmNhL2luZGV4LnBocD9wPWFkbWluJTJGZGFzaGJvYXJkIjt9czo2OiJfZmxhc2giO2E6Mjp7czozOiJvbGQiO2E6MDp7fXM6MzoibmV3IjthOjA6e319fQ==', '1760579569'),
('rKyNFkrkXvkNSN09Pw2sVXDpv5HNqrCF5vVRiBIr', NULL, '136.144.43.173', 'Mozilla/5.0 (X11; Linux x86_64; rv:105.0) Gecko/20100101 Firefox/105.0', 'YTo1OntzOjY6Il90b2tlbiI7czo0MDoiVllycjRXVkxZeXdWMWxHZUJKYlpFMW1laHkwcWNkS2s2Nk5kRENXbyI7czoyMDoiY2hlY2tfbWlncmF0ZV9zdGF0dXMiO3M6NDoiR29vZCI7czoxNToiY3VzdG9tZXJfaXNfcnRsIjtiOjA7czo5OiJfcHJldmlvdXMiO2E6MTp7czozOiJ1cmwiO3M6MzU6Imh0dHBzOi8vd3d3LmV3aWlkaW5lLmNhLmV3aWlkaW5lLmNhIjt9czo2OiJfZmxhc2giO2E6Mjp7czozOiJvbGQiO2E6MDp7fXM6MzoibmV3IjthOjA6e319fQ==', '1760579582'),
('SujHggnMUcHb6qIBegvU1w2ZNU0JQCfYfyxftPiH', NULL, '136.144.43.147', 'Mozilla/5.0 (Macintosh; Intel Mac OS X 10_15_7) AppleWebKit/537.36 (KHTML, like Gecko) Chrome/106.0.0.0 Safari/537.36', 'YTo2OntzOjY6Il90b2tlbiI7czo0MDoiNlpmdTZlR0lpRnlSd1VFcmpWd2QydlQ3bm1HV0FxOXlKTndYMEU2ZyI7czoyMDoiY2hlY2tfbWlncmF0ZV9zdGF0dXMiO3M6NDoiR29vZCI7czoxNToiY3VzdG9tZXJfaXNfcnRsIjtpOjA7czo0OiJ1c2VyIjtOO3M6OToiX3ByZXZpb3VzIjthOjE6e3M6MzoidXJsIjtzOjI2OiJodHRwczovL2V3aWlkaW5lLmNhL3NpZ25pbiI7fXM6NjoiX2ZsYXNoIjthOjI6e3M6Mzoib2xkIjthOjA6e31zOjM6Im5ldyI7YTowOnt9fX0=', '1760579567'),
('uFN5CyjoshwdDPjzI5KTGdKu7TaP02P3ptM8aqlM', NULL, '182.40.104.255', 'Mozilla/5.0 (iPhone; CPU iPhone OS 13_2_3 like Mac OS X) AppleWebKit/605.1.15 (KHTML, like Gecko) Version/13.0.3 Mobile/15E148 Safari/604.1', 'YTo1OntzOjY6Il90b2tlbiI7czo0MDoiVWFYcHhNaUdwMjJSdHJNT3VVWE8yQjhrcG9PZ1BHVElmSUZSNU1EdCI7czoyMDoiY2hlY2tfbWlncmF0ZV9zdGF0dXMiO3M6NDoiR29vZCI7czoxNToiY3VzdG9tZXJfaXNfcnRsIjtiOjA7czo5OiJfcHJldmlvdXMiO2E6MTp7czozOiJ1cmwiO3M6MTg6Imh0dHA6Ly9ld2lpZGluZS5jYSI7fXM6NjoiX2ZsYXNoIjthOjI6e3M6Mzoib2xkIjthOjA6e31zOjM6Im5ldyI7YTowOnt9fX0=', '1760575200');


-- Table structure for table `split_order_items`
CREATE TABLE `split_order_items` (
  `id` bigint(20) unsigned NOT NULL AUTO_INCREMENT,
  `split_order_id` bigint(20) unsigned NOT NULL,
  `order_item_id` bigint(20) unsigned NOT NULL,
  `quantity` int(11) DEFAULT NULL,
  `created_at` timestamp NULL DEFAULT NULL,
  `updated_at` timestamp NULL DEFAULT NULL,
  PRIMARY KEY (`id`),
  KEY `split_order_items_split_order_id_foreign` (`split_order_id`),
  KEY `split_order_items_order_item_id_foreign` (`order_item_id`),
  CONSTRAINT `split_order_items_order_item_id_foreign` FOREIGN KEY (`order_item_id`) REFERENCES `order_items` (`id`) ON DELETE CASCADE,
  CONSTRAINT `split_order_items_split_order_id_foreign` FOREIGN KEY (`split_order_id`) REFERENCES `split_orders` (`id`) ON DELETE CASCADE
) ENGINE=InnoDB DEFAULT CHARSET=utf8mb4 COLLATE=utf8mb4_unicode_ci;


-- Table structure for table `split_orders`
CREATE TABLE `split_orders` (
  `id` bigint(20) unsigned NOT NULL AUTO_INCREMENT,
  `order_id` bigint(20) unsigned NOT NULL,
  `amount` decimal(16,2) NOT NULL,
  `status` enum('pending','paid') NOT NULL DEFAULT 'pending',
  `payment_method` enum('cash','upi','card','bank_transfer','due','stripe','razorpay') NOT NULL DEFAULT 'cash',
  `created_at` timestamp NULL DEFAULT NULL,
  `updated_at` timestamp NULL DEFAULT NULL,
  PRIMARY KEY (`id`),
  KEY `split_orders_order_id_foreign` (`order_id`),
  CONSTRAINT `split_orders_order_id_foreign` FOREIGN KEY (`order_id`) REFERENCES `orders` (`id`)
) ENGINE=InnoDB DEFAULT CHARSET=utf8mb4 COLLATE=utf8mb4_unicode_ci;


-- Table structure for table `stripe_payments`
CREATE TABLE `stripe_payments` (
  `id` bigint(20) unsigned NOT NULL AUTO_INCREMENT,
  `order_id` bigint(20) unsigned NOT NULL,
  `payment_date` datetime DEFAULT NULL,
  `amount` decimal(16,2) DEFAULT NULL,
  `payment_status` enum('pending','requested','declined','completed') NOT NULL DEFAULT 'pending',
  `payment_error_response` text DEFAULT NULL,
  `stripe_payment_intent` varchar(191) DEFAULT NULL,
  `stripe_session_id` text DEFAULT NULL,
  `created_at` timestamp NULL DEFAULT NULL,
  `updated_at` timestamp NULL DEFAULT NULL,
  PRIMARY KEY (`id`),
  KEY `stripe_payments_order_id_foreign` (`order_id`),
  CONSTRAINT `stripe_payments_order_id_foreign` FOREIGN KEY (`order_id`) REFERENCES `orders` (`id`) ON DELETE CASCADE
) ENGINE=InnoDB DEFAULT CHARSET=utf8mb4 COLLATE=utf8mb4_unicode_ci;


-- Table structure for table `sub_domain_module_settings`
CREATE TABLE `sub_domain_module_settings` (
  `id` bigint(20) unsigned NOT NULL AUTO_INCREMENT,
  `license_type` varchar(20) DEFAULT NULL,
  `purchase_code` varchar(191) DEFAULT NULL,
  `purchased_on` timestamp NULL DEFAULT NULL,
  `supported_until` timestamp NULL DEFAULT NULL,
  `banned_subdomain` longtext DEFAULT NULL,
  `notify_update` tinyint(1) NOT NULL DEFAULT 1,
  `created_at` timestamp NULL DEFAULT NULL,
  `updated_at` timestamp NULL DEFAULT NULL,
  PRIMARY KEY (`id`)
) ENGINE=InnoDB AUTO_INCREMENT=2 DEFAULT CHARSET=utf8mb4 COLLATE=utf8mb4_unicode_ci;

-- Dumping data for table `sub_domain_module_settings`
INSERT INTO `sub_domain_module_settings` VALUES
('1', NULL, NULL, NULL, NULL, '[\"imap\",\"mail\",\"pop\",\"contact\",\"webmail\",\"git\",\"github\",\"api\",\"apis\",\"developer\",\"ticket\",\"tickets\",\"transfer\",\"smtp\",\"stripe\",\"support\",\"bank\",\"helpdesk\",\"pay\",\"paypal\",\"help\",\"payment\",\"payments\",\"invoices\",\"invoice\",\"billing\",\"accounts\",\"account\",\"secure\",\"securelogin\",\"auth\",\"register\",\"authenticate\",\"dev\",\"staging\",\"ftp\",\"svn\",\"mx\",\"ssh\",\"gitlab\",\"signup\",\"signin\",\"login\",\"test\",\"beta\",\"demo\",\"example\",\"localhost\",\"www\",\"www2\",\"ns1\",\"ns2\",\"cpanel\",\"controlpanel\",\"panel\",\"dashboard\",\"server\",\"host\",\"webmaster\",\"owner\",\"superadmin\",\"whm\",\"root\",\"administrator\",\"admin\"]', '1', '2025-09-17 05:48:36', '2025-10-15 14:25:07');


-- Table structure for table `superadmin_payment_gateways`
CREATE TABLE `superadmin_payment_gateways` (
  `id` bigint(20) unsigned NOT NULL AUTO_INCREMENT,
  `razorpay_type` enum('test','live') NOT NULL DEFAULT 'test',
  `test_razorpay_key` text DEFAULT NULL,
  `test_razorpay_secret` text DEFAULT NULL,
  `razorpay_test_webhook_key` text DEFAULT NULL,
  `live_razorpay_key` text DEFAULT NULL,
  `live_razorpay_secret` text DEFAULT NULL,
  `razorpay_live_webhook_key` text DEFAULT NULL,
  `razorpay_status` tinyint(1) NOT NULL DEFAULT 0,
  `stripe_type` enum('test','live') NOT NULL DEFAULT 'test',
  `test_stripe_key` text DEFAULT NULL,
  `test_stripe_secret` text DEFAULT NULL,
  `stripe_test_webhook_key` text DEFAULT NULL,
  `live_stripe_key` text DEFAULT NULL,
  `live_stripe_secret` text DEFAULT NULL,
  `stripe_live_webhook_key` text DEFAULT NULL,
  `stripe_status` tinyint(1) NOT NULL DEFAULT 0,
  `created_at` timestamp NULL DEFAULT NULL,
  `updated_at` timestamp NULL DEFAULT NULL,
  `flutterwave_status` tinyint(1) NOT NULL DEFAULT 0,
  `flutterwave_type` enum('test','live') NOT NULL DEFAULT 'test',
  `test_flutterwave_key` text DEFAULT NULL,
  `test_flutterwave_secret` text DEFAULT NULL,
  `test_flutterwave_hash` text DEFAULT NULL,
  `flutterwave_test_webhook_key` text DEFAULT NULL,
  `live_flutterwave_key` text DEFAULT NULL,
  `live_flutterwave_secret` text DEFAULT NULL,
  `live_flutterwave_hash` text DEFAULT NULL,
  `flutterwave_live_webhook_key` text DEFAULT NULL,
  `live_paypal_client_id` varchar(191) DEFAULT NULL,
  `live_paypal_secret` varchar(191) DEFAULT NULL,
  `test_paypal_client_id` varchar(191) DEFAULT NULL,
  `test_paypal_secret` varchar(191) DEFAULT NULL,
  `paypal_status` tinyint(1) NOT NULL DEFAULT 0,
  `paypal_mode` enum('sandbox','live') NOT NULL DEFAULT 'sandbox',
  `live_payfast_merchant_id` varchar(191) DEFAULT NULL,
  `live_payfast_merchant_key` varchar(191) DEFAULT NULL,
  `live_payfast_passphrase` varchar(191) DEFAULT NULL,
  `test_payfast_merchant_id` varchar(191) DEFAULT NULL,
  `test_payfast_merchant_key` varchar(191) DEFAULT NULL,
  `test_payfast_passphrase` varchar(191) DEFAULT NULL,
  `payfast_mode` enum('sandbox','live') NOT NULL DEFAULT 'sandbox',
  `payfast_status` tinyint(1) NOT NULL DEFAULT 0,
  `live_paystack_key` varchar(191) DEFAULT NULL,
  `live_paystack_secret` varchar(191) DEFAULT NULL,
  `live_paystack_merchant_email` varchar(191) DEFAULT NULL,
  `test_paystack_key` varchar(191) DEFAULT NULL,
  `test_paystack_secret` varchar(191) DEFAULT NULL,
  `test_paystack_merchant_email` varchar(191) DEFAULT NULL,
  `paystack_payment_url` varchar(191) DEFAULT 'https://api.paystack.co',
  `paystack_status` tinyint(1) NOT NULL DEFAULT 0,
  `paystack_mode` enum('sandbox','live') NOT NULL DEFAULT 'sandbox',
  `xendit_status` tinyint(1) NOT NULL DEFAULT 0,
  `xendit_mode` enum('sandbox','live') NOT NULL DEFAULT 'sandbox',
  `test_xendit_public_key` varchar(191) DEFAULT NULL,
  `test_xendit_secret_key` varchar(191) DEFAULT NULL,
  `live_xendit_public_key` varchar(191) DEFAULT NULL,
  `live_xendit_secret_key` varchar(191) DEFAULT NULL,
  `test_xendit_webhook_token` varchar(191) DEFAULT NULL,
  `live_xendit_webhook_token` varchar(191) DEFAULT NULL,
  `paddle_status` tinyint(1) NOT NULL DEFAULT 0,
  `paddle_mode` enum('sandbox','live') NOT NULL DEFAULT 'sandbox',
  `test_paddle_vendor_id` varchar(191) DEFAULT NULL,
  `test_paddle_api_key` text DEFAULT NULL,
  `test_paddle_public_key` varchar(191) DEFAULT NULL,
  `test_paddle_client_token` text DEFAULT NULL,
  `live_paddle_vendor_id` varchar(191) DEFAULT NULL,
  `live_paddle_api_key` text DEFAULT NULL,
  `live_paddle_public_key` varchar(191) DEFAULT NULL,
  `live_paddle_client_token` text DEFAULT NULL,
  `paddle_webhook_secret` text DEFAULT NULL,
  PRIMARY KEY (`id`)
) ENGINE=InnoDB AUTO_INCREMENT=3 DEFAULT CHARSET=utf8mb4 COLLATE=utf8mb4_unicode_ci;

-- Dumping data for table `superadmin_payment_gateways`
INSERT INTO `superadmin_payment_gateways` VALUES
('1', 'test', NULL, NULL, NULL, NULL, NULL, NULL, '0', 'live', NULL, NULL, NULL, 'pk_live_51NPGeNILSMCMpdPIttt5OliSTx7PkaO7YNEjtPrQUQwYAu0qj3bibRPYoeeajzgzDPLhJjAFM528rr6HuO6r4hJO00qG1VilaK', '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', 'whsec_HqFoF3ek3uglplK22JZdJBAeUheRLTYf', '1', '2025-09-17 05:36:40', '2025-09-17 10:01:18', '0', 'test', NULL, NULL, NULL, NULL, NULL, NULL, NULL, NULL, NULL, NULL, NULL, NULL, '0', 'sandbox', NULL, NULL, NULL, NULL, NULL, NULL, 'sandbox', '0', NULL, NULL, NULL, NULL, NULL, NULL, 'https://api.paystack.co', '0', 'sandbox', '0', 'sandbox', NULL, NULL, NULL, NULL, NULL, NULL, '0', 'sandbox', NULL, NULL, NULL, NULL, NULL, NULL, NULL, NULL, NULL),
('2', 'test', NULL, NULL, NULL, NULL, NULL, NULL, '0', 'test', NULL, NULL, NULL, NULL, NULL, NULL, '0', '2025-09-17 05:36:44', '2025-09-17 05:36:44', '0', 'test', NULL, NULL, NULL, NULL, NULL, NULL, NULL, NULL, NULL, NULL, NULL, NULL, '0', 'sandbox', NULL, NULL, NULL, NULL, NULL, NULL, 'sandbox', '0', NULL, NULL, NULL, NULL, NULL, NULL, 'https://api.paystack.co', '0', 'sandbox', '0', 'sandbox', NULL, NULL, NULL, NULL, NULL, NULL, '0', 'sandbox', NULL, NULL, NULL, NULL, NULL, NULL, NULL, NULL, NULL);


-- Table structure for table `suppliers`
CREATE TABLE `suppliers` (
  `id` bigint(20) unsigned NOT NULL AUTO_INCREMENT,
  `restaurant_id` bigint(20) unsigned NOT NULL,
  `name` varchar(191) NOT NULL,
  `phone` varchar(191) DEFAULT NULL,
  `email` varchar(191) DEFAULT NULL,
  `address` varchar(191) DEFAULT NULL,
  `created_at` timestamp NULL DEFAULT NULL,
  `updated_at` timestamp NULL DEFAULT NULL,
  PRIMARY KEY (`id`),
  KEY `suppliers_restaurant_id_foreign` (`restaurant_id`),
  CONSTRAINT `suppliers_restaurant_id_foreign` FOREIGN KEY (`restaurant_id`) REFERENCES `restaurants` (`id`) ON DELETE CASCADE ON UPDATE CASCADE
) ENGINE=InnoDB DEFAULT CHARSET=utf8mb4 COLLATE=utf8mb4_unicode_ci;


-- Table structure for table `table_sessions`
CREATE TABLE `table_sessions` (
  `id` bigint(20) unsigned NOT NULL AUTO_INCREMENT,
  `branch_id` bigint(20) unsigned NOT NULL,
  `table_id` bigint(20) unsigned NOT NULL,
  `locked_by_user_id` bigint(20) unsigned DEFAULT NULL,
  `locked_at` datetime DEFAULT NULL,
  `last_activity_at` datetime DEFAULT NULL,
  `session_token` varchar(191) DEFAULT NULL,
  `created_at` timestamp NULL DEFAULT NULL,
  `updated_at` timestamp NULL DEFAULT NULL,
  PRIMARY KEY (`id`),
  UNIQUE KEY `table_sessions_session_token_unique` (`session_token`),
  KEY `table_sessions_branch_id_foreign` (`branch_id`),
  KEY `table_sessions_locked_by_user_id_foreign` (`locked_by_user_id`),
  KEY `table_sessions_table_id_locked_by_user_id_index` (`table_id`,`locked_by_user_id`),
  KEY `table_sessions_last_activity_at_index` (`last_activity_at`),
  CONSTRAINT `table_sessions_branch_id_foreign` FOREIGN KEY (`branch_id`) REFERENCES `branches` (`id`) ON DELETE CASCADE ON UPDATE CASCADE,
  CONSTRAINT `table_sessions_locked_by_user_id_foreign` FOREIGN KEY (`locked_by_user_id`) REFERENCES `users` (`id`) ON DELETE SET NULL,
  CONSTRAINT `table_sessions_table_id_foreign` FOREIGN KEY (`table_id`) REFERENCES `tables` (`id`) ON DELETE CASCADE
) ENGINE=InnoDB AUTO_INCREMENT=2 DEFAULT CHARSET=utf8mb4 COLLATE=utf8mb4_unicode_ci;

-- Dumping data for table `table_sessions`
INSERT INTO `table_sessions` VALUES
('1', '5', '6', '7', '2025-10-15 12:33:51', '2025-10-15 12:33:51', 'ykuM0B3jeDUXHTDZaPkXvReCOx1xMSbv', '2025-10-15 12:33:51', '2025-10-15 12:33:51');


-- Table structure for table `tables`
CREATE TABLE `tables` (
  `id` bigint(20) unsigned NOT NULL AUTO_INCREMENT,
  `branch_id` bigint(20) unsigned DEFAULT NULL,
  `table_code` varchar(191) NOT NULL,
  `hash` varchar(191) NOT NULL,
  `status` enum('active','inactive') NOT NULL DEFAULT 'active',
  `available_status` enum('available','reserved','running') NOT NULL DEFAULT 'available',
  `area_id` bigint(20) unsigned NOT NULL,
  `seating_capacity` tinyint(3) unsigned NOT NULL,
  `created_at` timestamp NULL DEFAULT NULL,
  `updated_at` timestamp NULL DEFAULT NULL,
  PRIMARY KEY (`id`),
  KEY `tables_area_id_foreign` (`area_id`),
  KEY `tables_branch_id_foreign` (`branch_id`),
  CONSTRAINT `tables_area_id_foreign` FOREIGN KEY (`area_id`) REFERENCES `areas` (`id`) ON DELETE CASCADE ON UPDATE CASCADE,
  CONSTRAINT `tables_branch_id_foreign` FOREIGN KEY (`branch_id`) REFERENCES `branches` (`id`) ON DELETE CASCADE ON UPDATE CASCADE
) ENGINE=InnoDB AUTO_INCREMENT=7 DEFAULT CHARSET=utf8mb4 COLLATE=utf8mb4_unicode_ci;

-- Dumping data for table `tables`
INSERT INTO `tables` VALUES
('1', '3', 'T01', 'fcfbd6476d8e9ec95bb92e8498cbcdee', 'active', 'available', '1', '4', '2025-09-20 12:24:08', '2025-09-20 12:27:46'),
('2', '3', 'R01', 'be9d3861e8d1be145d574b5cb2b7e473', 'active', 'available', '2', '6', '2025-09-20 12:24:21', '2025-09-20 12:24:21'),
('3', '4', 'T01', '4b5072f687db888baa5f463dafb2fe97', 'active', 'available', '3', '4', '2025-09-20 12:58:07', '2025-09-20 12:58:07'),
('4', '4', 'G01', 'ff6390377199c9342938d37fdb1ee0d7', 'active', 'available', '4', '6', '2025-09-20 12:58:41', '2025-09-20 12:58:41'),
('5', '5', 'TO1', '633071feca58a3c98e6e86dd0e39abdc', 'active', 'running', '6', '6', '2025-10-07 15:01:13', '2025-10-08 09:01:22'),
('6', '5', 'T02', '56353c6704324fda7014c3b83881af2d', 'active', 'running', '6', '3', '2025-10-07 15:39:05', '2025-10-15 12:34:09');


-- Table structure for table `taxes`
CREATE TABLE `taxes` (
  `id` bigint(20) unsigned NOT NULL AUTO_INCREMENT,
  `restaurant_id` bigint(20) unsigned DEFAULT NULL,
  `tax_name` varchar(191) NOT NULL,
  `tax_percent` varchar(191) NOT NULL,
  `created_at` timestamp NULL DEFAULT NULL,
  `updated_at` timestamp NULL DEFAULT NULL,
  PRIMARY KEY (`id`),
  KEY `taxes_restaurant_id_foreign` (`restaurant_id`),
  CONSTRAINT `taxes_restaurant_id_foreign` FOREIGN KEY (`restaurant_id`) REFERENCES `restaurants` (`id`) ON DELETE CASCADE ON UPDATE CASCADE
) ENGINE=InnoDB AUTO_INCREMENT=8 DEFAULT CHARSET=utf8mb4 COLLATE=utf8mb4_unicode_ci;

-- Dumping data for table `taxes`
INSERT INTO `taxes` VALUES
('1', '1', 'SGST', '2.5', '2025-09-17 05:36:44', '2025-09-17 05:36:44'),
('2', '1', 'CGST', '2.5', '2025-09-17 05:36:44', '2025-09-17 05:36:44'),
('4', '3', 'GST', '9.975', '2025-09-20 13:02:32', '2025-09-20 13:02:32'),
('5', '3', 'HST', '5', '2025-09-20 13:03:45', '2025-09-20 13:03:45'),
('6', '4', 'CGST', '2.5', '2025-10-07 15:20:58', '2025-10-07 15:20:58'),
('7', '4', 'SGST', '2.5', '2025-10-07 15:21:08', '2025-10-07 15:21:08');


-- Table structure for table `units`
CREATE TABLE `units` (
  `id` bigint(20) unsigned NOT NULL AUTO_INCREMENT,
  `branch_id` bigint(20) unsigned NOT NULL,
  `name` varchar(191) NOT NULL,
  `symbol` varchar(191) NOT NULL,
  `created_at` timestamp NULL DEFAULT NULL,
  `updated_at` timestamp NULL DEFAULT NULL,
  PRIMARY KEY (`id`),
  KEY `units_branch_id_foreign` (`branch_id`),
  CONSTRAINT `units_branch_id_foreign` FOREIGN KEY (`branch_id`) REFERENCES `branches` (`id`) ON DELETE CASCADE ON UPDATE CASCADE
) ENGINE=InnoDB AUTO_INCREMENT=61 DEFAULT CHARSET=utf8mb4 COLLATE=utf8mb4_unicode_ci;

-- Dumping data for table `units`
INSERT INTO `units` VALUES
('1', '1', 'Kilogram', 'kg', '2025-09-17 05:48:09', '2025-09-17 05:48:09'),
('2', '1', 'Gram', 'g', '2025-09-17 05:48:09', '2025-09-17 05:48:09'),
('3', '1', 'Liter', 'L', '2025-09-17 05:48:09', '2025-09-17 05:48:09'),
('4', '1', 'Milliliter', 'ml', '2025-09-17 05:48:09', '2025-09-17 05:48:09'),
('5', '1', 'Piece', 'pc', '2025-09-17 05:48:09', '2025-09-17 05:48:09'),
('6', '1', 'Box', 'box', '2025-09-17 05:48:09', '2025-09-17 05:48:09'),
('7', '1', 'Dozen', 'dz', '2025-09-17 05:48:09', '2025-09-17 05:48:09'),
('8', '1', 'Bottle', 'btl', '2025-09-17 05:48:09', '2025-09-17 05:48:09'),
('9', '1', 'Package', 'pkg', '2025-09-17 05:48:09', '2025-09-17 05:48:09'),
('10', '1', 'Can', 'can', '2025-09-17 05:48:09', '2025-09-17 05:48:09'),
('11', '2', 'Kilogram', 'kg', '2025-09-17 05:48:09', '2025-09-17 05:48:09'),
('12', '2', 'Gram', 'g', '2025-09-17 05:48:09', '2025-09-17 05:48:09'),
('13', '2', 'Liter', 'L', '2025-09-17 05:48:09', '2025-09-17 05:48:09'),
('14', '2', 'Milliliter', 'ml', '2025-09-17 05:48:09', '2025-09-17 05:48:09'),
('15', '2', 'Piece', 'pc', '2025-09-17 05:48:09', '2025-09-17 05:48:09'),
('16', '2', 'Box', 'box', '2025-09-17 05:48:09', '2025-09-17 05:48:09'),
('17', '2', 'Dozen', 'dz', '2025-09-17 05:48:09', '2025-09-17 05:48:09'),
('18', '2', 'Bottle', 'btl', '2025-09-17 05:48:09', '2025-09-17 05:48:09'),
('19', '2', 'Package', 'pkg', '2025-09-17 05:48:09', '2025-09-17 05:48:09'),
('20', '2', 'Can', 'can', '2025-09-17 05:48:09', '2025-09-17 05:48:09'),
('21', '3', 'Kilogram', 'kg', '2025-09-17 10:02:45', '2025-09-17 10:02:45'),
('22', '3', 'Gram', 'g', '2025-09-17 10:02:45', '2025-09-17 10:02:45'),
('23', '3', 'Liter', 'L', '2025-09-17 10:02:45', '2025-09-17 10:02:45'),
('24', '3', 'Milliliter', 'ml', '2025-09-17 10:02:45', '2025-09-17 10:02:45'),
('25', '3', 'Piece', 'pc', '2025-09-17 10:02:45', '2025-09-17 10:02:45'),
('26', '3', 'Box', 'box', '2025-09-17 10:02:45', '2025-09-17 10:02:45'),
('27', '3', 'Dozen', 'dz', '2025-09-17 10:02:45', '2025-09-17 10:02:45'),
('28', '3', 'Bottle', 'btl', '2025-09-17 10:02:45', '2025-09-17 10:02:45'),
('29', '3', 'Package', 'pkg', '2025-09-17 10:02:45', '2025-09-17 10:02:45'),
('30', '3', 'Can', 'can', '2025-09-17 10:02:45', '2025-09-17 10:02:45'),
('31', '4', 'Kilogram', 'kg', '2025-09-20 12:56:44', '2025-09-20 12:56:44'),
('32', '4', 'Gram', 'g', '2025-09-20 12:56:44', '2025-09-20 12:56:44'),
('33', '4', 'Liter', 'L', '2025-09-20 12:56:44', '2025-09-20 12:56:44'),
('34', '4', 'Milliliter', 'ml', '2025-09-20 12:56:44', '2025-09-20 12:56:44'),
('35', '4', 'Piece', 'pc', '2025-09-20 12:56:44', '2025-09-20 12:56:44'),
('36', '4', 'Box', 'box', '2025-09-20 12:56:44', '2025-09-20 12:56:44'),
('37', '4', 'Dozen', 'dz', '2025-09-20 12:56:44', '2025-09-20 12:56:44'),
('38', '4', 'Bottle', 'btl', '2025-09-20 12:56:44', '2025-09-20 12:56:44'),
('39', '4', 'Package', 'pkg', '2025-09-20 12:56:44', '2025-09-20 12:56:44'),
('40', '4', 'Can', 'can', '2025-09-20 12:56:44', '2025-09-20 12:56:44'),
('41', '5', 'Kilogram', 'kg', '2025-10-07 15:00:09', '2025-10-07 15:00:09'),
('42', '5', 'Gram', 'g', '2025-10-07 15:00:09', '2025-10-07 15:00:09'),
('43', '5', 'Liter', 'L', '2025-10-07 15:00:09', '2025-10-07 15:00:09'),
('44', '5', 'Milliliter', 'ml', '2025-10-07 15:00:09', '2025-10-07 15:00:09'),
('45', '5', 'Piece', 'pc', '2025-10-07 15:00:09', '2025-10-07 15:00:09'),
('46', '5', 'Box', 'box', '2025-10-07 15:00:09', '2025-10-07 15:00:09'),
('47', '5', 'Dozen', 'dz', '2025-10-07 15:00:09', '2025-10-07 15:00:09'),
('48', '5', 'Bottle', 'btl', '2025-10-07 15:00:09', '2025-10-07 15:00:09'),
('49', '5', 'Package', 'pkg', '2025-10-07 15:00:09', '2025-10-07 15:00:09'),
('50', '5', 'Can', 'can', '2025-10-07 15:00:09', '2025-10-07 15:00:09');


-- Table structure for table `universal_bundle_settings`
CREATE TABLE `universal_bundle_settings` (
  `id` bigint(20) unsigned NOT NULL AUTO_INCREMENT,
  `purchase_code` varchar(191) DEFAULT NULL,
  `supported_until` timestamp NULL DEFAULT NULL,
  `purchased_on` timestamp NULL DEFAULT NULL,
  `license_type` varchar(20) DEFAULT NULL,
  `notify_update` tinyint(1) NOT NULL DEFAULT 1,
  `created_at` timestamp NULL DEFAULT NULL,
  `updated_at` timestamp NULL DEFAULT NULL,
  PRIMARY KEY (`id`)
) ENGINE=InnoDB AUTO_INCREMENT=2 DEFAULT CHARSET=utf8mb4 COLLATE=utf8mb4_unicode_ci;

-- Dumping data for table `universal_bundle_settings`
INSERT INTO `universal_bundle_settings` VALUES
('1', '65100125-205d-420e-b03c-0faa1e6f02b9', '2026-04-16 03:07:13', '2025-10-15 12:07:13', 'Regular License', '1', '2025-10-15 12:15:51', '2025-10-15 12:16:21');


-- Table structure for table `universal_module_installs`
CREATE TABLE `universal_module_installs` (
  `id` bigint(20) unsigned NOT NULL AUTO_INCREMENT,
  `module_name` varchar(191) NOT NULL,
  `version` varchar(191) DEFAULT NULL,
  `created_at` timestamp NULL DEFAULT NULL,
  `updated_at` timestamp NULL DEFAULT NULL,
  PRIMARY KEY (`id`)
) ENGINE=InnoDB AUTO_INCREMENT=4 DEFAULT CHARSET=utf8mb4 COLLATE=utf8mb4_unicode_ci;

-- Dumping data for table `universal_module_installs`
INSERT INTO `universal_module_installs` VALUES
('1', 'CashRegister', '1.0.11\n', '2025-10-15 12:16:31', '2025-10-15 12:16:31'),
('2', 'Kiosk', '1.0.1\n', '2025-10-15 12:16:47', '2025-10-15 12:16:47'),
('3', 'LanguagePack', '1.0.62\n', '2025-10-15 12:17:11', '2025-10-15 12:17:11');


-- Table structure for table `users`
CREATE TABLE `users` (
  `id` bigint(20) unsigned NOT NULL AUTO_INCREMENT,
  `restaurant_id` bigint(20) unsigned DEFAULT NULL,
  `branch_id` bigint(20) unsigned DEFAULT NULL,
  `name` varchar(191) NOT NULL,
  `email` varchar(191) NOT NULL,
  `phone_number` varchar(191) DEFAULT NULL,
  `phone_code` varchar(191) DEFAULT NULL,
  `terms_and_privacy_accepted` tinyint(1) NOT NULL DEFAULT 0,
  `marketing_emails_accepted` tinyint(1) NOT NULL DEFAULT 0,
  `email_verified_at` timestamp NULL DEFAULT NULL,
  `password` varchar(191) NOT NULL,
  `two_factor_secret` text DEFAULT NULL,
  `two_factor_recovery_codes` text DEFAULT NULL,
  `two_factor_confirmed_at` timestamp NULL DEFAULT NULL,
  `remember_token` varchar(100) DEFAULT NULL,
  `current_team_id` bigint(20) unsigned DEFAULT NULL,
  `profile_photo_path` varchar(2048) DEFAULT NULL,
  `created_at` timestamp NULL DEFAULT NULL,
  `updated_at` timestamp NULL DEFAULT NULL,
  `locale` varchar(191) NOT NULL DEFAULT 'en',
  `stripe_id` varchar(191) DEFAULT NULL,
  `pm_type` varchar(191) DEFAULT NULL,
  `pm_last_four` varchar(4) DEFAULT NULL,
  `trial_ends_at` timestamp NULL DEFAULT NULL,
  PRIMARY KEY (`id`),
  UNIQUE KEY `users_email_unique` (`email`),
  KEY `users_restaurant_id_foreign` (`restaurant_id`),
  KEY `users_stripe_id_index` (`stripe_id`),
  KEY `idx_branch_email` (`branch_id`,`email`),
  CONSTRAINT `users_branch_id_foreign` FOREIGN KEY (`branch_id`) REFERENCES `branches` (`id`) ON DELETE CASCADE ON UPDATE CASCADE,
  CONSTRAINT `users_restaurant_id_foreign` FOREIGN KEY (`restaurant_id`) REFERENCES `restaurants` (`id`) ON DELETE CASCADE ON UPDATE CASCADE
) ENGINE=InnoDB AUTO_INCREMENT=9 DEFAULT CHARSET=utf8mb4 COLLATE=utf8mb4_unicode_ci;

-- Dumping data for table `users`
INSERT INTO `users` VALUES
('1', NULL, NULL, 'Emma Holden', 'superadmin@example.com', '18004542827', '1', '0', '0', NULL, '$2y$12$SG.fKDSavNMfMcnEmQvG3.RnVXR91iog5vpSp04kTs853M8Hmbdvq', NULL, NULL, NULL, NULL, NULL, NULL, '2025-09-17 05:36:43', '2025-10-15 14:28:31', 'en', NULL, NULL, NULL, NULL),
('2', '1', NULL, 'John Doe', 'admin@example.com', NULL, NULL, '0', '0', NULL, '$2y$12$HU/5kFsxQq7.J6NzPn1P5uFetOgrAV9iTJSmFt1kVOQw56V.RbK8i', NULL, NULL, NULL, NULL, NULL, NULL, '2025-09-17 05:36:44', '2025-09-17 06:11:02', 'en', NULL, NULL, NULL, NULL),
('3', '1', '1', 'Jaquelyn Battle', 'waiter@example.com', NULL, NULL, '0', '0', NULL, '$2y$12$GMgTydh2EMsRVK/FxhEZiu7szt6.f8718QmdRU6xYk7OLliGXsrRW', NULL, NULL, NULL, NULL, NULL, NULL, '2025-09-17 05:36:44', '2025-09-17 06:11:02', 'en', NULL, NULL, NULL, NULL),
('4', '2', '3', 'Anmol Agarwal', 'agarwalanmol301@gmail.com', '8077708564', '91', '0', '0', NULL, '$2y$12$5In99cAc/YThC6Z/qHxcge8ihSMr1rb/s3uX.rPz8RNO22Wgg8gLW', NULL, NULL, NULL, NULL, NULL, NULL, '2025-09-17 10:02:45', '2025-09-20 12:29:26', 'en', NULL, NULL, NULL, NULL),
('5', '2', '3', 'Mario', 'mario@ewiidine.com', '8077708333', '1', '0', '0', NULL, '$2y$12$eH8/ET4k9.fO5vRSb.XDceOfK8AFvO/6bkHSYRBO1vV39YC6V/Bti', NULL, NULL, NULL, NULL, NULL, NULL, '2025-09-20 12:34:19', '2025-09-20 12:34:19', 'en', NULL, NULL, NULL, NULL),
('6', '3', '4', 'Mario Nicolas', 'mario.nicolas1210@gmail.com', '5148158188', '1', '0', '0', NULL, '$2y$12$eSsNsF4z8DZiEq9CNfMEDexrLX6YKn0ExffJN065xwQUzM/mzqjEi', 'eyJpdiI6IlZRVDdDbk1MU1FxM1AreTl0amNScVE9PSIsInZhbHVlIjoiaUR2SXEvNDhwZFY0U1p6MC9iWU1jRWFLbjFLMUREVTRKV3FqVHdmbW5QND0iLCJtYWMiOiJlMjhkNzU2OWQ4NmUyODY4YTU1NzhiZjUwYTYxZWEyMGY3YWY2MDUwYTM4ZjFmOTdkMTRlYmFhNGVlYjQ3ZjUwIiwidGFnIjoiIn0=', 'eyJpdiI6IklTcFQ0ZWRsS1dEejBrNGtlNERFSGc9PSIsInZhbHVlIjoiOFNXWWVxcXZidURKWlhsbms3aEthQlZzMWNCSmk3bEN5RmNEUUlHbVU0RXIrSHNXWCtpUkt1bE5oanNwRlRXWDU0UVdJaTU4SlR1SGhMSVIvUU4vUG5USnlsQUxZaGFkVDRtbTU0RExTOFZiS0x1V1BuL2hoR21RZkpzTEthYXBtblJ4bkJCWU9SVjJ4RFEwd0pHc2d1TGxrOFBPaUtuK1F2ZW9pSk5HMEFaZWpnM2lXdS91MGhmdC9iQ3Y0SkpQZVA1NjBQUUllS0Vudm9OQ2NJRzh5Q3FSQklWMTVlWW16NFRZeGt4Y2k4U3BKbEM0MjlYOXNkZ0xRQkJkN3RxY1dwdGlTTmJUK1hQZ2dWUzkrMlRNcnc9PSIsIm1hYyI6ImU4NGVkMzRmYWQyYmYwNGRkOGRlYzliNDg4YTVhODg0ZmE4YjljYTVkZGJmNjQzMTNjOTVjNTIyOTljM2FhY2QiLCJ0YWciOiIifQ==', NULL, NULL, NULL, NULL, '2025-09-20 12:56:45', '2025-09-20 13:05:31', 'en', NULL, NULL, NULL, NULL),
('7', '4', '5', 'Madhav Agrawal', 'madh321@gmail.com', '8840974810', '91', '0', '0', NULL, '$2y$12$JVwUapupf/ukTnwZSWTXq.27So6IKAB30l6SVSIIMN97wUGvXC3B2', NULL, NULL, NULL, 'tm8LwC7TYk2EQmhX2pDR8FC5VuS9Q611Zfsv17PSqpUmlKDHCFrub3zeCERb', NULL, NULL, '2025-10-07 15:00:09', '2025-10-07 15:00:09', 'en', NULL, NULL, NULL, NULL);


-- Table structure for table `waiter_requests`
CREATE TABLE `waiter_requests` (
  `id` bigint(20) unsigned NOT NULL AUTO_INCREMENT,
  `branch_id` bigint(20) unsigned NOT NULL,
  `table_id` bigint(20) unsigned NOT NULL,
  `status` enum('pending','completed') NOT NULL DEFAULT 'pending',
  `created_at` timestamp NULL DEFAULT NULL,
  `updated_at` timestamp NULL DEFAULT NULL,
  PRIMARY KEY (`id`),
  KEY `waiter_requests_branch_id_foreign` (`branch_id`),
  KEY `waiter_requests_table_id_foreign` (`table_id`),
  CONSTRAINT `waiter_requests_branch_id_foreign` FOREIGN KEY (`branch_id`) REFERENCES `branches` (`id`) ON DELETE CASCADE,
  CONSTRAINT `waiter_requests_table_id_foreign` FOREIGN KEY (`table_id`) REFERENCES `tables` (`id`) ON DELETE CASCADE
) ENGINE=InnoDB AUTO_INCREMENT=2 DEFAULT CHARSET=utf8mb4 COLLATE=utf8mb4_unicode_ci;

-- Dumping data for table `waiter_requests`
INSERT INTO `waiter_requests` VALUES
('1', '5', '5', 'completed', '2025-10-10 10:45:37', '2025-10-10 10:45:51');


-- Table structure for table `xendit_payments`
CREATE TABLE `xendit_payments` (
  `id` bigint(20) unsigned NOT NULL AUTO_INCREMENT,
  `order_id` bigint(20) unsigned NOT NULL,
  `payment_date` datetime DEFAULT NULL,
  `amount` decimal(16,2) DEFAULT NULL,
  `payment_status` enum('pending','requested','declined','completed') NOT NULL DEFAULT 'pending',
  `payment_error_response` text DEFAULT NULL,
  `xendit_payment_id` varchar(191) DEFAULT NULL,
  `xendit_invoice_id` varchar(191) DEFAULT NULL,
  `xendit_external_id` varchar(191) DEFAULT NULL,
  `created_at` timestamp NULL DEFAULT NULL,
  `updated_at` timestamp NULL DEFAULT NULL,
  PRIMARY KEY (`id`),
  KEY `xendit_payments_order_id_foreign` (`order_id`),
  CONSTRAINT `xendit_payments_order_id_foreign` FOREIGN KEY (`order_id`) REFERENCES `orders` (`id`) ON DELETE CASCADE
) ENGINE=InnoDB DEFAULT CHARSET=utf8mb4 COLLATE=utf8mb4_unicode_ci;

